[INFO] fetching crate tari_mmr 0.9.5...
[INFO] testing tari_mmr-0.9.5 against 1.75.0 for beta-1.76-1
[INFO] extracting crate tari_mmr 0.9.5 into /workspace/builds/worker-7-tc1/source
[INFO] validating manifest of crates.io crate tari_mmr 0.9.5 on toolchain 1.75.0
[INFO] running `Command { std: CARGO_HOME="/workspace/cargo-home" RUSTUP_HOME="/workspace/rustup-home" "/workspace/cargo-home/bin/cargo" "+1.75.0" "metadata" "--manifest-path" "Cargo.toml" "--no-deps", kill_on_drop: false }`
[INFO] started tweaking crates.io crate tari_mmr 0.9.5
[INFO] finished tweaking crates.io crate tari_mmr 0.9.5
[INFO] tweaked toml for crates.io crate tari_mmr 0.9.5 written to /workspace/builds/worker-7-tc1/source/Cargo.toml
[INFO] running `Command { std: CARGO_HOME="/workspace/cargo-home" RUSTUP_HOME="/workspace/rustup-home" "/workspace/cargo-home/bin/cargo" "+1.75.0" "generate-lockfile" "--manifest-path" "Cargo.toml", kill_on_drop: false }`
[INFO] [stderr]     Updating crates.io index
[INFO] running `Command { std: CARGO_HOME="/workspace/cargo-home" RUSTUP_HOME="/workspace/rustup-home" "/workspace/cargo-home/bin/cargo" "+1.75.0" "fetch" "--manifest-path" "Cargo.toml", kill_on_drop: false }`
[INFO] [stderr]     Blocking waiting for file lock on package cache
[INFO] [stderr]  Downloading crates ...
[INFO] [stderr]   Downloaded newtype-ops v0.1.4
[INFO] [stderr]   Downloaded cbindgen v0.17.0
[INFO] [stderr]   Downloaded croaring v0.4.5
[INFO] [stderr]   Downloaded tari_utilities v0.3.0
[INFO] [stderr]   Downloaded tari_infra_derive v0.9.5
[INFO] [stderr]   Downloaded tari_crypto v0.11.2
[INFO] [stderr]   Downloaded tari-curve25519-dalek v4.0.2
[INFO] [stderr]   Downloaded tari_bulletproofs v4.4.1
[INFO] running `Command { std: "docker" "create" "-v" "/var/lib/crater-agent-workspace/builds/worker-7-tc1/target:/opt/rustwide/target:rw,Z" "-v" "/var/lib/crater-agent-workspace/builds/worker-7-tc1/source:/opt/rustwide/workdir:ro,Z" "-v" "/var/lib/crater-agent-workspace/cargo-home:/opt/rustwide/cargo-home:ro,Z" "-v" "/var/lib/crater-agent-workspace/rustup-home:/opt/rustwide/rustup-home:ro,Z" "-e" "SOURCE_DIR=/opt/rustwide/workdir" "-e" "CARGO_TARGET_DIR=/opt/rustwide/target" "-e" "CARGO_HOME=/opt/rustwide/cargo-home" "-e" "RUSTUP_HOME=/opt/rustwide/rustup-home" "-w" "/opt/rustwide/workdir" "-m" "1610612736" "--user" "0:0" "--network" "none" "ghcr.io/rust-lang/crates-build-env/linux@sha256:2788e3201cd34a07e3172128adcd8b3090168a8e3bcc40d7c032b9dda1df7d1c" "/opt/rustwide/cargo-home/bin/cargo" "+1.75.0" "metadata" "--no-deps" "--format-version=1", kill_on_drop: false }`
[INFO] [stdout] 205b617d0b256b57445815f41dea9c7ef516c74918f17acbd81e089f19a660af
[INFO] running `Command { std: "docker" "start" "-a" "205b617d0b256b57445815f41dea9c7ef516c74918f17acbd81e089f19a660af", kill_on_drop: false }`
[INFO] running `Command { std: "docker" "inspect" "205b617d0b256b57445815f41dea9c7ef516c74918f17acbd81e089f19a660af", kill_on_drop: false }`
[INFO] running `Command { std: "docker" "rm" "-f" "205b617d0b256b57445815f41dea9c7ef516c74918f17acbd81e089f19a660af", kill_on_drop: false }`
[INFO] [stdout] 205b617d0b256b57445815f41dea9c7ef516c74918f17acbd81e089f19a660af
[INFO] running `Command { std: "docker" "create" "-v" "/var/lib/crater-agent-workspace/builds/worker-7-tc1/target:/opt/rustwide/target:rw,Z" "-v" "/var/lib/crater-agent-workspace/builds/worker-7-tc1/source:/opt/rustwide/workdir:ro,Z" "-v" "/var/lib/crater-agent-workspace/cargo-home:/opt/rustwide/cargo-home:ro,Z" "-v" "/var/lib/crater-agent-workspace/rustup-home:/opt/rustwide/rustup-home:ro,Z" "-e" "SOURCE_DIR=/opt/rustwide/workdir" "-e" "CARGO_TARGET_DIR=/opt/rustwide/target" "-e" "CARGO_INCREMENTAL=0" "-e" "RUST_BACKTRACE=full" "-e" "RUSTFLAGS=--cap-lints=warn" "-e" "RUSTDOCFLAGS=--cap-lints=warn" "-e" "CARGO_HOME=/opt/rustwide/cargo-home" "-e" "RUSTUP_HOME=/opt/rustwide/rustup-home" "-w" "/opt/rustwide/workdir" "-m" "1610612736" "--user" "0:0" "--network" "none" "ghcr.io/rust-lang/crates-build-env/linux@sha256:2788e3201cd34a07e3172128adcd8b3090168a8e3bcc40d7c032b9dda1df7d1c" "/opt/rustwide/cargo-home/bin/cargo" "+1.75.0" "build" "--frozen" "--message-format=json", kill_on_drop: false }`
[INFO] [stdout] 948102e82801bc55f4cdcbe65cb005e0047ac8303c773f6ae3500f76006f3306
[INFO] running `Command { std: "docker" "start" "-a" "948102e82801bc55f4cdcbe65cb005e0047ac8303c773f6ae3500f76006f3306", kill_on_drop: false }`
[INFO] [stderr]    Compiling libc v0.2.151
[INFO] [stderr]    Compiling memchr v2.7.1
[INFO] [stderr]    Compiling regex-syntax v0.8.2
[INFO] [stderr]    Compiling unicode-width v0.1.11
[INFO] [stderr]    Compiling termcolor v1.4.0
[INFO] [stderr]    Compiling strsim v0.8.0
[INFO] [stderr]    Compiling vec_map v0.8.2
[INFO] [stderr]    Compiling ansi_term v0.12.1
[INFO] [stderr]    Compiling nom v5.1.3
[INFO] [stderr]    Compiling bindgen v0.56.0
[INFO] [stderr]    Compiling humantime v2.1.0
[INFO] [stderr]    Compiling shlex v0.1.1
[INFO] [stderr]    Compiling syn v2.0.48
[INFO] [stderr]    Compiling lazy_static v1.4.0
[INFO] [stderr]    Compiling num-traits v0.2.17
[INFO] [stderr]    Compiling byteorder v1.5.0
[INFO] [stderr]    Compiling newtype-ops v0.1.4
[INFO] [stderr]    Compiling textwrap v0.11.0
[INFO] [stderr]    Compiling base64 v0.10.1
[INFO] [stderr]    Compiling aho-corasick v1.1.2
[INFO] [stderr]    Compiling cc v1.0.83
[INFO] [stderr]    Compiling atty v0.2.14
[INFO] [stderr]    Compiling which v3.1.1
[INFO] [stderr]    Compiling clang-sys v1.7.0
[INFO] [stderr]    Compiling getrandom v0.1.16
[INFO] [stderr]    Compiling clap v2.34.0
[INFO] [stderr]    Compiling rand_core v0.5.1
[INFO] [stderr]    Compiling regex-automata v0.4.3
[INFO] [stderr]    Compiling rand_chacha v0.2.2
[INFO] [stderr]    Compiling rand v0.7.3
[INFO] [stderr]    Compiling cexpr v0.4.0
[INFO] [stderr]    Compiling clear_on_drop v0.2.4
[INFO] [stderr]    Compiling serde_derive v1.0.194
[INFO] [stderr]    Compiling thiserror-impl v1.0.56
[INFO] [stderr]    Compiling regex v1.10.2
[INFO] [stderr]    Compiling env_logger v0.8.4
[INFO] [stderr]    Compiling thiserror v1.0.56
[INFO] [stderr]    Compiling serde v1.0.194
[INFO] [stderr]    Compiling croaring-sys v0.4.6
[INFO] [stderr]    Compiling chrono v0.4.31
[INFO] [stderr]    Compiling bincode v1.3.3
[INFO] [stderr]    Compiling serde_json v1.0.111
[INFO] [stderr]    Compiling tari_utilities v0.3.0
[INFO] [stderr]    Compiling croaring v0.4.5
[INFO] [stderr]    Compiling tari_mmr v0.9.5 (/opt/rustwide/workdir)
[INFO] [stderr]     Finished dev [unoptimized + debuginfo] target(s) in 16.71s
[INFO] running `Command { std: "docker" "inspect" "948102e82801bc55f4cdcbe65cb005e0047ac8303c773f6ae3500f76006f3306", kill_on_drop: false }`
[INFO] running `Command { std: "docker" "rm" "-f" "948102e82801bc55f4cdcbe65cb005e0047ac8303c773f6ae3500f76006f3306", kill_on_drop: false }`
[INFO] [stdout] 948102e82801bc55f4cdcbe65cb005e0047ac8303c773f6ae3500f76006f3306
[INFO] running `Command { std: "docker" "create" "-v" "/var/lib/crater-agent-workspace/builds/worker-7-tc1/target:/opt/rustwide/target:rw,Z" "-v" "/var/lib/crater-agent-workspace/builds/worker-7-tc1/source:/opt/rustwide/workdir:ro,Z" "-v" "/var/lib/crater-agent-workspace/cargo-home:/opt/rustwide/cargo-home:ro,Z" "-v" "/var/lib/crater-agent-workspace/rustup-home:/opt/rustwide/rustup-home:ro,Z" "-e" "SOURCE_DIR=/opt/rustwide/workdir" "-e" "CARGO_TARGET_DIR=/opt/rustwide/target" "-e" "CARGO_INCREMENTAL=0" "-e" "RUST_BACKTRACE=full" "-e" "RUSTFLAGS=--cap-lints=warn" "-e" "RUSTDOCFLAGS=--cap-lints=warn" "-e" "CARGO_HOME=/opt/rustwide/cargo-home" "-e" "RUSTUP_HOME=/opt/rustwide/rustup-home" "-w" "/opt/rustwide/workdir" "-m" "1610612736" "--user" "0:0" "--network" "none" "ghcr.io/rust-lang/crates-build-env/linux@sha256:2788e3201cd34a07e3172128adcd8b3090168a8e3bcc40d7c032b9dda1df7d1c" "/opt/rustwide/cargo-home/bin/cargo" "+1.75.0" "test" "--frozen" "--no-run" "--message-format=json", kill_on_drop: false }`
[INFO] [stdout] 0036f53f2b6c3f1b587a2c3f84fb417f32c74a7a67ed2c45e2f872adf6c46751
[INFO] running `Command { std: "docker" "start" "-a" "0036f53f2b6c3f1b587a2c3f84fb417f32c74a7a67ed2c45e2f872adf6c46751", kill_on_drop: false }`
[INFO] [stderr]    Compiling rustix v0.38.28
[INFO] [stderr]    Compiling getrandom v0.2.11
[INFO] [stderr]    Compiling indexmap v1.9.3
[INFO] [stderr]    Compiling bitflags v2.4.1
[INFO] [stderr]    Compiling subtle v2.5.0
[INFO] [stderr]    Compiling syn v1.0.109
[INFO] [stderr]    Compiling zeroize_derive v1.4.2
[INFO] [stderr]    Compiling keccak v0.1.4
[INFO] [stderr]    Compiling bindgen v0.56.0
[INFO] [stderr]    Compiling unicode-segmentation v1.10.1
[INFO] [stderr]    Compiling hashbrown v0.12.3
[INFO] [stderr]    Compiling block-padding v0.2.1
[INFO] [stderr]    Compiling cbindgen v0.17.0
[INFO] [stderr]    Compiling fastrand v2.0.1
[INFO] [stderr]    Compiling proc-macro2 v0.4.30
[INFO] [stderr]    Compiling toml v0.5.11
[INFO] [stderr]    Compiling rand_core v0.6.4
[INFO] [stderr]    Compiling crypto-mac v0.8.0
[INFO] [stderr]    Compiling block-buffer v0.9.0
[INFO] [stderr]    Compiling unicode-xid v0.1.0
[INFO] [stderr]    Compiling blake2 v0.9.2
[INFO] [stderr]    Compiling syn v0.15.44
[INFO] [stderr]    Compiling rand_chacha v0.3.1
[INFO] [stderr]    Compiling rmp v0.8.12
[INFO] [stderr]    Compiling sha3 v0.9.1
[INFO] [stderr]    Compiling heck v0.3.3
[INFO] [stderr]    Compiling subtle-ng v2.5.0
[INFO] [stderr]    Compiling cpufeatures v0.2.12
[INFO] [stderr]    Compiling rand v0.8.5
[INFO] [stderr]    Compiling sha2 v0.9.9
[INFO] [stderr]    Compiling rmp-serde v0.13.7
[INFO] [stderr]    Compiling quote v0.6.13
[INFO] [stderr]    Compiling zeroize v1.7.0
[INFO] [stderr]    Compiling merlin v2.0.1
[INFO] [stderr]    Compiling tari-curve25519-dalek v4.0.2
[INFO] [stderr]    Compiling merlin v3.0.0
[INFO] [stderr]    Compiling curve25519-dalek-ng v4.1.1
[INFO] [stderr]    Compiling tari_bulletproofs v4.4.1
[INFO] [stderr]    Compiling tempfile v3.9.0
[INFO] [stderr]    Compiling tari_infra_derive v0.9.5
[INFO] [stderr]    Compiling croaring-sys v0.4.6
[INFO] [stderr]    Compiling tari_crypto v0.11.2
[INFO] [stdout] error[E0308]: mismatched types
[INFO] [stdout]    --> /opt/rustwide/cargo-home/registry/src/index.crates.io-6f17d22bba15001f/tari_crypto-0.11.2/src/ristretto/dalek_range_proof.rs:65:25
[INFO] [stdout]     |
[INFO] [stdout] 65  |             B_blinding: base.G,
[INFO] [stdout]     |                         ^^^^^^ expected `RistrettoPoint`, found a different `RistrettoPoint`
[INFO] [stdout]     |
[INFO] [stdout]     = note: `RistrettoPoint` and `RistrettoPoint` have similar names, but are actually distinct types
[INFO] [stdout] note: `RistrettoPoint` is defined in crate `curve25519_dalek_ng`
[INFO] [stdout]    --> /opt/rustwide/cargo-home/registry/src/index.crates.io-6f17d22bba15001f/curve25519-dalek-ng-4.1.1/src/ristretto.rs:438:1
[INFO] [stdout]     |
[INFO] [stdout] 438 | pub struct RistrettoPoint(pub(crate) EdwardsPoint);
[INFO] [stdout]     | ^^^^^^^^^^^^^^^^^^^^^^^^^
[INFO] [stdout] note: `RistrettoPoint` is defined in crate `tari_curve25519_dalek`
[INFO] [stdout]    --> /opt/rustwide/cargo-home/registry/src/index.crates.io-6f17d22bba15001f/tari-curve25519-dalek-4.0.2/src/ristretto.rs:441:1
[INFO] [stdout]     |
[INFO] [stdout] 441 | pub struct RistrettoPoint(pub(crate) EdwardsPoint);
[INFO] [stdout]     | ^^^^^^^^^^^^^^^^^^^^^^^^^
[INFO] [stdout] 
[INFO] [stdout] 
[INFO] [stdout] error[E0308]: mismatched types
[INFO] [stdout]    --> /opt/rustwide/cargo-home/registry/src/index.crates.io-6f17d22bba15001f/tari_crypto-0.11.2/src/ristretto/dalek_range_proof.rs:66:16
[INFO] [stdout]     |
[INFO] [stdout] 66  |             B: base.H,
[INFO] [stdout]     |                ^^^^^^ expected `RistrettoPoint`, found a different `RistrettoPoint`
[INFO] [stdout]     |
[INFO] [stdout]     = note: `RistrettoPoint` and `RistrettoPoint` have similar names, but are actually distinct types
[INFO] [stdout] note: `RistrettoPoint` is defined in crate `curve25519_dalek_ng`
[INFO] [stdout]    --> /opt/rustwide/cargo-home/registry/src/index.crates.io-6f17d22bba15001f/curve25519-dalek-ng-4.1.1/src/ristretto.rs:438:1
[INFO] [stdout]     |
[INFO] [stdout] 438 | pub struct RistrettoPoint(pub(crate) EdwardsPoint);
[INFO] [stdout]     | ^^^^^^^^^^^^^^^^^^^^^^^^^
[INFO] [stdout] note: `RistrettoPoint` is defined in crate `tari_curve25519_dalek`
[INFO] [stdout]    --> /opt/rustwide/cargo-home/registry/src/index.crates.io-6f17d22bba15001f/tari-curve25519-dalek-4.0.2/src/ristretto.rs:441:1
[INFO] [stdout]     |
[INFO] [stdout] 441 | pub struct RistrettoPoint(pub(crate) EdwardsPoint);
[INFO] [stdout]     | ^^^^^^^^^^^^^^^^^^^^^^^^^
[INFO] [stdout] 
[INFO] [stdout] 
[INFO] [stdout] error[E0308]: arguments to this function are incorrect
[INFO] [stdout]    --> /opt/rustwide/cargo-home/registry/src/index.crates.io-6f17d22bba15001f/tari_crypto-0.11.2/src/ristretto/dalek_range_proof.rs:85:26
[INFO] [stdout]     |
[INFO] [stdout] 85  |         let (proof, _) = DalekProof::prove_single(&self.bp_gens, &self.pc_gens, &mut pt, value, &k, self.range)
[INFO] [stdout]     |                          ^^^^^^^^^^^^^^^^^^^^^^^^                               -------         -- expected `Scalar`, found a different `Scalar`
[INFO] [stdout]     |                                                                                 |
[INFO] [stdout]     |                                                                                 expected `merlin::transcript::Transcript`, found `Transcript`
[INFO] [stdout]     |
[INFO] [stdout]     = note: `Transcript` and `merlin::transcript::Transcript` have similar names, but are actually distinct types
[INFO] [stdout] note: `Transcript` is defined in crate `merlin`
[INFO] [stdout]    --> /opt/rustwide/cargo-home/registry/src/index.crates.io-6f17d22bba15001f/merlin-3.0.0/src/transcript.rs:54:1
[INFO] [stdout]     |
[INFO] [stdout] 54  | pub struct Transcript {
[INFO] [stdout]     | ^^^^^^^^^^^^^^^^^^^^^
[INFO] [stdout] note: `merlin::transcript::Transcript` is defined in crate `merlin`
[INFO] [stdout]    --> /opt/rustwide/cargo-home/registry/src/index.crates.io-6f17d22bba15001f/merlin-2.0.1/src/transcript.rs:54:1
[INFO] [stdout]     |
[INFO] [stdout] 54  | pub struct Transcript {
[INFO] [stdout]     | ^^^^^^^^^^^^^^^^^^^^^
[INFO] [stdout]     = note: perhaps two different versions of crate `merlin` are being used?
[INFO] [stdout]     = note: `Scalar` and `Scalar` have similar names, but are actually distinct types
[INFO] [stdout] note: `Scalar` is defined in crate `curve25519_dalek_ng`
[INFO] [stdout]    --> /opt/rustwide/cargo-home/registry/src/index.crates.io-6f17d22bba15001f/curve25519-dalek-ng-4.1.1/src/scalar.rs:186:1
[INFO] [stdout]     |
[INFO] [stdout] 186 | pub struct Scalar {
[INFO] [stdout]     | ^^^^^^^^^^^^^^^^^
[INFO] [stdout] note: `Scalar` is defined in crate `tari_curve25519_dalek`
[INFO] [stdout]    --> /opt/rustwide/cargo-home/registry/src/index.crates.io-6f17d22bba15001f/tari-curve25519-dalek-4.0.2/src/scalar.rs:196:1
[INFO] [stdout]     |
[INFO] [stdout] 196 | pub struct Scalar {
[INFO] [stdout]     | ^^^^^^^^^^^^^^^^^
[INFO] [stdout] note: associated function defined here
[INFO] [stdout]    --> /opt/rustwide/cargo-home/registry/src/index.crates.io-6f17d22bba15001f/tari_bulletproofs-4.4.1/src/range_proof/mod.rs:321:12
[INFO] [stdout]     |
[INFO] [stdout] 321 |     pub fn prove_single(
[INFO] [stdout]     |            ^^^^^^^^^^^^
[INFO] [stdout] 
[INFO] [stdout] 
[INFO] [stdout] error[E0308]: arguments to this method are incorrect
[INFO] [stdout]    --> /opt/rustwide/cargo-home/registry/src/index.crates.io-6f17d22bba15001f/tari_crypto-0.11.2/src/ristretto/dalek_range_proof.rs:98:12
[INFO] [stdout]     |
[INFO] [stdout] 98  |         rp.verify_single(&self.bp_gens, &self.pc_gens, &mut pt, &c.compressed, self.range)
[INFO] [stdout]     |            ^^^^^^^^^^^^^                               -------  ------------- expected `CompressedRistretto`, found a different `CompressedRistretto`
[INFO] [stdout]     |                                                        |
[INFO] [stdout]     |                                                        expected `merlin::transcript::Transcript`, found `Transcript`
[INFO] [stdout]     |
[INFO] [stdout]     = note: `Transcript` and `merlin::transcript::Transcript` have similar names, but are actually distinct types
[INFO] [stdout] note: `Transcript` is defined in crate `merlin`
[INFO] [stdout]    --> /opt/rustwide/cargo-home/registry/src/index.crates.io-6f17d22bba15001f/merlin-3.0.0/src/transcript.rs:54:1
[INFO] [stdout]     |
[INFO] [stdout] 54  | pub struct Transcript {
[INFO] [stdout]     | ^^^^^^^^^^^^^^^^^^^^^
[INFO] [stdout] note: `merlin::transcript::Transcript` is defined in crate `merlin`
[INFO] [stdout]    --> /opt/rustwide/cargo-home/registry/src/index.crates.io-6f17d22bba15001f/merlin-2.0.1/src/transcript.rs:54:1
[INFO] [stdout]     |
[INFO] [stdout] 54  | pub struct Transcript {
[INFO] [stdout]     | ^^^^^^^^^^^^^^^^^^^^^
[INFO] [stdout]     = note: perhaps two different versions of crate `merlin` are being used?
[INFO] [stdout]     = note: `CompressedRistretto` and `CompressedRistretto` have similar names, but are actually distinct types
[INFO] [stdout] note: `CompressedRistretto` is defined in crate `curve25519_dalek_ng`
[INFO] [stdout]    --> /opt/rustwide/cargo-home/registry/src/index.crates.io-6f17d22bba15001f/curve25519-dalek-ng-4.1.1/src/ristretto.rs:212:1
[INFO] [stdout]     |
[INFO] [stdout] 212 | pub struct CompressedRistretto(pub [u8; 32]);
[INFO] [stdout]     | ^^^^^^^^^^^^^^^^^^^^^^^^^^^^^^
[INFO] [stdout] note: `CompressedRistretto` is defined in crate `tari_curve25519_dalek`
[INFO] [stdout]    --> /opt/rustwide/cargo-home/registry/src/index.crates.io-6f17d22bba15001f/tari-curve25519-dalek-4.0.2/src/ristretto.rs:215:1
[INFO] [stdout]     |
[INFO] [stdout] 215 | pub struct CompressedRistretto(pub [u8; 32]);
[INFO] [stdout]     | ^^^^^^^^^^^^^^^^^^^^^^^^^^^^^^
[INFO] [stdout] note: method defined here
[INFO] [stdout]    --> /opt/rustwide/cargo-home/registry/src/index.crates.io-6f17d22bba15001f/tari_bulletproofs-4.4.1/src/range_proof/mod.rs:566:12
[INFO] [stdout]     |
[INFO] [stdout] 566 |     pub fn verify_single(
[INFO] [stdout]     |            ^^^^^^^^^^^^^
[INFO] [stdout] 
[INFO] [stdout] 
[INFO] [stdout] error[E0308]: arguments to this function are incorrect
[INFO] [stdout]    --> /opt/rustwide/cargo-home/registry/src/index.crates.io-6f17d22bba15001f/tari_crypto-0.11.2/src/ristretto/dalek_range_proof.rs:122:26
[INFO] [stdout]     |
[INFO] [stdout] 122 |         let (proof, _) = DalekProof::prove_single_with_rewind_key(
[INFO] [stdout]     |                          ^^^^^^^^^^^^^^^^^^^^^^^^^^^^^^^^^^^^^^^^
[INFO] [stdout] ...
[INFO] [stdout] 125 |             &mut pt,
[INFO] [stdout]     |             ------- expected `merlin::transcript::Transcript`, found `Transcript`
[INFO] [stdout] 126 |             value,
[INFO] [stdout] 127 |             &k,
[INFO] [stdout]     |             -- expected `Scalar`, found a different `Scalar`
[INFO] [stdout] 128 |             self.range,
[INFO] [stdout] 129 |             &rk,
[INFO] [stdout]     |             --- expected `Scalar`, found a different `Scalar`
[INFO] [stdout] 130 |             &rbk,
[INFO] [stdout]     |             ---- expected `Scalar`, found a different `Scalar`
[INFO] [stdout]     |
[INFO] [stdout]     = note: `Transcript` and `merlin::transcript::Transcript` have similar names, but are actually distinct types
[INFO] [stdout] note: `Transcript` is defined in crate `merlin`
[INFO] [stdout]    --> /opt/rustwide/cargo-home/registry/src/index.crates.io-6f17d22bba15001f/merlin-3.0.0/src/transcript.rs:54:1
[INFO] [stdout]     |
[INFO] [stdout] 54  | pub struct Transcript {
[INFO] [stdout]     | ^^^^^^^^^^^^^^^^^^^^^
[INFO] [stdout] note: `merlin::transcript::Transcript` is defined in crate `merlin`
[INFO] [stdout]    --> /opt/rustwide/cargo-home/registry/src/index.crates.io-6f17d22bba15001f/merlin-2.0.1/src/transcript.rs:54:1
[INFO] [stdout]     |
[INFO] [stdout] 54  | pub struct Transcript {
[INFO] [stdout]     | ^^^^^^^^^^^^^^^^^^^^^
[INFO] [stdout]     = note: perhaps two different versions of crate `merlin` are being used?
[INFO] [stdout]     = note: `Scalar` and `Scalar` have similar names, but are actually distinct types
[INFO] [stdout] note: `Scalar` is defined in crate `curve25519_dalek_ng`
[INFO] [stdout]    --> /opt/rustwide/cargo-home/registry/src/index.crates.io-6f17d22bba15001f/curve25519-dalek-ng-4.1.1/src/scalar.rs:186:1
[INFO] [stdout]     |
[INFO] [stdout] 186 | pub struct Scalar {
[INFO] [stdout]     | ^^^^^^^^^^^^^^^^^
[INFO] [stdout] note: `Scalar` is defined in crate `tari_curve25519_dalek`
[INFO] [stdout]    --> /opt/rustwide/cargo-home/registry/src/index.crates.io-6f17d22bba15001f/tari-curve25519-dalek-4.0.2/src/scalar.rs:196:1
[INFO] [stdout]     |
[INFO] [stdout] 196 | pub struct Scalar {
[INFO] [stdout]     | ^^^^^^^^^^^^^^^^^
[INFO] [stdout]     = note: `Scalar` and `Scalar` have similar names, but are actually distinct types
[INFO] [stdout] note: `Scalar` is defined in crate `curve25519_dalek_ng`
[INFO] [stdout]    --> /opt/rustwide/cargo-home/registry/src/index.crates.io-6f17d22bba15001f/curve25519-dalek-ng-4.1.1/src/scalar.rs:186:1
[INFO] [stdout]     |
[INFO] [stdout] 186 | pub struct Scalar {
[INFO] [stdout]     | ^^^^^^^^^^^^^^^^^
[INFO] [stdout] note: `Scalar` is defined in crate `tari_curve25519_dalek`
[INFO] [stdout]    --> /opt/rustwide/cargo-home/registry/src/index.crates.io-6f17d22bba15001f/tari-curve25519-dalek-4.0.2/src/scalar.rs:196:1
[INFO] [stdout]     |
[INFO] [stdout] 196 | pub struct Scalar {
[INFO] [stdout]     | ^^^^^^^^^^^^^^^^^
[INFO] [stdout]     = note: `Scalar` and `Scalar` have similar names, but are actually distinct types
[INFO] [stdout] note: `Scalar` is defined in crate `curve25519_dalek_ng`
[INFO] [stdout]    --> /opt/rustwide/cargo-home/registry/src/index.crates.io-6f17d22bba15001f/curve25519-dalek-ng-4.1.1/src/scalar.rs:186:1
[INFO] [stdout]     |
[INFO] [stdout] 186 | pub struct Scalar {
[INFO] [stdout]     | ^^^^^^^^^^^^^^^^^
[INFO] [stdout] note: `Scalar` is defined in crate `tari_curve25519_dalek`
[INFO] [stdout]    --> /opt/rustwide/cargo-home/registry/src/index.crates.io-6f17d22bba15001f/tari-curve25519-dalek-4.0.2/src/scalar.rs:196:1
[INFO] [stdout]     |
[INFO] [stdout] 196 | pub struct Scalar {
[INFO] [stdout]     | ^^^^^^^^^^^^^^^^^
[INFO] [stdout] note: associated function defined here
[INFO] [stdout]    --> /opt/rustwide/cargo-home/registry/src/index.crates.io-6f17d22bba15001f/tari_bulletproofs-4.4.1/src/range_proof/mod.rs:348:12
[INFO] [stdout]     |
[INFO] [stdout] 348 |     pub fn prove_single_with_rewind_key(
[INFO] [stdout]     |            ^^^^^^^^^^^^^^^^^^^^^^^^^^^^
[INFO] [stdout] 
[INFO] [stdout] 
[INFO] [stdout] error[E0308]: arguments to this function are incorrect
[INFO] [stdout]    --> /opt/rustwide/cargo-home/registry/src/index.crates.io-6f17d22bba15001f/tari_crypto-0.11.2/src/ristretto/dalek_range_proof.rs:148:13
[INFO] [stdout]     |
[INFO] [stdout] 148 |             get_rewind_nonce_from_pub_key(&rewind_public_key.compressed, &commitment.as_public_key().compressed);
[INFO] [stdout]     |             ^^^^^^^^^^^^^^^^^^^^^^^^^^^^^ -----------------------------  -------------------------------------- expected `CompressedRistretto`, found a different `CompressedRistretto`
[INFO] [stdout]     |                                           |
[INFO] [stdout]     |                                           expected `CompressedRistretto`, found a different `CompressedRistretto`
[INFO] [stdout]     |
[INFO] [stdout]     = note: `CompressedRistretto` and `CompressedRistretto` have similar names, but are actually distinct types
[INFO] [stdout] note: `CompressedRistretto` is defined in crate `curve25519_dalek_ng`
[INFO] [stdout]    --> /opt/rustwide/cargo-home/registry/src/index.crates.io-6f17d22bba15001f/curve25519-dalek-ng-4.1.1/src/ristretto.rs:212:1
[INFO] [stdout]     |
[INFO] [stdout] 212 | pub struct CompressedRistretto(pub [u8; 32]);
[INFO] [stdout]     | ^^^^^^^^^^^^^^^^^^^^^^^^^^^^^^
[INFO] [stdout] note: `CompressedRistretto` is defined in crate `tari_curve25519_dalek`
[INFO] [stdout]    --> /opt/rustwide/cargo-home/registry/src/index.crates.io-6f17d22bba15001f/tari-curve25519-dalek-4.0.2/src/ristretto.rs:215:1
[INFO] [stdout]     |
[INFO] [stdout] 215 | pub struct CompressedRistretto(pub [u8; 32]);
[INFO] [stdout]     | ^^^^^^^^^^^^^^^^^^^^^^^^^^^^^^
[INFO] [stdout]     = note: `CompressedRistretto` and `CompressedRistretto` have similar names, but are actually distinct types
[INFO] [stdout] note: `CompressedRistretto` is defined in crate `curve25519_dalek_ng`
[INFO] [stdout]    --> /opt/rustwide/cargo-home/registry/src/index.crates.io-6f17d22bba15001f/curve25519-dalek-ng-4.1.1/src/ristretto.rs:212:1
[INFO] [stdout]     |
[INFO] [stdout] 212 | pub struct CompressedRistretto(pub [u8; 32]);
[INFO] [stdout]     | ^^^^^^^^^^^^^^^^^^^^^^^^^^^^^^
[INFO] [stdout] note: `CompressedRistretto` is defined in crate `tari_curve25519_dalek`
[INFO] [stdout]    --> /opt/rustwide/cargo-home/registry/src/index.crates.io-6f17d22bba15001f/tari-curve25519-dalek-4.0.2/src/ristretto.rs:215:1
[INFO] [stdout]     |
[INFO] [stdout] 215 | pub struct CompressedRistretto(pub [u8; 32]);
[INFO] [stdout]     | ^^^^^^^^^^^^^^^^^^^^^^^^^^^^^^
[INFO] [stdout] note: function defined here
[INFO] [stdout]    --> /opt/rustwide/cargo-home/registry/src/index.crates.io-6f17d22bba15001f/tari_bulletproofs-4.4.1/src/range_proof/mod.rs:958:8
[INFO] [stdout]     |
[INFO] [stdout] 958 | pub fn get_rewind_nonce_from_pub_key(
[INFO] [stdout]     |        ^^^^^^^^^^^^^^^^^^^^^^^^^^^^^
[INFO] [stdout] 
[INFO] [stdout] 
[INFO] [stdout] error[E0308]: arguments to this function are incorrect
[INFO] [stdout]    --> /opt/rustwide/cargo-home/registry/src/index.crates.io-6f17d22bba15001f/tari_crypto-0.11.2/src/ristretto/dalek_range_proof.rs:149:30
[INFO] [stdout]     |
[INFO] [stdout] 149 |         let rewind_nonce_2 = get_rewind_nonce_from_pub_key(
[INFO] [stdout]     |                              ^^^^^^^^^^^^^^^^^^^^^^^^^^^^^
[INFO] [stdout] 150 |             &rewind_blinding_public_key.compressed,
[INFO] [stdout]     |             -------------------------------------- expected `CompressedRistretto`, found a different `CompressedRistretto`
[INFO] [stdout] 151 |             &commitment.as_public_key().compressed,
[INFO] [stdout]     |             -------------------------------------- expected `CompressedRistretto`, found a different `CompressedRistretto`
[INFO] [stdout]     |
[INFO] [stdout]     = note: `CompressedRistretto` and `CompressedRistretto` have similar names, but are actually distinct types
[INFO] [stdout] note: `CompressedRistretto` is defined in crate `curve25519_dalek_ng`
[INFO] [stdout]    --> /opt/rustwide/cargo-home/registry/src/index.crates.io-6f17d22bba15001f/curve25519-dalek-ng-4.1.1/src/ristretto.rs:212:1
[INFO] [stdout]     |
[INFO] [stdout] 212 | pub struct CompressedRistretto(pub [u8; 32]);
[INFO] [stdout]     | ^^^^^^^^^^^^^^^^^^^^^^^^^^^^^^
[INFO] [stdout] note: `CompressedRistretto` is defined in crate `tari_curve25519_dalek`
[INFO] [stdout]    --> /opt/rustwide/cargo-home/registry/src/index.crates.io-6f17d22bba15001f/tari-curve25519-dalek-4.0.2/src/ristretto.rs:215:1
[INFO] [stdout]     |
[INFO] [stdout] 215 | pub struct CompressedRistretto(pub [u8; 32]);
[INFO] [stdout]     | ^^^^^^^^^^^^^^^^^^^^^^^^^^^^^^
[INFO] [stdout]     = note: `CompressedRistretto` and `CompressedRistretto` have similar names, but are actually distinct types
[INFO] [stdout] note: `CompressedRistretto` is defined in crate `curve25519_dalek_ng`
[INFO] [stdout]    --> /opt/rustwide/cargo-home/registry/src/index.crates.io-6f17d22bba15001f/curve25519-dalek-ng-4.1.1/src/ristretto.rs:212:1
[INFO] [stdout]     |
[INFO] [stdout] 212 | pub struct CompressedRistretto(pub [u8; 32]);
[INFO] [stdout]     | ^^^^^^^^^^^^^^^^^^^^^^^^^^^^^^
[INFO] [stdout] note: `CompressedRistretto` is defined in crate `tari_curve25519_dalek`
[INFO] [stdout]    --> /opt/rustwide/cargo-home/registry/src/index.crates.io-6f17d22bba15001f/tari-curve25519-dalek-4.0.2/src/ristretto.rs:215:1
[INFO] [stdout]     |
[INFO] [stdout] 215 | pub struct CompressedRistretto(pub [u8; 32]);
[INFO] [stdout]     | ^^^^^^^^^^^^^^^^^^^^^^^^^^^^^^
[INFO] [stdout] note: function defined here
[INFO] [stdout]    --> /opt/rustwide/cargo-home/registry/src/index.crates.io-6f17d22bba15001f/tari_bulletproofs-4.4.1/src/range_proof/mod.rs:958:8
[INFO] [stdout]     |
[INFO] [stdout] 958 | pub fn get_rewind_nonce_from_pub_key(
[INFO] [stdout]     |        ^^^^^^^^^^^^^^^^^^^^^^^^^^^^^
[INFO] [stdout] 
[INFO] [stdout] 
[INFO] [stdout] error[E0308]: arguments to this method are incorrect
[INFO] [stdout]    --> /opt/rustwide/cargo-home/registry/src/index.crates.io-6f17d22bba15001f/tari_crypto-0.11.2/src/ristretto/dalek_range_proof.rs:154:14
[INFO] [stdout]     |
[INFO] [stdout] 154 |             .rewind_single_get_value_only(
[INFO] [stdout]     |              ^^^^^^^^^^^^^^^^^^^^^^^^^^^^
[INFO] [stdout] 155 |                 &self.bp_gens,
[INFO] [stdout] 156 |                 &mut pt,
[INFO] [stdout]     |                 ------- expected `merlin::transcript::Transcript`, found `Transcript`
[INFO] [stdout] 157 |                 &commitment.as_public_key().compressed,
[INFO] [stdout]     |                 -------------------------------------- expected `CompressedRistretto`, found a different `CompressedRistretto`
[INFO] [stdout]     |
[INFO] [stdout]     = note: `Transcript` and `merlin::transcript::Transcript` have similar names, but are actually distinct types
[INFO] [stdout] note: `Transcript` is defined in crate `merlin`
[INFO] [stdout]    --> /opt/rustwide/cargo-home/registry/src/index.crates.io-6f17d22bba15001f/merlin-3.0.0/src/transcript.rs:54:1
[INFO] [stdout]     |
[INFO] [stdout] 54  | pub struct Transcript {
[INFO] [stdout]     | ^^^^^^^^^^^^^^^^^^^^^
[INFO] [stdout] note: `merlin::transcript::Transcript` is defined in crate `merlin`
[INFO] [stdout]    --> /opt/rustwide/cargo-home/registry/src/index.crates.io-6f17d22bba15001f/merlin-2.0.1/src/transcript.rs:54:1
[INFO] [stdout]     |
[INFO] [stdout] 54  | pub struct Transcript {
[INFO] [stdout]     | ^^^^^^^^^^^^^^^^^^^^^
[INFO] [stdout]     = note: perhaps two different versions of crate `merlin` are being used?
[INFO] [stdout]     = note: `CompressedRistretto` and `CompressedRistretto` have similar names, but are actually distinct types
[INFO] [stdout] note: `CompressedRistretto` is defined in crate `curve25519_dalek_ng`
[INFO] [stdout]    --> /opt/rustwide/cargo-home/registry/src/index.crates.io-6f17d22bba15001f/curve25519-dalek-ng-4.1.1/src/ristretto.rs:212:1
[INFO] [stdout]     |
[INFO] [stdout] 212 | pub struct CompressedRistretto(pub [u8; 32]);
[INFO] [stdout]     | ^^^^^^^^^^^^^^^^^^^^^^^^^^^^^^
[INFO] [stdout] note: `CompressedRistretto` is defined in crate `tari_curve25519_dalek`
[INFO] [stdout]    --> /opt/rustwide/cargo-home/registry/src/index.crates.io-6f17d22bba15001f/tari-curve25519-dalek-4.0.2/src/ristretto.rs:215:1
[INFO] [stdout]     |
[INFO] [stdout] 215 | pub struct CompressedRistretto(pub [u8; 32]);
[INFO] [stdout]     | ^^^^^^^^^^^^^^^^^^^^^^^^^^^^^^
[INFO] [stdout] note: method defined here
[INFO] [stdout]    --> /opt/rustwide/cargo-home/registry/src/index.crates.io-6f17d22bba15001f/tari_bulletproofs-4.4.1/src/range_proof/mod.rs:824:12
[INFO] [stdout]     |
[INFO] [stdout] 824 |     pub fn rewind_single_get_value_only(
[INFO] [stdout]     |            ^^^^^^^^^^^^^^^^^^^^^^^^^^^^
[INFO] [stdout] 
[INFO] [stdout] 
[INFO] [stdout] error[E0308]: arguments to this function are incorrect
[INFO] [stdout]    --> /opt/rustwide/cargo-home/registry/src/index.crates.io-6f17d22bba15001f/tari_crypto-0.11.2/src/ristretto/dalek_range_proof.rs:184:13
[INFO] [stdout]     |
[INFO] [stdout] 184 |             get_rewind_nonce_from_pub_key(&rewind_public_key.compressed, &commitment.as_public_key().compressed);
[INFO] [stdout]     |             ^^^^^^^^^^^^^^^^^^^^^^^^^^^^^ -----------------------------  -------------------------------------- expected `CompressedRistretto`, found a different `CompressedRistretto`
[INFO] [stdout]     |                                           |
[INFO] [stdout]     |                                           expected `CompressedRistretto`, found a different `CompressedRistretto`
[INFO] [stdout]     |
[INFO] [stdout]     = note: `CompressedRistretto` and `CompressedRistretto` have similar names, but are actually distinct types
[INFO] [stdout] note: `CompressedRistretto` is defined in crate `curve25519_dalek_ng`
[INFO] [stdout]    --> /opt/rustwide/cargo-home/registry/src/index.crates.io-6f17d22bba15001f/curve25519-dalek-ng-4.1.1/src/ristretto.rs:212:1
[INFO] [stdout]     |
[INFO] [stdout] 212 | pub struct CompressedRistretto(pub [u8; 32]);
[INFO] [stdout]     | ^^^^^^^^^^^^^^^^^^^^^^^^^^^^^^
[INFO] [stdout] note: `CompressedRistretto` is defined in crate `tari_curve25519_dalek`
[INFO] [stdout]    --> /opt/rustwide/cargo-home/registry/src/index.crates.io-6f17d22bba15001f/tari-curve25519-dalek-4.0.2/src/ristretto.rs:215:1
[INFO] [stdout]     |
[INFO] [stdout] 215 | pub struct CompressedRistretto(pub [u8; 32]);
[INFO] [stdout]     | ^^^^^^^^^^^^^^^^^^^^^^^^^^^^^^
[INFO] [stdout]     = note: `CompressedRistretto` and `CompressedRistretto` have similar names, but are actually distinct types
[INFO] [stdout] note: `CompressedRistretto` is defined in crate `curve25519_dalek_ng`
[INFO] [stdout]    --> /opt/rustwide/cargo-home/registry/src/index.crates.io-6f17d22bba15001f/curve25519-dalek-ng-4.1.1/src/ristretto.rs:212:1
[INFO] [stdout]     |
[INFO] [stdout] 212 | pub struct CompressedRistretto(pub [u8; 32]);
[INFO] [stdout]     | ^^^^^^^^^^^^^^^^^^^^^^^^^^^^^^
[INFO] [stdout] note: `CompressedRistretto` is defined in crate `tari_curve25519_dalek`
[INFO] [stdout]    --> /opt/rustwide/cargo-home/registry/src/index.crates.io-6f17d22bba15001f/tari-curve25519-dalek-4.0.2/src/ristretto.rs:215:1
[INFO] [stdout]     |
[INFO] [stdout] 215 | pub struct CompressedRistretto(pub [u8; 32]);
[INFO] [stdout]     | ^^^^^^^^^^^^^^^^^^^^^^^^^^^^^^
[INFO] [stdout] note: function defined here
[INFO] [stdout]    --> /opt/rustwide/cargo-home/registry/src/index.crates.io-6f17d22bba15001f/tari_bulletproofs-4.4.1/src/range_proof/mod.rs:958:8
[INFO] [stdout]     |
[INFO] [stdout] 958 | pub fn get_rewind_nonce_from_pub_key(
[INFO] [stdout]     |        ^^^^^^^^^^^^^^^^^^^^^^^^^^^^^
[INFO] [stdout] 
[INFO] [stdout] 
[INFO] [stdout] error[E0308]: arguments to this function are incorrect
[INFO] [stdout]    --> /opt/rustwide/cargo-home/registry/src/index.crates.io-6f17d22bba15001f/tari_crypto-0.11.2/src/ristretto/dalek_range_proof.rs:185:30
[INFO] [stdout]     |
[INFO] [stdout] 185 |         let rewind_nonce_2 = get_rewind_nonce_from_pub_key(
[INFO] [stdout]     |                              ^^^^^^^^^^^^^^^^^^^^^^^^^^^^^
[INFO] [stdout] 186 |             &rewind_blinding_public_key.compressed,
[INFO] [stdout]     |             -------------------------------------- expected `CompressedRistretto`, found a different `CompressedRistretto`
[INFO] [stdout] 187 |             &commitment.as_public_key().compressed,
[INFO] [stdout]     |             -------------------------------------- expected `CompressedRistretto`, found a different `CompressedRistretto`
[INFO] [stdout]     |
[INFO] [stdout]     = note: `CompressedRistretto` and `CompressedRistretto` have similar names, but are actually distinct types
[INFO] [stdout] note: `CompressedRistretto` is defined in crate `curve25519_dalek_ng`
[INFO] [stdout]    --> /opt/rustwide/cargo-home/registry/src/index.crates.io-6f17d22bba15001f/curve25519-dalek-ng-4.1.1/src/ristretto.rs:212:1
[INFO] [stdout]     |
[INFO] [stdout] 212 | pub struct CompressedRistretto(pub [u8; 32]);
[INFO] [stdout]     | ^^^^^^^^^^^^^^^^^^^^^^^^^^^^^^
[INFO] [stdout] note: `CompressedRistretto` is defined in crate `tari_curve25519_dalek`
[INFO] [stdout]    --> /opt/rustwide/cargo-home/registry/src/index.crates.io-6f17d22bba15001f/tari-curve25519-dalek-4.0.2/src/ristretto.rs:215:1
[INFO] [stdout]     |
[INFO] [stdout] 215 | pub struct CompressedRistretto(pub [u8; 32]);
[INFO] [stdout]     | ^^^^^^^^^^^^^^^^^^^^^^^^^^^^^^
[INFO] [stdout]     = note: `CompressedRistretto` and `CompressedRistretto` have similar names, but are actually distinct types
[INFO] [stdout] note: `CompressedRistretto` is defined in crate `curve25519_dalek_ng`
[INFO] [stdout]    --> /opt/rustwide/cargo-home/registry/src/index.crates.io-6f17d22bba15001f/curve25519-dalek-ng-4.1.1/src/ristretto.rs:212:1
[INFO] [stdout]     |
[INFO] [stdout] 212 | pub struct CompressedRistretto(pub [u8; 32]);
[INFO] [stdout]     | ^^^^^^^^^^^^^^^^^^^^^^^^^^^^^^
[INFO] [stdout] note: `CompressedRistretto` is defined in crate `tari_curve25519_dalek`
[INFO] [stdout]    --> /opt/rustwide/cargo-home/registry/src/index.crates.io-6f17d22bba15001f/tari-curve25519-dalek-4.0.2/src/ristretto.rs:215:1
[INFO] [stdout]     |
[INFO] [stdout] 215 | pub struct CompressedRistretto(pub [u8; 32]);
[INFO] [stdout]     | ^^^^^^^^^^^^^^^^^^^^^^^^^^^^^^
[INFO] [stdout] note: function defined here
[INFO] [stdout]    --> /opt/rustwide/cargo-home/registry/src/index.crates.io-6f17d22bba15001f/tari_bulletproofs-4.4.1/src/range_proof/mod.rs:958:8
[INFO] [stdout]     |
[INFO] [stdout] 958 | pub fn get_rewind_nonce_from_pub_key(
[INFO] [stdout]     |        ^^^^^^^^^^^^^^^^^^^^^^^^^^^^^
[INFO] [stdout] 
[INFO] [stdout] 
[INFO] [stdout] error[E0308]: arguments to this function are incorrect
[INFO] [stdout]    --> /opt/rustwide/cargo-home/registry/src/index.crates.io-6f17d22bba15001f/tari_crypto-0.11.2/src/ristretto/dalek_range_proof.rs:189:32
[INFO] [stdout]     |
[INFO] [stdout] 189 |         let blinding_nonce_1 = get_secret_nonce_from_pvt_key(&rewind_key.0, &commitment.as_public_key().compressed);
[INFO] [stdout]     |                                ^^^^^^^^^^^^^^^^^^^^^^^^^^^^^ -------------  -------------------------------------- expected `CompressedRistretto`, found a different `CompressedRistretto`
[INFO] [stdout]     |                                                              |
[INFO] [stdout]     |                                                              expected `Scalar`, found a different `Scalar`
[INFO] [stdout]     |
[INFO] [stdout]     = note: `Scalar` and `Scalar` have similar names, but are actually distinct types
[INFO] [stdout] note: `Scalar` is defined in crate `curve25519_dalek_ng`
[INFO] [stdout]    --> /opt/rustwide/cargo-home/registry/src/index.crates.io-6f17d22bba15001f/curve25519-dalek-ng-4.1.1/src/scalar.rs:186:1
[INFO] [stdout]     |
[INFO] [stdout] 186 | pub struct Scalar {
[INFO] [stdout]     | ^^^^^^^^^^^^^^^^^
[INFO] [stdout] note: `Scalar` is defined in crate `tari_curve25519_dalek`
[INFO] [stdout]    --> /opt/rustwide/cargo-home/registry/src/index.crates.io-6f17d22bba15001f/tari-curve25519-dalek-4.0.2/src/scalar.rs:196:1
[INFO] [stdout]     |
[INFO] [stdout] 196 | pub struct Scalar {
[INFO] [stdout]     | ^^^^^^^^^^^^^^^^^
[INFO] [stdout]     = note: `CompressedRistretto` and `CompressedRistretto` have similar names, but are actually distinct types
[INFO] [stdout] note: `CompressedRistretto` is defined in crate `curve25519_dalek_ng`
[INFO] [stdout]    --> /opt/rustwide/cargo-home/registry/src/index.crates.io-6f17d22bba15001f/curve25519-dalek-ng-4.1.1/src/ristretto.rs:212:1
[INFO] [stdout]     |
[INFO] [stdout] 212 | pub struct CompressedRistretto(pub [u8; 32]);
[INFO] [stdout]     | ^^^^^^^^^^^^^^^^^^^^^^^^^^^^^^
[INFO] [stdout] note: `CompressedRistretto` is defined in crate `tari_curve25519_dalek`
[INFO] [stdout]    --> /opt/rustwide/cargo-home/registry/src/index.crates.io-6f17d22bba15001f/tari-curve25519-dalek-4.0.2/src/ristretto.rs:215:1
[INFO] [stdout]     |
[INFO] [stdout] 215 | pub struct CompressedRistretto(pub [u8; 32]);
[INFO] [stdout]     | ^^^^^^^^^^^^^^^^^^^^^^^^^^^^^^
[INFO] [stdout] note: function defined here
[INFO] [stdout]    --> /opt/rustwide/cargo-home/registry/src/index.crates.io-6f17d22bba15001f/tari_bulletproofs-4.4.1/src/range_proof/mod.rs:979:8
[INFO] [stdout]     |
[INFO] [stdout] 979 | pub fn get_secret_nonce_from_pvt_key(pvt_key: &Scalar, commitment: &CompressedRistretto) -> Scalar {
[INFO] [stdout]     |        ^^^^^^^^^^^^^^^^^^^^^^^^^^^^^
[INFO] [stdout] 
[INFO] [stdout] 
[INFO] [stdout] error[E0308]: arguments to this function are incorrect
[INFO] [stdout]    --> /opt/rustwide/cargo-home/registry/src/index.crates.io-6f17d22bba15001f/tari_crypto-0.11.2/src/ristretto/dalek_range_proof.rs:191:13
[INFO] [stdout]     |
[INFO] [stdout] 191 |             get_secret_nonce_from_pvt_key(&rewind_blinding_key.0, &commitment.as_public_key().compressed);
[INFO] [stdout]     |             ^^^^^^^^^^^^^^^^^^^^^^^^^^^^^ ----------------------  -------------------------------------- expected `CompressedRistretto`, found a different `CompressedRistretto`
[INFO] [stdout]     |                                           |
[INFO] [stdout]     |                                           expected `Scalar`, found a different `Scalar`
[INFO] [stdout]     |
[INFO] [stdout]     = note: `Scalar` and `Scalar` have similar names, but are actually distinct types
[INFO] [stdout] note: `Scalar` is defined in crate `curve25519_dalek_ng`
[INFO] [stdout]    --> /opt/rustwide/cargo-home/registry/src/index.crates.io-6f17d22bba15001f/curve25519-dalek-ng-4.1.1/src/scalar.rs:186:1
[INFO] [stdout]     |
[INFO] [stdout] 186 | pub struct Scalar {
[INFO] [stdout]     | ^^^^^^^^^^^^^^^^^
[INFO] [stdout] note: `Scalar` is defined in crate `tari_curve25519_dalek`
[INFO] [stdout]    --> /opt/rustwide/cargo-home/registry/src/index.crates.io-6f17d22bba15001f/tari-curve25519-dalek-4.0.2/src/scalar.rs:196:1
[INFO] [stdout]     |
[INFO] [stdout] 196 | pub struct Scalar {
[INFO] [stdout]     | ^^^^^^^^^^^^^^^^^
[INFO] [stdout]     = note: `CompressedRistretto` and `CompressedRistretto` have similar names, but are actually distinct types
[INFO] [stdout] note: `CompressedRistretto` is defined in crate `curve25519_dalek_ng`
[INFO] [stdout]    --> /opt/rustwide/cargo-home/registry/src/index.crates.io-6f17d22bba15001f/curve25519-dalek-ng-4.1.1/src/ristretto.rs:212:1
[INFO] [stdout]     |
[INFO] [stdout] 212 | pub struct CompressedRistretto(pub [u8; 32]);
[INFO] [stdout]     | ^^^^^^^^^^^^^^^^^^^^^^^^^^^^^^
[INFO] [stdout] note: `CompressedRistretto` is defined in crate `tari_curve25519_dalek`
[INFO] [stdout]    --> /opt/rustwide/cargo-home/registry/src/index.crates.io-6f17d22bba15001f/tari-curve25519-dalek-4.0.2/src/ristretto.rs:215:1
[INFO] [stdout]     |
[INFO] [stdout] 215 | pub struct CompressedRistretto(pub [u8; 32]);
[INFO] [stdout]     | ^^^^^^^^^^^^^^^^^^^^^^^^^^^^^^
[INFO] [stdout] note: function defined here
[INFO] [stdout]    --> /opt/rustwide/cargo-home/registry/src/index.crates.io-6f17d22bba15001f/tari_bulletproofs-4.4.1/src/range_proof/mod.rs:979:8
[INFO] [stdout]     |
[INFO] [stdout] 979 | pub fn get_secret_nonce_from_pvt_key(pvt_key: &Scalar, commitment: &CompressedRistretto) -> Scalar {
[INFO] [stdout]     |        ^^^^^^^^^^^^^^^^^^^^^^^^^^^^^
[INFO] [stdout] 
[INFO] [stdout] 
[INFO] [stdout] error[E0308]: arguments to this method are incorrect
[INFO] [stdout]    --> /opt/rustwide/cargo-home/registry/src/index.crates.io-6f17d22bba15001f/tari_crypto-0.11.2/src/ristretto/dalek_range_proof.rs:193:14
[INFO] [stdout]     |
[INFO] [stdout] 193 |             .rewind_single_get_commitment_data(
[INFO] [stdout]     |              ^^^^^^^^^^^^^^^^^^^^^^^^^^^^^^^^^
[INFO] [stdout] ...
[INFO] [stdout] 196 |                 &mut pt,
[INFO] [stdout]     |                 ------- expected `merlin::transcript::Transcript`, found `Transcript`
[INFO] [stdout] 197 |                 &commitment.as_public_key().compressed,
[INFO] [stdout]     |                 -------------------------------------- expected `CompressedRistretto`, found a different `CompressedRistretto`
[INFO] [stdout]     |
[INFO] [stdout]     = note: `Transcript` and `merlin::transcript::Transcript` have similar names, but are actually distinct types
[INFO] [stdout] note: `Transcript` is defined in crate `merlin`
[INFO] [stdout]    --> /opt/rustwide/cargo-home/registry/src/index.crates.io-6f17d22bba15001f/merlin-3.0.0/src/transcript.rs:54:1
[INFO] [stdout]     |
[INFO] [stdout] 54  | pub struct Transcript {
[INFO] [stdout]     | ^^^^^^^^^^^^^^^^^^^^^
[INFO] [stdout] note: `merlin::transcript::Transcript` is defined in crate `merlin`
[INFO] [stdout]    --> /opt/rustwide/cargo-home/registry/src/index.crates.io-6f17d22bba15001f/merlin-2.0.1/src/transcript.rs:54:1
[INFO] [stdout]     |
[INFO] [stdout] 54  | pub struct Transcript {
[INFO] [stdout]     | ^^^^^^^^^^^^^^^^^^^^^
[INFO] [stdout]     = note: perhaps two different versions of crate `merlin` are being used?
[INFO] [stdout]     = note: `CompressedRistretto` and `CompressedRistretto` have similar names, but are actually distinct types
[INFO] [stdout] note: `CompressedRistretto` is defined in crate `curve25519_dalek_ng`
[INFO] [stdout]    --> /opt/rustwide/cargo-home/registry/src/index.crates.io-6f17d22bba15001f/curve25519-dalek-ng-4.1.1/src/ristretto.rs:212:1
[INFO] [stdout]     |
[INFO] [stdout] 212 | pub struct CompressedRistretto(pub [u8; 32]);
[INFO] [stdout]     | ^^^^^^^^^^^^^^^^^^^^^^^^^^^^^^
[INFO] [stdout] note: `CompressedRistretto` is defined in crate `tari_curve25519_dalek`
[INFO] [stdout]    --> /opt/rustwide/cargo-home/registry/src/index.crates.io-6f17d22bba15001f/tari-curve25519-dalek-4.0.2/src/ristretto.rs:215:1
[INFO] [stdout]     |
[INFO] [stdout] 215 | pub struct CompressedRistretto(pub [u8; 32]);
[INFO] [stdout]     | ^^^^^^^^^^^^^^^^^^^^^^^^^^^^^^
[INFO] [stdout] note: method defined here
[INFO] [stdout]    --> /opt/rustwide/cargo-home/registry/src/index.crates.io-6f17d22bba15001f/tari_bulletproofs-4.4.1/src/range_proof/mod.rs:777:12
[INFO] [stdout]     |
[INFO] [stdout] 777 |     pub fn rewind_single_get_commitment_data(
[INFO] [stdout]     |            ^^^^^^^^^^^^^^^^^^^^^^^^^^^^^^^^^
[INFO] [stdout] 
[INFO] [stdout] 
[INFO] [stdout] error[E0308]: mismatched types
[INFO] [stdout]    --> /opt/rustwide/cargo-home/registry/src/index.crates.io-6f17d22bba15001f/tari_crypto-0.11.2/src/ristretto/dalek_range_proof.rs:211:32
[INFO] [stdout]     |
[INFO] [stdout] 211 |             RistrettoSecretKey(blinding_factor),
[INFO] [stdout]     |             ------------------ ^^^^^^^^^^^^^^^ expected `Scalar`, found a different `Scalar`
[INFO] [stdout]     |             |
[INFO] [stdout]     |             arguments to this struct are incorrect
[INFO] [stdout]     |
[INFO] [stdout]     = note: `Scalar` and `Scalar` have similar names, but are actually distinct types
[INFO] [stdout] note: `Scalar` is defined in crate `tari_curve25519_dalek`
[INFO] [stdout]    --> /opt/rustwide/cargo-home/registry/src/index.crates.io-6f17d22bba15001f/tari-curve25519-dalek-4.0.2/src/scalar.rs:196:1
[INFO] [stdout]     |
[INFO] [stdout] 196 | pub struct Scalar {
[INFO] [stdout]     | ^^^^^^^^^^^^^^^^^
[INFO] [stdout] note: `Scalar` is defined in crate `curve25519_dalek_ng`
[INFO] [stdout]    --> /opt/rustwide/cargo-home/registry/src/index.crates.io-6f17d22bba15001f/curve25519-dalek-ng-4.1.1/src/scalar.rs:186:1
[INFO] [stdout]     |
[INFO] [stdout] 186 | pub struct Scalar {
[INFO] [stdout]     | ^^^^^^^^^^^^^^^^^
[INFO] [stdout] note: tuple struct defined here
[INFO] [stdout]    --> /opt/rustwide/cargo-home/registry/src/index.crates.io-6f17d22bba15001f/tari_crypto-0.11.2/src/ristretto/ristretto_keys.rs:64:12
[INFO] [stdout]     |
[INFO] [stdout] 64  | pub struct RistrettoSecretKey(pub(crate) Scalar);
[INFO] [stdout]     |            ^^^^^^^^^^^^^^^^^^
[INFO] [stdout] 
[INFO] [stdout] 
[INFO] [stdout] error: aborting due to 14 previous errors
[INFO] [stdout] 
[INFO] [stdout] 
[INFO] [stdout] For more information about this error, try `rustc --explain E0308`.
[INFO] [stdout] 
[INFO] [stderr] error: could not compile `tari_crypto` (lib) due to 15 previous errors
[INFO] [stderr] warning: build failed, waiting for other jobs to finish...
[INFO] running `Command { std: "docker" "inspect" "0036f53f2b6c3f1b587a2c3f84fb417f32c74a7a67ed2c45e2f872adf6c46751", kill_on_drop: false }`
[INFO] running `Command { std: "docker" "rm" "-f" "0036f53f2b6c3f1b587a2c3f84fb417f32c74a7a67ed2c45e2f872adf6c46751", kill_on_drop: false }`
[INFO] [stdout] 0036f53f2b6c3f1b587a2c3f84fb417f32c74a7a67ed2c45e2f872adf6c46751
