[INFO] fetching crate tappet 0.5.0...
[INFO] testing tappet-0.5.0 against 1.75.0 for beta-1.76-1
[INFO] extracting crate tappet 0.5.0 into /workspace/builds/worker-2-tc1/source
[INFO] validating manifest of crates.io crate tappet 0.5.0 on toolchain 1.75.0
[INFO] running `Command { std: CARGO_HOME="/workspace/cargo-home" RUSTUP_HOME="/workspace/rustup-home" "/workspace/cargo-home/bin/cargo" "+1.75.0" "metadata" "--manifest-path" "Cargo.toml" "--no-deps", kill_on_drop: false }`
[INFO] started tweaking crates.io crate tappet 0.5.0
[INFO] finished tweaking crates.io crate tappet 0.5.0
[INFO] tweaked toml for crates.io crate tappet 0.5.0 written to /workspace/builds/worker-2-tc1/source/Cargo.toml
[INFO] running `Command { std: CARGO_HOME="/workspace/cargo-home" RUSTUP_HOME="/workspace/rustup-home" "/workspace/cargo-home/bin/cargo" "+1.75.0" "generate-lockfile" "--manifest-path" "Cargo.toml", kill_on_drop: false }`
[INFO] [stderr]     Updating crates.io index
[INFO] running `Command { std: CARGO_HOME="/workspace/cargo-home" RUSTUP_HOME="/workspace/rustup-home" "/workspace/cargo-home/bin/cargo" "+1.75.0" "fetch" "--manifest-path" "Cargo.toml", kill_on_drop: false }`
[INFO] [stderr]  Downloading crates ...
[INFO] [stderr]   Downloaded protoc v2.28.0
[INFO] [stderr]   Downloaded protoc-rust v2.28.0
[INFO] [stderr]   Downloaded steam-language-gen-derive v0.1.2
[INFO] [stderr]   Downloaded tappet-derive v0.3.2
[INFO] [stderr]   Downloaded steam-protobuf v0.1.2
[INFO] [stderr]   Downloaded steam-language-gen v0.1.2
[INFO] running `Command { std: "docker" "create" "-v" "/var/lib/crater-agent-workspace/builds/worker-2-tc1/target:/opt/rustwide/target:rw,Z" "-v" "/var/lib/crater-agent-workspace/builds/worker-2-tc1/source:/opt/rustwide/workdir:ro,Z" "-v" "/var/lib/crater-agent-workspace/cargo-home:/opt/rustwide/cargo-home:ro,Z" "-v" "/var/lib/crater-agent-workspace/rustup-home:/opt/rustwide/rustup-home:ro,Z" "-e" "SOURCE_DIR=/opt/rustwide/workdir" "-e" "CARGO_TARGET_DIR=/opt/rustwide/target" "-e" "CARGO_HOME=/opt/rustwide/cargo-home" "-e" "RUSTUP_HOME=/opt/rustwide/rustup-home" "-w" "/opt/rustwide/workdir" "-m" "1610612736" "--user" "0:0" "--network" "none" "ghcr.io/rust-lang/crates-build-env/linux@sha256:2788e3201cd34a07e3172128adcd8b3090168a8e3bcc40d7c032b9dda1df7d1c" "/opt/rustwide/cargo-home/bin/cargo" "+1.75.0" "metadata" "--no-deps" "--format-version=1", kill_on_drop: false }`
[INFO] [stdout] 47d1738efc008dd113ab8881941a7b75c6adcc8e800bcf712e4c51c1b6aafae2
[INFO] running `Command { std: "docker" "start" "-a" "47d1738efc008dd113ab8881941a7b75c6adcc8e800bcf712e4c51c1b6aafae2", kill_on_drop: false }`
[INFO] running `Command { std: "docker" "inspect" "47d1738efc008dd113ab8881941a7b75c6adcc8e800bcf712e4c51c1b6aafae2", kill_on_drop: false }`
[INFO] running `Command { std: "docker" "rm" "-f" "47d1738efc008dd113ab8881941a7b75c6adcc8e800bcf712e4c51c1b6aafae2", kill_on_drop: false }`
[INFO] [stdout] 47d1738efc008dd113ab8881941a7b75c6adcc8e800bcf712e4c51c1b6aafae2
[INFO] running `Command { std: "docker" "create" "-v" "/var/lib/crater-agent-workspace/builds/worker-2-tc1/target:/opt/rustwide/target:rw,Z" "-v" "/var/lib/crater-agent-workspace/builds/worker-2-tc1/source:/opt/rustwide/workdir:ro,Z" "-v" "/var/lib/crater-agent-workspace/cargo-home:/opt/rustwide/cargo-home:ro,Z" "-v" "/var/lib/crater-agent-workspace/rustup-home:/opt/rustwide/rustup-home:ro,Z" "-e" "SOURCE_DIR=/opt/rustwide/workdir" "-e" "CARGO_TARGET_DIR=/opt/rustwide/target" "-e" "CARGO_INCREMENTAL=0" "-e" "RUST_BACKTRACE=full" "-e" "RUSTFLAGS=--cap-lints=warn" "-e" "RUSTDOCFLAGS=--cap-lints=warn" "-e" "CARGO_HOME=/opt/rustwide/cargo-home" "-e" "RUSTUP_HOME=/opt/rustwide/rustup-home" "-w" "/opt/rustwide/workdir" "-m" "1610612736" "--user" "0:0" "--network" "none" "ghcr.io/rust-lang/crates-build-env/linux@sha256:2788e3201cd34a07e3172128adcd8b3090168a8e3bcc40d7c032b9dda1df7d1c" "/opt/rustwide/cargo-home/bin/cargo" "+1.75.0" "build" "--frozen" "--message-format=json", kill_on_drop: false }`
[INFO] [stdout] 145a5d533c1b66dbf8c6c30d4880108067619670c3dd30a2620d2988ddf4dda5
[INFO] running `Command { std: "docker" "start" "-a" "145a5d533c1b66dbf8c6c30d4880108067619670c3dd30a2620d2988ddf4dda5", kill_on_drop: false }`
[INFO] [stderr]    Compiling syn v1.0.109
[INFO] [stderr]    Compiling syn v2.0.48
[INFO] [stderr]    Compiling futures-sink v0.3.30
[INFO] [stderr]    Compiling futures-core v0.3.30
[INFO] [stderr]    Compiling parking_lot_core v0.9.9
[INFO] [stderr]    Compiling mio v0.8.10
[INFO] [stderr]    Compiling socket2 v0.5.5
[INFO] [stderr]    Compiling signal-hook-registry v1.4.1
[INFO] [stderr]    Compiling futures-channel v0.3.30
[INFO] [stderr]    Compiling pin-utils v0.1.0
[INFO] [stderr]    Compiling futures-task v0.3.30
[INFO] [stderr]    Compiling parking_lot v0.12.1
[INFO] [stderr]    Compiling futures-io v0.3.30
[INFO] [stderr]    Compiling protobuf v2.28.0
[INFO] [stderr]    Compiling tracing v0.1.40
[INFO] [stderr]    Compiling http v0.2.11
[INFO] [stderr]    Compiling strsim v0.10.0
[INFO] [stderr]    Compiling ident_case v1.0.1
[INFO] [stderr]    Compiling home v0.5.9
[INFO] [stderr]    Compiling want v0.3.1
[INFO] [stderr]    Compiling httpdate v1.0.3
[INFO] [stderr]    Compiling which v4.4.2
[INFO] [stderr]    Compiling tower-service v0.3.2
[INFO] [stderr]    Compiling glob v0.3.1
[INFO] [stderr]    Compiling async-trait v0.1.77
[INFO] [stderr]    Compiling paste v1.0.14
[INFO] [stderr]    Compiling base64 v0.21.5
[INFO] [stderr]    Compiling protoc v2.28.0
[INFO] [stderr]    Compiling ipnet v2.9.0
[INFO] [stderr]    Compiling arrayref v0.3.7
[INFO] [stderr]    Compiling http-body v0.4.6
[INFO] [stderr]    Compiling darling_core v0.13.4
[INFO] [stderr]    Compiling serde_derive v1.0.194
[INFO] [stderr]    Compiling futures-macro v0.3.30
[INFO] [stderr]    Compiling tokio-macros v2.2.0
[INFO] [stderr]    Compiling openssl-macros v0.1.1
[INFO] [stderr]    Compiling serde_repr v0.1.18
[INFO] [stderr]    Compiling thiserror-impl v1.0.56
[INFO] [stderr]    Compiling steam-language-gen-derive v0.1.2
[INFO] [stderr]    Compiling openssl v0.10.62
[INFO] [stderr]    Compiling num-derive v0.3.3
[INFO] [stderr]    Compiling derive-new v0.5.9
[INFO] [stderr]    Compiling futures-util v0.3.30
[INFO] [stderr]    Compiling tokio v1.35.1
[INFO] [stderr]    Compiling enum_dispatch v0.3.12
[INFO] [stderr]    Compiling thiserror v1.0.56
[INFO] [stderr]    Compiling darling_macro v0.13.4
[INFO] [stderr]    Compiling tappet-derive v0.3.2
[INFO] [stderr]    Compiling darling v0.13.4
[INFO] [stderr]    Compiling serde_with_macros v1.5.2
[INFO] [stderr]    Compiling futures-executor v0.3.30
[INFO] [stderr]    Compiling futures v0.3.30
[INFO] [stderr]    Compiling serde v1.0.194
[INFO] [stderr]    Compiling native-tls v0.2.11
[INFO] [stderr]    Compiling tokio-util v0.7.10
[INFO] [stderr]    Compiling tokio-native-tls v0.3.1
[INFO] [stderr]    Compiling h2 v0.3.22
[INFO] [stderr]    Compiling serde_json v1.0.111
[INFO] [stderr]    Compiling serde_urlencoded v0.7.1
[INFO] [stderr]    Compiling bincode v1.3.3
[INFO] [stderr]    Compiling serde_with v1.14.0
[INFO] [stderr]    Compiling hyper v0.14.28
[INFO] [stderr]    Compiling hyper-tls v0.5.0
[INFO] [stderr]    Compiling reqwest v0.11.23
[INFO] [stderr]    Compiling protobuf-codegen v2.28.0
[INFO] [stderr]    Compiling protoc-rust v2.28.0
[INFO] [stderr]    Compiling steam-protobuf v0.1.2
[INFO] [stderr]    Compiling steam-language-gen v0.1.2
[INFO] [stderr]    Compiling tappet v0.5.0 (/opt/rustwide/workdir)
[INFO] [stdout] warning: fields `request`, `client`, and `key` are never read
[INFO] [stdout]   --> src/macros.rs:78:24
[INFO] [stdout]    |
[INFO] [stdout] 78 |             pub(crate) request: reqwest::Request,
[INFO] [stdout]    |                        ^^^^^^^
[INFO] [stdout] 79 |             pub(crate) client: &'a reqwest::Client,
[INFO] [stdout]    |                        ^^^^^^
[INFO] [stdout] 80 |             pub(crate) key: &'a str,
[INFO] [stdout]    |                        ^^^
[INFO] [stdout]    |
[INFO] [stdout]   ::: src/endpoints/ieconservice/post.rs:5:11
[INFO] [stdout]    |
[INFO] [stdout] 5  | new_type!(IEconService);
[INFO] [stdout]    | -----------------------
[INFO] [stdout]    | |         |
[INFO] [stdout]    | |         fields in this struct
[INFO] [stdout]    | in this macro invocation
[INFO] [stdout]    |
[INFO] [stdout]    = note: `#[warn(dead_code)]` on by default
[INFO] [stdout]    = note: this warning originates in the macro `new_type` (in Nightly builds, run with -Z macro-backtrace for more info)
[INFO] [stdout] 
[INFO] [stdout] 
[INFO] [stdout] warning: multiple fields are never read
[INFO] [stdout]    --> src/trading_types.rs:93:5
[INFO] [stdout]     |
[INFO] [stdout] 84  | pub struct TradeOffer_Trade {
[INFO] [stdout]     |            ---------------- fields in this struct
[INFO] [stdout] ...
[INFO] [stdout] 93  |     expiration_time: i64,
[INFO] [stdout]     |     ^^^^^^^^^^^^^^^
[INFO] [stdout] ...
[INFO] [stdout] 97  |     items_to_give: Option<Vec<CEcon_Asset>>,
[INFO] [stdout]     |     ^^^^^^^^^^^^^
[INFO] [stdout] 98  |     items_to_receive: Option<Vec<CEcon_Asset>>,
[INFO] [stdout]     |     ^^^^^^^^^^^^^^^^
[INFO] [stdout] ...
[INFO] [stdout] 101 |     time_created: i64,
[INFO] [stdout]     |     ^^^^^^^^^^^^
[INFO] [stdout] 102 |     time_updated: i64,
[INFO] [stdout]     |     ^^^^^^^^^^^^
[INFO] [stdout] ...
[INFO] [stdout] 108 |     from_real_time_trade: bool,
[INFO] [stdout]     |     ^^^^^^^^^^^^^^^^^^^^
[INFO] [stdout] ...
[INFO] [stdout] 111 |     confirmation_method: ETradeOfferConfirmationMethod,
[INFO] [stdout]     |     ^^^^^^^^^^^^^^^^^^^
[INFO] [stdout]     |
[INFO] [stdout]     = note: `TradeOffer_Trade` has derived impls for the traits `Clone` and `Debug`, but these are intentionally ignored during dead code analysis
[INFO] [stdout] 
[INFO] [stdout] 
[INFO] [stdout] warning: 2 warnings emitted
[INFO] [stdout] 
[INFO] [stdout] 
[INFO] [stderr]     Finished dev [unoptimized + debuginfo] target(s) in 45.03s
[INFO] running `Command { std: "docker" "inspect" "145a5d533c1b66dbf8c6c30d4880108067619670c3dd30a2620d2988ddf4dda5", kill_on_drop: false }`
[INFO] running `Command { std: "docker" "rm" "-f" "145a5d533c1b66dbf8c6c30d4880108067619670c3dd30a2620d2988ddf4dda5", kill_on_drop: false }`
[INFO] [stdout] 145a5d533c1b66dbf8c6c30d4880108067619670c3dd30a2620d2988ddf4dda5
[INFO] running `Command { std: "docker" "create" "-v" "/var/lib/crater-agent-workspace/builds/worker-2-tc1/target:/opt/rustwide/target:rw,Z" "-v" "/var/lib/crater-agent-workspace/builds/worker-2-tc1/source:/opt/rustwide/workdir:ro,Z" "-v" "/var/lib/crater-agent-workspace/cargo-home:/opt/rustwide/cargo-home:ro,Z" "-v" "/var/lib/crater-agent-workspace/rustup-home:/opt/rustwide/rustup-home:ro,Z" "-e" "SOURCE_DIR=/opt/rustwide/workdir" "-e" "CARGO_TARGET_DIR=/opt/rustwide/target" "-e" "CARGO_INCREMENTAL=0" "-e" "RUST_BACKTRACE=full" "-e" "RUSTFLAGS=--cap-lints=warn" "-e" "RUSTDOCFLAGS=--cap-lints=warn" "-e" "CARGO_HOME=/opt/rustwide/cargo-home" "-e" "RUSTUP_HOME=/opt/rustwide/rustup-home" "-w" "/opt/rustwide/workdir" "-m" "1610612736" "--user" "0:0" "--network" "none" "ghcr.io/rust-lang/crates-build-env/linux@sha256:2788e3201cd34a07e3172128adcd8b3090168a8e3bcc40d7c032b9dda1df7d1c" "/opt/rustwide/cargo-home/bin/cargo" "+1.75.0" "test" "--frozen" "--no-run" "--message-format=json", kill_on_drop: false }`
[INFO] [stdout] c58b339c7145fb347de0e5712b2f3f25154390bd981e513b051542885bfca5cd
[INFO] running `Command { std: "docker" "start" "-a" "c58b339c7145fb347de0e5712b2f3f25154390bd981e513b051542885bfca5cd", kill_on_drop: false }`
[INFO] [stderr]    Compiling anyhow v1.0.79
[INFO] [stdout] warning: fields `request`, `client`, and `key` are never read
[INFO] [stdout]   --> src/macros.rs:78:24
[INFO] [stdout]    |
[INFO] [stdout] 78 |             pub(crate) request: reqwest::Request,
[INFO] [stdout]    |                        ^^^^^^^
[INFO] [stdout] 79 |             pub(crate) client: &'a reqwest::Client,
[INFO] [stdout]    |                        ^^^^^^
[INFO] [stdout] 80 |             pub(crate) key: &'a str,
[INFO] [stdout]    |                        ^^^
[INFO] [stdout]    |
[INFO] [stdout]   ::: src/endpoints/ieconservice/post.rs:5:11
[INFO] [stdout]    |
[INFO] [stdout] 5  | new_type!(IEconService);
[INFO] [stdout]    | -----------------------
[INFO] [stdout]    | |         |
[INFO] [stdout]    | |         fields in this struct
[INFO] [stdout]    | in this macro invocation
[INFO] [stdout]    |
[INFO] [stdout]    = note: `#[warn(dead_code)]` on by default
[INFO] [stdout]    = note: this warning originates in the macro `new_type` (in Nightly builds, run with -Z macro-backtrace for more info)
[INFO] [stdout] 
[INFO] [stdout] 
[INFO] [stdout] warning: multiple fields are never read
[INFO] [stdout]    --> src/trading_types.rs:93:5
[INFO] [stdout]     |
[INFO] [stdout] 84  | pub struct TradeOffer_Trade {
[INFO] [stdout]     |            ---------------- fields in this struct
[INFO] [stdout] ...
[INFO] [stdout] 93  |     expiration_time: i64,
[INFO] [stdout]     |     ^^^^^^^^^^^^^^^
[INFO] [stdout] ...
[INFO] [stdout] 97  |     items_to_give: Option<Vec<CEcon_Asset>>,
[INFO] [stdout]     |     ^^^^^^^^^^^^^
[INFO] [stdout] 98  |     items_to_receive: Option<Vec<CEcon_Asset>>,
[INFO] [stdout]     |     ^^^^^^^^^^^^^^^^
[INFO] [stdout] ...
[INFO] [stdout] 101 |     time_created: i64,
[INFO] [stdout]     |     ^^^^^^^^^^^^
[INFO] [stdout] 102 |     time_updated: i64,
[INFO] [stdout]     |     ^^^^^^^^^^^^
[INFO] [stdout] ...
[INFO] [stdout] 108 |     from_real_time_trade: bool,
[INFO] [stdout]     |     ^^^^^^^^^^^^^^^^^^^^
[INFO] [stdout] ...
[INFO] [stdout] 111 |     confirmation_method: ETradeOfferConfirmationMethod,
[INFO] [stdout]     |     ^^^^^^^^^^^^^^^^^^^
[INFO] [stdout]     |
[INFO] [stdout]     = note: `TradeOffer_Trade` has derived impls for the traits `Clone` and `Debug`, but these are intentionally ignored during dead code analysis
[INFO] [stdout] 
[INFO] [stdout] 
[INFO] [stdout] warning: 2 warnings emitted
[INFO] [stdout] 
[INFO] [stdout] 
[INFO] [stderr]    Compiling tappet v0.5.0 (/opt/rustwide/workdir)
[INFO] [stdout] error: environment variable `STEAM_API` not defined at compile time
[INFO] [stdout]  --> tests/main.rs:6:32
[INFO] [stdout]   |
[INFO] [stdout] 6 |     let client = SteamAPI::new(std::env!("STEAM_API"));
[INFO] [stdout]   |                                ^^^^^^^^^^^^^^^^^^^^^^
[INFO] [stdout]   |
[INFO] [stdout]   = help: use `std::env::var("STEAM_API")` to read the variable at run time
[INFO] [stdout]   = note: this error originates in the macro `std::env` (in Nightly builds, run with -Z macro-backtrace for more info)
[INFO] [stdout] 
[INFO] [stdout] 
[INFO] [stdout] error: environment variable `STEAM_API` not defined at compile time
[INFO] [stdout]   --> tests/main.rs:12:32
[INFO] [stdout]    |
[INFO] [stdout] 12 |     let client = SteamAPI::new(std::env!("STEAM_API"));
[INFO] [stdout]    |                                ^^^^^^^^^^^^^^^^^^^^^^
[INFO] [stdout]    |
[INFO] [stdout]    = help: use `std::env::var("STEAM_API")` to read the variable at run time
[INFO] [stdout]    = note: this error originates in the macro `std::env` (in Nightly builds, run with -Z macro-backtrace for more info)
[INFO] [stdout] 
[INFO] [stdout] 
[INFO] [stdout] error[E0432]: unresolved import `compile_fail`
[INFO] [stdout]  --> tests/main.rs:1:5
[INFO] [stdout]   |
[INFO] [stdout] 1 | use compile_fail::compile_fail;
[INFO] [stdout]   |     ^^^^^^^^^^^^ use of undeclared crate or module `compile_fail`
[INFO] [stdout] 
[INFO] [stdout] 
[INFO] [stdout] error: cannot determine resolution for the attribute macro `compile_fail`
[INFO] [stdout]   --> tests/main.rs:10:3
[INFO] [stdout]    |
[INFO] [stdout] 10 | #[compile_fail]
[INFO] [stdout]    |   ^^^^^^^^^^^^
[INFO] [stdout]    |
[INFO] [stdout]    = note: import resolution is stuck, try simplifying macro imports
[INFO] [stdout] 
[INFO] [stdout] 
[INFO] [stdout] error[E0599]: no method named `DeclineTradeOffer` found for struct `tappet::endpoints::ieconservice::post::IEconService` in the current scope
[INFO] [stdout]  --> tests/main.rs:7:34
[INFO] [stdout]   |
[INFO] [stdout] 7 |     client.post().IEconService().DeclineTradeOffer(512565);
[INFO] [stdout]   |                                  ^^^^^^^^^^^^^^^^^ method not found in `IEconService<'_>`
[INFO] [stdout] 
[INFO] [stdout] 
[INFO] [stdout] error[E0599]: no method named `DeclineTradeOffer` found for struct `tappet::endpoints::ieconservice::get::IEconService` in the current scope
[INFO] [stdout]   --> tests/main.rs:13:33
[INFO] [stdout]    |
[INFO] [stdout] 13 |     client.get().IEconService().DeclineTradeOffer(512565);
[INFO] [stdout]    |                                 ^^^^^^^^^^^^^^^^^ help: there is a method with a similar name: `GetTradeOffer`
[INFO] [stdout] 
[INFO] [stdout] 
[INFO] [stdout] error: aborting due to 6 previous errors
[INFO] [stdout] 
[INFO] [stdout] 
[INFO] [stdout] Some errors have detailed explanations: E0432, E0599.
[INFO] [stdout] 
[INFO] [stdout] For more information about an error, try `rustc --explain E0432`.
[INFO] [stdout] 
[INFO] [stderr] error: could not compile `tappet` (test "main") due to 7 previous errors
[INFO] [stderr] warning: build failed, waiting for other jobs to finish...
[INFO] [stdout] warning: fields `request`, `client`, and `key` are never read
[INFO] [stdout]   --> src/macros.rs:78:24
[INFO] [stdout]    |
[INFO] [stdout] 78 |             pub(crate) request: reqwest::Request,
[INFO] [stdout]    |                        ^^^^^^^
[INFO] [stdout] 79 |             pub(crate) client: &'a reqwest::Client,
[INFO] [stdout]    |                        ^^^^^^
[INFO] [stdout] 80 |             pub(crate) key: &'a str,
[INFO] [stdout]    |                        ^^^
[INFO] [stdout]    |
[INFO] [stdout]   ::: src/endpoints/ieconservice/post.rs:5:11
[INFO] [stdout]    |
[INFO] [stdout] 5  | new_type!(IEconService);
[INFO] [stdout]    | -----------------------
[INFO] [stdout]    | |         |
[INFO] [stdout]    | |         fields in this struct
[INFO] [stdout]    | in this macro invocation
[INFO] [stdout]    |
[INFO] [stdout]    = note: `#[warn(dead_code)]` on by default
[INFO] [stdout]    = note: this warning originates in the macro `new_type` (in Nightly builds, run with -Z macro-backtrace for more info)
[INFO] [stdout] 
[INFO] [stdout] 
[INFO] [stdout] warning: multiple fields are never read
[INFO] [stdout]    --> src/trading_types.rs:93:5
[INFO] [stdout]     |
[INFO] [stdout] 84  | pub struct TradeOffer_Trade {
[INFO] [stdout]     |            ---------------- fields in this struct
[INFO] [stdout] ...
[INFO] [stdout] 93  |     expiration_time: i64,
[INFO] [stdout]     |     ^^^^^^^^^^^^^^^
[INFO] [stdout] ...
[INFO] [stdout] 97  |     items_to_give: Option<Vec<CEcon_Asset>>,
[INFO] [stdout]     |     ^^^^^^^^^^^^^
[INFO] [stdout] 98  |     items_to_receive: Option<Vec<CEcon_Asset>>,
[INFO] [stdout]     |     ^^^^^^^^^^^^^^^^
[INFO] [stdout] ...
[INFO] [stdout] 101 |     time_created: i64,
[INFO] [stdout]     |     ^^^^^^^^^^^^
[INFO] [stdout] 102 |     time_updated: i64,
[INFO] [stdout]     |     ^^^^^^^^^^^^
[INFO] [stdout] ...
[INFO] [stdout] 108 |     from_real_time_trade: bool,
[INFO] [stdout]     |     ^^^^^^^^^^^^^^^^^^^^
[INFO] [stdout] ...
[INFO] [stdout] 111 |     confirmation_method: ETradeOfferConfirmationMethod,
[INFO] [stdout]     |     ^^^^^^^^^^^^^^^^^^^
[INFO] [stdout]     |
[INFO] [stdout]     = note: `TradeOffer_Trade` has derived impls for the traits `Clone` and `Debug`, but these are intentionally ignored during dead code analysis
[INFO] [stdout] 
[INFO] [stdout] 
[INFO] [stdout] warning: 2 warnings emitted
[INFO] [stdout] 
[INFO] [stdout] 
[INFO] running `Command { std: "docker" "inspect" "c58b339c7145fb347de0e5712b2f3f25154390bd981e513b051542885bfca5cd", kill_on_drop: false }`
[INFO] running `Command { std: "docker" "rm" "-f" "c58b339c7145fb347de0e5712b2f3f25154390bd981e513b051542885bfca5cd", kill_on_drop: false }`
[INFO] [stdout] c58b339c7145fb347de0e5712b2f3f25154390bd981e513b051542885bfca5cd
[INFO] testing tappet-0.5.0 against beta-2023-12-22 for beta-1.76-1
[INFO] extracting crate tappet 0.5.0 into /workspace/builds/worker-2-tc2/source
[INFO] validating manifest of crates.io crate tappet 0.5.0 on toolchain beta-2023-12-22
[INFO] running `Command { std: CARGO_HOME="/workspace/cargo-home" RUSTUP_HOME="/workspace/rustup-home" "/workspace/cargo-home/bin/cargo" "+beta-2023-12-22" "metadata" "--manifest-path" "Cargo.toml" "--no-deps", kill_on_drop: false }`
[INFO] started tweaking crates.io crate tappet 0.5.0
[INFO] finished tweaking crates.io crate tappet 0.5.0
[INFO] tweaked toml for crates.io crate tappet 0.5.0 written to /workspace/builds/worker-2-tc2/source/Cargo.toml
[INFO] running `Command { std: CARGO_HOME="/workspace/cargo-home" RUSTUP_HOME="/workspace/rustup-home" "/workspace/cargo-home/bin/cargo" "+beta-2023-12-22" "generate-lockfile" "--manifest-path" "Cargo.toml", kill_on_drop: false }`
[INFO] [stderr]     Updating crates.io index
[INFO] running `Command { std: CARGO_HOME="/workspace/cargo-home" RUSTUP_HOME="/workspace/rustup-home" "/workspace/cargo-home/bin/cargo" "+beta-2023-12-22" "fetch" "--manifest-path" "Cargo.toml", kill_on_drop: false }`
[INFO] running `Command { std: "docker" "create" "-v" "/var/lib/crater-agent-workspace/builds/worker-2-tc2/target:/opt/rustwide/target:rw,Z" "-v" "/var/lib/crater-agent-workspace/builds/worker-2-tc2/source:/opt/rustwide/workdir:ro,Z" "-v" "/var/lib/crater-agent-workspace/cargo-home:/opt/rustwide/cargo-home:ro,Z" "-v" "/var/lib/crater-agent-workspace/rustup-home:/opt/rustwide/rustup-home:ro,Z" "-e" "SOURCE_DIR=/opt/rustwide/workdir" "-e" "CARGO_TARGET_DIR=/opt/rustwide/target" "-e" "CARGO_HOME=/opt/rustwide/cargo-home" "-e" "RUSTUP_HOME=/opt/rustwide/rustup-home" "-w" "/opt/rustwide/workdir" "-m" "1610612736" "--user" "0:0" "--network" "none" "ghcr.io/rust-lang/crates-build-env/linux@sha256:2788e3201cd34a07e3172128adcd8b3090168a8e3bcc40d7c032b9dda1df7d1c" "/opt/rustwide/cargo-home/bin/cargo" "+beta-2023-12-22" "metadata" "--no-deps" "--format-version=1", kill_on_drop: false }`
[INFO] [stdout] 3258616cf30da2ae901eb3045345dd853a83261b4c44dde290f5c54a15da5fdb
[INFO] running `Command { std: "docker" "start" "-a" "3258616cf30da2ae901eb3045345dd853a83261b4c44dde290f5c54a15da5fdb", kill_on_drop: false }`
[INFO] running `Command { std: "docker" "inspect" "3258616cf30da2ae901eb3045345dd853a83261b4c44dde290f5c54a15da5fdb", kill_on_drop: false }`
[INFO] running `Command { std: "docker" "rm" "-f" "3258616cf30da2ae901eb3045345dd853a83261b4c44dde290f5c54a15da5fdb", kill_on_drop: false }`
[INFO] [stdout] 3258616cf30da2ae901eb3045345dd853a83261b4c44dde290f5c54a15da5fdb
[INFO] running `Command { std: "docker" "create" "-v" "/var/lib/crater-agent-workspace/builds/worker-2-tc2/target:/opt/rustwide/target:rw,Z" "-v" "/var/lib/crater-agent-workspace/builds/worker-2-tc2/source:/opt/rustwide/workdir:ro,Z" "-v" "/var/lib/crater-agent-workspace/cargo-home:/opt/rustwide/cargo-home:ro,Z" "-v" "/var/lib/crater-agent-workspace/rustup-home:/opt/rustwide/rustup-home:ro,Z" "-e" "SOURCE_DIR=/opt/rustwide/workdir" "-e" "CARGO_TARGET_DIR=/opt/rustwide/target" "-e" "CARGO_INCREMENTAL=0" "-e" "RUST_BACKTRACE=full" "-e" "RUSTFLAGS=--cap-lints=warn" "-e" "RUSTDOCFLAGS=--cap-lints=warn" "-e" "CARGO_HOME=/opt/rustwide/cargo-home" "-e" "RUSTUP_HOME=/opt/rustwide/rustup-home" "-w" "/opt/rustwide/workdir" "-m" "1610612736" "--user" "0:0" "--network" "none" "ghcr.io/rust-lang/crates-build-env/linux@sha256:2788e3201cd34a07e3172128adcd8b3090168a8e3bcc40d7c032b9dda1df7d1c" "/opt/rustwide/cargo-home/bin/cargo" "+beta-2023-12-22" "build" "--frozen" "--message-format=json", kill_on_drop: false }`
[INFO] [stdout] 1df45ec73674c666b0aead1372d319a32bf7e5b37349cba66256a9a0759443d4
[INFO] running `Command { std: "docker" "start" "-a" "1df45ec73674c666b0aead1372d319a32bf7e5b37349cba66256a9a0759443d4", kill_on_drop: false }`
[INFO] [stderr]    Compiling syn v1.0.109
[INFO] [stderr]    Compiling syn v2.0.48
[INFO] [stderr]    Compiling futures-sink v0.3.30
[INFO] [stderr]    Compiling futures-core v0.3.30
[INFO] [stderr]    Compiling parking_lot_core v0.9.9
[INFO] [stderr]    Compiling socket2 v0.5.5
[INFO] [stderr]    Compiling signal-hook-registry v1.4.1
[INFO] [stderr]    Compiling mio v0.8.10
[INFO] [stderr]    Compiling pin-utils v0.1.0
[INFO] [stderr]    Compiling futures-channel v0.3.30
[INFO] [stderr]    Compiling futures-task v0.3.30
[INFO] [stderr]    Compiling parking_lot v0.12.1
[INFO] [stderr]    Compiling futures-io v0.3.30
[INFO] [stderr]    Compiling protobuf v2.28.0
[INFO] [stderr]    Compiling tracing v0.1.40
[INFO] [stderr]    Compiling http v0.2.11
[INFO] [stderr]    Compiling strsim v0.10.0
[INFO] [stderr]    Compiling home v0.5.9
[INFO] [stderr]    Compiling ident_case v1.0.1
[INFO] [stderr]    Compiling which v4.4.2
[INFO] [stderr]    Compiling want v0.3.1
[INFO] [stderr]    Compiling httpdate v1.0.3
[INFO] [stderr]    Compiling tower-service v0.3.2
[INFO] [stderr]    Compiling paste v1.0.14
[INFO] [stderr]    Compiling protoc v2.28.0
[INFO] [stderr]    Compiling async-trait v0.1.77
[INFO] [stderr]    Compiling glob v0.3.1
[INFO] [stderr]    Compiling ipnet v2.9.0
[INFO] [stderr]    Compiling arrayref v0.3.7
[INFO] [stderr]    Compiling http-body v0.4.6
[INFO] [stderr]    Compiling base64 v0.21.5
[INFO] [stderr]    Compiling darling_core v0.13.4
[INFO] [stderr]    Compiling serde_derive v1.0.194
[INFO] [stderr]    Compiling tokio-macros v2.2.0
[INFO] [stderr]    Compiling futures-macro v0.3.30
[INFO] [stderr]    Compiling openssl-macros v0.1.1
[INFO] [stderr]    Compiling enum_dispatch v0.3.12
[INFO] [stderr]    Compiling openssl v0.10.62
[INFO] [stderr]    Compiling tokio v1.35.1
[INFO] [stderr]    Compiling thiserror-impl v1.0.56
[INFO] [stderr]    Compiling futures-util v0.3.30
[INFO] [stderr]    Compiling serde_repr v0.1.18
[INFO] [stderr]    Compiling derive-new v0.5.9
[INFO] [stderr]    Compiling steam-language-gen-derive v0.1.2
[INFO] [stderr]    Compiling darling_macro v0.13.4
[INFO] [stderr]    Compiling num-derive v0.3.3
[INFO] [stderr]    Compiling tappet-derive v0.3.2
[INFO] [stderr]    Compiling thiserror v1.0.56
[INFO] [stderr]    Compiling darling v0.13.4
[INFO] [stderr]    Compiling serde_with_macros v1.5.2
[INFO] [stderr]    Compiling futures-executor v0.3.30
[INFO] [stderr]    Compiling futures v0.3.30
[INFO] [stderr]    Compiling native-tls v0.2.11
[INFO] [stderr]    Compiling serde v1.0.194
[INFO] [stderr]    Compiling tokio-util v0.7.10
[INFO] [stderr]    Compiling tokio-native-tls v0.3.1
[INFO] [stderr]    Compiling h2 v0.3.22
[INFO] [stderr]    Compiling serde_json v1.0.111
[INFO] [stderr]    Compiling bincode v1.3.3
[INFO] [stderr]    Compiling serde_urlencoded v0.7.1
[INFO] [stderr]    Compiling serde_with v1.14.0
[INFO] [stderr]    Compiling hyper v0.14.28
[INFO] [stderr]    Compiling hyper-tls v0.5.0
[INFO] [stderr]    Compiling reqwest v0.11.23
[INFO] [stderr]    Compiling protobuf-codegen v2.28.0
[INFO] [stderr]    Compiling protoc-rust v2.28.0
[INFO] [stderr]    Compiling steam-protobuf v0.1.2
[INFO] [stderr]    Compiling steam-language-gen v0.1.2
[INFO] [stderr]    Compiling tappet v0.5.0 (/opt/rustwide/workdir)
[INFO] [stdout] warning: fields `request`, `client`, and `key` are never read
[INFO] [stdout]   --> src/macros.rs:78:24
[INFO] [stdout]    |
[INFO] [stdout] 78 |             pub(crate) request: reqwest::Request,
[INFO] [stdout]    |                        ^^^^^^^
[INFO] [stdout] 79 |             pub(crate) client: &'a reqwest::Client,
[INFO] [stdout]    |                        ^^^^^^
[INFO] [stdout] 80 |             pub(crate) key: &'a str,
[INFO] [stdout]    |                        ^^^
[INFO] [stdout]    |
[INFO] [stdout]   ::: src/endpoints/ieconservice/post.rs:5:11
[INFO] [stdout]    |
[INFO] [stdout] 5  | new_type!(IEconService);
[INFO] [stdout]    | -----------------------
[INFO] [stdout]    | |         |
[INFO] [stdout]    | |         fields in this struct
[INFO] [stdout]    | in this macro invocation
[INFO] [stdout]    |
[INFO] [stdout]    = note: `#[warn(dead_code)]` on by default
[INFO] [stdout]    = note: this warning originates in the macro `new_type` (in Nightly builds, run with -Z macro-backtrace for more info)
[INFO] [stdout] 
[INFO] [stdout] 
[INFO] [stdout] warning: multiple fields are never read
[INFO] [stdout]    --> src/trading_types.rs:93:5
[INFO] [stdout]     |
[INFO] [stdout] 84  | pub struct TradeOffer_Trade {
[INFO] [stdout]     |            ---------------- fields in this struct
[INFO] [stdout] ...
[INFO] [stdout] 93  |     expiration_time: i64,
[INFO] [stdout]     |     ^^^^^^^^^^^^^^^
[INFO] [stdout] ...
[INFO] [stdout] 97  |     items_to_give: Option<Vec<CEcon_Asset>>,
[INFO] [stdout]     |     ^^^^^^^^^^^^^
[INFO] [stdout] 98  |     items_to_receive: Option<Vec<CEcon_Asset>>,
[INFO] [stdout]     |     ^^^^^^^^^^^^^^^^
[INFO] [stdout] ...
[INFO] [stdout] 101 |     time_created: i64,
[INFO] [stdout]     |     ^^^^^^^^^^^^
[INFO] [stdout] 102 |     time_updated: i64,
[INFO] [stdout]     |     ^^^^^^^^^^^^
[INFO] [stdout] ...
[INFO] [stdout] 108 |     from_real_time_trade: bool,
[INFO] [stdout]     |     ^^^^^^^^^^^^^^^^^^^^
[INFO] [stdout] ...
[INFO] [stdout] 111 |     confirmation_method: ETradeOfferConfirmationMethod,
[INFO] [stdout]     |     ^^^^^^^^^^^^^^^^^^^
[INFO] [stdout]     |
[INFO] [stdout]     = note: `TradeOffer_Trade` has derived impls for the traits `Clone` and `Debug`, but these are intentionally ignored during dead code analysis
[INFO] [stdout] 
[INFO] [stdout] 
[INFO] [stdout] warning: 2 warnings emitted
[INFO] [stdout] 
[INFO] [stdout] 
[INFO] [stderr]     Finished dev [unoptimized + debuginfo] target(s) in 1m 01s
[INFO] running `Command { std: "docker" "inspect" "1df45ec73674c666b0aead1372d319a32bf7e5b37349cba66256a9a0759443d4", kill_on_drop: false }`
[INFO] running `Command { std: "docker" "rm" "-f" "1df45ec73674c666b0aead1372d319a32bf7e5b37349cba66256a9a0759443d4", kill_on_drop: false }`
[INFO] [stdout] 1df45ec73674c666b0aead1372d319a32bf7e5b37349cba66256a9a0759443d4
[INFO] running `Command { std: "docker" "create" "-v" "/var/lib/crater-agent-workspace/builds/worker-2-tc2/target:/opt/rustwide/target:rw,Z" "-v" "/var/lib/crater-agent-workspace/builds/worker-2-tc2/source:/opt/rustwide/workdir:ro,Z" "-v" "/var/lib/crater-agent-workspace/cargo-home:/opt/rustwide/cargo-home:ro,Z" "-v" "/var/lib/crater-agent-workspace/rustup-home:/opt/rustwide/rustup-home:ro,Z" "-e" "SOURCE_DIR=/opt/rustwide/workdir" "-e" "CARGO_TARGET_DIR=/opt/rustwide/target" "-e" "CARGO_INCREMENTAL=0" "-e" "RUST_BACKTRACE=full" "-e" "RUSTFLAGS=--cap-lints=warn" "-e" "RUSTDOCFLAGS=--cap-lints=warn" "-e" "CARGO_HOME=/opt/rustwide/cargo-home" "-e" "RUSTUP_HOME=/opt/rustwide/rustup-home" "-w" "/opt/rustwide/workdir" "-m" "1610612736" "--user" "0:0" "--network" "none" "ghcr.io/rust-lang/crates-build-env/linux@sha256:2788e3201cd34a07e3172128adcd8b3090168a8e3bcc40d7c032b9dda1df7d1c" "/opt/rustwide/cargo-home/bin/cargo" "+beta-2023-12-22" "test" "--frozen" "--no-run" "--message-format=json", kill_on_drop: false }`
[INFO] [stdout] daa0a973b075da2393056db0da82401329d35276b3aa730ca798eb77117d59e0
[INFO] running `Command { std: "docker" "start" "-a" "daa0a973b075da2393056db0da82401329d35276b3aa730ca798eb77117d59e0", kill_on_drop: false }`
[INFO] [stderr]    Compiling anyhow v1.0.79
[INFO] [stdout] warning: fields `request`, `client`, and `key` are never read
[INFO] [stdout]   --> src/macros.rs:78:24
[INFO] [stdout]    |
[INFO] [stdout] 78 |             pub(crate) request: reqwest::Request,
[INFO] [stdout]    |                        ^^^^^^^
[INFO] [stdout] 79 |             pub(crate) client: &'a reqwest::Client,
[INFO] [stdout]    |                        ^^^^^^
[INFO] [stdout] 80 |             pub(crate) key: &'a str,
[INFO] [stdout]    |                        ^^^
[INFO] [stdout]    |
[INFO] [stdout]   ::: src/endpoints/ieconservice/post.rs:5:11
[INFO] [stdout]    |
[INFO] [stdout] 5  | new_type!(IEconService);
[INFO] [stdout]    | -----------------------
[INFO] [stdout]    | |         |
[INFO] [stdout]    | |         fields in this struct
[INFO] [stdout]    | in this macro invocation
[INFO] [stdout]    |
[INFO] [stdout]    = note: `#[warn(dead_code)]` on by default
[INFO] [stdout]    = note: this warning originates in the macro `new_type` (in Nightly builds, run with -Z macro-backtrace for more info)
[INFO] [stdout] 
[INFO] [stdout] 
[INFO] [stdout] warning: multiple fields are never read
[INFO] [stdout]    --> src/trading_types.rs:93:5
[INFO] [stdout]     |
[INFO] [stdout] 84  | pub struct TradeOffer_Trade {
[INFO] [stdout]     |            ---------------- fields in this struct
[INFO] [stdout] ...
[INFO] [stdout] 93  |     expiration_time: i64,
[INFO] [stdout]     |     ^^^^^^^^^^^^^^^
[INFO] [stdout] ...
[INFO] [stdout] 97  |     items_to_give: Option<Vec<CEcon_Asset>>,
[INFO] [stdout]     |     ^^^^^^^^^^^^^
[INFO] [stdout] 98  |     items_to_receive: Option<Vec<CEcon_Asset>>,
[INFO] [stdout]     |     ^^^^^^^^^^^^^^^^
[INFO] [stdout] ...
[INFO] [stdout] 101 |     time_created: i64,
[INFO] [stdout]     |     ^^^^^^^^^^^^
[INFO] [stdout] 102 |     time_updated: i64,
[INFO] [stdout]     |     ^^^^^^^^^^^^
[INFO] [stdout] ...
[INFO] [stdout] 108 |     from_real_time_trade: bool,
[INFO] [stdout]     |     ^^^^^^^^^^^^^^^^^^^^
[INFO] [stdout] ...
[INFO] [stdout] 111 |     confirmation_method: ETradeOfferConfirmationMethod,
[INFO] [stdout]     |     ^^^^^^^^^^^^^^^^^^^
[INFO] [stdout]     |
[INFO] [stdout]     = note: `TradeOffer_Trade` has derived impls for the traits `Clone` and `Debug`, but these are intentionally ignored during dead code analysis
[INFO] [stdout] 
[INFO] [stdout] 
[INFO] [stdout] warning: 2 warnings emitted
[INFO] [stdout] 
[INFO] [stdout] 
[INFO] [stderr]    Compiling tappet v0.5.0 (/opt/rustwide/workdir)
[INFO] [stdout] error: environment variable `STEAM_API` not defined at compile time
[INFO] [stdout]  --> tests/main.rs:6:32
[INFO] [stdout]   |
[INFO] [stdout] 6 |     let client = SteamAPI::new(std::env!("STEAM_API"));
[INFO] [stdout]   |                                ^^^^^^^^^^^^^^^^^^^^^^
[INFO] [stdout]   |
[INFO] [stdout]   = help: use `std::env::var("STEAM_API")` to read the variable at run time
[INFO] [stdout]   = note: this error originates in the macro `std::env` (in Nightly builds, run with -Z macro-backtrace for more info)
[INFO] [stdout] 
[INFO] [stdout] 
[INFO] [stdout] error: environment variable `STEAM_API` not defined at compile time
[INFO] [stdout]   --> tests/main.rs:12:32
[INFO] [stdout]    |
[INFO] [stdout] 12 |     let client = SteamAPI::new(std::env!("STEAM_API"));
[INFO] [stdout]    |                                ^^^^^^^^^^^^^^^^^^^^^^
[INFO] [stdout]    |
[INFO] [stdout]    = help: use `std::env::var("STEAM_API")` to read the variable at run time
[INFO] [stdout]    = note: this error originates in the macro `std::env` (in Nightly builds, run with -Z macro-backtrace for more info)
[INFO] [stdout] 
[INFO] [stdout] 
[INFO] [stdout] error[E0432]: unresolved import `compile_fail`
[INFO] [stdout]  --> tests/main.rs:1:5
[INFO] [stdout]   |
[INFO] [stdout] 1 | use compile_fail::compile_fail;
[INFO] [stdout]   |     ^^^^^^^^^^^^ use of undeclared crate or module `compile_fail`
[INFO] [stdout] 
[INFO] [stdout] 
[INFO] [stdout] error: cannot determine resolution for the attribute macro `compile_fail`
[INFO] [stdout]   --> tests/main.rs:10:3
[INFO] [stdout]    |
[INFO] [stdout] 10 | #[compile_fail]
[INFO] [stdout]    |   ^^^^^^^^^^^^
[INFO] [stdout]    |
[INFO] [stdout]    = note: import resolution is stuck, try simplifying macro imports
[INFO] [stdout] 
[INFO] [stdout] 
[INFO] [stdout] error[E0599]: no method named `DeclineTradeOffer` found for struct `tappet::endpoints::ieconservice::post::IEconService` in the current scope
[INFO] [stdout]  --> tests/main.rs:7:34
[INFO] [stdout]   |
[INFO] [stdout] 7 |     client.post().IEconService().DeclineTradeOffer(512565);
[INFO] [stdout]   |                                  ^^^^^^^^^^^^^^^^^ method not found in `IEconService<'_>`
[INFO] [stdout] 
[INFO] [stdout] 
[INFO] [stdout] error[E0599]: no method named `DeclineTradeOffer` found for struct `tappet::endpoints::ieconservice::get::IEconService` in the current scope
[INFO] [stdout]   --> tests/main.rs:13:33
[INFO] [stdout]    |
[INFO] [stdout] 13 |     client.get().IEconService().DeclineTradeOffer(512565);
[INFO] [stdout]    |                                 ^^^^^^^^^^^^^^^^^ help: there is a method with a similar name: `GetTradeOffer`
[INFO] [stdout] 
[INFO] [stdout] 
[INFO] [stdout] error: aborting due to 6 previous errors
[INFO] [stdout] 
[INFO] [stdout] 
[INFO] [stdout] Some errors have detailed explanations: E0432, E0599.
[INFO] [stdout] 
[INFO] [stdout] For more information about an error, try `rustc --explain E0432`.
[INFO] [stdout] 
[INFO] [stderr] error: could not compile `tappet` (test "main") due to 7 previous errors
[INFO] [stderr] warning: build failed, waiting for other jobs to finish...
[INFO] [stdout] warning: fields `request`, `client`, and `key` are never read
[INFO] [stdout]   --> src/macros.rs:78:24
[INFO] [stdout]    |
[INFO] [stdout] 78 |             pub(crate) request: reqwest::Request,
[INFO] [stdout]    |                        ^^^^^^^
[INFO] [stdout] 79 |             pub(crate) client: &'a reqwest::Client,
[INFO] [stdout]    |                        ^^^^^^
[INFO] [stdout] 80 |             pub(crate) key: &'a str,
[INFO] [stdout]    |                        ^^^
[INFO] [stdout]    |
[INFO] [stdout]   ::: src/endpoints/ieconservice/post.rs:5:11
[INFO] [stdout]    |
[INFO] [stdout] 5  | new_type!(IEconService);
[INFO] [stdout]    | -----------------------
[INFO] [stdout]    | |         |
[INFO] [stdout]    | |         fields in this struct
[INFO] [stdout]    | in this macro invocation
[INFO] [stdout]    |
[INFO] [stdout]    = note: `#[warn(dead_code)]` on by default
[INFO] [stdout]    = note: this warning originates in the macro `new_type` (in Nightly builds, run with -Z macro-backtrace for more info)
[INFO] [stdout] 
[INFO] [stdout] 
[INFO] [stdout] warning: multiple fields are never read
[INFO] [stdout]    --> src/trading_types.rs:93:5
[INFO] [stdout]     |
[INFO] [stdout] 84  | pub struct TradeOffer_Trade {
[INFO] [stdout]     |            ---------------- fields in this struct
[INFO] [stdout] ...
[INFO] [stdout] 93  |     expiration_time: i64,
[INFO] [stdout]     |     ^^^^^^^^^^^^^^^
[INFO] [stdout] ...
[INFO] [stdout] 97  |     items_to_give: Option<Vec<CEcon_Asset>>,
[INFO] [stdout]     |     ^^^^^^^^^^^^^
[INFO] [stdout] 98  |     items_to_receive: Option<Vec<CEcon_Asset>>,
[INFO] [stdout]     |     ^^^^^^^^^^^^^^^^
[INFO] [stdout] ...
[INFO] [stdout] 101 |     time_created: i64,
[INFO] [stdout]     |     ^^^^^^^^^^^^
[INFO] [stdout] 102 |     time_updated: i64,
[INFO] [stdout]     |     ^^^^^^^^^^^^
[INFO] [stdout] ...
[INFO] [stdout] 108 |     from_real_time_trade: bool,
[INFO] [stdout]     |     ^^^^^^^^^^^^^^^^^^^^
[INFO] [stdout] ...
[INFO] [stdout] 111 |     confirmation_method: ETradeOfferConfirmationMethod,
[INFO] [stdout]     |     ^^^^^^^^^^^^^^^^^^^
[INFO] [stdout]     |
[INFO] [stdout]     = note: `TradeOffer_Trade` has derived impls for the traits `Clone` and `Debug`, but these are intentionally ignored during dead code analysis
[INFO] [stdout] 
[INFO] [stdout] 
[INFO] [stdout] warning: 2 warnings emitted
[INFO] [stdout] 
[INFO] [stdout] 
[INFO] running `Command { std: "docker" "inspect" "daa0a973b075da2393056db0da82401329d35276b3aa730ca798eb77117d59e0", kill_on_drop: false }`
[INFO] running `Command { std: "docker" "rm" "-f" "daa0a973b075da2393056db0da82401329d35276b3aa730ca798eb77117d59e0", kill_on_drop: false }`
[INFO] [stdout] daa0a973b075da2393056db0da82401329d35276b3aa730ca798eb77117d59e0
