[INFO] fetching crate tapo 0.7.6...
[INFO] testing tapo-0.7.6 against 1.75.0 for beta-1.76-1
[INFO] extracting crate tapo 0.7.6 into /workspace/builds/worker-1-tc1/source
[INFO] validating manifest of crates.io crate tapo 0.7.6 on toolchain 1.75.0
[INFO] running `Command { std: CARGO_HOME="/workspace/cargo-home" RUSTUP_HOME="/workspace/rustup-home" "/workspace/cargo-home/bin/cargo" "+1.75.0" "metadata" "--manifest-path" "Cargo.toml" "--no-deps", kill_on_drop: false }`
[INFO] started tweaking crates.io crate tapo 0.7.6
[INFO] finished tweaking crates.io crate tapo 0.7.6
[INFO] tweaked toml for crates.io crate tapo 0.7.6 written to /workspace/builds/worker-1-tc1/source/Cargo.toml
[INFO] crate crates.io crate tapo 0.7.6 already has a lockfile, it will not be regenerated
[INFO] running `Command { std: CARGO_HOME="/workspace/cargo-home" RUSTUP_HOME="/workspace/rustup-home" "/workspace/cargo-home/bin/cargo" "+1.75.0" "fetch" "--manifest-path" "Cargo.toml", kill_on_drop: false }`
[INFO] [stderr]  Downloading crates ...
[INFO] [stderr]   Downloaded pyo3-macros-backend v0.20.0
[INFO] [stderr]   Downloaded pyo3-macros v0.20.0
[INFO] [stderr]   Downloaded pyo3-ffi v0.20.0
[INFO] [stderr]   Downloaded pyo3-build-config v0.20.0
[INFO] [stderr]   Downloaded pyo3 v0.20.0
[INFO] [stderr]   Downloaded libnghttp2-sys v0.1.8+1.55.1
[INFO] running `Command { std: "docker" "create" "-v" "/var/lib/crater-agent-workspace/builds/worker-1-tc1/target:/opt/rustwide/target:rw,Z" "-v" "/var/lib/crater-agent-workspace/builds/worker-1-tc1/source:/opt/rustwide/workdir:ro,Z" "-v" "/var/lib/crater-agent-workspace/cargo-home:/opt/rustwide/cargo-home:ro,Z" "-v" "/var/lib/crater-agent-workspace/rustup-home:/opt/rustwide/rustup-home:ro,Z" "-e" "SOURCE_DIR=/opt/rustwide/workdir" "-e" "CARGO_TARGET_DIR=/opt/rustwide/target" "-e" "CARGO_HOME=/opt/rustwide/cargo-home" "-e" "RUSTUP_HOME=/opt/rustwide/rustup-home" "-w" "/opt/rustwide/workdir" "-m" "1610612736" "--user" "0:0" "--network" "none" "ghcr.io/rust-lang/crates-build-env/linux@sha256:2788e3201cd34a07e3172128adcd8b3090168a8e3bcc40d7c032b9dda1df7d1c" "/opt/rustwide/cargo-home/bin/cargo" "+1.75.0" "metadata" "--no-deps" "--format-version=1", kill_on_drop: false }`
[INFO] [stdout] 0fefc3f6badf8defd8025da4644d90f0f2802904506aa14f2df9eae61eb7d49e
[INFO] running `Command { std: "docker" "start" "-a" "0fefc3f6badf8defd8025da4644d90f0f2802904506aa14f2df9eae61eb7d49e", kill_on_drop: false }`
[INFO] running `Command { std: "docker" "inspect" "0fefc3f6badf8defd8025da4644d90f0f2802904506aa14f2df9eae61eb7d49e", kill_on_drop: false }`
[INFO] running `Command { std: "docker" "rm" "-f" "0fefc3f6badf8defd8025da4644d90f0f2802904506aa14f2df9eae61eb7d49e", kill_on_drop: false }`
[INFO] [stdout] 0fefc3f6badf8defd8025da4644d90f0f2802904506aa14f2df9eae61eb7d49e
[INFO] running `Command { std: "docker" "create" "-v" "/var/lib/crater-agent-workspace/builds/worker-1-tc1/target:/opt/rustwide/target:rw,Z" "-v" "/var/lib/crater-agent-workspace/builds/worker-1-tc1/source:/opt/rustwide/workdir:ro,Z" "-v" "/var/lib/crater-agent-workspace/cargo-home:/opt/rustwide/cargo-home:ro,Z" "-v" "/var/lib/crater-agent-workspace/rustup-home:/opt/rustwide/rustup-home:ro,Z" "-e" "SOURCE_DIR=/opt/rustwide/workdir" "-e" "CARGO_TARGET_DIR=/opt/rustwide/target" "-e" "CARGO_INCREMENTAL=0" "-e" "RUST_BACKTRACE=full" "-e" "RUSTFLAGS=--cap-lints=warn" "-e" "RUSTDOCFLAGS=--cap-lints=warn" "-e" "CARGO_HOME=/opt/rustwide/cargo-home" "-e" "RUSTUP_HOME=/opt/rustwide/rustup-home" "-w" "/opt/rustwide/workdir" "-m" "1610612736" "--user" "0:0" "--network" "none" "ghcr.io/rust-lang/crates-build-env/linux@sha256:2788e3201cd34a07e3172128adcd8b3090168a8e3bcc40d7c032b9dda1df7d1c" "/opt/rustwide/cargo-home/bin/cargo" "+1.75.0" "build" "--frozen" "--message-format=json", kill_on_drop: false }`
[INFO] [stdout] 72c8e4f5849fdc9d35b88495bed734d1c64b2ebb73f8e7ed190ef9666eefebf3
[INFO] running `Command { std: "docker" "start" "-a" "72c8e4f5849fdc9d35b88495bed734d1c64b2ebb73f8e7ed190ef9666eefebf3", kill_on_drop: false }`
[INFO] [stderr]    Compiling proc-macro2 v1.0.69
[INFO] [stderr]    Compiling libc v0.2.150
[INFO] [stderr]    Compiling pkg-config v0.3.27
[INFO] [stderr]    Compiling serde v1.0.193
[INFO] [stderr]    Compiling futures-core v0.3.29
[INFO] [stderr]    Compiling crossbeam-utils v0.8.16
[INFO] [stderr]    Compiling once_cell v1.18.0
[INFO] [stderr]    Compiling num-traits v0.2.17
[INFO] [stderr]    Compiling polling v2.8.0
[INFO] [stderr]    Compiling futures-io v0.3.29
[INFO] [stderr]    Compiling curl v0.4.44
[INFO] [stderr]    Compiling itoa v1.0.9
[INFO] [stderr]    Compiling event-listener v2.5.3
[INFO] [stderr]    Compiling serde_json v1.0.108
[INFO] [stderr]    Compiling unicode-bidi v0.3.13
[INFO] [stderr]    Compiling tracing-core v0.1.32
[INFO] [stderr]    Compiling async-trait v0.1.74
[INFO] [stderr]    Compiling thiserror v1.0.50
[INFO] [stderr]    Compiling anyhow v1.0.75
[INFO] [stderr]    Compiling waker-fn v1.1.1
[INFO] [stderr]    Compiling idna v0.5.0
[INFO] [stderr]    Compiling isahc v1.7.2
[INFO] [stderr]    Compiling fastrand v1.9.0
[INFO] [stderr]    Compiling ryu v1.0.15
[INFO] [stderr]    Compiling memchr v2.6.4
[INFO] [stderr]    Compiling parking v2.2.0
[INFO] [stderr]    Compiling openssl v0.10.60
[INFO] [stderr]    Compiling http v0.2.11
[INFO] [stderr]    Compiling castaway v0.1.2
[INFO] [stderr]    Compiling either v1.9.0
[INFO] [stderr]    Compiling iana-time-zone v0.1.58
[INFO] [stderr]    Compiling base16ct v0.2.0
[INFO] [stderr]    Compiling concurrent-queue v2.3.0
[INFO] [stderr]    Compiling url v2.5.0
[INFO] [stderr]    Compiling itertools v0.12.0
[INFO] [stderr]    Compiling quote v1.0.33
[INFO] [stderr]    Compiling async-channel v1.9.0
[INFO] [stderr]    Compiling futures-lite v1.13.0
[INFO] [stderr]    Compiling sluice v0.5.5
[INFO] [stderr]    Compiling syn v2.0.39
[INFO] [stderr]    Compiling getrandom v0.2.11
[INFO] [stderr]    Compiling socket2 v0.4.10
[INFO] [stderr]    Compiling cc v1.0.83
[INFO] [stderr]    Compiling rand_core v0.6.4
[INFO] [stderr]    Compiling rand_chacha v0.3.1
[INFO] [stderr]    Compiling rand v0.8.5
[INFO] [stderr]    Compiling openssl-sys v0.9.96
[INFO] [stderr]    Compiling libz-sys v1.1.12
[INFO] [stderr]    Compiling libnghttp2-sys v0.1.8+1.55.1
[INFO] [stderr]    Compiling curl-sys v0.4.68+curl-8.4.0
[INFO] [stderr]    Compiling darling_core v0.20.3
[INFO] [stderr]    Compiling serde_derive v1.0.193
[INFO] [stderr]    Compiling tracing-attributes v0.1.27
[INFO] [stderr]    Compiling pin-project-internal v1.1.3
[INFO] [stderr]    Compiling thiserror-impl v1.0.50
[INFO] [stderr]    Compiling openssl-macros v0.1.1
[INFO] [stderr]    Compiling darling_macro v0.20.3
[INFO] [stderr]    Compiling pin-project v1.1.3
[INFO] [stderr]    Compiling tracing v0.1.40
[INFO] [stderr]    Compiling tracing-futures v0.2.5
[INFO] [stderr]    Compiling darling v0.20.3
[INFO] [stderr]    Compiling serde_with_macros v3.4.0
[INFO] [stderr]    Compiling chrono v0.4.31
[INFO] [stderr]    Compiling serde_with v3.4.0
[INFO] [stderr]    Compiling uuid v1.6.1
[INFO] [stderr]    Compiling tapo v0.7.6 (/opt/rustwide/workdir)
[INFO] [stderr]     Finished dev [unoptimized + debuginfo] target(s) in 25.11s
[INFO] running `Command { std: "docker" "inspect" "72c8e4f5849fdc9d35b88495bed734d1c64b2ebb73f8e7ed190ef9666eefebf3", kill_on_drop: false }`
[INFO] running `Command { std: "docker" "rm" "-f" "72c8e4f5849fdc9d35b88495bed734d1c64b2ebb73f8e7ed190ef9666eefebf3", kill_on_drop: false }`
[INFO] [stdout] 72c8e4f5849fdc9d35b88495bed734d1c64b2ebb73f8e7ed190ef9666eefebf3
[INFO] running `Command { std: "docker" "create" "-v" "/var/lib/crater-agent-workspace/builds/worker-1-tc1/target:/opt/rustwide/target:rw,Z" "-v" "/var/lib/crater-agent-workspace/builds/worker-1-tc1/source:/opt/rustwide/workdir:ro,Z" "-v" "/var/lib/crater-agent-workspace/cargo-home:/opt/rustwide/cargo-home:ro,Z" "-v" "/var/lib/crater-agent-workspace/rustup-home:/opt/rustwide/rustup-home:ro,Z" "-e" "SOURCE_DIR=/opt/rustwide/workdir" "-e" "CARGO_TARGET_DIR=/opt/rustwide/target" "-e" "CARGO_INCREMENTAL=0" "-e" "RUST_BACKTRACE=full" "-e" "RUSTFLAGS=--cap-lints=warn" "-e" "RUSTDOCFLAGS=--cap-lints=warn" "-e" "CARGO_HOME=/opt/rustwide/cargo-home" "-e" "RUSTUP_HOME=/opt/rustwide/rustup-home" "-w" "/opt/rustwide/workdir" "-m" "1610612736" "--user" "0:0" "--network" "none" "ghcr.io/rust-lang/crates-build-env/linux@sha256:2788e3201cd34a07e3172128adcd8b3090168a8e3bcc40d7c032b9dda1df7d1c" "/opt/rustwide/cargo-home/bin/cargo" "+1.75.0" "test" "--frozen" "--no-run" "--message-format=json", kill_on_drop: false }`
[INFO] [stdout] 365097f033a9c20f6fe77030ff84c187c7b6fdcdaa9b1da843d3c63f90800cc0
[INFO] running `Command { std: "docker" "start" "-a" "365097f033a9c20f6fe77030ff84c187c7b6fdcdaa9b1da843d3c63f90800cc0", kill_on_drop: false }`
[INFO] [stderr]    Compiling log v0.4.20
[INFO] [stderr]    Compiling bitflags v2.4.1
[INFO] [stderr]    Compiling rustix v0.38.25
[INFO] [stderr]    Compiling aho-corasick v1.1.2
[INFO] [stderr]    Compiling linux-raw-sys v0.4.11
[INFO] [stderr]    Compiling regex-syntax v0.8.2
[INFO] [stderr]    Compiling humantime v2.1.0
[INFO] [stderr]    Compiling termcolor v1.4.0
[INFO] [stderr]    Compiling tokio-macros v2.2.0
[INFO] [stderr]    Compiling num_cpus v1.16.0
[INFO] [stderr]    Compiling openssl v0.10.60
[INFO] [stderr]    Compiling tracing v0.1.40
[INFO] [stderr]    Compiling polling v2.8.0
[INFO] [stderr]    Compiling tracing-futures v0.2.5
[INFO] [stderr]    Compiling isahc v1.7.2
[INFO] [stderr]    Compiling tokio v1.34.0
[INFO] [stderr]    Compiling regex-automata v0.4.3
[INFO] [stderr]    Compiling is-terminal v0.4.9
[INFO] [stderr]    Compiling tapo v0.7.6 (/opt/rustwide/workdir)
[INFO] [stderr]    Compiling regex v1.10.2
[INFO] [stderr]    Compiling env_logger v0.10.1
[INFO] [stderr]    Compiling pretty_env_logger v0.5.0
[INFO] [stderr] error: could not compile `tapo` (example "tapo_h100")
[INFO] [stderr] 
[INFO] [stderr] Caused by:
[INFO] [stderr]   process didn't exit successfully: `/opt/rustwide/rustup-home/toolchains/1.75.0-x86_64-unknown-linux-gnu/bin/rustc --crate-name tapo_h100 --edition=2021 examples/tapo_h100.rs --error-format=json --json=diagnostic-rendered-ansi,artifacts,future-incompat --crate-type bin --emit=dep-info,link -C embed-bitcode=no -C debuginfo=2 --cfg 'feature="default"' -C metadata=f19b307ea2549fd8 -C extra-filename=-f19b307ea2549fd8 --out-dir /opt/rustwide/target/debug/examples -L dependency=/opt/rustwide/target/debug/deps --extern anyhow=/opt/rustwide/target/debug/deps/libanyhow-477edb6dbb409be2.rlib --extern async_trait=/opt/rustwide/target/debug/deps/libasync_trait-93938c50af0d97ee.so --extern base16ct=/opt/rustwide/target/debug/deps/libbase16ct-5a39198f00022b13.rlib --extern base64=/opt/rustwide/target/debug/deps/libbase64-c757f6e1d18850a5.rlib --extern chrono=/opt/rustwide/target/debug/deps/libchrono-ce1d93e00772c06d.rlib --extern isahc=/opt/rustwide/target/debug/deps/libisahc-3e7663352fe46607.rlib --extern itertools=/opt/rustwide/target/debug/deps/libitertools-d5032ed1dd75b47b.rlib --extern lazy_static=/opt/rustwide/target/debug/deps/liblazy_static-591486ebcb9a7ead.rlib --extern log=/opt/rustwide/target/debug/deps/liblog-e491f2c1d0b13538.rlib --extern openssl=/opt/rustwide/target/debug/deps/libopenssl-0c5cd61ffd24fa86.rlib --extern pretty_env_logger=/opt/rustwide/target/debug/deps/libpretty_env_logger-b97ff2baa76eec84.rlib --extern rand=/opt/rustwide/target/debug/deps/librand-1a9ceccdf299ade8.rlib --extern serde=/opt/rustwide/target/debug/deps/libserde-761e7d454bd93391.rlib --extern serde_json=/opt/rustwide/target/debug/deps/libserde_json-c67019368196e171.rlib --extern serde_with=/opt/rustwide/target/debug/deps/libserde_with-ac6f7171a93e6188.rlib --extern tapo=/opt/rustwide/target/debug/deps/libtapo-5b692553e8d92e9f.rlib --extern thiserror=/opt/rustwide/target/debug/deps/libthiserror-b128d3300f7b40ce.rlib --extern tokio=/opt/rustwide/target/debug/deps/libtokio-94f570da5c23ff70.rlib --extern uuid=/opt/rustwide/target/debug/deps/libuuid-fc8f43ef1ad1ec97.rlib --cap-lints=warn -L native=/opt/rustwide/target/debug/build/curl-sys-3e7516525f467640/out/build -L native=/opt/rustwide/target/debug/build/libnghttp2-sys-24fd3679c38bf8e9/out/i/lib` (signal: 9, SIGKILL: kill)
[INFO] [stderr] warning: build failed, waiting for other jobs to finish...
[INFO] [stderr] error: could not compile `tapo` (lib test)
[INFO] [stderr] 
[INFO] [stderr] Caused by:
[INFO] [stderr]   process didn't exit successfully: `/opt/rustwide/rustup-home/toolchains/1.75.0-x86_64-unknown-linux-gnu/bin/rustc --crate-name tapo --edition=2021 src/lib.rs --error-format=json --json=diagnostic-rendered-ansi,artifacts,future-incompat --emit=dep-info,link -C embed-bitcode=no -C debuginfo=2 --test --cfg 'feature="default"' -C metadata=f8f8854ed1c3ffef -C extra-filename=-f8f8854ed1c3ffef --out-dir /opt/rustwide/target/debug/deps -L dependency=/opt/rustwide/target/debug/deps --extern anyhow=/opt/rustwide/target/debug/deps/libanyhow-477edb6dbb409be2.rlib --extern async_trait=/opt/rustwide/target/debug/deps/libasync_trait-93938c50af0d97ee.so --extern base16ct=/opt/rustwide/target/debug/deps/libbase16ct-5a39198f00022b13.rlib --extern base64=/opt/rustwide/target/debug/deps/libbase64-c757f6e1d18850a5.rlib --extern chrono=/opt/rustwide/target/debug/deps/libchrono-ce1d93e00772c06d.rlib --extern isahc=/opt/rustwide/target/debug/deps/libisahc-3e7663352fe46607.rlib --extern itertools=/opt/rustwide/target/debug/deps/libitertools-d5032ed1dd75b47b.rlib --extern lazy_static=/opt/rustwide/target/debug/deps/liblazy_static-591486ebcb9a7ead.rlib --extern log=/opt/rustwide/target/debug/deps/liblog-e491f2c1d0b13538.rlib --extern openssl=/opt/rustwide/target/debug/deps/libopenssl-0c5cd61ffd24fa86.rlib --extern pretty_env_logger=/opt/rustwide/target/debug/deps/libpretty_env_logger-b97ff2baa76eec84.rlib --extern rand=/opt/rustwide/target/debug/deps/librand-1a9ceccdf299ade8.rlib --extern serde=/opt/rustwide/target/debug/deps/libserde-761e7d454bd93391.rlib --extern serde_json=/opt/rustwide/target/debug/deps/libserde_json-c67019368196e171.rlib --extern serde_with=/opt/rustwide/target/debug/deps/libserde_with-ac6f7171a93e6188.rlib --extern thiserror=/opt/rustwide/target/debug/deps/libthiserror-b128d3300f7b40ce.rlib --extern tokio=/opt/rustwide/target/debug/deps/libtokio-94f570da5c23ff70.rlib --extern uuid=/opt/rustwide/target/debug/deps/libuuid-fc8f43ef1ad1ec97.rlib --cap-lints=warn -L native=/opt/rustwide/target/debug/build/curl-sys-3e7516525f467640/out/build -L native=/opt/rustwide/target/debug/build/libnghttp2-sys-24fd3679c38bf8e9/out/i/lib` (signal: 9, SIGKILL: kill)
[INFO] [stdout] error: linking with `cc` failed: exit status: 1
[INFO] [stdout]   |
[INFO] [stdout]   = note: LC_ALL="C" PATH="/opt/rustwide/rustup-home/toolchains/1.75.0-x86_64-unknown-linux-gnu/lib/rustlib/x86_64-unknown-linux-gnu/bin:/opt/rustwide/cargo-home/bin:/usr/local/sbin:/usr/local/bin:/usr/sbin:/usr/bin:/sbin:/bin" VSLANG="1033" "cc" "-m64" "/tmp/rustc6BVNh7/symbols.o" "/opt/rustwide/target/debug/examples/tapo_ke100-28e5e2735471a350.tapo_ke100.eba5c7f841f15fd8-cgu.0.rcgu.o" "/opt/rustwide/target/debug/examples/tapo_ke100-28e5e2735471a350.tapo_ke100.eba5c7f841f15fd8-cgu.1.rcgu.o" "/opt/rustwide/target/debug/examples/tapo_ke100-28e5e2735471a350.tapo_ke100.eba5c7f841f15fd8-cgu.2.rcgu.o" "/opt/rustwide/target/debug/examples/tapo_ke100-28e5e2735471a350.tapo_ke100.eba5c7f841f15fd8-cgu.3.rcgu.o" "/opt/rustwide/target/debug/examples/tapo_ke100-28e5e2735471a350.tapo_ke100.eba5c7f841f15fd8-cgu.4.rcgu.o" "/opt/rustwide/target/debug/examples/tapo_ke100-28e5e2735471a350.tapo_ke100.eba5c7f841f15fd8-cgu.5.rcgu.o" "/opt/rustwide/target/debug/examples/tapo_ke100-28e5e2735471a350.tapo_ke100.eba5c7f841f15fd8-cgu.6.rcgu.o" "/opt/rustwide/target/debug/examples/tapo_ke100-28e5e2735471a350.tapo_ke100.eba5c7f841f15fd8-cgu.7.rcgu.o" "/opt/rustwide/target/debug/examples/tapo_ke100-28e5e2735471a350.tapo_ke100.eba5c7f841f15fd8-cgu.8.rcgu.o" "/opt/rustwide/target/debug/examples/tapo_ke100-28e5e2735471a350.3kjunrqz5k1i6p2j.rcgu.o" "-Wl,--as-needed" "-L" "/opt/rustwide/target/debug/deps" "-L" "/opt/rustwide/target/debug/build/curl-sys-3e7516525f467640/out/build" "-L" "/opt/rustwide/target/debug/build/libnghttp2-sys-24fd3679c38bf8e9/out/i/lib" "-L" "/opt/rustwide/rustup-home/toolchains/1.75.0-x86_64-unknown-linux-gnu/lib/rustlib/x86_64-unknown-linux-gnu/lib" "-Wl,-Bstatic" "/opt/rustwide/target/debug/deps/libpretty_env_logger-b97ff2baa76eec84.rlib" "/opt/rustwide/target/debug/deps/libenv_logger-36f401d7c37a36f9.rlib" "/opt/rustwide/target/debug/deps/libtermcolor-6dec0f4bbbe42dd1.rlib" "/opt/rustwide/target/debug/deps/libis_terminal-2078d0ba0d47a070.rlib" "/opt/rustwide/target/debug/deps/librustix-0f84a1963f212a5b.rlib" "/opt/rustwide/target/debug/deps/liblinux_raw_sys-cb4ceb3b5f92b800.rlib" "/opt/rustwide/target/debug/deps/libhumantime-e2a10e0b2bfa2002.rlib" "/opt/rustwide/target/debug/deps/libregex-ccf9cbfef2e56fd9.rlib" "/opt/rustwide/target/debug/deps/libregex_automata-7ff265357acf7ccd.rlib" "/opt/rustwide/target/debug/deps/libaho_corasick-1143312c78fc67c2.rlib" "/opt/rustwide/target/debug/deps/libregex_syntax-ec727727d9e652fd.rlib" "/opt/rustwide/target/debug/deps/libtokio-94f570da5c23ff70.rlib" "/opt/rustwide/target/debug/deps/libnum_cpus-2148e9f03304bebc.rlib" "/opt/rustwide/target/debug/deps/libtapo-5b692553e8d92e9f.rlib" "/opt/rustwide/target/debug/deps/libuuid-fc8f43ef1ad1ec97.rlib" "/opt/rustwide/target/debug/deps/libbase16ct-5a39198f00022b13.rlib" "/opt/rustwide/target/debug/deps/libthiserror-b128d3300f7b40ce.rlib" "/opt/rustwide/target/debug/deps/libanyhow-477edb6dbb409be2.rlib" "/opt/rustwide/target/debug/deps/libitertools-d5032ed1dd75b47b.rlib" "/opt/rustwide/target/debug/deps/libeither-133233cc595b9fa0.rlib" "/opt/rustwide/target/debug/deps/libserde_with-ac6f7171a93e6188.rlib" "/opt/rustwide/target/debug/deps/liblazy_static-591486ebcb9a7ead.rlib" "/opt/rustwide/target/debug/deps/libchrono-ce1d93e00772c06d.rlib" "/opt/rustwide/target/debug/deps/libnum_traits-fbf3e4065138c85e.rlib" "/opt/rustwide/target/debug/deps/libiana_time_zone-a8226bfa732531ed.rlib" "/opt/rustwide/target/debug/deps/libbase64-c757f6e1d18850a5.rlib" "/opt/rustwide/target/debug/deps/librand-1a9ceccdf299ade8.rlib" "/opt/rustwide/target/debug/deps/librand_chacha-65d28dd0324e882f.rlib" "/opt/rustwide/target/debug/deps/libppv_lite86-9f808eb911999ef2.rlib" "/opt/rustwide/target/debug/deps/librand_core-693394dfca7dc1fc.rlib" "/opt/rustwide/target/debug/deps/libgetrandom-cae587a370153759.rlib" "/opt/rustwide/target/debug/deps/libopenssl-0c5cd61ffd24fa86.rlib" "/opt/rustwide/target/debug/deps/libbitflags-912d270082a3a4ea.rlib" "/opt/rustwide/target/debug/deps/libforeign_types-c05743815e5b8a9d.rlib" "/opt/rustwide/target/debug/deps/libforeign_types_shared-d149f5491fde2862.rlib" "/opt/rustwide/target/debug/deps/libisahc-3e7663352fe46607.rlib" "/opt/rustwide/target/debug/deps/libmime-7e306270d8ceb372.rlib" "/opt/rustwide/target/debug/deps/libserde_json-c67019368196e171.rlib" "/opt/rustwide/target/debug/deps/libryu-f8e8abf733224b36.rlib" "/opt/rustwide/target/debug/deps/libhttpdate-60c45fdec07c28d7.rlib" "/opt/rustwide/target/debug/deps/libserde-761e7d454bd93391.rlib" "/opt/rustwide/target/debug/deps/libcastaway-53eebfc09892ef55.rlib" "/opt/rustwide/target/debug/deps/libencoding_rs-000c97fafd38c2ed.rlib" "/opt/rustwide/target/debug/deps/liburl-3c56fd02ca53db7c.rlib" "/opt/rustwide/target/debug/deps/libidna-64dfc2e2943615ce.rlib" "/opt/rustwide/target/debug/deps/libunicode_normalization-e04a0b39935fba30.rlib" "/opt/rustwide/target/debug/deps/libtinyvec-cf6c9f6b792a5507.rlib" "/opt/rustwide/target/debug/deps/libtinyvec_macros-b1cb7f53f58c9f87.rlib" "/opt/rustwide/target/debug/deps/libunicode_bidi-020370784786e57d.rlib" "/opt/rustwide/target/debug/deps/libform_urlencoded-ef5eb70334031c86.rlib" "/opt/rustwide/target/debug/deps/libpercent_encoding-fe0d57427b4d92e0.rlib" "/opt/rustwide/target/debug/deps/libtracing_futures-5261a32d3041aa10.rlib" "/opt/rustwide/target/debug/deps/libtracing-eda047cfc45fe2e0.rlib" "/opt/rustwide/target/debug/deps/libtracing_core-4ad00ebcda7f03a2.rlib" "/opt/rustwide/target/debug/deps/libpin_project-b85a0da5686a1f70.rlib" "/opt/rustwide/target/debug/deps/libonce_cell-865e1c5018a0303a.rlib" "/opt/rustwide/target/debug/deps/libsluice-891a974aa0d716ab.rlib" "/opt/rustwide/target/debug/deps/libpolling-04a897792204b211.rlib" "/opt/rustwide/target/debug/deps/libslab-6eb39baadbe9101c.rlib" "/opt/rustwide/target/debug/deps/libfutures_lite-31b2ec4e359105ca.rlib" "/opt/rustwide/target/debug/deps/libmemchr-8adfc22b612d6f7a.rlib" "/opt/rustwide/target/debug/deps/libfastrand-b53203d729799780.rlib" "/opt/rustwide/target/debug/deps/libfutures_io-7c5aca59eb0c68a4.rlib" "/opt/rustwide/target/debug/deps/libwaker_fn-c37ba96dee9e12f7.rlib" "/opt/rustwide/target/debug/deps/libparking-539481b51ba90067.rlib" "/opt/rustwide/target/debug/deps/libpin_project_lite-e0757e0deaa2f8a0.rlib" "/opt/rustwide/target/debug/deps/libcurl-dd54db2f92b38dbe.rlib" "/opt/rustwide/target/debug/deps/libopenssl_probe-d850575132083d7c.rlib" "/opt/rustwide/target/debug/deps/libsocket2-7aa7d531bde74024.rlib" "/opt/rustwide/target/debug/deps/libcurl_sys-04df1d1433788608.rlib" "/opt/rustwide/target/debug/deps/libopenssl_sys-a3273f3e1529160d.rlib" "/opt/rustwide/target/debug/deps/liblibz_sys-df647deffc59656c.rlib" "/opt/rustwide/target/debug/deps/liblibnghttp2_sys-7d7194c450b148e1.rlib" "/opt/rustwide/target/debug/deps/liblibc-a9a2a17e1d19328b.rlib" "/opt/rustwide/target/debug/deps/libasync_channel-d4b56a9c5d9af0c7.rlib" "/opt/rustwide/target/debug/deps/libfutures_core-17b45303463871aa.rlib" "/opt/rustwide/target/debug/deps/libevent_listener-c4b6b56059522037.rlib" "/opt/rustwide/target/debug/deps/libconcurrent_queue-d95772a65c3571a6.rlib" "/opt/rustwide/target/debug/deps/libcrossbeam_utils-c927984e5b3dbee5.rlib" "/opt/rustwide/target/debug/deps/libcfg_if-61dc7a6799e72b18.rlib" "/opt/rustwide/target/debug/deps/libhttp-9f90e562c1e0df30.rlib" "/opt/rustwide/target/debug/deps/libitoa-05fb7c91ffbc0a79.rlib" "/opt/rustwide/target/debug/deps/libbytes-0a052f49710012b1.rlib" "/opt/rustwide/target/debug/deps/libfnv-18bf5144d055e772.rlib" "/opt/rustwide/target/debug/deps/liblog-e491f2c1d0b13538.rlib" "/opt/rustwide/rustup-home/toolchains/1.75.0-x86_64-unknown-linux-gnu/lib/rustlib/x86_64-unknown-linux-gnu/lib/libstd-90f6ddbf82de36ec.rlib" "/opt/rustwide/rustup-home/toolchains/1.75.0-x86_64-unknown-linux-gnu/lib/rustlib/x86_64-unknown-linux-gnu/lib/libpanic_unwind-480c41e9d4e1f677.rlib" "/opt/rustwide/rustup-home/toolchains/1.75.0-x86_64-unknown-linux-gnu/lib/rustlib/x86_64-unknown-linux-gnu/lib/libobject-db744c0ca03eed1d.rlib" "/opt/rustwide/rustup-home/toolchains/1.75.0-x86_64-unknown-linux-gnu/lib/rustlib/x86_64-unknown-linux-gnu/lib/libmemchr-8ba652dc7d4b285a.rlib" "/opt/rustwide/rustup-home/toolchains/1.75.0-x86_64-unknown-linux-gnu/lib/rustlib/x86_64-unknown-linux-gnu/lib/libaddr2line-d5f4520a9ebc0d58.rlib" "/opt/rustwide/rustup-home/toolchains/1.75.0-x86_64-unknown-linux-gnu/lib/rustlib/x86_64-unknown-linux-gnu/lib/libgimli-4ad84de58f0cb463.rlib" "/opt/rustwide/rustup-home/toolchains/1.75.0-x86_64-unknown-linux-gnu/lib/rustlib/x86_64-unknown-linux-gnu/lib/librustc_demangle-0d10aae2e0f38735.rlib" "/opt/rustwide/rustup-home/toolchains/1.75.0-x86_64-unknown-linux-gnu/lib/rustlib/x86_64-unknown-linux-gnu/lib/libstd_detect-0c17cff739e6745b.rlib" "/opt/rustwide/rustup-home/toolchains/1.75.0-x86_64-unknown-linux-gnu/lib/rustlib/x86_64-unknown-linux-gnu/lib/libhashbrown-b29e17139dde1aa8.rlib" "/opt/rustwide/rustup-home/toolchains/1.75.0-x86_64-unknown-linux-gnu/lib/rustlib/x86_64-unknown-linux-gnu/lib/librustc_std_workspace_alloc-1f975299829cc7bd.rlib" "/opt/rustwide/rustup-home/toolchains/1.75.0-x86_64-unknown-linux-gnu/lib/rustlib/x86_64-unknown-linux-gnu/lib/libminiz_oxide-86bae3bc3079f89b.rlib" "/opt/rustwide/rustup-home/toolchains/1.75.0-x86_64-unknown-linux-gnu/lib/rustlib/x86_64-unknown-linux-gnu/lib/libadler-321b82c30dffdf5f.rlib" "/opt/rustwide/rustup-home/toolchains/1.75.0-x86_64-unknown-linux-gnu/lib/rustlib/x86_64-unknown-linux-gnu/lib/libunwind-3dd8a6810a0bdfef.rlib" "/opt/rustwide/rustup-home/toolchains/1.75.0-x86_64-unknown-linux-gnu/lib/rustlib/x86_64-unknown-linux-gnu/lib/libcfg_if-eb39a61c0c879984.rlib" "/opt/rustwide/rustup-home/toolchains/1.75.0-x86_64-unknown-linux-gnu/lib/rustlib/x86_64-unknown-linux-gnu/lib/liblibc-aa769569f91c3548.rlib" "/opt/rustwide/rustup-home/toolchains/1.75.0-x86_64-unknown-linux-gnu/lib/rustlib/x86_64-unknown-linux-gnu/lib/liballoc-510a192a50a983ed.rlib" "/opt/rustwide/rustup-home/toolchains/1.75.0-x86_64-unknown-linux-gnu/lib/rustlib/x86_64-unknown-linux-gnu/lib/librustc_std_workspace_core-0577018320f99037.rlib" "/opt/rustwide/rustup-home/toolchains/1.75.0-x86_64-unknown-linux-gnu/lib/rustlib/x86_64-unknown-linux-gnu/lib/libcore-193cf992125ccd4c.rlib" "/opt/rustwide/rustup-home/toolchains/1.75.0-x86_64-unknown-linux-gnu/lib/rustlib/x86_64-unknown-linux-gnu/lib/libcompiler_builtins-8e138eaf26ebb4a8.rlib" "-Wl,-Bdynamic" "-lssl" "-lcrypto" "-lz" "-lgcc_s" "-lutil" "-lrt" "-lpthread" "-lm" "-ldl" "-lc" "-Wl,--eh-frame-hdr" "-Wl,-z,noexecstack" "-L" "/opt/rustwide/rustup-home/toolchains/1.75.0-x86_64-unknown-linux-gnu/lib/rustlib/x86_64-unknown-linux-gnu/lib" "-o" "/opt/rustwide/target/debug/examples/tapo_ke100-28e5e2735471a350" "-Wl,--gc-sections" "-pie" "-Wl,-z,relro,-z,now" "-nodefaultlibs"
[INFO] [stdout]   = note: collect2: fatal error: ld terminated with signal 9 [Killed]
[INFO] [stdout]           compilation terminated.
[INFO] [stdout]           
[INFO] [stdout] 
[INFO] [stdout] 
[INFO] [stdout] error: aborting due to previous error
[INFO] [stdout] 
[INFO] [stdout] 
[INFO] [stderr] error: could not compile `tapo` (example "tapo_ke100") due to 2 previous errors
[INFO] [stdout] error: linking with `cc` failed: exit status: 1
[INFO] [stdout]   |
[INFO] [stdout]   = note: LC_ALL="C" PATH="/opt/rustwide/rustup-home/toolchains/1.75.0-x86_64-unknown-linux-gnu/lib/rustlib/x86_64-unknown-linux-gnu/bin:/opt/rustwide/cargo-home/bin:/usr/local/sbin:/usr/local/bin:/usr/sbin:/usr/bin:/sbin:/bin" VSLANG="1033" "cc" "-m64" "/tmp/rustcFl4DtB/symbols.o" "/opt/rustwide/target/debug/examples/tapo_l930-bcb7ebc13053be33.tapo_l930.898d9bfb48bbe196-cgu.00.rcgu.o" "/opt/rustwide/target/debug/examples/tapo_l930-bcb7ebc13053be33.tapo_l930.898d9bfb48bbe196-cgu.01.rcgu.o" "/opt/rustwide/target/debug/examples/tapo_l930-bcb7ebc13053be33.tapo_l930.898d9bfb48bbe196-cgu.02.rcgu.o" "/opt/rustwide/target/debug/examples/tapo_l930-bcb7ebc13053be33.tapo_l930.898d9bfb48bbe196-cgu.03.rcgu.o" "/opt/rustwide/target/debug/examples/tapo_l930-bcb7ebc13053be33.tapo_l930.898d9bfb48bbe196-cgu.04.rcgu.o" "/opt/rustwide/target/debug/examples/tapo_l930-bcb7ebc13053be33.tapo_l930.898d9bfb48bbe196-cgu.05.rcgu.o" "/opt/rustwide/target/debug/examples/tapo_l930-bcb7ebc13053be33.tapo_l930.898d9bfb48bbe196-cgu.06.rcgu.o" "/opt/rustwide/target/debug/examples/tapo_l930-bcb7ebc13053be33.tapo_l930.898d9bfb48bbe196-cgu.07.rcgu.o" "/opt/rustwide/target/debug/examples/tapo_l930-bcb7ebc13053be33.tapo_l930.898d9bfb48bbe196-cgu.08.rcgu.o" "/opt/rustwide/target/debug/examples/tapo_l930-bcb7ebc13053be33.tapo_l930.898d9bfb48bbe196-cgu.09.rcgu.o" "/opt/rustwide/target/debug/examples/tapo_l930-bcb7ebc13053be33.3b50dkmgmsicb4n9.rcgu.o" "-Wl,--as-needed" "-L" "/opt/rustwide/target/debug/deps" "-L" "/opt/rustwide/target/debug/build/curl-sys-3e7516525f467640/out/build" "-L" "/opt/rustwide/target/debug/build/libnghttp2-sys-24fd3679c38bf8e9/out/i/lib" "-L" "/opt/rustwide/rustup-home/toolchains/1.75.0-x86_64-unknown-linux-gnu/lib/rustlib/x86_64-unknown-linux-gnu/lib" "-Wl,-Bstatic" "/opt/rustwide/target/debug/deps/libpretty_env_logger-b97ff2baa76eec84.rlib" "/opt/rustwide/target/debug/deps/libenv_logger-36f401d7c37a36f9.rlib" "/opt/rustwide/target/debug/deps/libtermcolor-6dec0f4bbbe42dd1.rlib" "/opt/rustwide/target/debug/deps/libis_terminal-2078d0ba0d47a070.rlib" "/opt/rustwide/target/debug/deps/librustix-0f84a1963f212a5b.rlib" "/opt/rustwide/target/debug/deps/liblinux_raw_sys-cb4ceb3b5f92b800.rlib" "/opt/rustwide/target/debug/deps/libhumantime-e2a10e0b2bfa2002.rlib" "/opt/rustwide/target/debug/deps/libregex-ccf9cbfef2e56fd9.rlib" "/opt/rustwide/target/debug/deps/libregex_automata-7ff265357acf7ccd.rlib" "/opt/rustwide/target/debug/deps/libaho_corasick-1143312c78fc67c2.rlib" "/opt/rustwide/target/debug/deps/libregex_syntax-ec727727d9e652fd.rlib" "/opt/rustwide/target/debug/deps/libtokio-94f570da5c23ff70.rlib" "/opt/rustwide/target/debug/deps/libnum_cpus-2148e9f03304bebc.rlib" "/opt/rustwide/target/debug/deps/libtapo-5b692553e8d92e9f.rlib" "/opt/rustwide/target/debug/deps/libuuid-fc8f43ef1ad1ec97.rlib" "/opt/rustwide/target/debug/deps/libbase16ct-5a39198f00022b13.rlib" "/opt/rustwide/target/debug/deps/libthiserror-b128d3300f7b40ce.rlib" "/opt/rustwide/target/debug/deps/libanyhow-477edb6dbb409be2.rlib" "/opt/rustwide/target/debug/deps/libitertools-d5032ed1dd75b47b.rlib" "/opt/rustwide/target/debug/deps/libeither-133233cc595b9fa0.rlib" "/opt/rustwide/target/debug/deps/libserde_with-ac6f7171a93e6188.rlib" "/opt/rustwide/target/debug/deps/liblazy_static-591486ebcb9a7ead.rlib" "/opt/rustwide/target/debug/deps/libchrono-ce1d93e00772c06d.rlib" "/opt/rustwide/target/debug/deps/libnum_traits-fbf3e4065138c85e.rlib" "/opt/rustwide/target/debug/deps/libiana_time_zone-a8226bfa732531ed.rlib" "/opt/rustwide/target/debug/deps/libbase64-c757f6e1d18850a5.rlib" "/opt/rustwide/target/debug/deps/librand-1a9ceccdf299ade8.rlib" "/opt/rustwide/target/debug/deps/librand_chacha-65d28dd0324e882f.rlib" "/opt/rustwide/target/debug/deps/libppv_lite86-9f808eb911999ef2.rlib" "/opt/rustwide/target/debug/deps/librand_core-693394dfca7dc1fc.rlib" "/opt/rustwide/target/debug/deps/libgetrandom-cae587a370153759.rlib" "/opt/rustwide/target/debug/deps/libopenssl-0c5cd61ffd24fa86.rlib" "/opt/rustwide/target/debug/deps/libbitflags-912d270082a3a4ea.rlib" "/opt/rustwide/target/debug/deps/libforeign_types-c05743815e5b8a9d.rlib" "/opt/rustwide/target/debug/deps/libforeign_types_shared-d149f5491fde2862.rlib" "/opt/rustwide/target/debug/deps/libisahc-3e7663352fe46607.rlib" "/opt/rustwide/target/debug/deps/libmime-7e306270d8ceb372.rlib" "/opt/rustwide/target/debug/deps/libserde_json-c67019368196e171.rlib" "/opt/rustwide/target/debug/deps/libryu-f8e8abf733224b36.rlib" "/opt/rustwide/target/debug/deps/libhttpdate-60c45fdec07c28d7.rlib" "/opt/rustwide/target/debug/deps/libserde-761e7d454bd93391.rlib" "/opt/rustwide/target/debug/deps/libcastaway-53eebfc09892ef55.rlib" "/opt/rustwide/target/debug/deps/libencoding_rs-000c97fafd38c2ed.rlib" "/opt/rustwide/target/debug/deps/liburl-3c56fd02ca53db7c.rlib" "/opt/rustwide/target/debug/deps/libidna-64dfc2e2943615ce.rlib" "/opt/rustwide/target/debug/deps/libunicode_normalization-e04a0b39935fba30.rlib" "/opt/rustwide/target/debug/deps/libtinyvec-cf6c9f6b792a5507.rlib" "/opt/rustwide/target/debug/deps/libtinyvec_macros-b1cb7f53f58c9f87.rlib" "/opt/rustwide/target/debug/deps/libunicode_bidi-020370784786e57d.rlib" "/opt/rustwide/target/debug/deps/libform_urlencoded-ef5eb70334031c86.rlib" "/opt/rustwide/target/debug/deps/libpercent_encoding-fe0d57427b4d92e0.rlib" "/opt/rustwide/target/debug/deps/libtracing_futures-5261a32d3041aa10.rlib" "/opt/rustwide/target/debug/deps/libtracing-eda047cfc45fe2e0.rlib" "/opt/rustwide/target/debug/deps/libtracing_core-4ad00ebcda7f03a2.rlib" "/opt/rustwide/target/debug/deps/libpin_project-b85a0da5686a1f70.rlib" "/opt/rustwide/target/debug/deps/libonce_cell-865e1c5018a0303a.rlib" "/opt/rustwide/target/debug/deps/libsluice-891a974aa0d716ab.rlib" "/opt/rustwide/target/debug/deps/libpolling-04a897792204b211.rlib" "/opt/rustwide/target/debug/deps/libslab-6eb39baadbe9101c.rlib" "/opt/rustwide/target/debug/deps/libfutures_lite-31b2ec4e359105ca.rlib" "/opt/rustwide/target/debug/deps/libmemchr-8adfc22b612d6f7a.rlib" "/opt/rustwide/target/debug/deps/libfastrand-b53203d729799780.rlib" "/opt/rustwide/target/debug/deps/libfutures_io-7c5aca59eb0c68a4.rlib" "/opt/rustwide/target/debug/deps/libwaker_fn-c37ba96dee9e12f7.rlib" "/opt/rustwide/target/debug/deps/libparking-539481b51ba90067.rlib" "/opt/rustwide/target/debug/deps/libpin_project_lite-e0757e0deaa2f8a0.rlib" "/opt/rustwide/target/debug/deps/libcurl-dd54db2f92b38dbe.rlib" "/opt/rustwide/target/debug/deps/libopenssl_probe-d850575132083d7c.rlib" "/opt/rustwide/target/debug/deps/libsocket2-7aa7d531bde74024.rlib" "/opt/rustwide/target/debug/deps/libcurl_sys-04df1d1433788608.rlib" "/opt/rustwide/target/debug/deps/libopenssl_sys-a3273f3e1529160d.rlib" "/opt/rustwide/target/debug/deps/liblibz_sys-df647deffc59656c.rlib" "/opt/rustwide/target/debug/deps/liblibnghttp2_sys-7d7194c450b148e1.rlib" "/opt/rustwide/target/debug/deps/liblibc-a9a2a17e1d19328b.rlib" "/opt/rustwide/target/debug/deps/libasync_channel-d4b56a9c5d9af0c7.rlib" "/opt/rustwide/target/debug/deps/libfutures_core-17b45303463871aa.rlib" "/opt/rustwide/target/debug/deps/libevent_listener-c4b6b56059522037.rlib" "/opt/rustwide/target/debug/deps/libconcurrent_queue-d95772a65c3571a6.rlib" "/opt/rustwide/target/debug/deps/libcrossbeam_utils-c927984e5b3dbee5.rlib" "/opt/rustwide/target/debug/deps/libcfg_if-61dc7a6799e72b18.rlib" "/opt/rustwide/target/debug/deps/libhttp-9f90e562c1e0df30.rlib" "/opt/rustwide/target/debug/deps/libitoa-05fb7c91ffbc0a79.rlib" "/opt/rustwide/target/debug/deps/libbytes-0a052f49710012b1.rlib" "/opt/rustwide/target/debug/deps/libfnv-18bf5144d055e772.rlib" "/opt/rustwide/target/debug/deps/liblog-e491f2c1d0b13538.rlib" "/opt/rustwide/rustup-home/toolchains/1.75.0-x86_64-unknown-linux-gnu/lib/rustlib/x86_64-unknown-linux-gnu/lib/libstd-90f6ddbf82de36ec.rlib" "/opt/rustwide/rustup-home/toolchains/1.75.0-x86_64-unknown-linux-gnu/lib/rustlib/x86_64-unknown-linux-gnu/lib/libpanic_unwind-480c41e9d4e1f677.rlib" "/opt/rustwide/rustup-home/toolchains/1.75.0-x86_64-unknown-linux-gnu/lib/rustlib/x86_64-unknown-linux-gnu/lib/libobject-db744c0ca03eed1d.rlib" "/opt/rustwide/rustup-home/toolchains/1.75.0-x86_64-unknown-linux-gnu/lib/rustlib/x86_64-unknown-linux-gnu/lib/libmemchr-8ba652dc7d4b285a.rlib" "/opt/rustwide/rustup-home/toolchains/1.75.0-x86_64-unknown-linux-gnu/lib/rustlib/x86_64-unknown-linux-gnu/lib/libaddr2line-d5f4520a9ebc0d58.rlib" "/opt/rustwide/rustup-home/toolchains/1.75.0-x86_64-unknown-linux-gnu/lib/rustlib/x86_64-unknown-linux-gnu/lib/libgimli-4ad84de58f0cb463.rlib" "/opt/rustwide/rustup-home/toolchains/1.75.0-x86_64-unknown-linux-gnu/lib/rustlib/x86_64-unknown-linux-gnu/lib/librustc_demangle-0d10aae2e0f38735.rlib" "/opt/rustwide/rustup-home/toolchains/1.75.0-x86_64-unknown-linux-gnu/lib/rustlib/x86_64-unknown-linux-gnu/lib/libstd_detect-0c17cff739e6745b.rlib" "/opt/rustwide/rustup-home/toolchains/1.75.0-x86_64-unknown-linux-gnu/lib/rustlib/x86_64-unknown-linux-gnu/lib/libhashbrown-b29e17139dde1aa8.rlib" "/opt/rustwide/rustup-home/toolchains/1.75.0-x86_64-unknown-linux-gnu/lib/rustlib/x86_64-unknown-linux-gnu/lib/librustc_std_workspace_alloc-1f975299829cc7bd.rlib" "/opt/rustwide/rustup-home/toolchains/1.75.0-x86_64-unknown-linux-gnu/lib/rustlib/x86_64-unknown-linux-gnu/lib/libminiz_oxide-86bae3bc3079f89b.rlib" "/opt/rustwide/rustup-home/toolchains/1.75.0-x86_64-unknown-linux-gnu/lib/rustlib/x86_64-unknown-linux-gnu/lib/libadler-321b82c30dffdf5f.rlib" "/opt/rustwide/rustup-home/toolchains/1.75.0-x86_64-unknown-linux-gnu/lib/rustlib/x86_64-unknown-linux-gnu/lib/libunwind-3dd8a6810a0bdfef.rlib" "/opt/rustwide/rustup-home/toolchains/1.75.0-x86_64-unknown-linux-gnu/lib/rustlib/x86_64-unknown-linux-gnu/lib/libcfg_if-eb39a61c0c879984.rlib" "/opt/rustwide/rustup-home/toolchains/1.75.0-x86_64-unknown-linux-gnu/lib/rustlib/x86_64-unknown-linux-gnu/lib/liblibc-aa769569f91c3548.rlib" "/opt/rustwide/rustup-home/toolchains/1.75.0-x86_64-unknown-linux-gnu/lib/rustlib/x86_64-unknown-linux-gnu/lib/liballoc-510a192a50a983ed.rlib" "/opt/rustwide/rustup-home/toolchains/1.75.0-x86_64-unknown-linux-gnu/lib/rustlib/x86_64-unknown-linux-gnu/lib/librustc_std_workspace_core-0577018320f99037.rlib" "/opt/rustwide/rustup-home/toolchains/1.75.0-x86_64-unknown-linux-gnu/lib/rustlib/x86_64-unknown-linux-gnu/lib/libcore-193cf992125ccd4c.rlib" "/opt/rustwide/rustup-home/toolchains/1.75.0-x86_64-unknown-linux-gnu/lib/rustlib/x86_64-unknown-linux-gnu/lib/libcompiler_builtins-8e138eaf26ebb4a8.rlib" "-Wl,-Bdynamic" "-lssl" "-lcrypto" "-lz" "-lgcc_s" "-lutil" "-lrt" "-lpthread" "-lm" "-ldl" "-lc" "-Wl,--eh-frame-hdr" "-Wl,-z,noexecstack" "-L" "/opt/rustwide/rustup-home/toolchains/1.75.0-x86_64-unknown-linux-gnu/lib/rustlib/x86_64-unknown-linux-gnu/lib" "-o" "/opt/rustwide/target/debug/examples/tapo_l930-bcb7ebc13053be33" "-Wl,--gc-sections" "-pie" "-Wl,-z,relro,-z,now" "-nodefaultlibs"
[INFO] [stdout]   = note: collect2: fatal error: ld terminated with signal 9 [Killed]
[INFO] [stdout]           compilation terminated.
[INFO] [stdout]           
[INFO] [stdout] 
[INFO] [stdout] 
[INFO] [stdout] error: aborting due to previous error
[INFO] [stdout] 
[INFO] [stdout] 
[INFO] [stderr] error: could not compile `tapo` (example "tapo_l930") due to 2 previous errors
[INFO] [stdout] error: linking with `cc` failed: exit status: 1
[INFO] [stdout]   |
[INFO] [stdout]   = note: LC_ALL="C" PATH="/opt/rustwide/rustup-home/toolchains/1.75.0-x86_64-unknown-linux-gnu/lib/rustlib/x86_64-unknown-linux-gnu/bin:/opt/rustwide/cargo-home/bin:/usr/local/sbin:/usr/local/bin:/usr/sbin:/usr/bin:/sbin:/bin" VSLANG="1033" "cc" "-m64" "/tmp/rustcLttYZZ/symbols.o" "/opt/rustwide/target/debug/examples/tapo_generic_device-f95b1977a7995eb7.tapo_generic_device.5fcceeb50d325280-cgu.0.rcgu.o" "/opt/rustwide/target/debug/examples/tapo_generic_device-f95b1977a7995eb7.tapo_generic_device.5fcceeb50d325280-cgu.1.rcgu.o" "/opt/rustwide/target/debug/examples/tapo_generic_device-f95b1977a7995eb7.tapo_generic_device.5fcceeb50d325280-cgu.2.rcgu.o" "/opt/rustwide/target/debug/examples/tapo_generic_device-f95b1977a7995eb7.tapo_generic_device.5fcceeb50d325280-cgu.3.rcgu.o" "/opt/rustwide/target/debug/examples/tapo_generic_device-f95b1977a7995eb7.hmj5l17rs4hhtvn.rcgu.o" "-Wl,--as-needed" "-L" "/opt/rustwide/target/debug/deps" "-L" "/opt/rustwide/target/debug/build/curl-sys-3e7516525f467640/out/build" "-L" "/opt/rustwide/target/debug/build/libnghttp2-sys-24fd3679c38bf8e9/out/i/lib" "-L" "/opt/rustwide/rustup-home/toolchains/1.75.0-x86_64-unknown-linux-gnu/lib/rustlib/x86_64-unknown-linux-gnu/lib" "-Wl,-Bstatic" "/opt/rustwide/target/debug/deps/libpretty_env_logger-b97ff2baa76eec84.rlib" "/opt/rustwide/target/debug/deps/libenv_logger-36f401d7c37a36f9.rlib" "/opt/rustwide/target/debug/deps/libtermcolor-6dec0f4bbbe42dd1.rlib" "/opt/rustwide/target/debug/deps/libis_terminal-2078d0ba0d47a070.rlib" "/opt/rustwide/target/debug/deps/librustix-0f84a1963f212a5b.rlib" "/opt/rustwide/target/debug/deps/liblinux_raw_sys-cb4ceb3b5f92b800.rlib" "/opt/rustwide/target/debug/deps/libhumantime-e2a10e0b2bfa2002.rlib" "/opt/rustwide/target/debug/deps/libregex-ccf9cbfef2e56fd9.rlib" "/opt/rustwide/target/debug/deps/libregex_automata-7ff265357acf7ccd.rlib" "/opt/rustwide/target/debug/deps/libaho_corasick-1143312c78fc67c2.rlib" "/opt/rustwide/target/debug/deps/libregex_syntax-ec727727d9e652fd.rlib" "/opt/rustwide/target/debug/deps/libtokio-94f570da5c23ff70.rlib" "/opt/rustwide/target/debug/deps/libnum_cpus-2148e9f03304bebc.rlib" "/opt/rustwide/target/debug/deps/libtapo-5b692553e8d92e9f.rlib" "/opt/rustwide/target/debug/deps/libuuid-fc8f43ef1ad1ec97.rlib" "/opt/rustwide/target/debug/deps/libbase16ct-5a39198f00022b13.rlib" "/opt/rustwide/target/debug/deps/libthiserror-b128d3300f7b40ce.rlib" "/opt/rustwide/target/debug/deps/libanyhow-477edb6dbb409be2.rlib" "/opt/rustwide/target/debug/deps/libitertools-d5032ed1dd75b47b.rlib" "/opt/rustwide/target/debug/deps/libeither-133233cc595b9fa0.rlib" "/opt/rustwide/target/debug/deps/libserde_with-ac6f7171a93e6188.rlib" "/opt/rustwide/target/debug/deps/liblazy_static-591486ebcb9a7ead.rlib" "/opt/rustwide/target/debug/deps/libchrono-ce1d93e00772c06d.rlib" "/opt/rustwide/target/debug/deps/libnum_traits-fbf3e4065138c85e.rlib" "/opt/rustwide/target/debug/deps/libiana_time_zone-a8226bfa732531ed.rlib" "/opt/rustwide/target/debug/deps/libbase64-c757f6e1d18850a5.rlib" "/opt/rustwide/target/debug/deps/librand-1a9ceccdf299ade8.rlib" "/opt/rustwide/target/debug/deps/librand_chacha-65d28dd0324e882f.rlib" "/opt/rustwide/target/debug/deps/libppv_lite86-9f808eb911999ef2.rlib" "/opt/rustwide/target/debug/deps/librand_core-693394dfca7dc1fc.rlib" "/opt/rustwide/target/debug/deps/libgetrandom-cae587a370153759.rlib" "/opt/rustwide/target/debug/deps/libopenssl-0c5cd61ffd24fa86.rlib" "/opt/rustwide/target/debug/deps/libbitflags-912d270082a3a4ea.rlib" "/opt/rustwide/target/debug/deps/libforeign_types-c05743815e5b8a9d.rlib" "/opt/rustwide/target/debug/deps/libforeign_types_shared-d149f5491fde2862.rlib" "/opt/rustwide/target/debug/deps/libisahc-3e7663352fe46607.rlib" "/opt/rustwide/target/debug/deps/libmime-7e306270d8ceb372.rlib" "/opt/rustwide/target/debug/deps/libserde_json-c67019368196e171.rlib" "/opt/rustwide/target/debug/deps/libryu-f8e8abf733224b36.rlib" "/opt/rustwide/target/debug/deps/libhttpdate-60c45fdec07c28d7.rlib" "/opt/rustwide/target/debug/deps/libserde-761e7d454bd93391.rlib" "/opt/rustwide/target/debug/deps/libcastaway-53eebfc09892ef55.rlib" "/opt/rustwide/target/debug/deps/libencoding_rs-000c97fafd38c2ed.rlib" "/opt/rustwide/target/debug/deps/liburl-3c56fd02ca53db7c.rlib" "/opt/rustwide/target/debug/deps/libidna-64dfc2e2943615ce.rlib" "/opt/rustwide/target/debug/deps/libunicode_normalization-e04a0b39935fba30.rlib" "/opt/rustwide/target/debug/deps/libtinyvec-cf6c9f6b792a5507.rlib" "/opt/rustwide/target/debug/deps/libtinyvec_macros-b1cb7f53f58c9f87.rlib" "/opt/rustwide/target/debug/deps/libunicode_bidi-020370784786e57d.rlib" "/opt/rustwide/target/debug/deps/libform_urlencoded-ef5eb70334031c86.rlib" "/opt/rustwide/target/debug/deps/libpercent_encoding-fe0d57427b4d92e0.rlib" "/opt/rustwide/target/debug/deps/libtracing_futures-5261a32d3041aa10.rlib" "/opt/rustwide/target/debug/deps/libtracing-eda047cfc45fe2e0.rlib" "/opt/rustwide/target/debug/deps/libtracing_core-4ad00ebcda7f03a2.rlib" "/opt/rustwide/target/debug/deps/libpin_project-b85a0da5686a1f70.rlib" "/opt/rustwide/target/debug/deps/libonce_cell-865e1c5018a0303a.rlib" "/opt/rustwide/target/debug/deps/libsluice-891a974aa0d716ab.rlib" "/opt/rustwide/target/debug/deps/libpolling-04a897792204b211.rlib" "/opt/rustwide/target/debug/deps/libslab-6eb39baadbe9101c.rlib" "/opt/rustwide/target/debug/deps/libfutures_lite-31b2ec4e359105ca.rlib" "/opt/rustwide/target/debug/deps/libmemchr-8adfc22b612d6f7a.rlib" "/opt/rustwide/target/debug/deps/libfastrand-b53203d729799780.rlib" "/opt/rustwide/target/debug/deps/libfutures_io-7c5aca59eb0c68a4.rlib" "/opt/rustwide/target/debug/deps/libwaker_fn-c37ba96dee9e12f7.rlib" "/opt/rustwide/target/debug/deps/libparking-539481b51ba90067.rlib" "/opt/rustwide/target/debug/deps/libpin_project_lite-e0757e0deaa2f8a0.rlib" "/opt/rustwide/target/debug/deps/libcurl-dd54db2f92b38dbe.rlib" "/opt/rustwide/target/debug/deps/libopenssl_probe-d850575132083d7c.rlib" "/opt/rustwide/target/debug/deps/libsocket2-7aa7d531bde74024.rlib" "/opt/rustwide/target/debug/deps/libcurl_sys-04df1d1433788608.rlib" "/opt/rustwide/target/debug/deps/libopenssl_sys-a3273f3e1529160d.rlib" "/opt/rustwide/target/debug/deps/liblibz_sys-df647deffc59656c.rlib" "/opt/rustwide/target/debug/deps/liblibnghttp2_sys-7d7194c450b148e1.rlib" "/opt/rustwide/target/debug/deps/liblibc-a9a2a17e1d19328b.rlib" "/opt/rustwide/target/debug/deps/libasync_channel-d4b56a9c5d9af0c7.rlib" "/opt/rustwide/target/debug/deps/libfutures_core-17b45303463871aa.rlib" "/opt/rustwide/target/debug/deps/libevent_listener-c4b6b56059522037.rlib" "/opt/rustwide/target/debug/deps/libconcurrent_queue-d95772a65c3571a6.rlib" "/opt/rustwide/target/debug/deps/libcrossbeam_utils-c927984e5b3dbee5.rlib" "/opt/rustwide/target/debug/deps/libcfg_if-61dc7a6799e72b18.rlib" "/opt/rustwide/target/debug/deps/libhttp-9f90e562c1e0df30.rlib" "/opt/rustwide/target/debug/deps/libitoa-05fb7c91ffbc0a79.rlib" "/opt/rustwide/target/debug/deps/libbytes-0a052f49710012b1.rlib" "/opt/rustwide/target/debug/deps/libfnv-18bf5144d055e772.rlib" "/opt/rustwide/target/debug/deps/liblog-e491f2c1d0b13538.rlib" "/opt/rustwide/rustup-home/toolchains/1.75.0-x86_64-unknown-linux-gnu/lib/rustlib/x86_64-unknown-linux-gnu/lib/libstd-90f6ddbf82de36ec.rlib" "/opt/rustwide/rustup-home/toolchains/1.75.0-x86_64-unknown-linux-gnu/lib/rustlib/x86_64-unknown-linux-gnu/lib/libpanic_unwind-480c41e9d4e1f677.rlib" "/opt/rustwide/rustup-home/toolchains/1.75.0-x86_64-unknown-linux-gnu/lib/rustlib/x86_64-unknown-linux-gnu/lib/libobject-db744c0ca03eed1d.rlib" "/opt/rustwide/rustup-home/toolchains/1.75.0-x86_64-unknown-linux-gnu/lib/rustlib/x86_64-unknown-linux-gnu/lib/libmemchr-8ba652dc7d4b285a.rlib" "/opt/rustwide/rustup-home/toolchains/1.75.0-x86_64-unknown-linux-gnu/lib/rustlib/x86_64-unknown-linux-gnu/lib/libaddr2line-d5f4520a9ebc0d58.rlib" "/opt/rustwide/rustup-home/toolchains/1.75.0-x86_64-unknown-linux-gnu/lib/rustlib/x86_64-unknown-linux-gnu/lib/libgimli-4ad84de58f0cb463.rlib" "/opt/rustwide/rustup-home/toolchains/1.75.0-x86_64-unknown-linux-gnu/lib/rustlib/x86_64-unknown-linux-gnu/lib/librustc_demangle-0d10aae2e0f38735.rlib" "/opt/rustwide/rustup-home/toolchains/1.75.0-x86_64-unknown-linux-gnu/lib/rustlib/x86_64-unknown-linux-gnu/lib/libstd_detect-0c17cff739e6745b.rlib" "/opt/rustwide/rustup-home/toolchains/1.75.0-x86_64-unknown-linux-gnu/lib/rustlib/x86_64-unknown-linux-gnu/lib/libhashbrown-b29e17139dde1aa8.rlib" "/opt/rustwide/rustup-home/toolchains/1.75.0-x86_64-unknown-linux-gnu/lib/rustlib/x86_64-unknown-linux-gnu/lib/librustc_std_workspace_alloc-1f975299829cc7bd.rlib" "/opt/rustwide/rustup-home/toolchains/1.75.0-x86_64-unknown-linux-gnu/lib/rustlib/x86_64-unknown-linux-gnu/lib/libminiz_oxide-86bae3bc3079f89b.rlib" "/opt/rustwide/rustup-home/toolchains/1.75.0-x86_64-unknown-linux-gnu/lib/rustlib/x86_64-unknown-linux-gnu/lib/libadler-321b82c30dffdf5f.rlib" "/opt/rustwide/rustup-home/toolchains/1.75.0-x86_64-unknown-linux-gnu/lib/rustlib/x86_64-unknown-linux-gnu/lib/libunwind-3dd8a6810a0bdfef.rlib" "/opt/rustwide/rustup-home/toolchains/1.75.0-x86_64-unknown-linux-gnu/lib/rustlib/x86_64-unknown-linux-gnu/lib/libcfg_if-eb39a61c0c879984.rlib" "/opt/rustwide/rustup-home/toolchains/1.75.0-x86_64-unknown-linux-gnu/lib/rustlib/x86_64-unknown-linux-gnu/lib/liblibc-aa769569f91c3548.rlib" "/opt/rustwide/rustup-home/toolchains/1.75.0-x86_64-unknown-linux-gnu/lib/rustlib/x86_64-unknown-linux-gnu/lib/liballoc-510a192a50a983ed.rlib" "/opt/rustwide/rustup-home/toolchains/1.75.0-x86_64-unknown-linux-gnu/lib/rustlib/x86_64-unknown-linux-gnu/lib/librustc_std_workspace_core-0577018320f99037.rlib" "/opt/rustwide/rustup-home/toolchains/1.75.0-x86_64-unknown-linux-gnu/lib/rustlib/x86_64-unknown-linux-gnu/lib/libcore-193cf992125ccd4c.rlib" "/opt/rustwide/rustup-home/toolchains/1.75.0-x86_64-unknown-linux-gnu/lib/rustlib/x86_64-unknown-linux-gnu/lib/libcompiler_builtins-8e138eaf26ebb4a8.rlib" "-Wl,-Bdynamic" "-lssl" "-lcrypto" "-lz" "-lgcc_s" "-lutil" "-lrt" "-lpthread" "-lm" "-ldl" "-lc" "-Wl,--eh-frame-hdr" "-Wl,-z,noexecstack" "-L" "/opt/rustwide/rustup-home/toolchains/1.75.0-x86_64-unknown-linux-gnu/lib/rustlib/x86_64-unknown-linux-gnu/lib" "-o" "/opt/rustwide/target/debug/examples/tapo_generic_device-f95b1977a7995eb7" "-Wl,--gc-sections" "-pie" "-Wl,-z,relro,-z,now" "-nodefaultlibs"
[INFO] [stdout]   = note: collect2: fatal error: ld terminated with signal 9 [Killed]
[INFO] [stdout]           compilation terminated.
[INFO] [stdout]           
[INFO] [stdout] 
[INFO] [stdout] 
[INFO] [stdout] error: aborting due to previous error
[INFO] [stdout] 
[INFO] [stdout] 
[INFO] [stderr] error: could not compile `tapo` (example "tapo_generic_device") due to 2 previous errors
[INFO] running `Command { std: "docker" "inspect" "365097f033a9c20f6fe77030ff84c187c7b6fdcdaa9b1da843d3c63f90800cc0", kill_on_drop: false }`
[INFO] running `Command { std: "docker" "rm" "-f" "365097f033a9c20f6fe77030ff84c187c7b6fdcdaa9b1da843d3c63f90800cc0", kill_on_drop: false }`
[INFO] [stdout] 365097f033a9c20f6fe77030ff84c187c7b6fdcdaa9b1da843d3c63f90800cc0
[INFO] testing tapo-0.7.6 against beta-2023-12-22 for beta-1.76-1
[INFO] extracting crate tapo 0.7.6 into /workspace/builds/worker-1-tc2/source
[INFO] validating manifest of crates.io crate tapo 0.7.6 on toolchain beta-2023-12-22
[INFO] running `Command { std: CARGO_HOME="/workspace/cargo-home" RUSTUP_HOME="/workspace/rustup-home" "/workspace/cargo-home/bin/cargo" "+beta-2023-12-22" "metadata" "--manifest-path" "Cargo.toml" "--no-deps", kill_on_drop: false }`
[INFO] started tweaking crates.io crate tapo 0.7.6
[INFO] finished tweaking crates.io crate tapo 0.7.6
[INFO] tweaked toml for crates.io crate tapo 0.7.6 written to /workspace/builds/worker-1-tc2/source/Cargo.toml
[INFO] crate crates.io crate tapo 0.7.6 already has a lockfile, it will not be regenerated
[INFO] running `Command { std: CARGO_HOME="/workspace/cargo-home" RUSTUP_HOME="/workspace/rustup-home" "/workspace/cargo-home/bin/cargo" "+beta-2023-12-22" "fetch" "--manifest-path" "Cargo.toml", kill_on_drop: false }`
[INFO] running `Command { std: "docker" "create" "-v" "/var/lib/crater-agent-workspace/builds/worker-1-tc2/target:/opt/rustwide/target:rw,Z" "-v" "/var/lib/crater-agent-workspace/builds/worker-1-tc2/source:/opt/rustwide/workdir:ro,Z" "-v" "/var/lib/crater-agent-workspace/cargo-home:/opt/rustwide/cargo-home:ro,Z" "-v" "/var/lib/crater-agent-workspace/rustup-home:/opt/rustwide/rustup-home:ro,Z" "-e" "SOURCE_DIR=/opt/rustwide/workdir" "-e" "CARGO_TARGET_DIR=/opt/rustwide/target" "-e" "CARGO_HOME=/opt/rustwide/cargo-home" "-e" "RUSTUP_HOME=/opt/rustwide/rustup-home" "-w" "/opt/rustwide/workdir" "-m" "1610612736" "--user" "0:0" "--network" "none" "ghcr.io/rust-lang/crates-build-env/linux@sha256:2788e3201cd34a07e3172128adcd8b3090168a8e3bcc40d7c032b9dda1df7d1c" "/opt/rustwide/cargo-home/bin/cargo" "+beta-2023-12-22" "metadata" "--no-deps" "--format-version=1", kill_on_drop: false }`
[INFO] [stdout] 2aec65e7ae96040009686bf092e390c8dfa5032e5960f62e66374ace3affbc6a
[INFO] running `Command { std: "docker" "start" "-a" "2aec65e7ae96040009686bf092e390c8dfa5032e5960f62e66374ace3affbc6a", kill_on_drop: false }`
[INFO] running `Command { std: "docker" "inspect" "2aec65e7ae96040009686bf092e390c8dfa5032e5960f62e66374ace3affbc6a", kill_on_drop: false }`
[INFO] running `Command { std: "docker" "rm" "-f" "2aec65e7ae96040009686bf092e390c8dfa5032e5960f62e66374ace3affbc6a", kill_on_drop: false }`
[INFO] [stdout] 2aec65e7ae96040009686bf092e390c8dfa5032e5960f62e66374ace3affbc6a
[INFO] running `Command { std: "docker" "create" "-v" "/var/lib/crater-agent-workspace/builds/worker-1-tc2/target:/opt/rustwide/target:rw,Z" "-v" "/var/lib/crater-agent-workspace/builds/worker-1-tc2/source:/opt/rustwide/workdir:ro,Z" "-v" "/var/lib/crater-agent-workspace/cargo-home:/opt/rustwide/cargo-home:ro,Z" "-v" "/var/lib/crater-agent-workspace/rustup-home:/opt/rustwide/rustup-home:ro,Z" "-e" "SOURCE_DIR=/opt/rustwide/workdir" "-e" "CARGO_TARGET_DIR=/opt/rustwide/target" "-e" "CARGO_INCREMENTAL=0" "-e" "RUST_BACKTRACE=full" "-e" "RUSTFLAGS=--cap-lints=warn" "-e" "RUSTDOCFLAGS=--cap-lints=warn" "-e" "CARGO_HOME=/opt/rustwide/cargo-home" "-e" "RUSTUP_HOME=/opt/rustwide/rustup-home" "-w" "/opt/rustwide/workdir" "-m" "1610612736" "--user" "0:0" "--network" "none" "ghcr.io/rust-lang/crates-build-env/linux@sha256:2788e3201cd34a07e3172128adcd8b3090168a8e3bcc40d7c032b9dda1df7d1c" "/opt/rustwide/cargo-home/bin/cargo" "+beta-2023-12-22" "build" "--frozen" "--message-format=json", kill_on_drop: false }`
[INFO] [stdout] d5b3d06e1b9b3c090eb6eb28cf64721b8621dbaab248dbbc654f5b35c0bf52fe
[INFO] running `Command { std: "docker" "start" "-a" "d5b3d06e1b9b3c090eb6eb28cf64721b8621dbaab248dbbc654f5b35c0bf52fe", kill_on_drop: false }`
[INFO] [stderr]    Compiling proc-macro2 v1.0.69
[INFO] [stderr]    Compiling libc v0.2.150
[INFO] [stderr]    Compiling pkg-config v0.3.27
[INFO] [stderr]    Compiling serde v1.0.193
[INFO] [stderr]    Compiling futures-core v0.3.29
[INFO] [stderr]    Compiling crossbeam-utils v0.8.16
[INFO] [stderr]    Compiling once_cell v1.18.0
[INFO] [stderr]    Compiling num-traits v0.2.17
[INFO] [stderr]    Compiling polling v2.8.0
[INFO] [stderr]    Compiling itoa v1.0.9
[INFO] [stderr]    Compiling futures-io v0.3.29
[INFO] [stderr]    Compiling unicode-bidi v0.3.13
[INFO] [stderr]    Compiling serde_json v1.0.108
[INFO] [stderr]    Compiling event-listener v2.5.3
[INFO] [stderr]    Compiling curl v0.4.44
[INFO] [stderr]    Compiling waker-fn v1.1.1
[INFO] [stderr]    Compiling tracing-core v0.1.32
[INFO] [stderr]    Compiling ryu v1.0.15
[INFO] [stderr]    Compiling thiserror v1.0.50
[INFO] [stderr]    Compiling anyhow v1.0.75
[INFO] [stderr]    Compiling openssl v0.10.60
[INFO] [stderr]    Compiling memchr v2.6.4
[INFO] [stderr]    Compiling async-trait v0.1.74
[INFO] [stderr]    Compiling fastrand v1.9.0
[INFO] [stderr]    Compiling idna v0.5.0
[INFO] [stderr]    Compiling isahc v1.7.2
[INFO] [stderr]    Compiling parking v2.2.0
[INFO] [stderr]    Compiling http v0.2.11
[INFO] [stderr]    Compiling castaway v0.1.2
[INFO] [stderr]    Compiling either v1.9.0
[INFO] [stderr]    Compiling concurrent-queue v2.3.0
[INFO] [stderr]    Compiling iana-time-zone v0.1.58
[INFO] [stderr]    Compiling base16ct v0.2.0
[INFO] [stderr]    Compiling async-channel v1.9.0
[INFO] [stderr]    Compiling url v2.5.0
[INFO] [stderr]    Compiling quote v1.0.33
[INFO] [stderr]    Compiling futures-lite v1.13.0
[INFO] [stderr]    Compiling cc v1.0.83
[INFO] [stderr]    Compiling sluice v0.5.5
[INFO] [stderr]    Compiling itertools v0.12.0
[INFO] [stderr]    Compiling syn v2.0.39
[INFO] [stderr]    Compiling getrandom v0.2.11
[INFO] [stderr]    Compiling socket2 v0.4.10
[INFO] [stderr]    Compiling rand_core v0.6.4
[INFO] [stderr]    Compiling rand_chacha v0.3.1
[INFO] [stderr]    Compiling rand v0.8.5
[INFO] [stderr]    Compiling openssl-sys v0.9.96
[INFO] [stderr]    Compiling libz-sys v1.1.12
[INFO] [stderr]    Compiling libnghttp2-sys v0.1.8+1.55.1
[INFO] [stderr]    Compiling curl-sys v0.4.68+curl-8.4.0
[INFO] [stderr]    Compiling darling_core v0.20.3
[INFO] [stderr]    Compiling serde_derive v1.0.193
[INFO] [stderr]    Compiling pin-project-internal v1.1.3
[INFO] [stderr]    Compiling tracing-attributes v0.1.27
[INFO] [stderr]    Compiling openssl-macros v0.1.1
[INFO] [stderr]    Compiling thiserror-impl v1.0.50
[INFO] [stderr]    Compiling darling_macro v0.20.3
[INFO] [stderr]    Compiling tracing v0.1.40
[INFO] [stderr]    Compiling pin-project v1.1.3
[INFO] [stderr]    Compiling tracing-futures v0.2.5
[INFO] [stderr]    Compiling darling v0.20.3
[INFO] [stderr]    Compiling serde_with_macros v3.4.0
[INFO] [stderr]    Compiling chrono v0.4.31
[INFO] [stderr]    Compiling uuid v1.6.1
[INFO] [stderr]    Compiling serde_with v3.4.0
[INFO] [stderr]    Compiling tapo v0.7.6 (/opt/rustwide/workdir)
[INFO] [stderr]     Finished dev [unoptimized + debuginfo] target(s) in 22.81s
[INFO] running `Command { std: "docker" "inspect" "d5b3d06e1b9b3c090eb6eb28cf64721b8621dbaab248dbbc654f5b35c0bf52fe", kill_on_drop: false }`
[INFO] running `Command { std: "docker" "rm" "-f" "d5b3d06e1b9b3c090eb6eb28cf64721b8621dbaab248dbbc654f5b35c0bf52fe", kill_on_drop: false }`
[INFO] [stdout] d5b3d06e1b9b3c090eb6eb28cf64721b8621dbaab248dbbc654f5b35c0bf52fe
[INFO] running `Command { std: "docker" "create" "-v" "/var/lib/crater-agent-workspace/builds/worker-1-tc2/target:/opt/rustwide/target:rw,Z" "-v" "/var/lib/crater-agent-workspace/builds/worker-1-tc2/source:/opt/rustwide/workdir:ro,Z" "-v" "/var/lib/crater-agent-workspace/cargo-home:/opt/rustwide/cargo-home:ro,Z" "-v" "/var/lib/crater-agent-workspace/rustup-home:/opt/rustwide/rustup-home:ro,Z" "-e" "SOURCE_DIR=/opt/rustwide/workdir" "-e" "CARGO_TARGET_DIR=/opt/rustwide/target" "-e" "CARGO_INCREMENTAL=0" "-e" "RUST_BACKTRACE=full" "-e" "RUSTFLAGS=--cap-lints=warn" "-e" "RUSTDOCFLAGS=--cap-lints=warn" "-e" "CARGO_HOME=/opt/rustwide/cargo-home" "-e" "RUSTUP_HOME=/opt/rustwide/rustup-home" "-w" "/opt/rustwide/workdir" "-m" "1610612736" "--user" "0:0" "--network" "none" "ghcr.io/rust-lang/crates-build-env/linux@sha256:2788e3201cd34a07e3172128adcd8b3090168a8e3bcc40d7c032b9dda1df7d1c" "/opt/rustwide/cargo-home/bin/cargo" "+beta-2023-12-22" "test" "--frozen" "--no-run" "--message-format=json", kill_on_drop: false }`
[INFO] [stdout] caf44d680089d6443b1608318967caca9a74e4d17b4e77913278e751381e3f17
[INFO] running `Command { std: "docker" "start" "-a" "caf44d680089d6443b1608318967caca9a74e4d17b4e77913278e751381e3f17", kill_on_drop: false }`
[INFO] [stderr]    Compiling log v0.4.20
[INFO] [stderr]    Compiling bitflags v2.4.1
[INFO] [stderr]    Compiling rustix v0.38.25
[INFO] [stderr]    Compiling aho-corasick v1.1.2
[INFO] [stderr]    Compiling linux-raw-sys v0.4.11
[INFO] [stderr]    Compiling regex-syntax v0.8.2
[INFO] [stderr]    Compiling humantime v2.1.0
[INFO] [stderr]    Compiling termcolor v1.4.0
[INFO] [stderr]    Compiling tokio-macros v2.2.0
[INFO] [stderr]    Compiling num_cpus v1.16.0
[INFO] [stderr]    Compiling tracing v0.1.40
[INFO] [stderr]    Compiling polling v2.8.0
[INFO] [stderr]    Compiling openssl v0.10.60
[INFO] [stderr]    Compiling tracing-futures v0.2.5
[INFO] [stderr]    Compiling isahc v1.7.2
[INFO] [stderr]    Compiling tokio v1.34.0
[INFO] [stderr]    Compiling is-terminal v0.4.9
[INFO] [stderr]    Compiling regex-automata v0.4.3
[INFO] [stderr]    Compiling tapo v0.7.6 (/opt/rustwide/workdir)
[INFO] [stderr]    Compiling regex v1.10.2
[INFO] [stderr]    Compiling env_logger v0.10.1
[INFO] [stderr]    Compiling pretty_env_logger v0.5.0
[INFO] [stderr] error: could not compile `tapo` (lib test)
[INFO] [stderr] 
[INFO] [stderr] Caused by:
[INFO] [stderr]   process didn't exit successfully: `/opt/rustwide/rustup-home/toolchains/beta-2023-12-22-x86_64-unknown-linux-gnu/bin/rustc --crate-name tapo --edition=2021 src/lib.rs --error-format=json --json=diagnostic-rendered-ansi,artifacts,future-incompat --emit=dep-info,link -C embed-bitcode=no -C debuginfo=2 --test --cfg 'feature="default"' -C metadata=69b7cd0009f8bc67 -C extra-filename=-69b7cd0009f8bc67 --out-dir /opt/rustwide/target/debug/deps -L dependency=/opt/rustwide/target/debug/deps --extern anyhow=/opt/rustwide/target/debug/deps/libanyhow-4ba56e5ce709e35c.rlib --extern async_trait=/opt/rustwide/target/debug/deps/libasync_trait-95b39136d9b164c2.so --extern base16ct=/opt/rustwide/target/debug/deps/libbase16ct-424a1b5ae11715cb.rlib --extern base64=/opt/rustwide/target/debug/deps/libbase64-47ce12bf5fcc4351.rlib --extern chrono=/opt/rustwide/target/debug/deps/libchrono-bf3ca8518a0b7490.rlib --extern isahc=/opt/rustwide/target/debug/deps/libisahc-6a436c14af79058e.rlib --extern itertools=/opt/rustwide/target/debug/deps/libitertools-f36ccafa8b07e355.rlib --extern lazy_static=/opt/rustwide/target/debug/deps/liblazy_static-efa3519517df6cf0.rlib --extern log=/opt/rustwide/target/debug/deps/liblog-2cf4a51dfa4e790a.rlib --extern openssl=/opt/rustwide/target/debug/deps/libopenssl-905b97f34b398c25.rlib --extern pretty_env_logger=/opt/rustwide/target/debug/deps/libpretty_env_logger-814223de45c80be9.rlib --extern rand=/opt/rustwide/target/debug/deps/librand-de090ba4d3782c24.rlib --extern serde=/opt/rustwide/target/debug/deps/libserde-3f9b9fb18dc857df.rlib --extern serde_json=/opt/rustwide/target/debug/deps/libserde_json-a7fff01a0ac4d775.rlib --extern serde_with=/opt/rustwide/target/debug/deps/libserde_with-f7a25e7705e8e24c.rlib --extern thiserror=/opt/rustwide/target/debug/deps/libthiserror-b06498dbf90e35ab.rlib --extern tokio=/opt/rustwide/target/debug/deps/libtokio-af26c563e8c1c940.rlib --extern uuid=/opt/rustwide/target/debug/deps/libuuid-6f592759603f5dbe.rlib --cap-lints=warn -L native=/opt/rustwide/target/debug/build/curl-sys-1c9000db2c108bc5/out/build -L native=/opt/rustwide/target/debug/build/libnghttp2-sys-9485e56f65b84796/out/i/lib` (signal: 9, SIGKILL: kill)
[INFO] [stderr] warning: build failed, waiting for other jobs to finish...
[INFO] [stderr] error: could not compile `tapo` (example "tapo_h100")
[INFO] [stderr] 
[INFO] [stderr] Caused by:
[INFO] [stderr]   process didn't exit successfully: `/opt/rustwide/rustup-home/toolchains/beta-2023-12-22-x86_64-unknown-linux-gnu/bin/rustc --crate-name tapo_h100 --edition=2021 examples/tapo_h100.rs --error-format=json --json=diagnostic-rendered-ansi,artifacts,future-incompat --crate-type bin --emit=dep-info,link -C embed-bitcode=no -C debuginfo=2 --cfg 'feature="default"' -C metadata=3c458fbe21c0aeaf -C extra-filename=-3c458fbe21c0aeaf --out-dir /opt/rustwide/target/debug/examples -L dependency=/opt/rustwide/target/debug/deps --extern anyhow=/opt/rustwide/target/debug/deps/libanyhow-4ba56e5ce709e35c.rlib --extern async_trait=/opt/rustwide/target/debug/deps/libasync_trait-95b39136d9b164c2.so --extern base16ct=/opt/rustwide/target/debug/deps/libbase16ct-424a1b5ae11715cb.rlib --extern base64=/opt/rustwide/target/debug/deps/libbase64-47ce12bf5fcc4351.rlib --extern chrono=/opt/rustwide/target/debug/deps/libchrono-bf3ca8518a0b7490.rlib --extern isahc=/opt/rustwide/target/debug/deps/libisahc-6a436c14af79058e.rlib --extern itertools=/opt/rustwide/target/debug/deps/libitertools-f36ccafa8b07e355.rlib --extern lazy_static=/opt/rustwide/target/debug/deps/liblazy_static-efa3519517df6cf0.rlib --extern log=/opt/rustwide/target/debug/deps/liblog-2cf4a51dfa4e790a.rlib --extern openssl=/opt/rustwide/target/debug/deps/libopenssl-905b97f34b398c25.rlib --extern pretty_env_logger=/opt/rustwide/target/debug/deps/libpretty_env_logger-814223de45c80be9.rlib --extern rand=/opt/rustwide/target/debug/deps/librand-de090ba4d3782c24.rlib --extern serde=/opt/rustwide/target/debug/deps/libserde-3f9b9fb18dc857df.rlib --extern serde_json=/opt/rustwide/target/debug/deps/libserde_json-a7fff01a0ac4d775.rlib --extern serde_with=/opt/rustwide/target/debug/deps/libserde_with-f7a25e7705e8e24c.rlib --extern tapo=/opt/rustwide/target/debug/deps/libtapo-a028550d88368cf5.rlib --extern thiserror=/opt/rustwide/target/debug/deps/libthiserror-b06498dbf90e35ab.rlib --extern tokio=/opt/rustwide/target/debug/deps/libtokio-af26c563e8c1c940.rlib --extern uuid=/opt/rustwide/target/debug/deps/libuuid-6f592759603f5dbe.rlib --cap-lints=warn -L native=/opt/rustwide/target/debug/build/curl-sys-1c9000db2c108bc5/out/build -L native=/opt/rustwide/target/debug/build/libnghttp2-sys-9485e56f65b84796/out/i/lib` (signal: 9, SIGKILL: kill)
[INFO] [stdout] error: linking with `cc` failed: exit status: 1
[INFO] [stdout]   |
[INFO] [stdout]   = note: LC_ALL="C" PATH="/opt/rustwide/rustup-home/toolchains/beta-2023-12-22-x86_64-unknown-linux-gnu/lib/rustlib/x86_64-unknown-linux-gnu/bin:/opt/rustwide/cargo-home/bin:/usr/local/sbin:/usr/local/bin:/usr/sbin:/usr/bin:/sbin:/bin" VSLANG="1033" "cc" "-m64" "/tmp/rustcJJTRsK/symbols.o" "/opt/rustwide/target/debug/examples/tapo_l510-3ba55e0563e82ede.tapo_l510.95b5aa9dff27f026-cgu.0.rcgu.o" "/opt/rustwide/target/debug/examples/tapo_l510-3ba55e0563e82ede.tapo_l510.95b5aa9dff27f026-cgu.1.rcgu.o" "/opt/rustwide/target/debug/examples/tapo_l510-3ba55e0563e82ede.tapo_l510.95b5aa9dff27f026-cgu.2.rcgu.o" "/opt/rustwide/target/debug/examples/tapo_l510-3ba55e0563e82ede.tapo_l510.95b5aa9dff27f026-cgu.3.rcgu.o" "/opt/rustwide/target/debug/examples/tapo_l510-3ba55e0563e82ede.tapo_l510.95b5aa9dff27f026-cgu.4.rcgu.o" "/opt/rustwide/target/debug/examples/tapo_l510-3ba55e0563e82ede.tapo_l510.95b5aa9dff27f026-cgu.5.rcgu.o" "/opt/rustwide/target/debug/examples/tapo_l510-3ba55e0563e82ede.13nptgpzzlolnyn.rcgu.o" "-Wl,--as-needed" "-L" "/opt/rustwide/target/debug/deps" "-L" "/opt/rustwide/target/debug/build/curl-sys-1c9000db2c108bc5/out/build" "-L" "/opt/rustwide/target/debug/build/libnghttp2-sys-9485e56f65b84796/out/i/lib" "-L" "/opt/rustwide/rustup-home/toolchains/beta-2023-12-22-x86_64-unknown-linux-gnu/lib/rustlib/x86_64-unknown-linux-gnu/lib" "-Wl,-Bstatic" "/opt/rustwide/target/debug/deps/libpretty_env_logger-814223de45c80be9.rlib" "/opt/rustwide/target/debug/deps/libenv_logger-e3dcb29ba3de0094.rlib" "/opt/rustwide/target/debug/deps/libtermcolor-35be6d70e8358f35.rlib" "/opt/rustwide/target/debug/deps/libis_terminal-5e4c8c5b608c1d22.rlib" "/opt/rustwide/target/debug/deps/librustix-9be784cc31cc3ce8.rlib" "/opt/rustwide/target/debug/deps/liblinux_raw_sys-aecd6ae2d9353427.rlib" "/opt/rustwide/target/debug/deps/libhumantime-ce381c4933d03978.rlib" "/opt/rustwide/target/debug/deps/libregex-83fafe0efca7bc50.rlib" "/opt/rustwide/target/debug/deps/libregex_automata-0a05a953084048b5.rlib" "/opt/rustwide/target/debug/deps/libaho_corasick-42eca8b16757950a.rlib" "/opt/rustwide/target/debug/deps/libregex_syntax-36e7ddff41779e57.rlib" "/opt/rustwide/target/debug/deps/libtokio-af26c563e8c1c940.rlib" "/opt/rustwide/target/debug/deps/libnum_cpus-fb23db51be3872f8.rlib" "/opt/rustwide/target/debug/deps/libtapo-a028550d88368cf5.rlib" "/opt/rustwide/target/debug/deps/libuuid-6f592759603f5dbe.rlib" "/opt/rustwide/target/debug/deps/libbase16ct-424a1b5ae11715cb.rlib" "/opt/rustwide/target/debug/deps/libthiserror-b06498dbf90e35ab.rlib" "/opt/rustwide/target/debug/deps/libanyhow-4ba56e5ce709e35c.rlib" "/opt/rustwide/target/debug/deps/libitertools-f36ccafa8b07e355.rlib" "/opt/rustwide/target/debug/deps/libeither-49b31dd90481588d.rlib" "/opt/rustwide/target/debug/deps/libserde_with-f7a25e7705e8e24c.rlib" "/opt/rustwide/target/debug/deps/liblazy_static-efa3519517df6cf0.rlib" "/opt/rustwide/target/debug/deps/libchrono-bf3ca8518a0b7490.rlib" "/opt/rustwide/target/debug/deps/libnum_traits-a17ba3937dd3424f.rlib" "/opt/rustwide/target/debug/deps/libiana_time_zone-2309547321f2bcb7.rlib" "/opt/rustwide/target/debug/deps/libbase64-47ce12bf5fcc4351.rlib" "/opt/rustwide/target/debug/deps/librand-de090ba4d3782c24.rlib" "/opt/rustwide/target/debug/deps/librand_chacha-41ca7d782f3a76de.rlib" "/opt/rustwide/target/debug/deps/libppv_lite86-db48c90fa293bcfe.rlib" "/opt/rustwide/target/debug/deps/librand_core-4602db036b031ba8.rlib" "/opt/rustwide/target/debug/deps/libgetrandom-9d17973d7fdcc66f.rlib" "/opt/rustwide/target/debug/deps/libopenssl-905b97f34b398c25.rlib" "/opt/rustwide/target/debug/deps/libbitflags-52f05aea2267c407.rlib" "/opt/rustwide/target/debug/deps/libforeign_types-34162016ad32c65c.rlib" "/opt/rustwide/target/debug/deps/libforeign_types_shared-6c481fa47d8ef87b.rlib" "/opt/rustwide/target/debug/deps/libisahc-6a436c14af79058e.rlib" "/opt/rustwide/target/debug/deps/libmime-a9df5a780629fb7d.rlib" "/opt/rustwide/target/debug/deps/libserde_json-a7fff01a0ac4d775.rlib" "/opt/rustwide/target/debug/deps/libryu-d2c3aff9aeca12bd.rlib" "/opt/rustwide/target/debug/deps/libhttpdate-bf64bff9ff5092d8.rlib" "/opt/rustwide/target/debug/deps/libserde-3f9b9fb18dc857df.rlib" "/opt/rustwide/target/debug/deps/libcastaway-afd0132b409aea0f.rlib" "/opt/rustwide/target/debug/deps/libencoding_rs-4339e23ae7924400.rlib" "/opt/rustwide/target/debug/deps/liburl-8340004d64393f43.rlib" "/opt/rustwide/target/debug/deps/libidna-582cace18914e250.rlib" "/opt/rustwide/target/debug/deps/libunicode_normalization-a49209942f8cb303.rlib" "/opt/rustwide/target/debug/deps/libtinyvec-dcbbce603bc23510.rlib" "/opt/rustwide/target/debug/deps/libtinyvec_macros-333661e3b238a9a3.rlib" "/opt/rustwide/target/debug/deps/libunicode_bidi-ee612f5df1be5cab.rlib" "/opt/rustwide/target/debug/deps/libform_urlencoded-00b3292b537cfa9a.rlib" "/opt/rustwide/target/debug/deps/libpercent_encoding-9ca315f6c750067f.rlib" "/opt/rustwide/target/debug/deps/libtracing_futures-a467cb92f2760abc.rlib" "/opt/rustwide/target/debug/deps/libtracing-582404915f3dcef8.rlib" "/opt/rustwide/target/debug/deps/libtracing_core-6547972a0886d4d8.rlib" "/opt/rustwide/target/debug/deps/libpin_project-14e211a4cb9cf862.rlib" "/opt/rustwide/target/debug/deps/libonce_cell-728f13abc4f8cf5f.rlib" "/opt/rustwide/target/debug/deps/libsluice-c65d4c107288b646.rlib" "/opt/rustwide/target/debug/deps/libpolling-b040ae4414bdb884.rlib" "/opt/rustwide/target/debug/deps/libslab-0a39a638bccea296.rlib" "/opt/rustwide/target/debug/deps/libfutures_lite-34eda784324dadcf.rlib" "/opt/rustwide/target/debug/deps/libmemchr-996a195865583db1.rlib" "/opt/rustwide/target/debug/deps/libfastrand-9a0695f12d217e0d.rlib" "/opt/rustwide/target/debug/deps/libfutures_io-d5c5bf1c0dfd3da2.rlib" "/opt/rustwide/target/debug/deps/libwaker_fn-5e274d8e0cf6c0b6.rlib" "/opt/rustwide/target/debug/deps/libparking-c0eec4b85623c35c.rlib" "/opt/rustwide/target/debug/deps/libpin_project_lite-085b19c93bbb2231.rlib" "/opt/rustwide/target/debug/deps/libcurl-cb3eef8459e5017b.rlib" "/opt/rustwide/target/debug/deps/libopenssl_probe-01da96bec2dfd166.rlib" "/opt/rustwide/target/debug/deps/libsocket2-58e1d084bb12b5f5.rlib" "/opt/rustwide/target/debug/deps/libcurl_sys-80e688ec99bfe7ae.rlib" "/opt/rustwide/target/debug/deps/libopenssl_sys-3378dd89c799aa83.rlib" "/opt/rustwide/target/debug/deps/liblibz_sys-57b5522d3e80bedf.rlib" "/opt/rustwide/target/debug/deps/liblibnghttp2_sys-5f998202b1a31997.rlib" "/opt/rustwide/target/debug/deps/liblibc-a40391b8f7ca94de.rlib" "/opt/rustwide/target/debug/deps/libasync_channel-f6091bde467fc04c.rlib" "/opt/rustwide/target/debug/deps/libfutures_core-c75aab8011a428b1.rlib" "/opt/rustwide/target/debug/deps/libevent_listener-769af95c79f2a6ea.rlib" "/opt/rustwide/target/debug/deps/libconcurrent_queue-fee738c070586d59.rlib" "/opt/rustwide/target/debug/deps/libcrossbeam_utils-dd96d6909164d49d.rlib" "/opt/rustwide/target/debug/deps/libcfg_if-e7002d307f97bc56.rlib" "/opt/rustwide/target/debug/deps/libhttp-4b248da2430b4ebf.rlib" "/opt/rustwide/target/debug/deps/libitoa-c3a42249f065e11e.rlib" "/opt/rustwide/target/debug/deps/libbytes-d5ef6100ae69ca23.rlib" "/opt/rustwide/target/debug/deps/libfnv-953831fe314029b4.rlib" "/opt/rustwide/target/debug/deps/liblog-2cf4a51dfa4e790a.rlib" "/opt/rustwide/rustup-home/toolchains/beta-2023-12-22-x86_64-unknown-linux-gnu/lib/rustlib/x86_64-unknown-linux-gnu/lib/libstd-0672489a78b613de.rlib" "/opt/rustwide/rustup-home/toolchains/beta-2023-12-22-x86_64-unknown-linux-gnu/lib/rustlib/x86_64-unknown-linux-gnu/lib/libpanic_unwind-7eb3ffc34a49f675.rlib" "/opt/rustwide/rustup-home/toolchains/beta-2023-12-22-x86_64-unknown-linux-gnu/lib/rustlib/x86_64-unknown-linux-gnu/lib/libobject-6478a9daa4bee8e2.rlib" "/opt/rustwide/rustup-home/toolchains/beta-2023-12-22-x86_64-unknown-linux-gnu/lib/rustlib/x86_64-unknown-linux-gnu/lib/libmemchr-0c75d871a5c3923d.rlib" "/opt/rustwide/rustup-home/toolchains/beta-2023-12-22-x86_64-unknown-linux-gnu/lib/rustlib/x86_64-unknown-linux-gnu/lib/libaddr2line-d163ef63ad37bb71.rlib" "/opt/rustwide/rustup-home/toolchains/beta-2023-12-22-x86_64-unknown-linux-gnu/lib/rustlib/x86_64-unknown-linux-gnu/lib/libgimli-8a3fd810a85b9f4c.rlib" "/opt/rustwide/rustup-home/toolchains/beta-2023-12-22-x86_64-unknown-linux-gnu/lib/rustlib/x86_64-unknown-linux-gnu/lib/librustc_demangle-462a2cde8c5dfc10.rlib" "/opt/rustwide/rustup-home/toolchains/beta-2023-12-22-x86_64-unknown-linux-gnu/lib/rustlib/x86_64-unknown-linux-gnu/lib/libstd_detect-cb06ac9f54713f71.rlib" "/opt/rustwide/rustup-home/toolchains/beta-2023-12-22-x86_64-unknown-linux-gnu/lib/rustlib/x86_64-unknown-linux-gnu/lib/libhashbrown-f20bfd1f8e59b393.rlib" "/opt/rustwide/rustup-home/toolchains/beta-2023-12-22-x86_64-unknown-linux-gnu/lib/rustlib/x86_64-unknown-linux-gnu/lib/librustc_std_workspace_alloc-1ef460949b49da4b.rlib" "/opt/rustwide/rustup-home/toolchains/beta-2023-12-22-x86_64-unknown-linux-gnu/lib/rustlib/x86_64-unknown-linux-gnu/lib/libminiz_oxide-2cb0c0ffe4f87514.rlib" "/opt/rustwide/rustup-home/toolchains/beta-2023-12-22-x86_64-unknown-linux-gnu/lib/rustlib/x86_64-unknown-linux-gnu/lib/libadler-58d841eb322a11a2.rlib" "/opt/rustwide/rustup-home/toolchains/beta-2023-12-22-x86_64-unknown-linux-gnu/lib/rustlib/x86_64-unknown-linux-gnu/lib/libunwind-aa2ae0b0a9d11533.rlib" "/opt/rustwide/rustup-home/toolchains/beta-2023-12-22-x86_64-unknown-linux-gnu/lib/rustlib/x86_64-unknown-linux-gnu/lib/libcfg_if-23874e15830ed336.rlib" "/opt/rustwide/rustup-home/toolchains/beta-2023-12-22-x86_64-unknown-linux-gnu/lib/rustlib/x86_64-unknown-linux-gnu/lib/liblibc-e47cddc003bce885.rlib" "/opt/rustwide/rustup-home/toolchains/beta-2023-12-22-x86_64-unknown-linux-gnu/lib/rustlib/x86_64-unknown-linux-gnu/lib/liballoc-c22b13b48a8f128e.rlib" "/opt/rustwide/rustup-home/toolchains/beta-2023-12-22-x86_64-unknown-linux-gnu/lib/rustlib/x86_64-unknown-linux-gnu/lib/librustc_std_workspace_core-e46bc3da6d7c462f.rlib" "/opt/rustwide/rustup-home/toolchains/beta-2023-12-22-x86_64-unknown-linux-gnu/lib/rustlib/x86_64-unknown-linux-gnu/lib/libcore-8d1ac131d3cb2645.rlib" "/opt/rustwide/rustup-home/toolchains/beta-2023-12-22-x86_64-unknown-linux-gnu/lib/rustlib/x86_64-unknown-linux-gnu/lib/libcompiler_builtins-a1b43df8c6899c1f.rlib" "-Wl,-Bdynamic" "-lssl" "-lcrypto" "-lz" "-lgcc_s" "-lutil" "-lrt" "-lpthread" "-lm" "-ldl" "-lc" "-Wl,--eh-frame-hdr" "-Wl,-z,noexecstack" "-L" "/opt/rustwide/rustup-home/toolchains/beta-2023-12-22-x86_64-unknown-linux-gnu/lib/rustlib/x86_64-unknown-linux-gnu/lib" "-o" "/opt/rustwide/target/debug/examples/tapo_l510-3ba55e0563e82ede" "-Wl,--gc-sections" "-pie" "-Wl,-z,relro,-z,now" "-nodefaultlibs"
[INFO] [stdout]   = note: collect2: fatal error: ld terminated with signal 9 [Killed]
[INFO] [stdout]           compilation terminated.
[INFO] [stdout]           
[INFO] [stdout] 
[INFO] [stdout] 
[INFO] [stdout] error: aborting due to 1 previous error
[INFO] [stdout] 
[INFO] [stdout] 
[INFO] [stderr] error: could not compile `tapo` (example "tapo_l510") due to 2 previous errors
[INFO] [stdout] error: linking with `cc` failed: exit status: 1
[INFO] [stdout]   |
[INFO] [stdout]   = note: LC_ALL="C" PATH="/opt/rustwide/rustup-home/toolchains/beta-2023-12-22-x86_64-unknown-linux-gnu/lib/rustlib/x86_64-unknown-linux-gnu/bin:/opt/rustwide/cargo-home/bin:/usr/local/sbin:/usr/local/bin:/usr/sbin:/usr/bin:/sbin:/bin" VSLANG="1033" "cc" "-m64" "/tmp/rustcIpnnrJ/symbols.o" "/opt/rustwide/target/debug/examples/tapo_ke100-1158656efc7e012d.tapo_ke100.a3795090e3e54bc0-cgu.0.rcgu.o" "/opt/rustwide/target/debug/examples/tapo_ke100-1158656efc7e012d.tapo_ke100.a3795090e3e54bc0-cgu.1.rcgu.o" "/opt/rustwide/target/debug/examples/tapo_ke100-1158656efc7e012d.tapo_ke100.a3795090e3e54bc0-cgu.2.rcgu.o" "/opt/rustwide/target/debug/examples/tapo_ke100-1158656efc7e012d.tapo_ke100.a3795090e3e54bc0-cgu.3.rcgu.o" "/opt/rustwide/target/debug/examples/tapo_ke100-1158656efc7e012d.tapo_ke100.a3795090e3e54bc0-cgu.4.rcgu.o" "/opt/rustwide/target/debug/examples/tapo_ke100-1158656efc7e012d.tapo_ke100.a3795090e3e54bc0-cgu.5.rcgu.o" "/opt/rustwide/target/debug/examples/tapo_ke100-1158656efc7e012d.tapo_ke100.a3795090e3e54bc0-cgu.6.rcgu.o" "/opt/rustwide/target/debug/examples/tapo_ke100-1158656efc7e012d.tapo_ke100.a3795090e3e54bc0-cgu.7.rcgu.o" "/opt/rustwide/target/debug/examples/tapo_ke100-1158656efc7e012d.tapo_ke100.a3795090e3e54bc0-cgu.8.rcgu.o" "/opt/rustwide/target/debug/examples/tapo_ke100-1158656efc7e012d.2mmjpr9ohvbbnbid.rcgu.o" "-Wl,--as-needed" "-L" "/opt/rustwide/target/debug/deps" "-L" "/opt/rustwide/target/debug/build/curl-sys-1c9000db2c108bc5/out/build" "-L" "/opt/rustwide/target/debug/build/libnghttp2-sys-9485e56f65b84796/out/i/lib" "-L" "/opt/rustwide/rustup-home/toolchains/beta-2023-12-22-x86_64-unknown-linux-gnu/lib/rustlib/x86_64-unknown-linux-gnu/lib" "-Wl,-Bstatic" "/opt/rustwide/target/debug/deps/libpretty_env_logger-814223de45c80be9.rlib" "/opt/rustwide/target/debug/deps/libenv_logger-e3dcb29ba3de0094.rlib" "/opt/rustwide/target/debug/deps/libtermcolor-35be6d70e8358f35.rlib" "/opt/rustwide/target/debug/deps/libis_terminal-5e4c8c5b608c1d22.rlib" "/opt/rustwide/target/debug/deps/librustix-9be784cc31cc3ce8.rlib" "/opt/rustwide/target/debug/deps/liblinux_raw_sys-aecd6ae2d9353427.rlib" "/opt/rustwide/target/debug/deps/libhumantime-ce381c4933d03978.rlib" "/opt/rustwide/target/debug/deps/libregex-83fafe0efca7bc50.rlib" "/opt/rustwide/target/debug/deps/libregex_automata-0a05a953084048b5.rlib" "/opt/rustwide/target/debug/deps/libaho_corasick-42eca8b16757950a.rlib" "/opt/rustwide/target/debug/deps/libregex_syntax-36e7ddff41779e57.rlib" "/opt/rustwide/target/debug/deps/libtokio-af26c563e8c1c940.rlib" "/opt/rustwide/target/debug/deps/libnum_cpus-fb23db51be3872f8.rlib" "/opt/rustwide/target/debug/deps/libtapo-a028550d88368cf5.rlib" "/opt/rustwide/target/debug/deps/libuuid-6f592759603f5dbe.rlib" "/opt/rustwide/target/debug/deps/libbase16ct-424a1b5ae11715cb.rlib" "/opt/rustwide/target/debug/deps/libthiserror-b06498dbf90e35ab.rlib" "/opt/rustwide/target/debug/deps/libanyhow-4ba56e5ce709e35c.rlib" "/opt/rustwide/target/debug/deps/libitertools-f36ccafa8b07e355.rlib" "/opt/rustwide/target/debug/deps/libeither-49b31dd90481588d.rlib" "/opt/rustwide/target/debug/deps/libserde_with-f7a25e7705e8e24c.rlib" "/opt/rustwide/target/debug/deps/liblazy_static-efa3519517df6cf0.rlib" "/opt/rustwide/target/debug/deps/libchrono-bf3ca8518a0b7490.rlib" "/opt/rustwide/target/debug/deps/libnum_traits-a17ba3937dd3424f.rlib" "/opt/rustwide/target/debug/deps/libiana_time_zone-2309547321f2bcb7.rlib" "/opt/rustwide/target/debug/deps/libbase64-47ce12bf5fcc4351.rlib" "/opt/rustwide/target/debug/deps/librand-de090ba4d3782c24.rlib" "/opt/rustwide/target/debug/deps/librand_chacha-41ca7d782f3a76de.rlib" "/opt/rustwide/target/debug/deps/libppv_lite86-db48c90fa293bcfe.rlib" "/opt/rustwide/target/debug/deps/librand_core-4602db036b031ba8.rlib" "/opt/rustwide/target/debug/deps/libgetrandom-9d17973d7fdcc66f.rlib" "/opt/rustwide/target/debug/deps/libopenssl-905b97f34b398c25.rlib" "/opt/rustwide/target/debug/deps/libbitflags-52f05aea2267c407.rlib" "/opt/rustwide/target/debug/deps/libforeign_types-34162016ad32c65c.rlib" "/opt/rustwide/target/debug/deps/libforeign_types_shared-6c481fa47d8ef87b.rlib" "/opt/rustwide/target/debug/deps/libisahc-6a436c14af79058e.rlib" "/opt/rustwide/target/debug/deps/libmime-a9df5a780629fb7d.rlib" "/opt/rustwide/target/debug/deps/libserde_json-a7fff01a0ac4d775.rlib" "/opt/rustwide/target/debug/deps/libryu-d2c3aff9aeca12bd.rlib" "/opt/rustwide/target/debug/deps/libhttpdate-bf64bff9ff5092d8.rlib" "/opt/rustwide/target/debug/deps/libserde-3f9b9fb18dc857df.rlib" "/opt/rustwide/target/debug/deps/libcastaway-afd0132b409aea0f.rlib" "/opt/rustwide/target/debug/deps/libencoding_rs-4339e23ae7924400.rlib" "/opt/rustwide/target/debug/deps/liburl-8340004d64393f43.rlib" "/opt/rustwide/target/debug/deps/libidna-582cace18914e250.rlib" "/opt/rustwide/target/debug/deps/libunicode_normalization-a49209942f8cb303.rlib" "/opt/rustwide/target/debug/deps/libtinyvec-dcbbce603bc23510.rlib" "/opt/rustwide/target/debug/deps/libtinyvec_macros-333661e3b238a9a3.rlib" "/opt/rustwide/target/debug/deps/libunicode_bidi-ee612f5df1be5cab.rlib" "/opt/rustwide/target/debug/deps/libform_urlencoded-00b3292b537cfa9a.rlib" "/opt/rustwide/target/debug/deps/libpercent_encoding-9ca315f6c750067f.rlib" "/opt/rustwide/target/debug/deps/libtracing_futures-a467cb92f2760abc.rlib" "/opt/rustwide/target/debug/deps/libtracing-582404915f3dcef8.rlib" "/opt/rustwide/target/debug/deps/libtracing_core-6547972a0886d4d8.rlib" "/opt/rustwide/target/debug/deps/libpin_project-14e211a4cb9cf862.rlib" "/opt/rustwide/target/debug/deps/libonce_cell-728f13abc4f8cf5f.rlib" "/opt/rustwide/target/debug/deps/libsluice-c65d4c107288b646.rlib" "/opt/rustwide/target/debug/deps/libpolling-b040ae4414bdb884.rlib" "/opt/rustwide/target/debug/deps/libslab-0a39a638bccea296.rlib" "/opt/rustwide/target/debug/deps/libfutures_lite-34eda784324dadcf.rlib" "/opt/rustwide/target/debug/deps/libmemchr-996a195865583db1.rlib" "/opt/rustwide/target/debug/deps/libfastrand-9a0695f12d217e0d.rlib" "/opt/rustwide/target/debug/deps/libfutures_io-d5c5bf1c0dfd3da2.rlib" "/opt/rustwide/target/debug/deps/libwaker_fn-5e274d8e0cf6c0b6.rlib" "/opt/rustwide/target/debug/deps/libparking-c0eec4b85623c35c.rlib" "/opt/rustwide/target/debug/deps/libpin_project_lite-085b19c93bbb2231.rlib" "/opt/rustwide/target/debug/deps/libcurl-cb3eef8459e5017b.rlib" "/opt/rustwide/target/debug/deps/libopenssl_probe-01da96bec2dfd166.rlib" "/opt/rustwide/target/debug/deps/libsocket2-58e1d084bb12b5f5.rlib" "/opt/rustwide/target/debug/deps/libcurl_sys-80e688ec99bfe7ae.rlib" "/opt/rustwide/target/debug/deps/libopenssl_sys-3378dd89c799aa83.rlib" "/opt/rustwide/target/debug/deps/liblibz_sys-57b5522d3e80bedf.rlib" "/opt/rustwide/target/debug/deps/liblibnghttp2_sys-5f998202b1a31997.rlib" "/opt/rustwide/target/debug/deps/liblibc-a40391b8f7ca94de.rlib" "/opt/rustwide/target/debug/deps/libasync_channel-f6091bde467fc04c.rlib" "/opt/rustwide/target/debug/deps/libfutures_core-c75aab8011a428b1.rlib" "/opt/rustwide/target/debug/deps/libevent_listener-769af95c79f2a6ea.rlib" "/opt/rustwide/target/debug/deps/libconcurrent_queue-fee738c070586d59.rlib" "/opt/rustwide/target/debug/deps/libcrossbeam_utils-dd96d6909164d49d.rlib" "/opt/rustwide/target/debug/deps/libcfg_if-e7002d307f97bc56.rlib" "/opt/rustwide/target/debug/deps/libhttp-4b248da2430b4ebf.rlib" "/opt/rustwide/target/debug/deps/libitoa-c3a42249f065e11e.rlib" "/opt/rustwide/target/debug/deps/libbytes-d5ef6100ae69ca23.rlib" "/opt/rustwide/target/debug/deps/libfnv-953831fe314029b4.rlib" "/opt/rustwide/target/debug/deps/liblog-2cf4a51dfa4e790a.rlib" "/opt/rustwide/rustup-home/toolchains/beta-2023-12-22-x86_64-unknown-linux-gnu/lib/rustlib/x86_64-unknown-linux-gnu/lib/libstd-0672489a78b613de.rlib" "/opt/rustwide/rustup-home/toolchains/beta-2023-12-22-x86_64-unknown-linux-gnu/lib/rustlib/x86_64-unknown-linux-gnu/lib/libpanic_unwind-7eb3ffc34a49f675.rlib" "/opt/rustwide/rustup-home/toolchains/beta-2023-12-22-x86_64-unknown-linux-gnu/lib/rustlib/x86_64-unknown-linux-gnu/lib/libobject-6478a9daa4bee8e2.rlib" "/opt/rustwide/rustup-home/toolchains/beta-2023-12-22-x86_64-unknown-linux-gnu/lib/rustlib/x86_64-unknown-linux-gnu/lib/libmemchr-0c75d871a5c3923d.rlib" "/opt/rustwide/rustup-home/toolchains/beta-2023-12-22-x86_64-unknown-linux-gnu/lib/rustlib/x86_64-unknown-linux-gnu/lib/libaddr2line-d163ef63ad37bb71.rlib" "/opt/rustwide/rustup-home/toolchains/beta-2023-12-22-x86_64-unknown-linux-gnu/lib/rustlib/x86_64-unknown-linux-gnu/lib/libgimli-8a3fd810a85b9f4c.rlib" "/opt/rustwide/rustup-home/toolchains/beta-2023-12-22-x86_64-unknown-linux-gnu/lib/rustlib/x86_64-unknown-linux-gnu/lib/librustc_demangle-462a2cde8c5dfc10.rlib" "/opt/rustwide/rustup-home/toolchains/beta-2023-12-22-x86_64-unknown-linux-gnu/lib/rustlib/x86_64-unknown-linux-gnu/lib/libstd_detect-cb06ac9f54713f71.rlib" "/opt/rustwide/rustup-home/toolchains/beta-2023-12-22-x86_64-unknown-linux-gnu/lib/rustlib/x86_64-unknown-linux-gnu/lib/libhashbrown-f20bfd1f8e59b393.rlib" "/opt/rustwide/rustup-home/toolchains/beta-2023-12-22-x86_64-unknown-linux-gnu/lib/rustlib/x86_64-unknown-linux-gnu/lib/librustc_std_workspace_alloc-1ef460949b49da4b.rlib" "/opt/rustwide/rustup-home/toolchains/beta-2023-12-22-x86_64-unknown-linux-gnu/lib/rustlib/x86_64-unknown-linux-gnu/lib/libminiz_oxide-2cb0c0ffe4f87514.rlib" "/opt/rustwide/rustup-home/toolchains/beta-2023-12-22-x86_64-unknown-linux-gnu/lib/rustlib/x86_64-unknown-linux-gnu/lib/libadler-58d841eb322a11a2.rlib" "/opt/rustwide/rustup-home/toolchains/beta-2023-12-22-x86_64-unknown-linux-gnu/lib/rustlib/x86_64-unknown-linux-gnu/lib/libunwind-aa2ae0b0a9d11533.rlib" "/opt/rustwide/rustup-home/toolchains/beta-2023-12-22-x86_64-unknown-linux-gnu/lib/rustlib/x86_64-unknown-linux-gnu/lib/libcfg_if-23874e15830ed336.rlib" "/opt/rustwide/rustup-home/toolchains/beta-2023-12-22-x86_64-unknown-linux-gnu/lib/rustlib/x86_64-unknown-linux-gnu/lib/liblibc-e47cddc003bce885.rlib" "/opt/rustwide/rustup-home/toolchains/beta-2023-12-22-x86_64-unknown-linux-gnu/lib/rustlib/x86_64-unknown-linux-gnu/lib/liballoc-c22b13b48a8f128e.rlib" "/opt/rustwide/rustup-home/toolchains/beta-2023-12-22-x86_64-unknown-linux-gnu/lib/rustlib/x86_64-unknown-linux-gnu/lib/librustc_std_workspace_core-e46bc3da6d7c462f.rlib" "/opt/rustwide/rustup-home/toolchains/beta-2023-12-22-x86_64-unknown-linux-gnu/lib/rustlib/x86_64-unknown-linux-gnu/lib/libcore-8d1ac131d3cb2645.rlib" "/opt/rustwide/rustup-home/toolchains/beta-2023-12-22-x86_64-unknown-linux-gnu/lib/rustlib/x86_64-unknown-linux-gnu/lib/libcompiler_builtins-a1b43df8c6899c1f.rlib" "-Wl,-Bdynamic" "-lssl" "-lcrypto" "-lz" "-lgcc_s" "-lutil" "-lrt" "-lpthread" "-lm" "-ldl" "-lc" "-Wl,--eh-frame-hdr" "-Wl,-z,noexecstack" "-L" "/opt/rustwide/rustup-home/toolchains/beta-2023-12-22-x86_64-unknown-linux-gnu/lib/rustlib/x86_64-unknown-linux-gnu/lib" "-o" "/opt/rustwide/target/debug/examples/tapo_ke100-1158656efc7e012d" "-Wl,--gc-sections" "-pie" "-Wl,-z,relro,-z,now" "-nodefaultlibs"
[INFO] [stdout]   = note: collect2: fatal error: ld terminated with signal 9 [Killed]
[INFO] [stdout]           compilation terminated.
[INFO] [stdout]           
[INFO] [stdout] 
[INFO] [stdout] 
[INFO] [stdout] error: aborting due to 1 previous error
[INFO] [stdout] 
[INFO] [stdout] 
[INFO] [stderr] error: could not compile `tapo` (example "tapo_ke100") due to 2 previous errors
[INFO] [stdout] error: linking with `cc` failed: exit status: 1
[INFO] [stdout]   |
[INFO] [stdout]   = note: LC_ALL="C" PATH="/opt/rustwide/rustup-home/toolchains/beta-2023-12-22-x86_64-unknown-linux-gnu/lib/rustlib/x86_64-unknown-linux-gnu/bin:/opt/rustwide/cargo-home/bin:/usr/local/sbin:/usr/local/bin:/usr/sbin:/usr/bin:/sbin:/bin" VSLANG="1033" "cc" "-m64" "/tmp/rustc8AgxtL/symbols.o" "/opt/rustwide/target/debug/examples/tapo_l530-9525cc1378f0ce1d.tapo_l530.17023ab6cac3e3f3-cgu.0.rcgu.o" "/opt/rustwide/target/debug/examples/tapo_l530-9525cc1378f0ce1d.tapo_l530.17023ab6cac3e3f3-cgu.1.rcgu.o" "/opt/rustwide/target/debug/examples/tapo_l530-9525cc1378f0ce1d.tapo_l530.17023ab6cac3e3f3-cgu.2.rcgu.o" "/opt/rustwide/target/debug/examples/tapo_l530-9525cc1378f0ce1d.tapo_l530.17023ab6cac3e3f3-cgu.3.rcgu.o" "/opt/rustwide/target/debug/examples/tapo_l530-9525cc1378f0ce1d.tapo_l530.17023ab6cac3e3f3-cgu.4.rcgu.o" "/opt/rustwide/target/debug/examples/tapo_l530-9525cc1378f0ce1d.tapo_l530.17023ab6cac3e3f3-cgu.5.rcgu.o" "/opt/rustwide/target/debug/examples/tapo_l530-9525cc1378f0ce1d.3uhmhrx3bvkhn7vk.rcgu.o" "-Wl,--as-needed" "-L" "/opt/rustwide/target/debug/deps" "-L" "/opt/rustwide/target/debug/build/curl-sys-1c9000db2c108bc5/out/build" "-L" "/opt/rustwide/target/debug/build/libnghttp2-sys-9485e56f65b84796/out/i/lib" "-L" "/opt/rustwide/rustup-home/toolchains/beta-2023-12-22-x86_64-unknown-linux-gnu/lib/rustlib/x86_64-unknown-linux-gnu/lib" "-Wl,-Bstatic" "/opt/rustwide/target/debug/deps/libpretty_env_logger-814223de45c80be9.rlib" "/opt/rustwide/target/debug/deps/libenv_logger-e3dcb29ba3de0094.rlib" "/opt/rustwide/target/debug/deps/libtermcolor-35be6d70e8358f35.rlib" "/opt/rustwide/target/debug/deps/libis_terminal-5e4c8c5b608c1d22.rlib" "/opt/rustwide/target/debug/deps/librustix-9be784cc31cc3ce8.rlib" "/opt/rustwide/target/debug/deps/liblinux_raw_sys-aecd6ae2d9353427.rlib" "/opt/rustwide/target/debug/deps/libhumantime-ce381c4933d03978.rlib" "/opt/rustwide/target/debug/deps/libregex-83fafe0efca7bc50.rlib" "/opt/rustwide/target/debug/deps/libregex_automata-0a05a953084048b5.rlib" "/opt/rustwide/target/debug/deps/libaho_corasick-42eca8b16757950a.rlib" "/opt/rustwide/target/debug/deps/libregex_syntax-36e7ddff41779e57.rlib" "/opt/rustwide/target/debug/deps/libtokio-af26c563e8c1c940.rlib" "/opt/rustwide/target/debug/deps/libnum_cpus-fb23db51be3872f8.rlib" "/opt/rustwide/target/debug/deps/libtapo-a028550d88368cf5.rlib" "/opt/rustwide/target/debug/deps/libuuid-6f592759603f5dbe.rlib" "/opt/rustwide/target/debug/deps/libbase16ct-424a1b5ae11715cb.rlib" "/opt/rustwide/target/debug/deps/libthiserror-b06498dbf90e35ab.rlib" "/opt/rustwide/target/debug/deps/libanyhow-4ba56e5ce709e35c.rlib" "/opt/rustwide/target/debug/deps/libitertools-f36ccafa8b07e355.rlib" "/opt/rustwide/target/debug/deps/libeither-49b31dd90481588d.rlib" "/opt/rustwide/target/debug/deps/libserde_with-f7a25e7705e8e24c.rlib" "/opt/rustwide/target/debug/deps/liblazy_static-efa3519517df6cf0.rlib" "/opt/rustwide/target/debug/deps/libchrono-bf3ca8518a0b7490.rlib" "/opt/rustwide/target/debug/deps/libnum_traits-a17ba3937dd3424f.rlib" "/opt/rustwide/target/debug/deps/libiana_time_zone-2309547321f2bcb7.rlib" "/opt/rustwide/target/debug/deps/libbase64-47ce12bf5fcc4351.rlib" "/opt/rustwide/target/debug/deps/librand-de090ba4d3782c24.rlib" "/opt/rustwide/target/debug/deps/librand_chacha-41ca7d782f3a76de.rlib" "/opt/rustwide/target/debug/deps/libppv_lite86-db48c90fa293bcfe.rlib" "/opt/rustwide/target/debug/deps/librand_core-4602db036b031ba8.rlib" "/opt/rustwide/target/debug/deps/libgetrandom-9d17973d7fdcc66f.rlib" "/opt/rustwide/target/debug/deps/libopenssl-905b97f34b398c25.rlib" "/opt/rustwide/target/debug/deps/libbitflags-52f05aea2267c407.rlib" "/opt/rustwide/target/debug/deps/libforeign_types-34162016ad32c65c.rlib" "/opt/rustwide/target/debug/deps/libforeign_types_shared-6c481fa47d8ef87b.rlib" "/opt/rustwide/target/debug/deps/libisahc-6a436c14af79058e.rlib" "/opt/rustwide/target/debug/deps/libmime-a9df5a780629fb7d.rlib" "/opt/rustwide/target/debug/deps/libserde_json-a7fff01a0ac4d775.rlib" "/opt/rustwide/target/debug/deps/libryu-d2c3aff9aeca12bd.rlib" "/opt/rustwide/target/debug/deps/libhttpdate-bf64bff9ff5092d8.rlib" "/opt/rustwide/target/debug/deps/libserde-3f9b9fb18dc857df.rlib" "/opt/rustwide/target/debug/deps/libcastaway-afd0132b409aea0f.rlib" "/opt/rustwide/target/debug/deps/libencoding_rs-4339e23ae7924400.rlib" "/opt/rustwide/target/debug/deps/liburl-8340004d64393f43.rlib" "/opt/rustwide/target/debug/deps/libidna-582cace18914e250.rlib" "/opt/rustwide/target/debug/deps/libunicode_normalization-a49209942f8cb303.rlib" "/opt/rustwide/target/debug/deps/libtinyvec-dcbbce603bc23510.rlib" "/opt/rustwide/target/debug/deps/libtinyvec_macros-333661e3b238a9a3.rlib" "/opt/rustwide/target/debug/deps/libunicode_bidi-ee612f5df1be5cab.rlib" "/opt/rustwide/target/debug/deps/libform_urlencoded-00b3292b537cfa9a.rlib" "/opt/rustwide/target/debug/deps/libpercent_encoding-9ca315f6c750067f.rlib" "/opt/rustwide/target/debug/deps/libtracing_futures-a467cb92f2760abc.rlib" "/opt/rustwide/target/debug/deps/libtracing-582404915f3dcef8.rlib" "/opt/rustwide/target/debug/deps/libtracing_core-6547972a0886d4d8.rlib" "/opt/rustwide/target/debug/deps/libpin_project-14e211a4cb9cf862.rlib" "/opt/rustwide/target/debug/deps/libonce_cell-728f13abc4f8cf5f.rlib" "/opt/rustwide/target/debug/deps/libsluice-c65d4c107288b646.rlib" "/opt/rustwide/target/debug/deps/libpolling-b040ae4414bdb884.rlib" "/opt/rustwide/target/debug/deps/libslab-0a39a638bccea296.rlib" "/opt/rustwide/target/debug/deps/libfutures_lite-34eda784324dadcf.rlib" "/opt/rustwide/target/debug/deps/libmemchr-996a195865583db1.rlib" "/opt/rustwide/target/debug/deps/libfastrand-9a0695f12d217e0d.rlib" "/opt/rustwide/target/debug/deps/libfutures_io-d5c5bf1c0dfd3da2.rlib" "/opt/rustwide/target/debug/deps/libwaker_fn-5e274d8e0cf6c0b6.rlib" "/opt/rustwide/target/debug/deps/libparking-c0eec4b85623c35c.rlib" "/opt/rustwide/target/debug/deps/libpin_project_lite-085b19c93bbb2231.rlib" "/opt/rustwide/target/debug/deps/libcurl-cb3eef8459e5017b.rlib" "/opt/rustwide/target/debug/deps/libopenssl_probe-01da96bec2dfd166.rlib" "/opt/rustwide/target/debug/deps/libsocket2-58e1d084bb12b5f5.rlib" "/opt/rustwide/target/debug/deps/libcurl_sys-80e688ec99bfe7ae.rlib" "/opt/rustwide/target/debug/deps/libopenssl_sys-3378dd89c799aa83.rlib" "/opt/rustwide/target/debug/deps/liblibz_sys-57b5522d3e80bedf.rlib" "/opt/rustwide/target/debug/deps/liblibnghttp2_sys-5f998202b1a31997.rlib" "/opt/rustwide/target/debug/deps/liblibc-a40391b8f7ca94de.rlib" "/opt/rustwide/target/debug/deps/libasync_channel-f6091bde467fc04c.rlib" "/opt/rustwide/target/debug/deps/libfutures_core-c75aab8011a428b1.rlib" "/opt/rustwide/target/debug/deps/libevent_listener-769af95c79f2a6ea.rlib" "/opt/rustwide/target/debug/deps/libconcurrent_queue-fee738c070586d59.rlib" "/opt/rustwide/target/debug/deps/libcrossbeam_utils-dd96d6909164d49d.rlib" "/opt/rustwide/target/debug/deps/libcfg_if-e7002d307f97bc56.rlib" "/opt/rustwide/target/debug/deps/libhttp-4b248da2430b4ebf.rlib" "/opt/rustwide/target/debug/deps/libitoa-c3a42249f065e11e.rlib" "/opt/rustwide/target/debug/deps/libbytes-d5ef6100ae69ca23.rlib" "/opt/rustwide/target/debug/deps/libfnv-953831fe314029b4.rlib" "/opt/rustwide/target/debug/deps/liblog-2cf4a51dfa4e790a.rlib" "/opt/rustwide/rustup-home/toolchains/beta-2023-12-22-x86_64-unknown-linux-gnu/lib/rustlib/x86_64-unknown-linux-gnu/lib/libstd-0672489a78b613de.rlib" "/opt/rustwide/rustup-home/toolchains/beta-2023-12-22-x86_64-unknown-linux-gnu/lib/rustlib/x86_64-unknown-linux-gnu/lib/libpanic_unwind-7eb3ffc34a49f675.rlib" "/opt/rustwide/rustup-home/toolchains/beta-2023-12-22-x86_64-unknown-linux-gnu/lib/rustlib/x86_64-unknown-linux-gnu/lib/libobject-6478a9daa4bee8e2.rlib" "/opt/rustwide/rustup-home/toolchains/beta-2023-12-22-x86_64-unknown-linux-gnu/lib/rustlib/x86_64-unknown-linux-gnu/lib/libmemchr-0c75d871a5c3923d.rlib" "/opt/rustwide/rustup-home/toolchains/beta-2023-12-22-x86_64-unknown-linux-gnu/lib/rustlib/x86_64-unknown-linux-gnu/lib/libaddr2line-d163ef63ad37bb71.rlib" "/opt/rustwide/rustup-home/toolchains/beta-2023-12-22-x86_64-unknown-linux-gnu/lib/rustlib/x86_64-unknown-linux-gnu/lib/libgimli-8a3fd810a85b9f4c.rlib" "/opt/rustwide/rustup-home/toolchains/beta-2023-12-22-x86_64-unknown-linux-gnu/lib/rustlib/x86_64-unknown-linux-gnu/lib/librustc_demangle-462a2cde8c5dfc10.rlib" "/opt/rustwide/rustup-home/toolchains/beta-2023-12-22-x86_64-unknown-linux-gnu/lib/rustlib/x86_64-unknown-linux-gnu/lib/libstd_detect-cb06ac9f54713f71.rlib" "/opt/rustwide/rustup-home/toolchains/beta-2023-12-22-x86_64-unknown-linux-gnu/lib/rustlib/x86_64-unknown-linux-gnu/lib/libhashbrown-f20bfd1f8e59b393.rlib" "/opt/rustwide/rustup-home/toolchains/beta-2023-12-22-x86_64-unknown-linux-gnu/lib/rustlib/x86_64-unknown-linux-gnu/lib/librustc_std_workspace_alloc-1ef460949b49da4b.rlib" "/opt/rustwide/rustup-home/toolchains/beta-2023-12-22-x86_64-unknown-linux-gnu/lib/rustlib/x86_64-unknown-linux-gnu/lib/libminiz_oxide-2cb0c0ffe4f87514.rlib" "/opt/rustwide/rustup-home/toolchains/beta-2023-12-22-x86_64-unknown-linux-gnu/lib/rustlib/x86_64-unknown-linux-gnu/lib/libadler-58d841eb322a11a2.rlib" "/opt/rustwide/rustup-home/toolchains/beta-2023-12-22-x86_64-unknown-linux-gnu/lib/rustlib/x86_64-unknown-linux-gnu/lib/libunwind-aa2ae0b0a9d11533.rlib" "/opt/rustwide/rustup-home/toolchains/beta-2023-12-22-x86_64-unknown-linux-gnu/lib/rustlib/x86_64-unknown-linux-gnu/lib/libcfg_if-23874e15830ed336.rlib" "/opt/rustwide/rustup-home/toolchains/beta-2023-12-22-x86_64-unknown-linux-gnu/lib/rustlib/x86_64-unknown-linux-gnu/lib/liblibc-e47cddc003bce885.rlib" "/opt/rustwide/rustup-home/toolchains/beta-2023-12-22-x86_64-unknown-linux-gnu/lib/rustlib/x86_64-unknown-linux-gnu/lib/liballoc-c22b13b48a8f128e.rlib" "/opt/rustwide/rustup-home/toolchains/beta-2023-12-22-x86_64-unknown-linux-gnu/lib/rustlib/x86_64-unknown-linux-gnu/lib/librustc_std_workspace_core-e46bc3da6d7c462f.rlib" "/opt/rustwide/rustup-home/toolchains/beta-2023-12-22-x86_64-unknown-linux-gnu/lib/rustlib/x86_64-unknown-linux-gnu/lib/libcore-8d1ac131d3cb2645.rlib" "/opt/rustwide/rustup-home/toolchains/beta-2023-12-22-x86_64-unknown-linux-gnu/lib/rustlib/x86_64-unknown-linux-gnu/lib/libcompiler_builtins-a1b43df8c6899c1f.rlib" "-Wl,-Bdynamic" "-lssl" "-lcrypto" "-lz" "-lgcc_s" "-lutil" "-lrt" "-lpthread" "-lm" "-ldl" "-lc" "-Wl,--eh-frame-hdr" "-Wl,-z,noexecstack" "-L" "/opt/rustwide/rustup-home/toolchains/beta-2023-12-22-x86_64-unknown-linux-gnu/lib/rustlib/x86_64-unknown-linux-gnu/lib" "-o" "/opt/rustwide/target/debug/examples/tapo_l530-9525cc1378f0ce1d" "-Wl,--gc-sections" "-pie" "-Wl,-z,relro,-z,now" "-nodefaultlibs"
[INFO] [stdout]   = note: collect2: fatal error: ld terminated with signal 9 [Killed]
[INFO] [stdout]           compilation terminated.
[INFO] [stdout]           
[INFO] [stdout] 
[INFO] [stdout] 
[INFO] [stdout] error: aborting due to 1 previous error
[INFO] [stdout] 
[INFO] [stdout] 
[INFO] [stderr] error: could not compile `tapo` (example "tapo_l530") due to 2 previous errors
[INFO] running `Command { std: "docker" "inspect" "caf44d680089d6443b1608318967caca9a74e4d17b4e77913278e751381e3f17", kill_on_drop: false }`
[INFO] running `Command { std: "docker" "rm" "-f" "caf44d680089d6443b1608318967caca9a74e4d17b4e77913278e751381e3f17", kill_on_drop: false }`
[INFO] [stdout] caf44d680089d6443b1608318967caca9a74e4d17b4e77913278e751381e3f17
