[INFO] fetching crate taos-optin 0.10.22...
[INFO] testing taos-optin-0.10.22 against 1.75.0 for beta-1.76-1
[INFO] extracting crate taos-optin 0.10.22 into /workspace/builds/worker-5-tc1/source
[INFO] validating manifest of crates.io crate taos-optin 0.10.22 on toolchain 1.75.0
[INFO] running `Command { std: CARGO_HOME="/workspace/cargo-home" RUSTUP_HOME="/workspace/rustup-home" "/workspace/cargo-home/bin/cargo" "+1.75.0" "metadata" "--manifest-path" "Cargo.toml" "--no-deps", kill_on_drop: false }`
[INFO] started tweaking crates.io crate taos-optin 0.10.22
[INFO] finished tweaking crates.io crate taos-optin 0.10.22
[INFO] tweaked toml for crates.io crate taos-optin 0.10.22 written to /workspace/builds/worker-5-tc1/source/Cargo.toml
[INFO] running `Command { std: CARGO_HOME="/workspace/cargo-home" RUSTUP_HOME="/workspace/rustup-home" "/workspace/cargo-home/bin/cargo" "+1.75.0" "generate-lockfile" "--manifest-path" "Cargo.toml", kill_on_drop: false }`
[INFO] [stderr]     Updating crates.io index
[INFO] running `Command { std: CARGO_HOME="/workspace/cargo-home" RUSTUP_HOME="/workspace/rustup-home" "/workspace/cargo-home/bin/cargo" "+1.75.0" "fetch" "--manifest-path" "Cargo.toml", kill_on_drop: false }`
[INFO] [stderr]  Downloading crates ...
[INFO] [stderr]   Downloaded mdsn v0.2.22
[INFO] [stderr]   Downloaded dlopen2_derive v0.4.0
[INFO] [stderr]   Downloaded deadpool v0.10.0
[INFO] [stderr]   Downloaded parse_duration v2.1.1
[INFO] [stderr]   Downloaded dlopen2 v0.6.1
[INFO] [stderr]   Downloaded prettytable v0.10.0
[INFO] [stderr]   Downloaded fun_time v0.2.1
[INFO] [stderr]   Downloaded taos-macros v0.2.16
[INFO] [stderr]   Downloaded taos-error v0.10.27
[INFO] [stderr]   Downloaded fun_time_derive v0.2.1
[INFO] [stderr]   Downloaded taos-query v0.10.27
[INFO] running `Command { std: "docker" "create" "-v" "/var/lib/crater-agent-workspace/builds/worker-5-tc1/target:/opt/rustwide/target:rw,Z" "-v" "/var/lib/crater-agent-workspace/builds/worker-5-tc1/source:/opt/rustwide/workdir:ro,Z" "-v" "/var/lib/crater-agent-workspace/cargo-home:/opt/rustwide/cargo-home:ro,Z" "-v" "/var/lib/crater-agent-workspace/rustup-home:/opt/rustwide/rustup-home:ro,Z" "-e" "SOURCE_DIR=/opt/rustwide/workdir" "-e" "CARGO_TARGET_DIR=/opt/rustwide/target" "-e" "CARGO_HOME=/opt/rustwide/cargo-home" "-e" "RUSTUP_HOME=/opt/rustwide/rustup-home" "-w" "/opt/rustwide/workdir" "-m" "1610612736" "--user" "0:0" "--network" "none" "ghcr.io/rust-lang/crates-build-env/linux@sha256:2788e3201cd34a07e3172128adcd8b3090168a8e3bcc40d7c032b9dda1df7d1c" "/opt/rustwide/cargo-home/bin/cargo" "+1.75.0" "metadata" "--no-deps" "--format-version=1", kill_on_drop: false }`
[INFO] [stdout] 2fa659be54280f05108c2d3eb0224124092153e8b295407976054a79966d5a6a
[INFO] running `Command { std: "docker" "start" "-a" "2fa659be54280f05108c2d3eb0224124092153e8b295407976054a79966d5a6a", kill_on_drop: false }`
[INFO] running `Command { std: "docker" "inspect" "2fa659be54280f05108c2d3eb0224124092153e8b295407976054a79966d5a6a", kill_on_drop: false }`
[INFO] running `Command { std: "docker" "rm" "-f" "2fa659be54280f05108c2d3eb0224124092153e8b295407976054a79966d5a6a", kill_on_drop: false }`
[INFO] [stdout] 2fa659be54280f05108c2d3eb0224124092153e8b295407976054a79966d5a6a
[INFO] running `Command { std: "docker" "create" "-v" "/var/lib/crater-agent-workspace/builds/worker-5-tc1/target:/opt/rustwide/target:rw,Z" "-v" "/var/lib/crater-agent-workspace/builds/worker-5-tc1/source:/opt/rustwide/workdir:ro,Z" "-v" "/var/lib/crater-agent-workspace/cargo-home:/opt/rustwide/cargo-home:ro,Z" "-v" "/var/lib/crater-agent-workspace/rustup-home:/opt/rustwide/rustup-home:ro,Z" "-e" "SOURCE_DIR=/opt/rustwide/workdir" "-e" "CARGO_TARGET_DIR=/opt/rustwide/target" "-e" "CARGO_INCREMENTAL=0" "-e" "RUST_BACKTRACE=full" "-e" "RUSTFLAGS=--cap-lints=warn" "-e" "RUSTDOCFLAGS=--cap-lints=warn" "-e" "CARGO_HOME=/opt/rustwide/cargo-home" "-e" "RUSTUP_HOME=/opt/rustwide/rustup-home" "-w" "/opt/rustwide/workdir" "-m" "1610612736" "--user" "0:0" "--network" "none" "ghcr.io/rust-lang/crates-build-env/linux@sha256:2788e3201cd34a07e3172128adcd8b3090168a8e3bcc40d7c032b9dda1df7d1c" "/opt/rustwide/cargo-home/bin/cargo" "+1.75.0" "build" "--frozen" "--message-format=json", kill_on_drop: false }`
[INFO] [stdout] f8ecd2dcbe11f3f90b8b84847dc9d42b6f70867800460afb92acd35c763558db
[INFO] running `Command { std: "docker" "start" "-a" "f8ecd2dcbe11f3f90b8b84847dc9d42b6f70867800460afb92acd35c763558db", kill_on_drop: false }`
[INFO] [stderr]    Compiling memchr v2.7.1
[INFO] [stderr]    Compiling syn v1.0.109
[INFO] [stderr]    Compiling ident_case v1.0.1
[INFO] [stderr]    Compiling strsim v0.10.0
[INFO] [stderr]    Compiling syn v2.0.48
[INFO] [stderr]    Compiling fnv v1.0.7
[INFO] [stderr]    Compiling num-integer v0.1.45
[INFO] [stderr]    Compiling pin-project-lite v0.2.13
[INFO] [stderr]    Compiling num_cpus v1.16.0
[INFO] [stderr]    Compiling hashbrown v0.14.3
[INFO] [stderr]    Compiling equivalent v1.0.1
[INFO] [stderr]    Compiling regex-syntax v0.8.2
[INFO] [stderr]    Compiling backtrace v0.3.69
[INFO] [stderr]    Compiling aho-corasick v1.1.2
[INFO] [stderr]    Compiling toml_datetime v0.6.3
[INFO] [stderr]    Compiling thiserror v1.0.56
[INFO] [stderr]    Compiling indexmap v2.1.0
[INFO] [stderr]    Compiling rustix v0.38.28
[INFO] [stderr]    Compiling futures-sink v0.3.30
[INFO] [stderr]    Compiling tinyvec_macros v0.1.1
[INFO] [stderr]    Compiling gimli v0.28.1
[INFO] [stderr]    Compiling winnow v0.5.32
[INFO] [stderr]    Compiling adler v1.0.2
[INFO] [stderr]    Compiling futures-core v0.3.30
[INFO] [stderr]    Compiling miniz_oxide v0.7.1
[INFO] [stderr]    Compiling futures-channel v0.3.30
[INFO] [stderr]    Compiling tinyvec v1.6.0
[INFO] [stderr]    Compiling num-bigint v0.2.6
[INFO] [stderr]    Compiling regex-automata v0.4.3
[INFO] [stderr]    Compiling toml_edit v0.20.2
[INFO] [stderr]    Compiling object v0.32.2
[INFO] [stderr]    Compiling darling_core v0.14.4
[INFO] [stderr]    Compiling addr2line v0.21.0
[INFO] [stderr]    Compiling dirs-sys-next v0.1.2
[INFO] [stderr]    Compiling futures-io v0.3.30
[INFO] [stderr]    Compiling radium v0.7.0
[INFO] [stderr]    Compiling pin-utils v0.1.0
[INFO] [stderr]    Compiling regex v1.10.2
[INFO] [stderr]    Compiling futures-task v0.3.30
[INFO] [stderr]    Compiling async-trait v0.1.77
[INFO] [stderr]    Compiling bitflags v2.4.1
[INFO] [stderr]    Compiling anyhow v1.0.79
[INFO] [stderr]    Compiling rustc-demangle v0.1.23
[INFO] [stderr]    Compiling once_cell v1.19.0
[INFO] [stderr]    Compiling linux-raw-sys v0.4.12
[INFO] [stderr]    Compiling bytes v1.5.0
[INFO] [stderr]    Compiling dirs-next v2.0.0
[INFO] [stderr]    Compiling proc-macro-crate v2.0.1
[INFO] [stderr]    Compiling num-rational v0.2.4
[INFO] [stderr]    Compiling serde_derive v1.0.194
[INFO] [stderr]    Compiling futures-macro v0.3.30
[INFO] [stderr]    Compiling darling_macro v0.14.4
[INFO] [stderr]    Compiling thiserror-impl v1.0.56
[INFO] [stderr]    Compiling tokio-macros v2.2.0
[INFO] [stderr]    Compiling darling v0.14.4
[INFO] [stderr]    Compiling derive_builder_core v0.12.0
[INFO] [stderr]    Compiling futures-util v0.3.30
[INFO] [stderr]    Compiling tokio v1.35.1
[INFO] [stderr]    Compiling unicode-normalization v0.1.22
[INFO] [stderr]    Compiling num-iter v0.1.43
[INFO] [stderr]    Compiling itertools v0.11.0
[INFO] [stderr]    Compiling csv-core v0.1.11
[INFO] [stderr]    Compiling taos-error v0.10.27
[INFO] [stderr]    Compiling rustversion v1.0.14
[INFO] [stderr]    Compiling rust_decimal v1.33.1
[INFO] [stderr]    Compiling convert_case v0.4.0
[INFO] [stderr]    Compiling unicode-bidi v0.3.14
[INFO] [stderr]    Compiling tap v1.0.1
[INFO] [stderr]    Compiling percent-encoding v2.3.1
[INFO] [stderr]    Compiling urlencoding v2.1.3
[INFO] [stderr]    Compiling form_urlencoded v1.2.1
[INFO] [stderr]    Compiling derive_more v0.99.17
[INFO] [stderr]    Compiling wyz v0.5.1
[INFO] [stderr]    Compiling idna v0.5.0
[INFO] [stderr]    Compiling mdsn v0.2.22
[INFO] [stderr]    Compiling derive_builder_macro v0.12.0
[INFO] [stderr]    Compiling num v0.2.1
[INFO] [stderr]    Compiling is-terminal v0.4.10
[INFO] [stderr]    Compiling futures-executor v0.3.30
[INFO] [stderr]    Compiling deadpool-runtime v0.1.3
[INFO] [stderr]    Compiling num_enum_derive v0.7.1
[INFO] [stderr]    Compiling term v0.7.0
[INFO] [stderr]    Compiling serde v1.0.194
[INFO] [stderr]    Compiling taos-query v0.10.27
[INFO] [stderr]    Compiling encode_unicode v1.0.0
[INFO] [stderr]    Compiling unicode-width v0.1.11
[INFO] [stderr]    Compiling arrayvec v0.7.4
[INFO] [stderr]    Compiling funty v2.0.0
[INFO] [stderr]    Compiling nom v7.1.3
[INFO] [stderr]    Compiling derive_builder v0.12.0
[INFO] [stderr]    Compiling futures v0.3.30
[INFO] [stderr]    Compiling rayon v1.8.0
[INFO] [stderr]    Compiling deadpool v0.10.0
[INFO] [stderr]    Compiling bitvec v1.0.1
[INFO] [stderr]    Compiling num_enum v0.7.1
[INFO] [stderr]    Compiling parse_duration v2.1.1
[INFO] [stderr]    Compiling url v2.5.0
[INFO] [stderr]    Compiling fun_time_derive v0.2.1
[INFO] [stderr]    Compiling tracing-attributes v0.1.27
[INFO] [stderr]    Compiling serde_repr v0.1.18
[INFO] [stderr]    Compiling dlopen2_derive v0.4.0
[INFO] [stderr]    Compiling tracing-core v0.1.32
[INFO] [stderr]    Compiling fun_time v0.2.1
[INFO] [stderr]    Compiling taos-macros v0.2.16
[INFO] [stderr]    Compiling csv v1.3.0
[INFO] [stderr]    Compiling chrono v0.4.31
[INFO] [stderr]    Compiling serde_json v1.0.111
[INFO] [stderr]    Compiling dlopen2 v0.6.1
[INFO] [stderr]    Compiling prettytable v0.10.0
[INFO] [stderr]    Compiling tracing v0.1.40
[INFO] [stderr]    Compiling taos-optin v0.10.22 (/opt/rustwide/workdir)
[INFO] [stdout] error[E0046]: not all trait items implemented, missing: `commit_offset`, `list_topics`, `committed`, `position`
[INFO] [stdout]    --> src/tmq/mod.rs:419:1
[INFO] [stdout]     |
[INFO] [stdout] 419 | impl AsConsumer for Consumer {
[INFO] [stdout]     | ^^^^^^^^^^^^^^^^^^^^^^^^^^^^ missing `commit_offset`, `list_topics`, `committed`, `position` in implementation
[INFO] [stdout]     |
[INFO] [stdout]     = help: implement the missing item: `fn commit_offset(&self, _: &str, _: i32, _: i64) -> Result<(), RawError> { todo!() }`
[INFO] [stdout]     = help: implement the missing item: `fn list_topics(&self) -> Result<Vec<std::string::String>, RawError> { todo!() }`
[INFO] [stdout]     = help: implement the missing item: `fn committed(&self, _: &str, _: i32) -> Result<i64, RawError> { todo!() }`
[INFO] [stdout]     = help: implement the missing item: `fn position(&self, _: &str, _: i32) -> Result<i64, RawError> { todo!() }`
[INFO] [stdout] 
[INFO] [stdout] 
[INFO] [stdout] error[E0046]: not all trait items implemented, missing: `commit_offset`, `list_topics`, `committed`, `position`
[INFO] [stdout]    --> src/tmq/mod.rs:488:1
[INFO] [stdout]     |
[INFO] [stdout] 488 | impl AsAsyncConsumer for Consumer {
[INFO] [stdout]     | ^^^^^^^^^^^^^^^^^^^^^^^^^^^^^^^^^ missing `commit_offset`, `list_topics`, `committed`, `position` in implementation
[INFO] [stdout]     |
[INFO] [stdout]     = help: implement the missing item: `fn commit_offset(&'life0 self, _: &'life1 str, _: i32, _: i64) -> Pin<Box<(dyn Future<Output = Result<(), RawError>> + Send + 'async_trait)>> { todo!() }`
[INFO] [stdout]     = help: implement the missing item: `fn list_topics(&'life0 self) -> Pin<Box<(dyn Future<Output = Result<Vec<std::string::String>, RawError>> + Send + 'async_trait)>> { todo!() }`
[INFO] [stdout]     = help: implement the missing item: `fn committed(&'life0 self, _: &'life1 str, _: i32) -> Pin<Box<(dyn Future<Output = Result<i64, RawError>> + Send + 'async_trait)>> { todo!() }`
[INFO] [stdout]     = help: implement the missing item: `fn position(&'life0 self, _: &'life1 str, _: i32) -> Pin<Box<(dyn Future<Output = Result<i64, RawError>> + Send + 'async_trait)>> { todo!() }`
[INFO] [stdout] 
[INFO] [stdout] 
[INFO] [stdout] error[E0277]: the trait bound `std::string::String: From<i32>` is not satisfied
[INFO] [stdout]    --> src/raw/mod.rs:792:17
[INFO] [stdout]     |
[INFO] [stdout] 790 |             return Err(RawError::new_with_context(
[INFO] [stdout]     |                        -------------------------- required by a bound introduced by this call
[INFO] [stdout] 791 |                 code,
[INFO] [stdout] 792 |                 str,
[INFO] [stdout]     |                 ^^^ the trait `From<i32>` is not implemented for `std::string::String`
[INFO] [stdout]     |
[INFO] [stdout]     = help: the following other types implement trait `From<T>`:
[INFO] [stdout]               <std::string::String as From<char>>
[INFO] [stdout]               <std::string::String as From<Box<str>>>
[INFO] [stdout]               <std::string::String as From<Cow<'a, str>>>
[INFO] [stdout]               <std::string::String as From<SchemalessPrecision>>
[INFO] [stdout]               <std::string::String as From<IVarChar>>
[INFO] [stdout]               <std::string::String as From<INChar>>
[INFO] [stdout]               <std::string::String as From<&str>>
[INFO] [stdout]               <std::string::String as From<&mut str>>
[INFO] [stdout]               <std::string::String as From<&std::string::String>>
[INFO] [stdout]     = note: required for `i32` to implement `Into<std::string::String>`
[INFO] [stdout] note: required by a bound in `RawError::new_with_context`
[INFO] [stdout]    --> /opt/rustwide/cargo-home/registry/src/index.crates.io-6f17d22bba15001f/taos-error-0.10.27/src/lib.rs:171:19
[INFO] [stdout]     |
[INFO] [stdout] 169 |     pub fn new_with_context(
[INFO] [stdout]     |            ---------------- required by a bound in this associated function
[INFO] [stdout] 170 |         code: impl Into<Code>,
[INFO] [stdout] 171 |         err: impl Into<String>,
[INFO] [stdout]     |                   ^^^^^^^^^^^^ required by this bound in `RawError::new_with_context`
[INFO] [stdout] 
[INFO] [stdout] 
[INFO] [stdout] error: aborting due to 3 previous errors
[INFO] [stdout] 
[INFO] [stdout] 
[INFO] [stdout] Some errors have detailed explanations: E0046, E0277.
[INFO] [stdout] 
[INFO] [stdout] For more information about an error, try `rustc --explain E0046`.
[INFO] [stdout] 
[INFO] [stderr] error: could not compile `taos-optin` (lib) due to 4 previous errors
[INFO] [stderr] warning: build failed, waiting for other jobs to finish...
[INFO] running `Command { std: "docker" "inspect" "f8ecd2dcbe11f3f90b8b84847dc9d42b6f70867800460afb92acd35c763558db", kill_on_drop: false }`
[INFO] running `Command { std: "docker" "rm" "-f" "f8ecd2dcbe11f3f90b8b84847dc9d42b6f70867800460afb92acd35c763558db", kill_on_drop: false }`
[INFO] [stdout] f8ecd2dcbe11f3f90b8b84847dc9d42b6f70867800460afb92acd35c763558db
