[INFO] fetching crate tantivy 0.21.1...
[INFO] testing tantivy-0.21.1 against 1.75.0 for beta-1.76-1
[INFO] extracting crate tantivy 0.21.1 into /workspace/builds/worker-3-tc1/source
[INFO] validating manifest of crates.io crate tantivy 0.21.1 on toolchain 1.75.0
[INFO] running `Command { std: CARGO_HOME="/workspace/cargo-home" RUSTUP_HOME="/workspace/rustup-home" "/workspace/cargo-home/bin/cargo" "+1.75.0" "metadata" "--manifest-path" "Cargo.toml" "--no-deps", kill_on_drop: false }`
[INFO] started tweaking crates.io crate tantivy 0.21.1
[INFO] removed 0 missing tests
[INFO] finished tweaking crates.io crate tantivy 0.21.1
[INFO] tweaked toml for crates.io crate tantivy 0.21.1 written to /workspace/builds/worker-3-tc1/source/Cargo.toml
[INFO] crate crates.io crate tantivy 0.21.1 already has a lockfile, it will not be regenerated
[INFO] running `Command { std: CARGO_HOME="/workspace/cargo-home" RUSTUP_HOME="/workspace/rustup-home" "/workspace/cargo-home/bin/cargo" "+1.75.0" "fetch" "--manifest-path" "Cargo.toml", kill_on_drop: false }`
[INFO] [stderr]     Updating crates.io index
[INFO] [stderr]  Downloading crates ...
[INFO] [stderr]   Downloaded murmurhash32 v0.3.0
[INFO] [stderr]   Downloaded tantivy-stacker v0.2.0
[INFO] [stderr]   Downloaded tantivy-bitpacker v0.5.0
[INFO] [stderr]   Downloaded generator v0.7.4
[INFO] [stderr]   Downloaded oneshot v0.1.5
[INFO] [stderr]   Downloaded tantivy-query-grammar v0.21.0
[INFO] [stderr]   Downloaded ownedbytes v0.6.0
[INFO] [stderr]   Downloaded tantivy-tokenizer-api v0.2.0
[INFO] [stderr]   Downloaded proptest v1.2.0
[INFO] [stderr]   Downloaded tantivy-sstable v0.2.0
[INFO] [stderr]   Downloaded tantivy-columnar v0.2.0
[INFO] [stderr]   Downloaded tantivy-common v0.6.0
[INFO] [stderr]   Downloaded lru v0.11.0
[INFO] [stderr]   Downloaded clap v4.3.2
[INFO] [stderr]   Downloaded test-log v0.2.11
[INFO] [stderr]   Downloaded fs4 v0.6.5
[INFO] running `Command { std: "docker" "create" "-v" "/var/lib/crater-agent-workspace/builds/worker-3-tc1/target:/opt/rustwide/target:rw,Z" "-v" "/var/lib/crater-agent-workspace/builds/worker-3-tc1/source:/opt/rustwide/workdir:ro,Z" "-v" "/var/lib/crater-agent-workspace/cargo-home:/opt/rustwide/cargo-home:ro,Z" "-v" "/var/lib/crater-agent-workspace/rustup-home:/opt/rustwide/rustup-home:ro,Z" "-e" "SOURCE_DIR=/opt/rustwide/workdir" "-e" "CARGO_TARGET_DIR=/opt/rustwide/target" "-e" "CARGO_HOME=/opt/rustwide/cargo-home" "-e" "RUSTUP_HOME=/opt/rustwide/rustup-home" "-w" "/opt/rustwide/workdir" "-m" "1610612736" "--user" "0:0" "--network" "none" "ghcr.io/rust-lang/crates-build-env/linux@sha256:2788e3201cd34a07e3172128adcd8b3090168a8e3bcc40d7c032b9dda1df7d1c" "/opt/rustwide/cargo-home/bin/cargo" "+1.75.0" "metadata" "--no-deps" "--format-version=1", kill_on_drop: false }`
[INFO] [stdout] edc119ba2bfef100d4453e7ab68e7dc23cfbfc5dd3212098b258de9591c6967e
[INFO] running `Command { std: "docker" "start" "-a" "edc119ba2bfef100d4453e7ab68e7dc23cfbfc5dd3212098b258de9591c6967e", kill_on_drop: false }`
[INFO] running `Command { std: "docker" "inspect" "edc119ba2bfef100d4453e7ab68e7dc23cfbfc5dd3212098b258de9591c6967e", kill_on_drop: false }`
[INFO] running `Command { std: "docker" "rm" "-f" "edc119ba2bfef100d4453e7ab68e7dc23cfbfc5dd3212098b258de9591c6967e", kill_on_drop: false }`
[INFO] [stdout] edc119ba2bfef100d4453e7ab68e7dc23cfbfc5dd3212098b258de9591c6967e
[INFO] running `Command { std: "docker" "create" "-v" "/var/lib/crater-agent-workspace/builds/worker-3-tc1/target:/opt/rustwide/target:rw,Z" "-v" "/var/lib/crater-agent-workspace/builds/worker-3-tc1/source:/opt/rustwide/workdir:ro,Z" "-v" "/var/lib/crater-agent-workspace/cargo-home:/opt/rustwide/cargo-home:ro,Z" "-v" "/var/lib/crater-agent-workspace/rustup-home:/opt/rustwide/rustup-home:ro,Z" "-e" "SOURCE_DIR=/opt/rustwide/workdir" "-e" "CARGO_TARGET_DIR=/opt/rustwide/target" "-e" "CARGO_INCREMENTAL=0" "-e" "RUST_BACKTRACE=full" "-e" "RUSTFLAGS=--cap-lints=warn" "-e" "RUSTDOCFLAGS=--cap-lints=warn" "-e" "CARGO_HOME=/opt/rustwide/cargo-home" "-e" "RUSTUP_HOME=/opt/rustwide/rustup-home" "-w" "/opt/rustwide/workdir" "-m" "1610612736" "--user" "0:0" "--network" "none" "ghcr.io/rust-lang/crates-build-env/linux@sha256:2788e3201cd34a07e3172128adcd8b3090168a8e3bcc40d7c032b9dda1df7d1c" "/opt/rustwide/cargo-home/bin/cargo" "+1.75.0" "build" "--frozen" "--message-format=json", kill_on_drop: false }`
[INFO] [stdout] 1732e2123e7c3a95cdaf55b12be4f03bd2d199c71c543293bdbff29cc549343a
[INFO] running `Command { std: "docker" "start" "-a" "1732e2123e7c3a95cdaf55b12be4f03bd2d199c71c543293bdbff29cc549343a", kill_on_drop: false }`
[INFO] [stderr]    Compiling proc-macro2 v1.0.60
[INFO] [stderr]    Compiling quote v1.0.28
[INFO] [stderr]    Compiling unicode-ident v1.0.9
[INFO] [stderr]    Compiling libc v0.2.146
[INFO] [stderr]    Compiling serde v1.0.164
[INFO] [stderr]    Compiling pkg-config v0.3.27
[INFO] [stderr]    Compiling crossbeam-utils v0.8.15
[INFO] [stderr]    Compiling memoffset v0.8.0
[INFO] [stderr]    Compiling async-trait v0.1.68
[INFO] [stderr]    Compiling itoa v1.0.6
[INFO] [stderr]    Compiling crossbeam-epoch v0.9.14
[INFO] [stderr]    Compiling time-core v0.1.1
[INFO] [stderr]    Compiling stable_deref_trait v1.2.0
[INFO] [stderr]    Compiling io-lifetimes v1.0.11
[INFO] [stderr]    Compiling zstd-safe v6.0.5+zstd.1.5.4
[INFO] [stderr]    Compiling memchr v2.5.0
[INFO] [stderr]    Compiling ahash v0.8.3
[INFO] [stderr]    Compiling ownedbytes v0.6.0
[INFO] [stderr]    Compiling jobserver v0.1.26
[INFO] [stderr]    Compiling syn v2.0.18
[INFO] [stderr]    Compiling rustix v0.37.19
[INFO] [stderr]    Compiling once_cell v1.18.0
[INFO] [stderr]    Compiling cc v1.0.79
[INFO] [stderr]    Compiling utf8-ranges v1.0.5
[INFO] [stderr]    Compiling either v1.8.1
[INFO] [stderr]    Compiling log v0.4.18
[INFO] [stderr]    Compiling rayon-core v1.11.0
[INFO] [stderr]    Compiling linux-raw-sys v0.3.8
[INFO] [stderr]    Compiling tantivy-fst v0.4.0
[INFO] [stderr]    Compiling num_cpus v1.15.0
[INFO] [stderr]    Compiling crossbeam-deque v0.8.3
[INFO] [stderr]    Compiling bitpacking v0.8.4
[INFO] [stderr]    Compiling crossbeam-channel v0.5.8
[INFO] [stderr]    Compiling tempfile v3.6.0
[INFO] [stderr]    Compiling serde_json v1.0.96
[INFO] [stderr]    Compiling murmurhash32 v0.3.0
[INFO] [stderr]    Compiling thiserror v1.0.40
[INFO] [stderr]    Compiling zstd-sys v2.0.8+zstd.1.5.5
[INFO] [stderr]    Compiling hashbrown v0.14.0
[INFO] [stderr]    Compiling nom v7.1.3
[INFO] [stderr]    Compiling getrandom v0.2.10
[INFO] [stderr]    Compiling itertools v0.11.0
[INFO] [stderr]    Compiling instant v0.1.12
[INFO] [stderr]    Compiling fastdivide v0.4.0
[INFO] [stderr]    Compiling regex-syntax v0.7.2
[INFO] [stderr]    Compiling ryu v1.0.13
[INFO] [stderr]    Compiling fastrand v1.9.0
[INFO] [stderr]    Compiling lru v0.11.0
[INFO] [stderr]    Compiling rayon v1.7.0
[INFO] [stderr]    Compiling tantivy-query-grammar v0.21.0
[INFO] [stderr]    Compiling fs4 v0.6.5
[INFO] [stderr]    Compiling measure_time v0.8.2
[INFO] [stderr]    Compiling memmap2 v0.7.1
[INFO] [stderr]    Compiling tantivy-bitpacker v0.5.0
[INFO] [stderr]    Compiling aho-corasick v1.0.2
[INFO] [stderr]    Compiling regex v1.8.4
[INFO] [stderr]    Compiling levenshtein_automata v0.2.1
[INFO] [stderr]    Compiling serde_derive v1.0.164
[INFO] [stderr]    Compiling thiserror-impl v1.0.40
[INFO] [stderr]    Compiling census v0.4.1
[INFO] [stderr]    Compiling base64 v0.21.2
[INFO] [stderr]    Compiling lz4_flex v0.11.1
[INFO] [stderr]    Compiling arc-swap v1.6.0
[INFO] [stderr]    Compiling oneshot v0.1.5
[INFO] [stderr]    Compiling htmlescape v0.3.1
[INFO] [stderr]    Compiling downcast-rs v1.2.0
[INFO] [stderr]    Compiling zstd v0.12.3+zstd.1.5.2
[INFO] [stderr]    Compiling time v0.3.22
[INFO] [stderr]    Compiling uuid v1.3.3
[INFO] [stderr]    Compiling tantivy-tokenizer-api v0.2.0
[INFO] [stderr]    Compiling sketches-ddsketch v0.2.1
[INFO] [stderr]    Compiling rust-stemmers v1.2.0
[INFO] [stderr]    Compiling tantivy-common v0.6.0
[INFO] [stderr]    Compiling tantivy-stacker v0.2.0
[INFO] [stderr]    Compiling tantivy-sstable v0.2.0
[INFO] [stderr]    Compiling tantivy-columnar v0.2.0
[INFO] [stderr]    Compiling tantivy v0.21.1 (/opt/rustwide/workdir)
[INFO] [stdout] warning: unused import: `self::segment_manager::SegmentManager`
[INFO] [stdout]   --> src/indexer/mod.rs:32:9
[INFO] [stdout]    |
[INFO] [stdout] 32 | pub use self::segment_manager::SegmentManager;
[INFO] [stdout]    |         ^^^^^^^^^^^^^^^^^^^^^^^^^^^^^^^^^^^^^
[INFO] [stdout]    |
[INFO] [stdout]    = note: `#[warn(unused_imports)]` on by default
[INFO] [stdout] 
[INFO] [stdout] 
[INFO] [stdout] warning: unused doc comment
[INFO] [stdout]   --> src/aggregation/agg_limits.rs:76:13
[INFO] [stdout]    |
[INFO] [stdout] 76 |             /// The counter which is shared between the aggregations for one request.
[INFO] [stdout]    |             ^^^^^^^^^^^^^^^^^^^^^^^^^^^^^^^^^^^^^^^^^^^^^^^^^^^^^^^^^^^^^^^^^^^^^^^^^
[INFO] [stdout] 77 |             memory_consumption: Arc::clone(&self.memory_consumption),
[INFO] [stdout]    |             -------------------------------------------------------- rustdoc does not generate documentation for expression fields
[INFO] [stdout]    |
[INFO] [stdout]    = help: use `//` for a plain comment
[INFO] [stdout]    = note: `#[warn(unused_doc_comments)]` on by default
[INFO] [stdout] 
[INFO] [stdout] 
[INFO] [stdout] warning: unused doc comment
[INFO] [stdout]   --> src/aggregation/agg_limits.rs:78:13
[INFO] [stdout]    |
[INFO] [stdout] 78 |             /// The memory_limit in bytes
[INFO] [stdout]    |             ^^^^^^^^^^^^^^^^^^^^^^^^^^^^^
[INFO] [stdout] 79 |             memory_limit: self.memory_limit,
[INFO] [stdout]    |             ------------------------------- rustdoc does not generate documentation for expression fields
[INFO] [stdout]    |
[INFO] [stdout]    = help: use `//` for a plain comment
[INFO] [stdout] 
[INFO] [stdout] 
[INFO] [stdout] warning: unused import: `RangeWeight`
[INFO] [stdout]   --> src/query/range_query/mod.rs:10:41
[INFO] [stdout]    |
[INFO] [stdout] 10 | pub use self::range_query::{RangeQuery, RangeWeight};
[INFO] [stdout]    |                                         ^^^^^^^^^^^
[INFO] [stdout] 
[INFO] [stdout] 
[INFO] [stdout] warning: unused import: `self::term_weight::TermWeight`
[INFO] [stdout]  --> src/query/term_query/mod.rs:7:9
[INFO] [stdout]   |
[INFO] [stdout] 7 | pub use self::term_weight::TermWeight;
[INFO] [stdout]   |         ^^^^^^^^^^^^^^^^^^^^^^^^^^^^^
[INFO] [stdout] 
[INFO] [stdout] 
[INFO] [stdout] warning: 5 warnings emitted
[INFO] [stdout] 
[INFO] [stdout] 
[INFO] [stderr]     Finished dev [unoptimized + debuginfo] target(s) in 28.69s
[INFO] running `Command { std: "docker" "inspect" "1732e2123e7c3a95cdaf55b12be4f03bd2d199c71c543293bdbff29cc549343a", kill_on_drop: false }`
[INFO] running `Command { std: "docker" "rm" "-f" "1732e2123e7c3a95cdaf55b12be4f03bd2d199c71c543293bdbff29cc549343a", kill_on_drop: false }`
[INFO] [stdout] 1732e2123e7c3a95cdaf55b12be4f03bd2d199c71c543293bdbff29cc549343a
[INFO] running `Command { std: "docker" "create" "-v" "/var/lib/crater-agent-workspace/builds/worker-3-tc1/target:/opt/rustwide/target:rw,Z" "-v" "/var/lib/crater-agent-workspace/builds/worker-3-tc1/source:/opt/rustwide/workdir:ro,Z" "-v" "/var/lib/crater-agent-workspace/cargo-home:/opt/rustwide/cargo-home:ro,Z" "-v" "/var/lib/crater-agent-workspace/rustup-home:/opt/rustwide/rustup-home:ro,Z" "-e" "SOURCE_DIR=/opt/rustwide/workdir" "-e" "CARGO_TARGET_DIR=/opt/rustwide/target" "-e" "CARGO_INCREMENTAL=0" "-e" "RUST_BACKTRACE=full" "-e" "RUSTFLAGS=--cap-lints=warn" "-e" "RUSTDOCFLAGS=--cap-lints=warn" "-e" "CARGO_HOME=/opt/rustwide/cargo-home" "-e" "RUSTUP_HOME=/opt/rustwide/rustup-home" "-w" "/opt/rustwide/workdir" "-m" "1610612736" "--user" "0:0" "--network" "none" "ghcr.io/rust-lang/crates-build-env/linux@sha256:2788e3201cd34a07e3172128adcd8b3090168a8e3bcc40d7c032b9dda1df7d1c" "/opt/rustwide/cargo-home/bin/cargo" "+1.75.0" "test" "--frozen" "--no-run" "--message-format=json", kill_on_drop: false }`
[INFO] [stdout] 6a45a54bc28f5b213bd52331fd72521b962d48564f15217b206bd7b30ae8d372
[INFO] running `Command { std: "docker" "start" "-a" "6a45a54bc28f5b213bd52331fd72521b962d48564f15217b206bd7b30ae8d372", kill_on_drop: false }`
[INFO] [stderr]    Compiling io-lifetimes v1.0.11
[INFO] [stderr]    Compiling rustix v0.37.19
[INFO] [stderr]    Compiling getrandom v0.2.10
[INFO] [stderr]    Compiling libm v0.2.7
[INFO] [stderr]    Compiling num-traits v0.2.15
[INFO] [stderr]    Compiling log v0.4.18
[INFO] [stderr]    Compiling futures-core v0.3.28
[INFO] [stderr]    Compiling futures-task v0.3.28
[INFO] [stderr]    Compiling rand_core v0.6.4
[INFO] [stderr]    Compiling futures-channel v0.3.28
[INFO] [stderr]    Compiling rand_chacha v0.3.1
[INFO] [stderr]    Compiling aho-corasick v1.0.2
[INFO] [stderr]    Compiling futures-util v0.3.28
[INFO] [stderr]    Compiling futures-sink v0.3.28
[INFO] [stderr]    Compiling rand v0.8.5
[INFO] [stderr]    Compiling futures-macro v0.3.28
[INFO] [stderr]    Compiling futures-io v0.3.28
[INFO] [stderr]    Compiling anstyle v1.0.0
[INFO] [stderr]    Compiling clap_lex v0.5.0
[INFO] [stderr]    Compiling ciborium-io v0.2.1
[INFO] [stderr]    Compiling half v1.8.2
[INFO] [stderr]    Compiling plotters-backend v0.3.4
[INFO] [stderr]    Compiling nom v7.1.3
[INFO] [stderr]    Compiling regex v1.8.4
[INFO] [stderr]    Compiling ciborium-ll v0.2.1
[INFO] [stderr]    Compiling plotters-svg v0.3.3
[INFO] [stderr]    Compiling clap_builder v4.3.1
[INFO] [stderr]    Compiling itertools v0.10.5
[INFO] [stderr]    Compiling wait-timeout v0.2.0
[INFO] [stderr]    Compiling cast v0.3.0
[INFO] [stderr]    Compiling bit-vec v0.6.3
[INFO] [stderr]    Compiling tempfile v3.6.0
[INFO] [stderr]    Compiling is-terminal v0.4.7
[INFO] [stderr]    Compiling paste v1.0.12
[INFO] [stderr]    Compiling same-file v1.0.6
[INFO] [stderr]    Compiling rusty-fork v0.3.0
[INFO] [stderr]    Compiling walkdir v2.3.3
[INFO] [stderr]    Compiling tantivy-query-grammar v0.21.0
[INFO] [stderr]    Compiling criterion-plot v0.5.0
[INFO] [stderr]    Compiling bit-set v0.5.3
[INFO] [stderr]    Compiling fs4 v0.6.5
[INFO] [stderr]    Compiling measure_time v0.8.2
[INFO] [stderr]    Compiling plotters v0.3.4
[INFO] [stderr]    Compiling clap v4.3.2
[INFO] [stderr]    Compiling syn v1.0.109
[INFO] [stderr]    Compiling ciborium v0.2.1
[INFO] [stderr]    Compiling tinytemplate v1.2.1
[INFO] [stderr]    Compiling rand_xorshift v0.3.0
[INFO] [stderr]    Compiling futures-executor v0.3.28
[INFO] [stderr]    Compiling uuid v1.3.3
[INFO] [stderr]    Compiling oorandom v11.1.3
[INFO] [stderr]    Compiling yansi v0.5.1
[INFO] [stderr]    Compiling anes v0.1.6
[INFO] [stderr]    Compiling unarray v0.1.4
[INFO] [stderr]    Compiling env_logger v0.10.0
[INFO] [stderr]    Compiling pretty_assertions v1.3.0
[INFO] [stderr]    Compiling criterion v0.5.1
[INFO] [stderr]    Compiling proptest v1.2.0
[INFO] [stderr]    Compiling futures v0.3.28
[INFO] [stderr]    Compiling rand_distr v0.4.3
[INFO] [stderr]    Compiling fail v0.5.1
[INFO] [stderr]    Compiling more-asserts v0.3.1
[INFO] [stderr]    Compiling matches v0.1.10
[INFO] [stderr]    Compiling maplit v1.0.2
[INFO] [stderr]    Compiling tantivy v0.21.1 (/opt/rustwide/workdir)
[INFO] [stdout] warning: unused import: `self::segment_manager::SegmentManager`
[INFO] [stdout]   --> src/indexer/mod.rs:32:9
[INFO] [stdout]    |
[INFO] [stdout] 32 | pub use self::segment_manager::SegmentManager;
[INFO] [stdout]    |         ^^^^^^^^^^^^^^^^^^^^^^^^^^^^^^^^^^^^^
[INFO] [stdout]    |
[INFO] [stdout]    = note: `#[warn(unused_imports)]` on by default
[INFO] [stdout] 
[INFO] [stdout] 
[INFO] [stdout] warning: unused doc comment
[INFO] [stdout]   --> src/aggregation/agg_limits.rs:76:13
[INFO] [stdout]    |
[INFO] [stdout] 76 |             /// The counter which is shared between the aggregations for one request.
[INFO] [stdout]    |             ^^^^^^^^^^^^^^^^^^^^^^^^^^^^^^^^^^^^^^^^^^^^^^^^^^^^^^^^^^^^^^^^^^^^^^^^^
[INFO] [stdout] 77 |             memory_consumption: Arc::clone(&self.memory_consumption),
[INFO] [stdout]    |             -------------------------------------------------------- rustdoc does not generate documentation for expression fields
[INFO] [stdout]    |
[INFO] [stdout]    = help: use `//` for a plain comment
[INFO] [stdout]    = note: `#[warn(unused_doc_comments)]` on by default
[INFO] [stdout] 
[INFO] [stdout] 
[INFO] [stdout] warning: unused doc comment
[INFO] [stdout]   --> src/aggregation/agg_limits.rs:78:13
[INFO] [stdout]    |
[INFO] [stdout] 78 |             /// The memory_limit in bytes
[INFO] [stdout]    |             ^^^^^^^^^^^^^^^^^^^^^^^^^^^^^
[INFO] [stdout] 79 |             memory_limit: self.memory_limit,
[INFO] [stdout]    |             ------------------------------- rustdoc does not generate documentation for expression fields
[INFO] [stdout]    |
[INFO] [stdout]    = help: use `//` for a plain comment
[INFO] [stdout] 
[INFO] [stdout] 
[INFO] [stdout] warning: unused import: `RangeWeight`
[INFO] [stdout]   --> src/query/range_query/mod.rs:10:41
[INFO] [stdout]    |
[INFO] [stdout] 10 | pub use self::range_query::{RangeQuery, RangeWeight};
[INFO] [stdout]    |                                         ^^^^^^^^^^^
[INFO] [stdout] 
[INFO] [stdout] 
[INFO] [stdout] warning: unused import: `self::term_weight::TermWeight`
[INFO] [stdout]  --> src/query/term_query/mod.rs:7:9
[INFO] [stdout]   |
[INFO] [stdout] 7 | pub use self::term_weight::TermWeight;
[INFO] [stdout]   |         ^^^^^^^^^^^^^^^^^^^^^^^^^^^^^
[INFO] [stdout] 
[INFO] [stdout] 
[INFO] [stderr]    Compiling test-log v0.2.11
[INFO] [stdout] warning: unused import: `self::segment_manager::SegmentManager`
[INFO] [stdout]   --> src/indexer/mod.rs:32:9
[INFO] [stdout]    |
[INFO] [stdout] 32 | pub use self::segment_manager::SegmentManager;
[INFO] [stdout]    |         ^^^^^^^^^^^^^^^^^^^^^^^^^^^^^^^^^^^^^
[INFO] [stdout]    |
[INFO] [stdout]    = note: `#[warn(unused_imports)]` on by default
[INFO] [stdout] 
[INFO] [stdout] 
[INFO] [stdout] warning: unused doc comment
[INFO] [stdout]   --> src/aggregation/agg_limits.rs:76:13
[INFO] [stdout]    |
[INFO] [stdout] 76 |             /// The counter which is shared between the aggregations for one request.
[INFO] [stdout]    |             ^^^^^^^^^^^^^^^^^^^^^^^^^^^^^^^^^^^^^^^^^^^^^^^^^^^^^^^^^^^^^^^^^^^^^^^^^
[INFO] [stdout] 77 |             memory_consumption: Arc::clone(&self.memory_consumption),
[INFO] [stdout]    |             -------------------------------------------------------- rustdoc does not generate documentation for expression fields
[INFO] [stdout]    |
[INFO] [stdout]    = help: use `//` for a plain comment
[INFO] [stdout]    = note: `#[warn(unused_doc_comments)]` on by default
[INFO] [stdout] 
[INFO] [stdout] 
[INFO] [stdout] warning: unused doc comment
[INFO] [stdout]   --> src/aggregation/agg_limits.rs:78:13
[INFO] [stdout]    |
[INFO] [stdout] 78 |             /// The memory_limit in bytes
[INFO] [stdout]    |             ^^^^^^^^^^^^^^^^^^^^^^^^^^^^^
[INFO] [stdout] 79 |             memory_limit: self.memory_limit,
[INFO] [stdout]    |             ------------------------------- rustdoc does not generate documentation for expression fields
[INFO] [stdout]    |
[INFO] [stdout]    = help: use `//` for a plain comment
[INFO] [stdout] 
[INFO] [stdout] 
[INFO] [stdout] warning: unused import: `RangeWeight`
[INFO] [stdout]   --> src/query/range_query/mod.rs:10:41
[INFO] [stdout]    |
[INFO] [stdout] 10 | pub use self::range_query::{RangeQuery, RangeWeight};
[INFO] [stdout]    |                                         ^^^^^^^^^^^
[INFO] [stdout] 
[INFO] [stdout] 
[INFO] [stdout] warning: unused import: `self::term_weight::TermWeight`
[INFO] [stdout]  --> src/query/term_query/mod.rs:7:9
[INFO] [stdout]   |
[INFO] [stdout] 7 | pub use self::term_weight::TermWeight;
[INFO] [stdout]   |         ^^^^^^^^^^^^^^^^^^^^^^^^^^^^^
[INFO] [stdout] 
[INFO] [stdout] 
[INFO] [stdout] warning: 5 warnings emitted
[INFO] [stdout] 
[INFO] [stdout] 
[INFO] [stderr] error: could not compile `tantivy` (lib test); 5 warnings emitted
[INFO] [stderr] 
[INFO] [stderr] Caused by:
[INFO] [stderr]   process didn't exit successfully: `/opt/rustwide/rustup-home/toolchains/1.75.0-x86_64-unknown-linux-gnu/bin/rustc --crate-name tantivy --edition=2021 src/lib.rs --error-format=json --json=diagnostic-rendered-ansi,artifacts,future-incompat --emit=dep-info,link -C embed-bitcode=no -C debuginfo=2 --test --cfg 'feature="default"' --cfg 'feature="fs4"' --cfg 'feature="lz4-compression"' --cfg 'feature="lz4_flex"' --cfg 'feature="memmap2"' --cfg 'feature="mmap"' --cfg 'feature="stopwords"' --cfg 'feature="tempfile"' -C metadata=f2ee6d621a99f9de -C extra-filename=-f2ee6d621a99f9de --out-dir /opt/rustwide/target/debug/deps -L dependency=/opt/rustwide/target/debug/deps --extern aho_corasick=/opt/rustwide/target/debug/deps/libaho_corasick-60aa60e784174434.rlib --extern arc_swap=/opt/rustwide/target/debug/deps/libarc_swap-8b2fc6ed8a78f64a.rlib --extern async_trait=/opt/rustwide/target/debug/deps/libasync_trait-64b56cf077737d79.so --extern base64=/opt/rustwide/target/debug/deps/libbase64-4ae6d688b6a59d6a.rlib --extern bitpacking=/opt/rustwide/target/debug/deps/libbitpacking-3db3bc791adc497a.rlib --extern byteorder=/opt/rustwide/target/debug/deps/libbyteorder-b7588b59c1d17615.rlib --extern census=/opt/rustwide/target/debug/deps/libcensus-8f71dd598e51a0df.rlib --extern crc32fast=/opt/rustwide/target/debug/deps/libcrc32fast-664446237529ebff.rlib --extern criterion=/opt/rustwide/target/debug/deps/libcriterion-232daf08c0aafb94.rlib --extern crossbeam_channel=/opt/rustwide/target/debug/deps/libcrossbeam_channel-9d1c7c4624a1e410.rlib --extern downcast_rs=/opt/rustwide/target/debug/deps/libdowncast_rs-c097a54188a9369f.rlib --extern env_logger=/opt/rustwide/target/debug/deps/libenv_logger-108ab69621454b72.rlib --extern fail=/opt/rustwide/target/debug/deps/libfail-f7fed6b79e7b7889.rlib --extern fastdivide=/opt/rustwide/target/debug/deps/libfastdivide-d969f5248faa4966.rlib --extern fs4=/opt/rustwide/target/debug/deps/libfs4-b7427df98ea3e80f.rlib --extern futures=/opt/rustwide/target/debug/deps/libfutures-b2673b4d21fa1d67.rlib --extern htmlescape=/opt/rustwide/target/debug/deps/libhtmlescape-941dff500fedf2c1.rlib --extern itertools=/opt/rustwide/target/debug/deps/libitertools-abd2e97c0e8469cc.rlib --extern levenshtein_automata=/opt/rustwide/target/debug/deps/liblevenshtein_automata-3f7a55e0aa156800.rlib --extern log=/opt/rustwide/target/debug/deps/liblog-8080dc044f3ecb20.rlib --extern lru=/opt/rustwide/target/debug/deps/liblru-59fe93c0fcb65007.rlib --extern lz4_flex=/opt/rustwide/target/debug/deps/liblz4_flex-21515a3ddca0acec.rlib --extern maplit=/opt/rustwide/target/debug/deps/libmaplit-3eddd30150f5540e.rlib --extern matches=/opt/rustwide/target/debug/deps/libmatches-5e4cb3d4c3233fbd.rlib --extern measure_time=/opt/rustwide/target/debug/deps/libmeasure_time-369a8bf379426c2b.rlib --extern memmap2=/opt/rustwide/target/debug/deps/libmemmap2-863aeec8fd058ba7.rlib --extern more_asserts=/opt/rustwide/target/debug/deps/libmore_asserts-d584c92d6c27e4b7.rlib --extern murmurhash32=/opt/rustwide/target/debug/deps/libmurmurhash32-1d367e2de505310b.rlib --extern num_cpus=/opt/rustwide/target/debug/deps/libnum_cpus-4d94619123781aaf.rlib --extern once_cell=/opt/rustwide/target/debug/deps/libonce_cell-a342312cc2ec3f6b.rlib --extern oneshot=/opt/rustwide/target/debug/deps/liboneshot-0aa9d69bcce2e0a0.rlib --extern paste=/opt/rustwide/target/debug/deps/libpaste-c60c46dfb3a8a062.so --extern pretty_assertions=/opt/rustwide/target/debug/deps/libpretty_assertions-c195ac61f7d18fcc.rlib --extern proptest=/opt/rustwide/target/debug/deps/libproptest-e78f486d6fd08214.rlib --extern rand=/opt/rustwide/target/debug/deps/librand-557a6928ccb4e610.rlib --extern rand_distr=/opt/rustwide/target/debug/deps/librand_distr-faeaa736b5ac2759.rlib --extern rayon=/opt/rustwide/target/debug/deps/librayon-bf1369b5185a7a34.rlib --extern regex=/opt/rustwide/target/debug/deps/libregex-1767795f91e86d30.rlib --extern rust_stemmers=/opt/rustwide/target/debug/deps/librust_stemmers-d9c97d6fa173be90.rlib --extern rustc_hash=/opt/rustwide/target/debug/deps/librustc_hash-3fb13bc50a653a23.rlib --extern serde=/opt/rustwide/target/debug/deps/libserde-d6a13b92c90ccfa3.rlib --extern serde_json=/opt/rustwide/target/debug/deps/libserde_json-c0be2996d61d4af2.rlib --extern sketches_ddsketch=/opt/rustwide/target/debug/deps/libsketches_ddsketch-5c8a6776c7b83164.rlib --extern smallvec=/opt/rustwide/target/debug/deps/libsmallvec-75a5879a2c4c0c6c.rlib --extern tantivy_bitpacker=/opt/rustwide/target/debug/deps/libtantivy_bitpacker-90a285407d4bc6d8.rlib --extern columnar=/opt/rustwide/target/debug/deps/libtantivy_columnar-f7999828a0e79dcf.rlib --extern common=/opt/rustwide/target/debug/deps/libtantivy_common-44078fed6dbadbaa.rlib --extern tantivy_fst=/opt/rustwide/target/debug/deps/libtantivy_fst-1aef3db4949f57c3.rlib --extern query_grammar=/opt/rustwide/target/debug/deps/libtantivy_query_grammar-5f0b59913a1cc92f.rlib --extern stacker=/opt/rustwide/target/debug/deps/libtantivy_stacker-363cc0e3621fc465.rlib --extern tokenizer_api=/opt/rustwide/target/debug/deps/libtantivy_tokenizer_api-00a73ec64561e530.rlib --extern tempfile=/opt/rustwide/target/debug/deps/libtempfile-6afd37dd9354070e.rlib --extern test_log=/opt/rustwide/target/debug/deps/libtest_log-0a4a90c32b4ec8e4.so --extern thiserror=/opt/rustwide/target/debug/deps/libthiserror-1fac5b9fd5855afb.rlib --extern time=/opt/rustwide/target/debug/deps/libtime-96c1e3f56b24d4e9.rlib --extern uuid=/opt/rustwide/target/debug/deps/libuuid-2a316e91cf1f2fe8.rlib --cap-lints=warn -L native=/opt/rustwide/target/debug/build/zstd-sys-78813f0bb44e8502/out` (signal: 9, SIGKILL: kill)
[INFO] [stderr] warning: build failed, waiting for other jobs to finish...
[INFO] [stdout] error: linking with `cc` failed: exit status: 1
[INFO] [stdout]   |
[INFO] [stdout]   = note: LC_ALL="C" PATH="/opt/rustwide/rustup-home/toolchains/1.75.0-x86_64-unknown-linux-gnu/lib/rustlib/x86_64-unknown-linux-gnu/bin:/opt/rustwide/cargo-home/bin:/usr/local/sbin:/usr/local/bin:/usr/sbin:/usr/bin:/sbin:/bin" VSLANG="1033" "cc" "-m64" "/tmp/rustc0Da1lZ/symbols.o" "/opt/rustwide/target/debug/examples/fuzzy_search-3edf5ff7d7218d48.fuzzy_search.cbf0076171509709-cgu.0.rcgu.o" "/opt/rustwide/target/debug/examples/fuzzy_search-3edf5ff7d7218d48.fuzzy_search.cbf0076171509709-cgu.1.rcgu.o" "/opt/rustwide/target/debug/examples/fuzzy_search-3edf5ff7d7218d48.fuzzy_search.cbf0076171509709-cgu.2.rcgu.o" "/opt/rustwide/target/debug/examples/fuzzy_search-3edf5ff7d7218d48.fuzzy_search.cbf0076171509709-cgu.3.rcgu.o" "/opt/rustwide/target/debug/examples/fuzzy_search-3edf5ff7d7218d48.xtnah1t7fikiurt.rcgu.o" "-Wl,--as-needed" "-L" "/opt/rustwide/target/debug/deps" "-L" "/opt/rustwide/target/debug/build/zstd-sys-78813f0bb44e8502/out" "-L" "/opt/rustwide/rustup-home/toolchains/1.75.0-x86_64-unknown-linux-gnu/lib/rustlib/x86_64-unknown-linux-gnu/lib" "-Wl,-Bstatic" "/opt/rustwide/target/debug/deps/libtantivy-75ba6dbae8f3a7d4.rlib" "/opt/rustwide/target/debug/deps/libsketches_ddsketch-5c8a6776c7b83164.rlib" "/opt/rustwide/target/debug/deps/liboneshot-0aa9d69bcce2e0a0.rlib" "/opt/rustwide/target/debug/deps/libcensus-8f71dd598e51a0df.rlib" "/opt/rustwide/target/debug/deps/libhtmlescape-941dff500fedf2c1.rlib" "/opt/rustwide/target/debug/deps/libarc_swap-8b2fc6ed8a78f64a.rlib" "/opt/rustwide/target/debug/deps/liblz4_flex-21515a3ddca0acec.rlib" "/opt/rustwide/target/debug/deps/liblru-59fe93c0fcb65007.rlib" "/opt/rustwide/target/debug/deps/libhashbrown-13b8b65a44ae8f2b.rlib" "/opt/rustwide/target/debug/deps/libahash-f2a716c92ab84c2e.rlib" "/opt/rustwide/target/debug/deps/liballocator_api2-87ab9ac2a3ea53c5.rlib" "/opt/rustwide/target/debug/deps/libbase64-4ae6d688b6a59d6a.rlib" "/opt/rustwide/target/debug/deps/liblevenshtein_automata-3f7a55e0aa156800.rlib" "/opt/rustwide/target/debug/deps/libcrc32fast-664446237529ebff.rlib" "/opt/rustwide/target/debug/deps/libtempfile-6afd37dd9354070e.rlib" "/opt/rustwide/target/debug/deps/libfastrand-b53203d729799780.rlib" "/opt/rustwide/target/debug/deps/libmemmap2-863aeec8fd058ba7.rlib" "/opt/rustwide/target/debug/deps/libfs4-b7427df98ea3e80f.rlib" "/opt/rustwide/target/debug/deps/librustix-f498b7d36d5bb5d3.rlib" "/opt/rustwide/target/debug/deps/libio_lifetimes-10ccf2f12e8511fe.rlib" "/opt/rustwide/target/debug/deps/libbitflags-b7cee2ca4fb438d0.rlib" "/opt/rustwide/target/debug/deps/liblinux_raw_sys-1ca3a0a37c48e6e0.rlib" "/opt/rustwide/target/debug/deps/libdowncast_rs-c097a54188a9369f.rlib" "/opt/rustwide/target/debug/deps/librust_stemmers-d9c97d6fa173be90.rlib" "/opt/rustwide/target/debug/deps/libregex-1767795f91e86d30.rlib" "/opt/rustwide/target/debug/deps/libaho_corasick-60aa60e784174434.rlib" "/opt/rustwide/target/debug/deps/libregex_syntax-61d2916c1bc652b0.rlib" "/opt/rustwide/target/debug/deps/libtantivy_tokenizer_api-00a73ec64561e530.rlib" "/opt/rustwide/target/debug/deps/libmeasure_time-369a8bf379426c2b.rlib" "/opt/rustwide/target/debug/deps/libinstant-df8c3b7330ed9a2d.rlib" "/opt/rustwide/target/debug/deps/libsmallvec-75a5879a2c4c0c6c.rlib" "/opt/rustwide/target/debug/deps/libonce_cell-a342312cc2ec3f6b.rlib" "/opt/rustwide/target/debug/deps/libuuid-2a316e91cf1f2fe8.rlib" "/opt/rustwide/target/debug/deps/libgetrandom-a08e994e2d5f9a01.rlib" "/opt/rustwide/target/debug/deps/librustc_hash-3fb13bc50a653a23.rlib" "/opt/rustwide/target/debug/deps/librayon-bf1369b5185a7a34.rlib" "/opt/rustwide/target/debug/deps/librayon_core-834813bb0bbd822f.rlib" "/opt/rustwide/target/debug/deps/libnum_cpus-4d94619123781aaf.rlib" "/opt/rustwide/target/debug/deps/liblibc-59db0271b3538007.rlib" "/opt/rustwide/target/debug/deps/libcrossbeam_deque-6488539803fa9a4a.rlib" "/opt/rustwide/target/debug/deps/libcrossbeam_epoch-cd50bfc12a05d073.rlib" "/opt/rustwide/target/debug/deps/libmemoffset-a6b4d089601cb16a.rlib" "/opt/rustwide/target/debug/deps/libscopeguard-b35f5c652940acc2.rlib" "/opt/rustwide/target/debug/deps/libcrossbeam_channel-9d1c7c4624a1e410.rlib" "/opt/rustwide/target/debug/deps/libcrossbeam_utils-b4e70512c7962382.rlib" "/opt/rustwide/target/debug/deps/libcfg_if-61dc7a6799e72b18.rlib" "/opt/rustwide/target/debug/deps/libtantivy_query_grammar-5f0b59913a1cc92f.rlib" "/opt/rustwide/target/debug/deps/libnom-e5da64888d468beb.rlib" "/opt/rustwide/target/debug/deps/libmemchr-4fdcfd9ddfba30cb.rlib" "/opt/rustwide/target/debug/deps/libtantivy_columnar-f7999828a0e79dcf.rlib" "/opt/rustwide/target/debug/deps/libfnv-18bf5144d055e772.rlib" "/opt/rustwide/target/debug/deps/libtantivy_stacker-363cc0e3621fc465.rlib" "/opt/rustwide/target/debug/deps/libmurmurhash32-1d367e2de505310b.rlib" "/opt/rustwide/target/debug/deps/libfastdivide-d969f5248faa4966.rlib" "/opt/rustwide/target/debug/deps/libtantivy_bitpacker-90a285407d4bc6d8.rlib" "/opt/rustwide/target/debug/deps/libbitpacking-3db3bc791adc497a.rlib" "/opt/rustwide/target/debug/deps/libcrunchy-0ba5056183083a99.rlib" "/opt/rustwide/target/debug/deps/libitertools-abd2e97c0e8469cc.rlib" "/opt/rustwide/target/debug/deps/libeither-e06209ef422c3674.rlib" "/opt/rustwide/target/debug/deps/libtantivy_sstable-3f13045890d88a29.rlib" "/opt/rustwide/target/debug/deps/libtantivy_fst-1aef3db4949f57c3.rlib" "/opt/rustwide/target/debug/deps/libutf8_ranges-4ad094584ea8f45b.rlib" "/opt/rustwide/target/debug/deps/libregex_syntax-0dc2d12e01b76027.rlib" "/opt/rustwide/target/debug/deps/libzstd-d8a5bad581ca58a6.rlib" "/opt/rustwide/target/debug/deps/libzstd_safe-90043826b261c1ff.rlib" "/opt/rustwide/target/debug/deps/libzstd_sys-fa5d93d46f67a9fd.rlib" "/opt/rustwide/target/debug/deps/libtantivy_common-44078fed6dbadbaa.rlib" "/opt/rustwide/target/debug/deps/libtime-96c1e3f56b24d4e9.rlib" "/opt/rustwide/target/debug/deps/libtime_core-8975f5c3c8091bbd.rlib" "/opt/rustwide/target/debug/deps/libownedbytes-fcded6ed1801943c.rlib" "/opt/rustwide/target/debug/deps/libstable_deref_trait-9ea5b89e8972e1ba.rlib" "/opt/rustwide/target/debug/deps/libbyteorder-b7588b59c1d17615.rlib" "/opt/rustwide/target/debug/deps/libthiserror-1fac5b9fd5855afb.rlib" "/opt/rustwide/target/debug/deps/liblog-8080dc044f3ecb20.rlib" "/opt/rustwide/target/debug/deps/libserde_json-c0be2996d61d4af2.rlib" "/opt/rustwide/target/debug/deps/libryu-07c77bcabf6ee02b.rlib" "/opt/rustwide/target/debug/deps/libitoa-807e41d963466eb2.rlib" "/opt/rustwide/target/debug/deps/libserde-d6a13b92c90ccfa3.rlib" "/opt/rustwide/rustup-home/toolchains/1.75.0-x86_64-unknown-linux-gnu/lib/rustlib/x86_64-unknown-linux-gnu/lib/libstd-90f6ddbf82de36ec.rlib" "/opt/rustwide/rustup-home/toolchains/1.75.0-x86_64-unknown-linux-gnu/lib/rustlib/x86_64-unknown-linux-gnu/lib/libpanic_unwind-480c41e9d4e1f677.rlib" "/opt/rustwide/rustup-home/toolchains/1.75.0-x86_64-unknown-linux-gnu/lib/rustlib/x86_64-unknown-linux-gnu/lib/libobject-db744c0ca03eed1d.rlib" "/opt/rustwide/rustup-home/toolchains/1.75.0-x86_64-unknown-linux-gnu/lib/rustlib/x86_64-unknown-linux-gnu/lib/libmemchr-8ba652dc7d4b285a.rlib" "/opt/rustwide/rustup-home/toolchains/1.75.0-x86_64-unknown-linux-gnu/lib/rustlib/x86_64-unknown-linux-gnu/lib/libaddr2line-d5f4520a9ebc0d58.rlib" "/opt/rustwide/rustup-home/toolchains/1.75.0-x86_64-unknown-linux-gnu/lib/rustlib/x86_64-unknown-linux-gnu/lib/libgimli-4ad84de58f0cb463.rlib" "/opt/rustwide/rustup-home/toolchains/1.75.0-x86_64-unknown-linux-gnu/lib/rustlib/x86_64-unknown-linux-gnu/lib/librustc_demangle-0d10aae2e0f38735.rlib" "/opt/rustwide/rustup-home/toolchains/1.75.0-x86_64-unknown-linux-gnu/lib/rustlib/x86_64-unknown-linux-gnu/lib/libstd_detect-0c17cff739e6745b.rlib" "/opt/rustwide/rustup-home/toolchains/1.75.0-x86_64-unknown-linux-gnu/lib/rustlib/x86_64-unknown-linux-gnu/lib/libhashbrown-b29e17139dde1aa8.rlib" "/opt/rustwide/rustup-home/toolchains/1.75.0-x86_64-unknown-linux-gnu/lib/rustlib/x86_64-unknown-linux-gnu/lib/librustc_std_workspace_alloc-1f975299829cc7bd.rlib" "/opt/rustwide/rustup-home/toolchains/1.75.0-x86_64-unknown-linux-gnu/lib/rustlib/x86_64-unknown-linux-gnu/lib/libminiz_oxide-86bae3bc3079f89b.rlib" "/opt/rustwide/rustup-home/toolchains/1.75.0-x86_64-unknown-linux-gnu/lib/rustlib/x86_64-unknown-linux-gnu/lib/libadler-321b82c30dffdf5f.rlib" "/opt/rustwide/rustup-home/toolchains/1.75.0-x86_64-unknown-linux-gnu/lib/rustlib/x86_64-unknown-linux-gnu/lib/libunwind-3dd8a6810a0bdfef.rlib" "/opt/rustwide/rustup-home/toolchains/1.75.0-x86_64-unknown-linux-gnu/lib/rustlib/x86_64-unknown-linux-gnu/lib/libcfg_if-eb39a61c0c879984.rlib" "/opt/rustwide/rustup-home/toolchains/1.75.0-x86_64-unknown-linux-gnu/lib/rustlib/x86_64-unknown-linux-gnu/lib/liblibc-aa769569f91c3548.rlib" "/opt/rustwide/rustup-home/toolchains/1.75.0-x86_64-unknown-linux-gnu/lib/rustlib/x86_64-unknown-linux-gnu/lib/liballoc-510a192a50a983ed.rlib" "/opt/rustwide/rustup-home/toolchains/1.75.0-x86_64-unknown-linux-gnu/lib/rustlib/x86_64-unknown-linux-gnu/lib/librustc_std_workspace_core-0577018320f99037.rlib" "/opt/rustwide/rustup-home/toolchains/1.75.0-x86_64-unknown-linux-gnu/lib/rustlib/x86_64-unknown-linux-gnu/lib/libcore-193cf992125ccd4c.rlib" "/opt/rustwide/rustup-home/toolchains/1.75.0-x86_64-unknown-linux-gnu/lib/rustlib/x86_64-unknown-linux-gnu/lib/libcompiler_builtins-8e138eaf26ebb4a8.rlib" "-Wl,-Bdynamic" "-lgcc_s" "-lutil" "-lrt" "-lpthread" "-lm" "-ldl" "-lc" "-Wl,--eh-frame-hdr" "-Wl,-z,noexecstack" "-L" "/opt/rustwide/rustup-home/toolchains/1.75.0-x86_64-unknown-linux-gnu/lib/rustlib/x86_64-unknown-linux-gnu/lib" "-o" "/opt/rustwide/target/debug/examples/fuzzy_search-3edf5ff7d7218d48" "-Wl,--gc-sections" "-pie" "-Wl,-z,relro,-z,now" "-nodefaultlibs"
[INFO] [stdout]   = note: collect2: fatal error: ld terminated with signal 9 [Killed]
[INFO] [stdout]           compilation terminated.
[INFO] [stdout]           
[INFO] [stdout] 
[INFO] [stdout] 
[INFO] [stdout] error: aborting due to previous error
[INFO] [stdout] 
[INFO] [stdout] 
[INFO] [stderr] error: could not compile `tantivy` (example "fuzzy_search") due to 2 previous errors
[INFO] [stdout] error: linking with `cc` failed: exit status: 1
[INFO] [stdout]   |
[INFO] [stdout]   = note: LC_ALL="C" PATH="/opt/rustwide/rustup-home/toolchains/1.75.0-x86_64-unknown-linux-gnu/lib/rustlib/x86_64-unknown-linux-gnu/bin:/opt/rustwide/cargo-home/bin:/usr/local/sbin:/usr/local/bin:/usr/sbin:/usr/bin:/sbin:/bin" VSLANG="1033" "cc" "-m64" "/tmp/rustcL9mBcL/symbols.o" "/opt/rustwide/target/debug/examples/faceted_search-d5714cfc63ea9427.faceted_search.61ead6a9520d35d4-cgu.0.rcgu.o" "/opt/rustwide/target/debug/examples/faceted_search-d5714cfc63ea9427.faceted_search.61ead6a9520d35d4-cgu.1.rcgu.o" "/opt/rustwide/target/debug/examples/faceted_search-d5714cfc63ea9427.faceted_search.61ead6a9520d35d4-cgu.2.rcgu.o" "/opt/rustwide/target/debug/examples/faceted_search-d5714cfc63ea9427.faceted_search.61ead6a9520d35d4-cgu.3.rcgu.o" "/opt/rustwide/target/debug/examples/faceted_search-d5714cfc63ea9427.faceted_search.61ead6a9520d35d4-cgu.4.rcgu.o" "/opt/rustwide/target/debug/examples/faceted_search-d5714cfc63ea9427.faceted_search.61ead6a9520d35d4-cgu.5.rcgu.o" "/opt/rustwide/target/debug/examples/faceted_search-d5714cfc63ea9427.faceted_search.61ead6a9520d35d4-cgu.6.rcgu.o" "/opt/rustwide/target/debug/examples/faceted_search-d5714cfc63ea9427.faceted_search.61ead6a9520d35d4-cgu.7.rcgu.o" "/opt/rustwide/target/debug/examples/faceted_search-d5714cfc63ea9427.3zui600a3a798zxp.rcgu.o" "-Wl,--as-needed" "-L" "/opt/rustwide/target/debug/deps" "-L" "/opt/rustwide/target/debug/build/zstd-sys-78813f0bb44e8502/out" "-L" "/opt/rustwide/rustup-home/toolchains/1.75.0-x86_64-unknown-linux-gnu/lib/rustlib/x86_64-unknown-linux-gnu/lib" "-Wl,-Bstatic" "/opt/rustwide/target/debug/deps/libtantivy-75ba6dbae8f3a7d4.rlib" "/opt/rustwide/target/debug/deps/libsketches_ddsketch-5c8a6776c7b83164.rlib" "/opt/rustwide/target/debug/deps/liboneshot-0aa9d69bcce2e0a0.rlib" "/opt/rustwide/target/debug/deps/libcensus-8f71dd598e51a0df.rlib" "/opt/rustwide/target/debug/deps/libhtmlescape-941dff500fedf2c1.rlib" "/opt/rustwide/target/debug/deps/libarc_swap-8b2fc6ed8a78f64a.rlib" "/opt/rustwide/target/debug/deps/liblz4_flex-21515a3ddca0acec.rlib" "/opt/rustwide/target/debug/deps/liblru-59fe93c0fcb65007.rlib" "/opt/rustwide/target/debug/deps/libhashbrown-13b8b65a44ae8f2b.rlib" "/opt/rustwide/target/debug/deps/libahash-f2a716c92ab84c2e.rlib" "/opt/rustwide/target/debug/deps/liballocator_api2-87ab9ac2a3ea53c5.rlib" "/opt/rustwide/target/debug/deps/libbase64-4ae6d688b6a59d6a.rlib" "/opt/rustwide/target/debug/deps/liblevenshtein_automata-3f7a55e0aa156800.rlib" "/opt/rustwide/target/debug/deps/libcrc32fast-664446237529ebff.rlib" "/opt/rustwide/target/debug/deps/libtempfile-6afd37dd9354070e.rlib" "/opt/rustwide/target/debug/deps/libfastrand-b53203d729799780.rlib" "/opt/rustwide/target/debug/deps/libmemmap2-863aeec8fd058ba7.rlib" "/opt/rustwide/target/debug/deps/libfs4-b7427df98ea3e80f.rlib" "/opt/rustwide/target/debug/deps/librustix-f498b7d36d5bb5d3.rlib" "/opt/rustwide/target/debug/deps/libio_lifetimes-10ccf2f12e8511fe.rlib" "/opt/rustwide/target/debug/deps/libbitflags-b7cee2ca4fb438d0.rlib" "/opt/rustwide/target/debug/deps/liblinux_raw_sys-1ca3a0a37c48e6e0.rlib" "/opt/rustwide/target/debug/deps/libdowncast_rs-c097a54188a9369f.rlib" "/opt/rustwide/target/debug/deps/librust_stemmers-d9c97d6fa173be90.rlib" "/opt/rustwide/target/debug/deps/libregex-1767795f91e86d30.rlib" "/opt/rustwide/target/debug/deps/libaho_corasick-60aa60e784174434.rlib" "/opt/rustwide/target/debug/deps/libregex_syntax-61d2916c1bc652b0.rlib" "/opt/rustwide/target/debug/deps/libtantivy_tokenizer_api-00a73ec64561e530.rlib" "/opt/rustwide/target/debug/deps/libmeasure_time-369a8bf379426c2b.rlib" "/opt/rustwide/target/debug/deps/libinstant-df8c3b7330ed9a2d.rlib" "/opt/rustwide/target/debug/deps/libsmallvec-75a5879a2c4c0c6c.rlib" "/opt/rustwide/target/debug/deps/libonce_cell-a342312cc2ec3f6b.rlib" "/opt/rustwide/target/debug/deps/libuuid-2a316e91cf1f2fe8.rlib" "/opt/rustwide/target/debug/deps/libgetrandom-a08e994e2d5f9a01.rlib" "/opt/rustwide/target/debug/deps/librustc_hash-3fb13bc50a653a23.rlib" "/opt/rustwide/target/debug/deps/librayon-bf1369b5185a7a34.rlib" "/opt/rustwide/target/debug/deps/librayon_core-834813bb0bbd822f.rlib" "/opt/rustwide/target/debug/deps/libnum_cpus-4d94619123781aaf.rlib" "/opt/rustwide/target/debug/deps/liblibc-59db0271b3538007.rlib" "/opt/rustwide/target/debug/deps/libcrossbeam_deque-6488539803fa9a4a.rlib" "/opt/rustwide/target/debug/deps/libcrossbeam_epoch-cd50bfc12a05d073.rlib" "/opt/rustwide/target/debug/deps/libmemoffset-a6b4d089601cb16a.rlib" "/opt/rustwide/target/debug/deps/libscopeguard-b35f5c652940acc2.rlib" "/opt/rustwide/target/debug/deps/libcrossbeam_channel-9d1c7c4624a1e410.rlib" "/opt/rustwide/target/debug/deps/libcrossbeam_utils-b4e70512c7962382.rlib" "/opt/rustwide/target/debug/deps/libcfg_if-61dc7a6799e72b18.rlib" "/opt/rustwide/target/debug/deps/libtantivy_query_grammar-5f0b59913a1cc92f.rlib" "/opt/rustwide/target/debug/deps/libnom-e5da64888d468beb.rlib" "/opt/rustwide/target/debug/deps/libmemchr-4fdcfd9ddfba30cb.rlib" "/opt/rustwide/target/debug/deps/libtantivy_columnar-f7999828a0e79dcf.rlib" "/opt/rustwide/target/debug/deps/libfnv-18bf5144d055e772.rlib" "/opt/rustwide/target/debug/deps/libtantivy_stacker-363cc0e3621fc465.rlib" "/opt/rustwide/target/debug/deps/libmurmurhash32-1d367e2de505310b.rlib" "/opt/rustwide/target/debug/deps/libfastdivide-d969f5248faa4966.rlib" "/opt/rustwide/target/debug/deps/libtantivy_bitpacker-90a285407d4bc6d8.rlib" "/opt/rustwide/target/debug/deps/libbitpacking-3db3bc791adc497a.rlib" "/opt/rustwide/target/debug/deps/libcrunchy-0ba5056183083a99.rlib" "/opt/rustwide/target/debug/deps/libitertools-abd2e97c0e8469cc.rlib" "/opt/rustwide/target/debug/deps/libeither-e06209ef422c3674.rlib" "/opt/rustwide/target/debug/deps/libtantivy_sstable-3f13045890d88a29.rlib" "/opt/rustwide/target/debug/deps/libtantivy_fst-1aef3db4949f57c3.rlib" "/opt/rustwide/target/debug/deps/libutf8_ranges-4ad094584ea8f45b.rlib" "/opt/rustwide/target/debug/deps/libregex_syntax-0dc2d12e01b76027.rlib" "/opt/rustwide/target/debug/deps/libzstd-d8a5bad581ca58a6.rlib" "/opt/rustwide/target/debug/deps/libzstd_safe-90043826b261c1ff.rlib" "/opt/rustwide/target/debug/deps/libzstd_sys-fa5d93d46f67a9fd.rlib" "/opt/rustwide/target/debug/deps/libtantivy_common-44078fed6dbadbaa.rlib" "/opt/rustwide/target/debug/deps/libtime-96c1e3f56b24d4e9.rlib" "/opt/rustwide/target/debug/deps/libtime_core-8975f5c3c8091bbd.rlib" "/opt/rustwide/target/debug/deps/libownedbytes-fcded6ed1801943c.rlib" "/opt/rustwide/target/debug/deps/libstable_deref_trait-9ea5b89e8972e1ba.rlib" "/opt/rustwide/target/debug/deps/libbyteorder-b7588b59c1d17615.rlib" "/opt/rustwide/target/debug/deps/libthiserror-1fac5b9fd5855afb.rlib" "/opt/rustwide/target/debug/deps/liblog-8080dc044f3ecb20.rlib" "/opt/rustwide/target/debug/deps/libserde_json-c0be2996d61d4af2.rlib" "/opt/rustwide/target/debug/deps/libryu-07c77bcabf6ee02b.rlib" "/opt/rustwide/target/debug/deps/libitoa-807e41d963466eb2.rlib" "/opt/rustwide/target/debug/deps/libserde-d6a13b92c90ccfa3.rlib" "/opt/rustwide/rustup-home/toolchains/1.75.0-x86_64-unknown-linux-gnu/lib/rustlib/x86_64-unknown-linux-gnu/lib/libstd-90f6ddbf82de36ec.rlib" "/opt/rustwide/rustup-home/toolchains/1.75.0-x86_64-unknown-linux-gnu/lib/rustlib/x86_64-unknown-linux-gnu/lib/libpanic_unwind-480c41e9d4e1f677.rlib" "/opt/rustwide/rustup-home/toolchains/1.75.0-x86_64-unknown-linux-gnu/lib/rustlib/x86_64-unknown-linux-gnu/lib/libobject-db744c0ca03eed1d.rlib" "/opt/rustwide/rustup-home/toolchains/1.75.0-x86_64-unknown-linux-gnu/lib/rustlib/x86_64-unknown-linux-gnu/lib/libmemchr-8ba652dc7d4b285a.rlib" "/opt/rustwide/rustup-home/toolchains/1.75.0-x86_64-unknown-linux-gnu/lib/rustlib/x86_64-unknown-linux-gnu/lib/libaddr2line-d5f4520a9ebc0d58.rlib" "/opt/rustwide/rustup-home/toolchains/1.75.0-x86_64-unknown-linux-gnu/lib/rustlib/x86_64-unknown-linux-gnu/lib/libgimli-4ad84de58f0cb463.rlib" "/opt/rustwide/rustup-home/toolchains/1.75.0-x86_64-unknown-linux-gnu/lib/rustlib/x86_64-unknown-linux-gnu/lib/librustc_demangle-0d10aae2e0f38735.rlib" "/opt/rustwide/rustup-home/toolchains/1.75.0-x86_64-unknown-linux-gnu/lib/rustlib/x86_64-unknown-linux-gnu/lib/libstd_detect-0c17cff739e6745b.rlib" "/opt/rustwide/rustup-home/toolchains/1.75.0-x86_64-unknown-linux-gnu/lib/rustlib/x86_64-unknown-linux-gnu/lib/libhashbrown-b29e17139dde1aa8.rlib" "/opt/rustwide/rustup-home/toolchains/1.75.0-x86_64-unknown-linux-gnu/lib/rustlib/x86_64-unknown-linux-gnu/lib/librustc_std_workspace_alloc-1f975299829cc7bd.rlib" "/opt/rustwide/rustup-home/toolchains/1.75.0-x86_64-unknown-linux-gnu/lib/rustlib/x86_64-unknown-linux-gnu/lib/libminiz_oxide-86bae3bc3079f89b.rlib" "/opt/rustwide/rustup-home/toolchains/1.75.0-x86_64-unknown-linux-gnu/lib/rustlib/x86_64-unknown-linux-gnu/lib/libadler-321b82c30dffdf5f.rlib" "/opt/rustwide/rustup-home/toolchains/1.75.0-x86_64-unknown-linux-gnu/lib/rustlib/x86_64-unknown-linux-gnu/lib/libunwind-3dd8a6810a0bdfef.rlib" "/opt/rustwide/rustup-home/toolchains/1.75.0-x86_64-unknown-linux-gnu/lib/rustlib/x86_64-unknown-linux-gnu/lib/libcfg_if-eb39a61c0c879984.rlib" "/opt/rustwide/rustup-home/toolchains/1.75.0-x86_64-unknown-linux-gnu/lib/rustlib/x86_64-unknown-linux-gnu/lib/liblibc-aa769569f91c3548.rlib" "/opt/rustwide/rustup-home/toolchains/1.75.0-x86_64-unknown-linux-gnu/lib/rustlib/x86_64-unknown-linux-gnu/lib/liballoc-510a192a50a983ed.rlib" "/opt/rustwide/rustup-home/toolchains/1.75.0-x86_64-unknown-linux-gnu/lib/rustlib/x86_64-unknown-linux-gnu/lib/librustc_std_workspace_core-0577018320f99037.rlib" "/opt/rustwide/rustup-home/toolchains/1.75.0-x86_64-unknown-linux-gnu/lib/rustlib/x86_64-unknown-linux-gnu/lib/libcore-193cf992125ccd4c.rlib" "/opt/rustwide/rustup-home/toolchains/1.75.0-x86_64-unknown-linux-gnu/lib/rustlib/x86_64-unknown-linux-gnu/lib/libcompiler_builtins-8e138eaf26ebb4a8.rlib" "-Wl,-Bdynamic" "-lgcc_s" "-lutil" "-lrt" "-lpthread" "-lm" "-ldl" "-lc" "-Wl,--eh-frame-hdr" "-Wl,-z,noexecstack" "-L" "/opt/rustwide/rustup-home/toolchains/1.75.0-x86_64-unknown-linux-gnu/lib/rustlib/x86_64-unknown-linux-gnu/lib" "-o" "/opt/rustwide/target/debug/examples/faceted_search-d5714cfc63ea9427" "-Wl,--gc-sections" "-pie" "-Wl,-z,relro,-z,now" "-nodefaultlibs"
[INFO] [stdout]   = note: collect2: fatal error: ld terminated with signal 9 [Killed]
[INFO] [stdout]           compilation terminated.
[INFO] [stdout]           
[INFO] [stdout] 
[INFO] [stdout] 
[INFO] [stdout] error: aborting due to previous error
[INFO] [stdout] 
[INFO] [stdout] 
[INFO] [stderr] error: could not compile `tantivy` (example "faceted_search") due to 2 previous errors
[INFO] [stdout] error: linking with `cc` failed: exit status: 1
[INFO] [stdout]   |
[INFO] [stdout]   = note: LC_ALL="C" PATH="/opt/rustwide/rustup-home/toolchains/1.75.0-x86_64-unknown-linux-gnu/lib/rustlib/x86_64-unknown-linux-gnu/bin:/opt/rustwide/cargo-home/bin:/usr/local/sbin:/usr/local/bin:/usr/sbin:/usr/bin:/sbin:/bin" VSLANG="1033" "cc" "-m64" "/tmp/rustcCcfPYr/symbols.o" "/opt/rustwide/target/debug/examples/iterating_docs_and_positions-73679480a42703e5.iterating_docs_and_positions.5a860d357dfd13f8-cgu.0.rcgu.o" "/opt/rustwide/target/debug/examples/iterating_docs_and_positions-73679480a42703e5.2pjxe41anhakakm3.rcgu.o" "-Wl,--as-needed" "-L" "/opt/rustwide/target/debug/deps" "-L" "/opt/rustwide/target/debug/build/zstd-sys-78813f0bb44e8502/out" "-L" "/opt/rustwide/rustup-home/toolchains/1.75.0-x86_64-unknown-linux-gnu/lib/rustlib/x86_64-unknown-linux-gnu/lib" "-Wl,-Bstatic" "/opt/rustwide/target/debug/deps/libtantivy-75ba6dbae8f3a7d4.rlib" "/opt/rustwide/target/debug/deps/libsketches_ddsketch-5c8a6776c7b83164.rlib" "/opt/rustwide/target/debug/deps/liboneshot-0aa9d69bcce2e0a0.rlib" "/opt/rustwide/target/debug/deps/libcensus-8f71dd598e51a0df.rlib" "/opt/rustwide/target/debug/deps/libhtmlescape-941dff500fedf2c1.rlib" "/opt/rustwide/target/debug/deps/libarc_swap-8b2fc6ed8a78f64a.rlib" "/opt/rustwide/target/debug/deps/liblz4_flex-21515a3ddca0acec.rlib" "/opt/rustwide/target/debug/deps/liblru-59fe93c0fcb65007.rlib" "/opt/rustwide/target/debug/deps/libhashbrown-13b8b65a44ae8f2b.rlib" "/opt/rustwide/target/debug/deps/libahash-f2a716c92ab84c2e.rlib" "/opt/rustwide/target/debug/deps/liballocator_api2-87ab9ac2a3ea53c5.rlib" "/opt/rustwide/target/debug/deps/libbase64-4ae6d688b6a59d6a.rlib" "/opt/rustwide/target/debug/deps/liblevenshtein_automata-3f7a55e0aa156800.rlib" "/opt/rustwide/target/debug/deps/libcrc32fast-664446237529ebff.rlib" "/opt/rustwide/target/debug/deps/libtempfile-6afd37dd9354070e.rlib" "/opt/rustwide/target/debug/deps/libfastrand-b53203d729799780.rlib" "/opt/rustwide/target/debug/deps/libmemmap2-863aeec8fd058ba7.rlib" "/opt/rustwide/target/debug/deps/libfs4-b7427df98ea3e80f.rlib" "/opt/rustwide/target/debug/deps/librustix-f498b7d36d5bb5d3.rlib" "/opt/rustwide/target/debug/deps/libio_lifetimes-10ccf2f12e8511fe.rlib" "/opt/rustwide/target/debug/deps/libbitflags-b7cee2ca4fb438d0.rlib" "/opt/rustwide/target/debug/deps/liblinux_raw_sys-1ca3a0a37c48e6e0.rlib" "/opt/rustwide/target/debug/deps/libdowncast_rs-c097a54188a9369f.rlib" "/opt/rustwide/target/debug/deps/librust_stemmers-d9c97d6fa173be90.rlib" "/opt/rustwide/target/debug/deps/libregex-1767795f91e86d30.rlib" "/opt/rustwide/target/debug/deps/libaho_corasick-60aa60e784174434.rlib" "/opt/rustwide/target/debug/deps/libregex_syntax-61d2916c1bc652b0.rlib" "/opt/rustwide/target/debug/deps/libtantivy_tokenizer_api-00a73ec64561e530.rlib" "/opt/rustwide/target/debug/deps/libmeasure_time-369a8bf379426c2b.rlib" "/opt/rustwide/target/debug/deps/libinstant-df8c3b7330ed9a2d.rlib" "/opt/rustwide/target/debug/deps/libsmallvec-75a5879a2c4c0c6c.rlib" "/opt/rustwide/target/debug/deps/libonce_cell-a342312cc2ec3f6b.rlib" "/opt/rustwide/target/debug/deps/libuuid-2a316e91cf1f2fe8.rlib" "/opt/rustwide/target/debug/deps/libgetrandom-a08e994e2d5f9a01.rlib" "/opt/rustwide/target/debug/deps/librustc_hash-3fb13bc50a653a23.rlib" "/opt/rustwide/target/debug/deps/librayon-bf1369b5185a7a34.rlib" "/opt/rustwide/target/debug/deps/librayon_core-834813bb0bbd822f.rlib" "/opt/rustwide/target/debug/deps/libnum_cpus-4d94619123781aaf.rlib" "/opt/rustwide/target/debug/deps/liblibc-59db0271b3538007.rlib" "/opt/rustwide/target/debug/deps/libcrossbeam_deque-6488539803fa9a4a.rlib" "/opt/rustwide/target/debug/deps/libcrossbeam_epoch-cd50bfc12a05d073.rlib" "/opt/rustwide/target/debug/deps/libmemoffset-a6b4d089601cb16a.rlib" "/opt/rustwide/target/debug/deps/libscopeguard-b35f5c652940acc2.rlib" "/opt/rustwide/target/debug/deps/libcrossbeam_channel-9d1c7c4624a1e410.rlib" "/opt/rustwide/target/debug/deps/libcrossbeam_utils-b4e70512c7962382.rlib" "/opt/rustwide/target/debug/deps/libcfg_if-61dc7a6799e72b18.rlib" "/opt/rustwide/target/debug/deps/libtantivy_query_grammar-5f0b59913a1cc92f.rlib" "/opt/rustwide/target/debug/deps/libnom-e5da64888d468beb.rlib" "/opt/rustwide/target/debug/deps/libmemchr-4fdcfd9ddfba30cb.rlib" "/opt/rustwide/target/debug/deps/libtantivy_columnar-f7999828a0e79dcf.rlib" "/opt/rustwide/target/debug/deps/libfnv-18bf5144d055e772.rlib" "/opt/rustwide/target/debug/deps/libtantivy_stacker-363cc0e3621fc465.rlib" "/opt/rustwide/target/debug/deps/libmurmurhash32-1d367e2de505310b.rlib" "/opt/rustwide/target/debug/deps/libfastdivide-d969f5248faa4966.rlib" "/opt/rustwide/target/debug/deps/libtantivy_bitpacker-90a285407d4bc6d8.rlib" "/opt/rustwide/target/debug/deps/libbitpacking-3db3bc791adc497a.rlib" "/opt/rustwide/target/debug/deps/libcrunchy-0ba5056183083a99.rlib" "/opt/rustwide/target/debug/deps/libitertools-abd2e97c0e8469cc.rlib" "/opt/rustwide/target/debug/deps/libeither-e06209ef422c3674.rlib" "/opt/rustwide/target/debug/deps/libtantivy_sstable-3f13045890d88a29.rlib" "/opt/rustwide/target/debug/deps/libtantivy_fst-1aef3db4949f57c3.rlib" "/opt/rustwide/target/debug/deps/libutf8_ranges-4ad094584ea8f45b.rlib" "/opt/rustwide/target/debug/deps/libregex_syntax-0dc2d12e01b76027.rlib" "/opt/rustwide/target/debug/deps/libzstd-d8a5bad581ca58a6.rlib" "/opt/rustwide/target/debug/deps/libzstd_safe-90043826b261c1ff.rlib" "/opt/rustwide/target/debug/deps/libzstd_sys-fa5d93d46f67a9fd.rlib" "/opt/rustwide/target/debug/deps/libtantivy_common-44078fed6dbadbaa.rlib" "/opt/rustwide/target/debug/deps/libtime-96c1e3f56b24d4e9.rlib" "/opt/rustwide/target/debug/deps/libtime_core-8975f5c3c8091bbd.rlib" "/opt/rustwide/target/debug/deps/libownedbytes-fcded6ed1801943c.rlib" "/opt/rustwide/target/debug/deps/libstable_deref_trait-9ea5b89e8972e1ba.rlib" "/opt/rustwide/target/debug/deps/libbyteorder-b7588b59c1d17615.rlib" "/opt/rustwide/target/debug/deps/libthiserror-1fac5b9fd5855afb.rlib" "/opt/rustwide/target/debug/deps/liblog-8080dc044f3ecb20.rlib" "/opt/rustwide/target/debug/deps/libserde_json-c0be2996d61d4af2.rlib" "/opt/rustwide/target/debug/deps/libryu-07c77bcabf6ee02b.rlib" "/opt/rustwide/target/debug/deps/libitoa-807e41d963466eb2.rlib" "/opt/rustwide/target/debug/deps/libserde-d6a13b92c90ccfa3.rlib" "/opt/rustwide/rustup-home/toolchains/1.75.0-x86_64-unknown-linux-gnu/lib/rustlib/x86_64-unknown-linux-gnu/lib/libstd-90f6ddbf82de36ec.rlib" "/opt/rustwide/rustup-home/toolchains/1.75.0-x86_64-unknown-linux-gnu/lib/rustlib/x86_64-unknown-linux-gnu/lib/libpanic_unwind-480c41e9d4e1f677.rlib" "/opt/rustwide/rustup-home/toolchains/1.75.0-x86_64-unknown-linux-gnu/lib/rustlib/x86_64-unknown-linux-gnu/lib/libobject-db744c0ca03eed1d.rlib" "/opt/rustwide/rustup-home/toolchains/1.75.0-x86_64-unknown-linux-gnu/lib/rustlib/x86_64-unknown-linux-gnu/lib/libmemchr-8ba652dc7d4b285a.rlib" "/opt/rustwide/rustup-home/toolchains/1.75.0-x86_64-unknown-linux-gnu/lib/rustlib/x86_64-unknown-linux-gnu/lib/libaddr2line-d5f4520a9ebc0d58.rlib" "/opt/rustwide/rustup-home/toolchains/1.75.0-x86_64-unknown-linux-gnu/lib/rustlib/x86_64-unknown-linux-gnu/lib/libgimli-4ad84de58f0cb463.rlib" "/opt/rustwide/rustup-home/toolchains/1.75.0-x86_64-unknown-linux-gnu/lib/rustlib/x86_64-unknown-linux-gnu/lib/librustc_demangle-0d10aae2e0f38735.rlib" "/opt/rustwide/rustup-home/toolchains/1.75.0-x86_64-unknown-linux-gnu/lib/rustlib/x86_64-unknown-linux-gnu/lib/libstd_detect-0c17cff739e6745b.rlib" "/opt/rustwide/rustup-home/toolchains/1.75.0-x86_64-unknown-linux-gnu/lib/rustlib/x86_64-unknown-linux-gnu/lib/libhashbrown-b29e17139dde1aa8.rlib" "/opt/rustwide/rustup-home/toolchains/1.75.0-x86_64-unknown-linux-gnu/lib/rustlib/x86_64-unknown-linux-gnu/lib/librustc_std_workspace_alloc-1f975299829cc7bd.rlib" "/opt/rustwide/rustup-home/toolchains/1.75.0-x86_64-unknown-linux-gnu/lib/rustlib/x86_64-unknown-linux-gnu/lib/libminiz_oxide-86bae3bc3079f89b.rlib" "/opt/rustwide/rustup-home/toolchains/1.75.0-x86_64-unknown-linux-gnu/lib/rustlib/x86_64-unknown-linux-gnu/lib/libadler-321b82c30dffdf5f.rlib" "/opt/rustwide/rustup-home/toolchains/1.75.0-x86_64-unknown-linux-gnu/lib/rustlib/x86_64-unknown-linux-gnu/lib/libunwind-3dd8a6810a0bdfef.rlib" "/opt/rustwide/rustup-home/toolchains/1.75.0-x86_64-unknown-linux-gnu/lib/rustlib/x86_64-unknown-linux-gnu/lib/libcfg_if-eb39a61c0c879984.rlib" "/opt/rustwide/rustup-home/toolchains/1.75.0-x86_64-unknown-linux-gnu/lib/rustlib/x86_64-unknown-linux-gnu/lib/liblibc-aa769569f91c3548.rlib" "/opt/rustwide/rustup-home/toolchains/1.75.0-x86_64-unknown-linux-gnu/lib/rustlib/x86_64-unknown-linux-gnu/lib/liballoc-510a192a50a983ed.rlib" "/opt/rustwide/rustup-home/toolchains/1.75.0-x86_64-unknown-linux-gnu/lib/rustlib/x86_64-unknown-linux-gnu/lib/librustc_std_workspace_core-0577018320f99037.rlib" "/opt/rustwide/rustup-home/toolchains/1.75.0-x86_64-unknown-linux-gnu/lib/rustlib/x86_64-unknown-linux-gnu/lib/libcore-193cf992125ccd4c.rlib" "/opt/rustwide/rustup-home/toolchains/1.75.0-x86_64-unknown-linux-gnu/lib/rustlib/x86_64-unknown-linux-gnu/lib/libcompiler_builtins-8e138eaf26ebb4a8.rlib" "-Wl,-Bdynamic" "-lgcc_s" "-lutil" "-lrt" "-lpthread" "-lm" "-ldl" "-lc" "-Wl,--eh-frame-hdr" "-Wl,-z,noexecstack" "-L" "/opt/rustwide/rustup-home/toolchains/1.75.0-x86_64-unknown-linux-gnu/lib/rustlib/x86_64-unknown-linux-gnu/lib" "-o" "/opt/rustwide/target/debug/examples/iterating_docs_and_positions-73679480a42703e5" "-Wl,--gc-sections" "-pie" "-Wl,-z,relro,-z,now" "-nodefaultlibs"
[INFO] [stdout]   = note: collect2: fatal error: ld terminated with signal 9 [Killed]
[INFO] [stdout]           compilation terminated.
[INFO] [stdout]           
[INFO] [stdout] 
[INFO] [stdout] 
[INFO] [stdout] error: aborting due to previous error
[INFO] [stdout] 
[INFO] [stdout] 
[INFO] [stderr] error: could not compile `tantivy` (example "iterating_docs_and_positions") due to 2 previous errors
[INFO] [stdout] error: linking with `cc` failed: exit status: 1
[INFO] [stdout]   |
[INFO] [stdout]   = note: LC_ALL="C" PATH="/opt/rustwide/rustup-home/toolchains/1.75.0-x86_64-unknown-linux-gnu/lib/rustlib/x86_64-unknown-linux-gnu/bin:/opt/rustwide/cargo-home/bin:/usr/local/sbin:/usr/local/bin:/usr/sbin:/usr/bin:/sbin:/bin" VSLANG="1033" "cc" "-m64" "/tmp/rustc6fyX3l/symbols.o" "/opt/rustwide/target/debug/examples/json_field-be7578b4343a61db.json_field.6e043e9295243c70-cgu.0.rcgu.o" "/opt/rustwide/target/debug/examples/json_field-be7578b4343a61db.json_field.6e043e9295243c70-cgu.1.rcgu.o" "/opt/rustwide/target/debug/examples/json_field-be7578b4343a61db.json_field.6e043e9295243c70-cgu.2.rcgu.o" "/opt/rustwide/target/debug/examples/json_field-be7578b4343a61db.json_field.6e043e9295243c70-cgu.3.rcgu.o" "/opt/rustwide/target/debug/examples/json_field-be7578b4343a61db.json_field.6e043e9295243c70-cgu.4.rcgu.o" "/opt/rustwide/target/debug/examples/json_field-be7578b4343a61db.json_field.6e043e9295243c70-cgu.5.rcgu.o" "/opt/rustwide/target/debug/examples/json_field-be7578b4343a61db.json_field.6e043e9295243c70-cgu.6.rcgu.o" "/opt/rustwide/target/debug/examples/json_field-be7578b4343a61db.json_field.6e043e9295243c70-cgu.7.rcgu.o" "/opt/rustwide/target/debug/examples/json_field-be7578b4343a61db.3qf33fobdpwosvng.rcgu.o" "-Wl,--as-needed" "-L" "/opt/rustwide/target/debug/deps" "-L" "/opt/rustwide/target/debug/build/zstd-sys-78813f0bb44e8502/out" "-L" "/opt/rustwide/rustup-home/toolchains/1.75.0-x86_64-unknown-linux-gnu/lib/rustlib/x86_64-unknown-linux-gnu/lib" "-Wl,-Bstatic" "/opt/rustwide/target/debug/deps/libtantivy-75ba6dbae8f3a7d4.rlib" "/opt/rustwide/target/debug/deps/libsketches_ddsketch-5c8a6776c7b83164.rlib" "/opt/rustwide/target/debug/deps/liboneshot-0aa9d69bcce2e0a0.rlib" "/opt/rustwide/target/debug/deps/libcensus-8f71dd598e51a0df.rlib" "/opt/rustwide/target/debug/deps/libhtmlescape-941dff500fedf2c1.rlib" "/opt/rustwide/target/debug/deps/libarc_swap-8b2fc6ed8a78f64a.rlib" "/opt/rustwide/target/debug/deps/liblz4_flex-21515a3ddca0acec.rlib" "/opt/rustwide/target/debug/deps/liblru-59fe93c0fcb65007.rlib" "/opt/rustwide/target/debug/deps/libhashbrown-13b8b65a44ae8f2b.rlib" "/opt/rustwide/target/debug/deps/libahash-f2a716c92ab84c2e.rlib" "/opt/rustwide/target/debug/deps/liballocator_api2-87ab9ac2a3ea53c5.rlib" "/opt/rustwide/target/debug/deps/libbase64-4ae6d688b6a59d6a.rlib" "/opt/rustwide/target/debug/deps/liblevenshtein_automata-3f7a55e0aa156800.rlib" "/opt/rustwide/target/debug/deps/libcrc32fast-664446237529ebff.rlib" "/opt/rustwide/target/debug/deps/libtempfile-6afd37dd9354070e.rlib" "/opt/rustwide/target/debug/deps/libfastrand-b53203d729799780.rlib" "/opt/rustwide/target/debug/deps/libmemmap2-863aeec8fd058ba7.rlib" "/opt/rustwide/target/debug/deps/libfs4-b7427df98ea3e80f.rlib" "/opt/rustwide/target/debug/deps/librustix-f498b7d36d5bb5d3.rlib" "/opt/rustwide/target/debug/deps/libio_lifetimes-10ccf2f12e8511fe.rlib" "/opt/rustwide/target/debug/deps/libbitflags-b7cee2ca4fb438d0.rlib" "/opt/rustwide/target/debug/deps/liblinux_raw_sys-1ca3a0a37c48e6e0.rlib" "/opt/rustwide/target/debug/deps/libdowncast_rs-c097a54188a9369f.rlib" "/opt/rustwide/target/debug/deps/librust_stemmers-d9c97d6fa173be90.rlib" "/opt/rustwide/target/debug/deps/libregex-1767795f91e86d30.rlib" "/opt/rustwide/target/debug/deps/libaho_corasick-60aa60e784174434.rlib" "/opt/rustwide/target/debug/deps/libregex_syntax-61d2916c1bc652b0.rlib" "/opt/rustwide/target/debug/deps/libtantivy_tokenizer_api-00a73ec64561e530.rlib" "/opt/rustwide/target/debug/deps/libmeasure_time-369a8bf379426c2b.rlib" "/opt/rustwide/target/debug/deps/libinstant-df8c3b7330ed9a2d.rlib" "/opt/rustwide/target/debug/deps/libsmallvec-75a5879a2c4c0c6c.rlib" "/opt/rustwide/target/debug/deps/libonce_cell-a342312cc2ec3f6b.rlib" "/opt/rustwide/target/debug/deps/libuuid-2a316e91cf1f2fe8.rlib" "/opt/rustwide/target/debug/deps/libgetrandom-a08e994e2d5f9a01.rlib" "/opt/rustwide/target/debug/deps/librustc_hash-3fb13bc50a653a23.rlib" "/opt/rustwide/target/debug/deps/librayon-bf1369b5185a7a34.rlib" "/opt/rustwide/target/debug/deps/librayon_core-834813bb0bbd822f.rlib" "/opt/rustwide/target/debug/deps/libnum_cpus-4d94619123781aaf.rlib" "/opt/rustwide/target/debug/deps/liblibc-59db0271b3538007.rlib" "/opt/rustwide/target/debug/deps/libcrossbeam_deque-6488539803fa9a4a.rlib" "/opt/rustwide/target/debug/deps/libcrossbeam_epoch-cd50bfc12a05d073.rlib" "/opt/rustwide/target/debug/deps/libmemoffset-a6b4d089601cb16a.rlib" "/opt/rustwide/target/debug/deps/libscopeguard-b35f5c652940acc2.rlib" "/opt/rustwide/target/debug/deps/libcrossbeam_channel-9d1c7c4624a1e410.rlib" "/opt/rustwide/target/debug/deps/libcrossbeam_utils-b4e70512c7962382.rlib" "/opt/rustwide/target/debug/deps/libcfg_if-61dc7a6799e72b18.rlib" "/opt/rustwide/target/debug/deps/libtantivy_query_grammar-5f0b59913a1cc92f.rlib" "/opt/rustwide/target/debug/deps/libnom-e5da64888d468beb.rlib" "/opt/rustwide/target/debug/deps/libmemchr-4fdcfd9ddfba30cb.rlib" "/opt/rustwide/target/debug/deps/libtantivy_columnar-f7999828a0e79dcf.rlib" "/opt/rustwide/target/debug/deps/libfnv-18bf5144d055e772.rlib" "/opt/rustwide/target/debug/deps/libtantivy_stacker-363cc0e3621fc465.rlib" "/opt/rustwide/target/debug/deps/libmurmurhash32-1d367e2de505310b.rlib" "/opt/rustwide/target/debug/deps/libfastdivide-d969f5248faa4966.rlib" "/opt/rustwide/target/debug/deps/libtantivy_bitpacker-90a285407d4bc6d8.rlib" "/opt/rustwide/target/debug/deps/libbitpacking-3db3bc791adc497a.rlib" "/opt/rustwide/target/debug/deps/libcrunchy-0ba5056183083a99.rlib" "/opt/rustwide/target/debug/deps/libitertools-abd2e97c0e8469cc.rlib" "/opt/rustwide/target/debug/deps/libeither-e06209ef422c3674.rlib" "/opt/rustwide/target/debug/deps/libtantivy_sstable-3f13045890d88a29.rlib" "/opt/rustwide/target/debug/deps/libtantivy_fst-1aef3db4949f57c3.rlib" "/opt/rustwide/target/debug/deps/libutf8_ranges-4ad094584ea8f45b.rlib" "/opt/rustwide/target/debug/deps/libregex_syntax-0dc2d12e01b76027.rlib" "/opt/rustwide/target/debug/deps/libzstd-d8a5bad581ca58a6.rlib" "/opt/rustwide/target/debug/deps/libzstd_safe-90043826b261c1ff.rlib" "/opt/rustwide/target/debug/deps/libzstd_sys-fa5d93d46f67a9fd.rlib" "/opt/rustwide/target/debug/deps/libtantivy_common-44078fed6dbadbaa.rlib" "/opt/rustwide/target/debug/deps/libtime-96c1e3f56b24d4e9.rlib" "/opt/rustwide/target/debug/deps/libtime_core-8975f5c3c8091bbd.rlib" "/opt/rustwide/target/debug/deps/libownedbytes-fcded6ed1801943c.rlib" "/opt/rustwide/target/debug/deps/libstable_deref_trait-9ea5b89e8972e1ba.rlib" "/opt/rustwide/target/debug/deps/libbyteorder-b7588b59c1d17615.rlib" "/opt/rustwide/target/debug/deps/libthiserror-1fac5b9fd5855afb.rlib" "/opt/rustwide/target/debug/deps/liblog-8080dc044f3ecb20.rlib" "/opt/rustwide/target/debug/deps/libserde_json-c0be2996d61d4af2.rlib" "/opt/rustwide/target/debug/deps/libryu-07c77bcabf6ee02b.rlib" "/opt/rustwide/target/debug/deps/libitoa-807e41d963466eb2.rlib" "/opt/rustwide/target/debug/deps/libserde-d6a13b92c90ccfa3.rlib" "/opt/rustwide/rustup-home/toolchains/1.75.0-x86_64-unknown-linux-gnu/lib/rustlib/x86_64-unknown-linux-gnu/lib/libstd-90f6ddbf82de36ec.rlib" "/opt/rustwide/rustup-home/toolchains/1.75.0-x86_64-unknown-linux-gnu/lib/rustlib/x86_64-unknown-linux-gnu/lib/libpanic_unwind-480c41e9d4e1f677.rlib" "/opt/rustwide/rustup-home/toolchains/1.75.0-x86_64-unknown-linux-gnu/lib/rustlib/x86_64-unknown-linux-gnu/lib/libobject-db744c0ca03eed1d.rlib" "/opt/rustwide/rustup-home/toolchains/1.75.0-x86_64-unknown-linux-gnu/lib/rustlib/x86_64-unknown-linux-gnu/lib/libmemchr-8ba652dc7d4b285a.rlib" "/opt/rustwide/rustup-home/toolchains/1.75.0-x86_64-unknown-linux-gnu/lib/rustlib/x86_64-unknown-linux-gnu/lib/libaddr2line-d5f4520a9ebc0d58.rlib" "/opt/rustwide/rustup-home/toolchains/1.75.0-x86_64-unknown-linux-gnu/lib/rustlib/x86_64-unknown-linux-gnu/lib/libgimli-4ad84de58f0cb463.rlib" "/opt/rustwide/rustup-home/toolchains/1.75.0-x86_64-unknown-linux-gnu/lib/rustlib/x86_64-unknown-linux-gnu/lib/librustc_demangle-0d10aae2e0f38735.rlib" "/opt/rustwide/rustup-home/toolchains/1.75.0-x86_64-unknown-linux-gnu/lib/rustlib/x86_64-unknown-linux-gnu/lib/libstd_detect-0c17cff739e6745b.rlib" "/opt/rustwide/rustup-home/toolchains/1.75.0-x86_64-unknown-linux-gnu/lib/rustlib/x86_64-unknown-linux-gnu/lib/libhashbrown-b29e17139dde1aa8.rlib" "/opt/rustwide/rustup-home/toolchains/1.75.0-x86_64-unknown-linux-gnu/lib/rustlib/x86_64-unknown-linux-gnu/lib/librustc_std_workspace_alloc-1f975299829cc7bd.rlib" "/opt/rustwide/rustup-home/toolchains/1.75.0-x86_64-unknown-linux-gnu/lib/rustlib/x86_64-unknown-linux-gnu/lib/libminiz_oxide-86bae3bc3079f89b.rlib" "/opt/rustwide/rustup-home/toolchains/1.75.0-x86_64-unknown-linux-gnu/lib/rustlib/x86_64-unknown-linux-gnu/lib/libadler-321b82c30dffdf5f.rlib" "/opt/rustwide/rustup-home/toolchains/1.75.0-x86_64-unknown-linux-gnu/lib/rustlib/x86_64-unknown-linux-gnu/lib/libunwind-3dd8a6810a0bdfef.rlib" "/opt/rustwide/rustup-home/toolchains/1.75.0-x86_64-unknown-linux-gnu/lib/rustlib/x86_64-unknown-linux-gnu/lib/libcfg_if-eb39a61c0c879984.rlib" "/opt/rustwide/rustup-home/toolchains/1.75.0-x86_64-unknown-linux-gnu/lib/rustlib/x86_64-unknown-linux-gnu/lib/liblibc-aa769569f91c3548.rlib" "/opt/rustwide/rustup-home/toolchains/1.75.0-x86_64-unknown-linux-gnu/lib/rustlib/x86_64-unknown-linux-gnu/lib/liballoc-510a192a50a983ed.rlib" "/opt/rustwide/rustup-home/toolchains/1.75.0-x86_64-unknown-linux-gnu/lib/rustlib/x86_64-unknown-linux-gnu/lib/librustc_std_workspace_core-0577018320f99037.rlib" "/opt/rustwide/rustup-home/toolchains/1.75.0-x86_64-unknown-linux-gnu/lib/rustlib/x86_64-unknown-linux-gnu/lib/libcore-193cf992125ccd4c.rlib" "/opt/rustwide/rustup-home/toolchains/1.75.0-x86_64-unknown-linux-gnu/lib/rustlib/x86_64-unknown-linux-gnu/lib/libcompiler_builtins-8e138eaf26ebb4a8.rlib" "-Wl,-Bdynamic" "-lgcc_s" "-lutil" "-lrt" "-lpthread" "-lm" "-ldl" "-lc" "-Wl,--eh-frame-hdr" "-Wl,-z,noexecstack" "-L" "/opt/rustwide/rustup-home/toolchains/1.75.0-x86_64-unknown-linux-gnu/lib/rustlib/x86_64-unknown-linux-gnu/lib" "-o" "/opt/rustwide/target/debug/examples/json_field-be7578b4343a61db" "-Wl,--gc-sections" "-pie" "-Wl,-z,relro,-z,now" "-nodefaultlibs"
[INFO] [stdout]   = note: collect2: fatal error: ld terminated with signal 9 [Killed]
[INFO] [stdout]           compilation terminated.
[INFO] [stdout]           
[INFO] [stdout] 
[INFO] [stdout] 
[INFO] [stdout] error: aborting due to previous error
[INFO] [stdout] 
[INFO] [stdout] 
[INFO] [stderr] error: could not compile `tantivy` (example "json_field") due to 2 previous errors
[INFO] running `Command { std: "docker" "inspect" "6a45a54bc28f5b213bd52331fd72521b962d48564f15217b206bd7b30ae8d372", kill_on_drop: false }`
[INFO] running `Command { std: "docker" "rm" "-f" "6a45a54bc28f5b213bd52331fd72521b962d48564f15217b206bd7b30ae8d372", kill_on_drop: false }`
[INFO] [stdout] 6a45a54bc28f5b213bd52331fd72521b962d48564f15217b206bd7b30ae8d372
[INFO] testing tantivy-0.21.1 against beta-2023-12-22 for beta-1.76-1
[INFO] extracting crate tantivy 0.21.1 into /workspace/builds/worker-3-tc2/source
[INFO] validating manifest of crates.io crate tantivy 0.21.1 on toolchain beta-2023-12-22
[INFO] running `Command { std: CARGO_HOME="/workspace/cargo-home" RUSTUP_HOME="/workspace/rustup-home" "/workspace/cargo-home/bin/cargo" "+beta-2023-12-22" "metadata" "--manifest-path" "Cargo.toml" "--no-deps", kill_on_drop: false }`
[INFO] started tweaking crates.io crate tantivy 0.21.1
[INFO] removed 0 missing tests
[INFO] finished tweaking crates.io crate tantivy 0.21.1
[INFO] tweaked toml for crates.io crate tantivy 0.21.1 written to /workspace/builds/worker-3-tc2/source/Cargo.toml
[INFO] crate crates.io crate tantivy 0.21.1 already has a lockfile, it will not be regenerated
[INFO] running `Command { std: CARGO_HOME="/workspace/cargo-home" RUSTUP_HOME="/workspace/rustup-home" "/workspace/cargo-home/bin/cargo" "+beta-2023-12-22" "fetch" "--manifest-path" "Cargo.toml", kill_on_drop: false }`
[INFO] running `Command { std: "docker" "create" "-v" "/var/lib/crater-agent-workspace/builds/worker-3-tc2/target:/opt/rustwide/target:rw,Z" "-v" "/var/lib/crater-agent-workspace/builds/worker-3-tc2/source:/opt/rustwide/workdir:ro,Z" "-v" "/var/lib/crater-agent-workspace/cargo-home:/opt/rustwide/cargo-home:ro,Z" "-v" "/var/lib/crater-agent-workspace/rustup-home:/opt/rustwide/rustup-home:ro,Z" "-e" "SOURCE_DIR=/opt/rustwide/workdir" "-e" "CARGO_TARGET_DIR=/opt/rustwide/target" "-e" "CARGO_HOME=/opt/rustwide/cargo-home" "-e" "RUSTUP_HOME=/opt/rustwide/rustup-home" "-w" "/opt/rustwide/workdir" "-m" "1610612736" "--user" "0:0" "--network" "none" "ghcr.io/rust-lang/crates-build-env/linux@sha256:2788e3201cd34a07e3172128adcd8b3090168a8e3bcc40d7c032b9dda1df7d1c" "/opt/rustwide/cargo-home/bin/cargo" "+beta-2023-12-22" "metadata" "--no-deps" "--format-version=1", kill_on_drop: false }`
[INFO] [stdout] 1a4a33b58727ca0cf0582d4c3b073e2feb9108b99c88d47222e9e04a79f91b14
[INFO] running `Command { std: "docker" "start" "-a" "1a4a33b58727ca0cf0582d4c3b073e2feb9108b99c88d47222e9e04a79f91b14", kill_on_drop: false }`
[INFO] running `Command { std: "docker" "inspect" "1a4a33b58727ca0cf0582d4c3b073e2feb9108b99c88d47222e9e04a79f91b14", kill_on_drop: false }`
[INFO] running `Command { std: "docker" "rm" "-f" "1a4a33b58727ca0cf0582d4c3b073e2feb9108b99c88d47222e9e04a79f91b14", kill_on_drop: false }`
[INFO] [stdout] 1a4a33b58727ca0cf0582d4c3b073e2feb9108b99c88d47222e9e04a79f91b14
[INFO] running `Command { std: "docker" "create" "-v" "/var/lib/crater-agent-workspace/builds/worker-3-tc2/target:/opt/rustwide/target:rw,Z" "-v" "/var/lib/crater-agent-workspace/builds/worker-3-tc2/source:/opt/rustwide/workdir:ro,Z" "-v" "/var/lib/crater-agent-workspace/cargo-home:/opt/rustwide/cargo-home:ro,Z" "-v" "/var/lib/crater-agent-workspace/rustup-home:/opt/rustwide/rustup-home:ro,Z" "-e" "SOURCE_DIR=/opt/rustwide/workdir" "-e" "CARGO_TARGET_DIR=/opt/rustwide/target" "-e" "CARGO_INCREMENTAL=0" "-e" "RUST_BACKTRACE=full" "-e" "RUSTFLAGS=--cap-lints=warn" "-e" "RUSTDOCFLAGS=--cap-lints=warn" "-e" "CARGO_HOME=/opt/rustwide/cargo-home" "-e" "RUSTUP_HOME=/opt/rustwide/rustup-home" "-w" "/opt/rustwide/workdir" "-m" "1610612736" "--user" "0:0" "--network" "none" "ghcr.io/rust-lang/crates-build-env/linux@sha256:2788e3201cd34a07e3172128adcd8b3090168a8e3bcc40d7c032b9dda1df7d1c" "/opt/rustwide/cargo-home/bin/cargo" "+beta-2023-12-22" "build" "--frozen" "--message-format=json", kill_on_drop: false }`
[INFO] [stdout] e51f0adfdef85b93fa24b37b09c29d14482043d373d5e1fef819b4288789aef6
[INFO] running `Command { std: "docker" "start" "-a" "e51f0adfdef85b93fa24b37b09c29d14482043d373d5e1fef819b4288789aef6", kill_on_drop: false }`
[INFO] [stderr]    Compiling proc-macro2 v1.0.60
[INFO] [stderr]    Compiling unicode-ident v1.0.9
[INFO] [stderr]    Compiling quote v1.0.28
[INFO] [stderr]    Compiling libc v0.2.146
[INFO] [stderr]    Compiling serde v1.0.164
[INFO] [stderr]    Compiling pkg-config v0.3.27
[INFO] [stderr]    Compiling crossbeam-utils v0.8.15
[INFO] [stderr]    Compiling memoffset v0.8.0
[INFO] [stderr]    Compiling itoa v1.0.6
[INFO] [stderr]    Compiling async-trait v0.1.68
[INFO] [stderr]    Compiling crossbeam-epoch v0.9.14
[INFO] [stderr]    Compiling io-lifetimes v1.0.11
[INFO] [stderr]    Compiling memchr v2.5.0
[INFO] [stderr]    Compiling stable_deref_trait v1.2.0
[INFO] [stderr]    Compiling time-core v0.1.1
[INFO] [stderr]    Compiling zstd-safe v6.0.5+zstd.1.5.4
[INFO] [stderr]    Compiling ownedbytes v0.6.0
[INFO] [stderr]    Compiling ahash v0.8.3
[INFO] [stderr]    Compiling rustix v0.37.19
[INFO] [stderr]    Compiling jobserver v0.1.26
[INFO] [stderr]    Compiling syn v2.0.18
[INFO] [stderr]    Compiling cc v1.0.79
[INFO] [stderr]    Compiling once_cell v1.18.0
[INFO] [stderr]    Compiling rayon-core v1.11.0
[INFO] [stderr]    Compiling linux-raw-sys v0.3.8
[INFO] [stderr]    Compiling either v1.8.1
[INFO] [stderr]    Compiling log v0.4.18
[INFO] [stderr]    Compiling utf8-ranges v1.0.5
[INFO] [stderr]    Compiling crossbeam-deque v0.8.3
[INFO] [stderr]    Compiling bitpacking v0.8.4
[INFO] [stderr]    Compiling tantivy-fst v0.4.0
[INFO] [stderr]    Compiling num_cpus v1.15.0
[INFO] [stderr]    Compiling crossbeam-channel v0.5.8
[INFO] [stderr]    Compiling tempfile v3.6.0
[INFO] [stderr]    Compiling murmurhash32 v0.3.0
[INFO] [stderr]    Compiling serde_json v1.0.96
[INFO] [stderr]    Compiling thiserror v1.0.40
[INFO] [stderr]    Compiling nom v7.1.3
[INFO] [stderr]    Compiling zstd-sys v2.0.8+zstd.1.5.5
[INFO] [stderr]    Compiling hashbrown v0.14.0
[INFO] [stderr]    Compiling getrandom v0.2.10
[INFO] [stderr]    Compiling itertools v0.11.0
[INFO] [stderr]    Compiling instant v0.1.12
[INFO] [stderr]    Compiling fastdivide v0.4.0
[INFO] [stderr]    Compiling regex-syntax v0.7.2
[INFO] [stderr]    Compiling ryu v1.0.13
[INFO] [stderr]    Compiling fastrand v1.9.0
[INFO] [stderr]    Compiling rayon v1.7.0
[INFO] [stderr]    Compiling tantivy-query-grammar v0.21.0
[INFO] [stderr]    Compiling tantivy-bitpacker v0.5.0
[INFO] [stderr]    Compiling fs4 v0.6.5
[INFO] [stderr]    Compiling measure_time v0.8.2
[INFO] [stderr]    Compiling lru v0.11.0
[INFO] [stderr]    Compiling memmap2 v0.7.1
[INFO] [stderr]    Compiling aho-corasick v1.0.2
[INFO] [stderr]    Compiling base64 v0.21.2
[INFO] [stderr]    Compiling downcast-rs v1.2.0
[INFO] [stderr]    Compiling census v0.4.1
[INFO] [stderr]    Compiling regex v1.8.4
[INFO] [stderr]    Compiling oneshot v0.1.5
[INFO] [stderr]    Compiling lz4_flex v0.11.1
[INFO] [stderr]    Compiling arc-swap v1.6.0
[INFO] [stderr]    Compiling levenshtein_automata v0.2.1
[INFO] [stderr]    Compiling serde_derive v1.0.164
[INFO] [stderr]    Compiling thiserror-impl v1.0.40
[INFO] [stderr]    Compiling htmlescape v0.3.1
[INFO] [stderr]    Compiling zstd v0.12.3+zstd.1.5.2
[INFO] [stderr]    Compiling time v0.3.22
[INFO] [stderr]    Compiling rust-stemmers v1.2.0
[INFO] [stderr]    Compiling tantivy-tokenizer-api v0.2.0
[INFO] [stderr]    Compiling sketches-ddsketch v0.2.1
[INFO] [stderr]    Compiling uuid v1.3.3
[INFO] [stderr]    Compiling tantivy-common v0.6.0
[INFO] [stderr]    Compiling tantivy-stacker v0.2.0
[INFO] [stderr]    Compiling tantivy-sstable v0.2.0
[INFO] [stderr]    Compiling tantivy-columnar v0.2.0
[INFO] [stderr]    Compiling tantivy v0.21.1 (/opt/rustwide/workdir)
[INFO] [stdout] warning: unused import: `self::segment_manager::SegmentManager`
[INFO] [stdout]   --> src/indexer/mod.rs:32:9
[INFO] [stdout]    |
[INFO] [stdout] 32 | pub use self::segment_manager::SegmentManager;
[INFO] [stdout]    |         ^^^^^^^^^^^^^^^^^^^^^^^^^^^^^^^^^^^^^
[INFO] [stdout]    |
[INFO] [stdout]    = note: `#[warn(unused_imports)]` on by default
[INFO] [stdout] 
[INFO] [stdout] 
[INFO] [stdout] warning: unused doc comment
[INFO] [stdout]   --> src/aggregation/agg_limits.rs:76:13
[INFO] [stdout]    |
[INFO] [stdout] 76 |             /// The counter which is shared between the aggregations for one request.
[INFO] [stdout]    |             ^^^^^^^^^^^^^^^^^^^^^^^^^^^^^^^^^^^^^^^^^^^^^^^^^^^^^^^^^^^^^^^^^^^^^^^^^
[INFO] [stdout] 77 |             memory_consumption: Arc::clone(&self.memory_consumption),
[INFO] [stdout]    |             -------------------------------------------------------- rustdoc does not generate documentation for expression fields
[INFO] [stdout]    |
[INFO] [stdout]    = help: use `//` for a plain comment
[INFO] [stdout]    = note: `#[warn(unused_doc_comments)]` on by default
[INFO] [stdout] 
[INFO] [stdout] 
[INFO] [stdout] warning: unused doc comment
[INFO] [stdout]   --> src/aggregation/agg_limits.rs:78:13
[INFO] [stdout]    |
[INFO] [stdout] 78 |             /// The memory_limit in bytes
[INFO] [stdout]    |             ^^^^^^^^^^^^^^^^^^^^^^^^^^^^^
[INFO] [stdout] 79 |             memory_limit: self.memory_limit,
[INFO] [stdout]    |             ------------------------------- rustdoc does not generate documentation for expression fields
[INFO] [stdout]    |
[INFO] [stdout]    = help: use `//` for a plain comment
[INFO] [stdout] 
[INFO] [stdout] 
[INFO] [stdout] warning: unused import: `RangeWeight`
[INFO] [stdout]   --> src/query/range_query/mod.rs:10:41
[INFO] [stdout]    |
[INFO] [stdout] 10 | pub use self::range_query::{RangeQuery, RangeWeight};
[INFO] [stdout]    |                                         ^^^^^^^^^^^
[INFO] [stdout] 
[INFO] [stdout] 
[INFO] [stdout] warning: unused import: `self::term_weight::TermWeight`
[INFO] [stdout]  --> src/query/term_query/mod.rs:7:9
[INFO] [stdout]   |
[INFO] [stdout] 7 | pub use self::term_weight::TermWeight;
[INFO] [stdout]   |         ^^^^^^^^^^^^^^^^^^^^^^^^^^^^^
[INFO] [stdout] 
[INFO] [stdout] 
[INFO] [stdout] warning: 5 warnings emitted
[INFO] [stdout] 
[INFO] [stdout] 
[INFO] [stderr]     Finished dev [unoptimized + debuginfo] target(s) in 1m 00s
[INFO] running `Command { std: "docker" "inspect" "e51f0adfdef85b93fa24b37b09c29d14482043d373d5e1fef819b4288789aef6", kill_on_drop: false }`
[INFO] running `Command { std: "docker" "rm" "-f" "e51f0adfdef85b93fa24b37b09c29d14482043d373d5e1fef819b4288789aef6", kill_on_drop: false }`
[INFO] [stdout] e51f0adfdef85b93fa24b37b09c29d14482043d373d5e1fef819b4288789aef6
[INFO] running `Command { std: "docker" "create" "-v" "/var/lib/crater-agent-workspace/builds/worker-3-tc2/target:/opt/rustwide/target:rw,Z" "-v" "/var/lib/crater-agent-workspace/builds/worker-3-tc2/source:/opt/rustwide/workdir:ro,Z" "-v" "/var/lib/crater-agent-workspace/cargo-home:/opt/rustwide/cargo-home:ro,Z" "-v" "/var/lib/crater-agent-workspace/rustup-home:/opt/rustwide/rustup-home:ro,Z" "-e" "SOURCE_DIR=/opt/rustwide/workdir" "-e" "CARGO_TARGET_DIR=/opt/rustwide/target" "-e" "CARGO_INCREMENTAL=0" "-e" "RUST_BACKTRACE=full" "-e" "RUSTFLAGS=--cap-lints=warn" "-e" "RUSTDOCFLAGS=--cap-lints=warn" "-e" "CARGO_HOME=/opt/rustwide/cargo-home" "-e" "RUSTUP_HOME=/opt/rustwide/rustup-home" "-w" "/opt/rustwide/workdir" "-m" "1610612736" "--user" "0:0" "--network" "none" "ghcr.io/rust-lang/crates-build-env/linux@sha256:2788e3201cd34a07e3172128adcd8b3090168a8e3bcc40d7c032b9dda1df7d1c" "/opt/rustwide/cargo-home/bin/cargo" "+beta-2023-12-22" "test" "--frozen" "--no-run" "--message-format=json", kill_on_drop: false }`
[INFO] [stdout] 8cc4faf82114323d94261aa0410a4f87291895006795688f0c32439777c0a55c
[INFO] running `Command { std: "docker" "start" "-a" "8cc4faf82114323d94261aa0410a4f87291895006795688f0c32439777c0a55c", kill_on_drop: false }`
[INFO] [stderr]    Compiling io-lifetimes v1.0.11
[INFO] [stderr]    Compiling rustix v0.37.19
[INFO] [stderr]    Compiling getrandom v0.2.10
[INFO] [stderr]    Compiling libm v0.2.7
[INFO] [stderr]    Compiling num-traits v0.2.15
[INFO] [stderr]    Compiling log v0.4.18
[INFO] [stderr]    Compiling futures-core v0.3.28
[INFO] [stderr]    Compiling futures-channel v0.3.28
[INFO] [stderr]    Compiling rand_core v0.6.4
[INFO] [stderr]    Compiling futures-task v0.3.28
[INFO] [stderr]    Compiling rand_chacha v0.3.1
[INFO] [stderr]    Compiling aho-corasick v1.0.2
[INFO] [stderr]    Compiling futures-util v0.3.28
[INFO] [stderr]    Compiling futures-sink v0.3.28
[INFO] [stderr]    Compiling futures-macro v0.3.28
[INFO] [stderr]    Compiling plotters-backend v0.3.4
[INFO] [stderr]    Compiling rand v0.8.5
[INFO] [stderr]    Compiling anstyle v1.0.0
[INFO] [stderr]    Compiling half v1.8.2
[INFO] [stderr]    Compiling ciborium-io v0.2.1
[INFO] [stderr]    Compiling futures-io v0.3.28
[INFO] [stderr]    Compiling clap_lex v0.5.0
[INFO] [stderr]    Compiling nom v7.1.3
[INFO] [stderr]    Compiling clap_builder v4.3.1
[INFO] [stderr]    Compiling ciborium-ll v0.2.1
[INFO] [stderr]    Compiling regex v1.8.4
[INFO] [stderr]    Compiling plotters-svg v0.3.3
[INFO] [stderr]    Compiling itertools v0.10.5
[INFO] [stderr]    Compiling wait-timeout v0.2.0
[INFO] [stderr]    Compiling tempfile v3.6.0
[INFO] [stderr]    Compiling is-terminal v0.4.7
[INFO] [stderr]    Compiling bit-vec v0.6.3
[INFO] [stderr]    Compiling same-file v1.0.6
[INFO] [stderr]    Compiling paste v1.0.12
[INFO] [stderr]    Compiling cast v0.3.0
[INFO] [stderr]    Compiling bit-set v0.5.3
[INFO] [stderr]    Compiling tantivy-query-grammar v0.21.0
[INFO] [stderr]    Compiling criterion-plot v0.5.0
[INFO] [stderr]    Compiling rusty-fork v0.3.0
[INFO] [stderr]    Compiling walkdir v2.3.3
[INFO] [stderr]    Compiling clap v4.3.2
[INFO] [stderr]    Compiling measure_time v0.8.2
[INFO] [stderr]    Compiling fs4 v0.6.5
[INFO] [stderr]    Compiling plotters v0.3.4
[INFO] [stderr]    Compiling syn v1.0.109
[INFO] [stderr]    Compiling ciborium v0.2.1
[INFO] [stderr]    Compiling tinytemplate v1.2.1
[INFO] [stderr]    Compiling rand_xorshift v0.3.0
[INFO] [stderr]    Compiling uuid v1.3.3
[INFO] [stderr]    Compiling futures-executor v0.3.28
[INFO] [stderr]    Compiling oorandom v11.1.3
[INFO] [stderr]    Compiling unarray v0.1.4
[INFO] [stderr]    Compiling yansi v0.5.1
[INFO] [stderr]    Compiling anes v0.1.6
[INFO] [stderr]    Compiling env_logger v0.10.0
[INFO] [stderr]    Compiling proptest v1.2.0
[INFO] [stderr]    Compiling criterion v0.5.1
[INFO] [stderr]    Compiling pretty_assertions v1.3.0
[INFO] [stderr]    Compiling futures v0.3.28
[INFO] [stderr]    Compiling rand_distr v0.4.3
[INFO] [stderr]    Compiling fail v0.5.1
[INFO] [stderr]    Compiling maplit v1.0.2
[INFO] [stderr]    Compiling matches v0.1.10
[INFO] [stderr]    Compiling more-asserts v0.3.1
[INFO] [stderr]    Compiling tantivy v0.21.1 (/opt/rustwide/workdir)
[INFO] [stdout] warning: unused import: `self::segment_manager::SegmentManager`
[INFO] [stdout]   --> src/indexer/mod.rs:32:9
[INFO] [stdout]    |
[INFO] [stdout] 32 | pub use self::segment_manager::SegmentManager;
[INFO] [stdout]    |         ^^^^^^^^^^^^^^^^^^^^^^^^^^^^^^^^^^^^^
[INFO] [stdout]    |
[INFO] [stdout]    = note: `#[warn(unused_imports)]` on by default
[INFO] [stdout] 
[INFO] [stdout] 
[INFO] [stdout] warning: unused doc comment
[INFO] [stdout]   --> src/aggregation/agg_limits.rs:76:13
[INFO] [stdout]    |
[INFO] [stdout] 76 |             /// The counter which is shared between the aggregations for one request.
[INFO] [stdout]    |             ^^^^^^^^^^^^^^^^^^^^^^^^^^^^^^^^^^^^^^^^^^^^^^^^^^^^^^^^^^^^^^^^^^^^^^^^^
[INFO] [stdout] 77 |             memory_consumption: Arc::clone(&self.memory_consumption),
[INFO] [stdout]    |             -------------------------------------------------------- rustdoc does not generate documentation for expression fields
[INFO] [stdout]    |
[INFO] [stdout]    = help: use `//` for a plain comment
[INFO] [stdout]    = note: `#[warn(unused_doc_comments)]` on by default
[INFO] [stdout] 
[INFO] [stdout] 
[INFO] [stdout] warning: unused doc comment
[INFO] [stdout]   --> src/aggregation/agg_limits.rs:78:13
[INFO] [stdout]    |
[INFO] [stdout] 78 |             /// The memory_limit in bytes
[INFO] [stdout]    |             ^^^^^^^^^^^^^^^^^^^^^^^^^^^^^
[INFO] [stdout] 79 |             memory_limit: self.memory_limit,
[INFO] [stdout]    |             ------------------------------- rustdoc does not generate documentation for expression fields
[INFO] [stdout]    |
[INFO] [stdout]    = help: use `//` for a plain comment
[INFO] [stdout] 
[INFO] [stdout] 
[INFO] [stdout] warning: unused import: `RangeWeight`
[INFO] [stdout]   --> src/query/range_query/mod.rs:10:41
[INFO] [stdout]    |
[INFO] [stdout] 10 | pub use self::range_query::{RangeQuery, RangeWeight};
[INFO] [stdout]    |                                         ^^^^^^^^^^^
[INFO] [stdout] 
[INFO] [stdout] 
[INFO] [stdout] warning: unused import: `self::term_weight::TermWeight`
[INFO] [stdout]  --> src/query/term_query/mod.rs:7:9
[INFO] [stdout]   |
[INFO] [stdout] 7 | pub use self::term_weight::TermWeight;
[INFO] [stdout]   |         ^^^^^^^^^^^^^^^^^^^^^^^^^^^^^
[INFO] [stdout] 
[INFO] [stdout] 
[INFO] [stderr]    Compiling test-log v0.2.11
[INFO] [stdout] warning: unused import: `self::segment_manager::SegmentManager`
[INFO] [stdout]   --> src/indexer/mod.rs:32:9
[INFO] [stdout]    |
[INFO] [stdout] 32 | pub use self::segment_manager::SegmentManager;
[INFO] [stdout]    |         ^^^^^^^^^^^^^^^^^^^^^^^^^^^^^^^^^^^^^
[INFO] [stdout]    |
[INFO] [stdout]    = note: `#[warn(unused_imports)]` on by default
[INFO] [stdout] 
[INFO] [stdout] 
[INFO] [stdout] warning: unused doc comment
[INFO] [stdout]   --> src/aggregation/agg_limits.rs:76:13
[INFO] [stdout]    |
[INFO] [stdout] 76 |             /// The counter which is shared between the aggregations for one request.
[INFO] [stdout]    |             ^^^^^^^^^^^^^^^^^^^^^^^^^^^^^^^^^^^^^^^^^^^^^^^^^^^^^^^^^^^^^^^^^^^^^^^^^
[INFO] [stdout] 77 |             memory_consumption: Arc::clone(&self.memory_consumption),
[INFO] [stdout]    |             -------------------------------------------------------- rustdoc does not generate documentation for expression fields
[INFO] [stdout]    |
[INFO] [stdout]    = help: use `//` for a plain comment
[INFO] [stdout]    = note: `#[warn(unused_doc_comments)]` on by default
[INFO] [stdout] 
[INFO] [stdout] 
[INFO] [stdout] warning: unused doc comment
[INFO] [stdout]   --> src/aggregation/agg_limits.rs:78:13
[INFO] [stdout]    |
[INFO] [stdout] 78 |             /// The memory_limit in bytes
[INFO] [stdout]    |             ^^^^^^^^^^^^^^^^^^^^^^^^^^^^^
[INFO] [stdout] 79 |             memory_limit: self.memory_limit,
[INFO] [stdout]    |             ------------------------------- rustdoc does not generate documentation for expression fields
[INFO] [stdout]    |
[INFO] [stdout]    = help: use `//` for a plain comment
[INFO] [stdout] 
[INFO] [stdout] 
[INFO] [stdout] warning: unused import: `RangeWeight`
[INFO] [stdout]   --> src/query/range_query/mod.rs:10:41
[INFO] [stdout]    |
[INFO] [stdout] 10 | pub use self::range_query::{RangeQuery, RangeWeight};
[INFO] [stdout]    |                                         ^^^^^^^^^^^
[INFO] [stdout] 
[INFO] [stdout] 
[INFO] [stdout] warning: unused import: `self::term_weight::TermWeight`
[INFO] [stdout]  --> src/query/term_query/mod.rs:7:9
[INFO] [stdout]   |
[INFO] [stdout] 7 | pub use self::term_weight::TermWeight;
[INFO] [stdout]   |         ^^^^^^^^^^^^^^^^^^^^^^^^^^^^^
[INFO] [stdout] 
[INFO] [stdout] 
[INFO] [stdout] warning: 5 warnings emitted
[INFO] [stdout] 
[INFO] [stdout] 
[INFO] [stderr] error: could not compile `tantivy` (lib test); 5 warnings emitted
[INFO] [stderr] 
[INFO] [stderr] Caused by:
[INFO] [stderr]   process didn't exit successfully: `/opt/rustwide/rustup-home/toolchains/beta-2023-12-22-x86_64-unknown-linux-gnu/bin/rustc --crate-name tantivy --edition=2021 src/lib.rs --error-format=json --json=diagnostic-rendered-ansi,artifacts,future-incompat --emit=dep-info,link -C embed-bitcode=no -C debuginfo=2 --test --cfg 'feature="default"' --cfg 'feature="fs4"' --cfg 'feature="lz4-compression"' --cfg 'feature="lz4_flex"' --cfg 'feature="memmap2"' --cfg 'feature="mmap"' --cfg 'feature="stopwords"' --cfg 'feature="tempfile"' -C metadata=84893137aa63fa08 -C extra-filename=-84893137aa63fa08 --out-dir /opt/rustwide/target/debug/deps -L dependency=/opt/rustwide/target/debug/deps --extern aho_corasick=/opt/rustwide/target/debug/deps/libaho_corasick-d424b0a92ce0dc1c.rlib --extern arc_swap=/opt/rustwide/target/debug/deps/libarc_swap-6f2cb018ed2934f6.rlib --extern async_trait=/opt/rustwide/target/debug/deps/libasync_trait-674172db560cd3cb.so --extern base64=/opt/rustwide/target/debug/deps/libbase64-f38862f3d93516f9.rlib --extern bitpacking=/opt/rustwide/target/debug/deps/libbitpacking-6b1ac565fb8d26d0.rlib --extern byteorder=/opt/rustwide/target/debug/deps/libbyteorder-0ef92d8cf14cf0b1.rlib --extern census=/opt/rustwide/target/debug/deps/libcensus-5465957273bf8709.rlib --extern crc32fast=/opt/rustwide/target/debug/deps/libcrc32fast-dbea8ee6fb11ce73.rlib --extern criterion=/opt/rustwide/target/debug/deps/libcriterion-2d65719bac84ee42.rlib --extern crossbeam_channel=/opt/rustwide/target/debug/deps/libcrossbeam_channel-998a56d46e7861e8.rlib --extern downcast_rs=/opt/rustwide/target/debug/deps/libdowncast_rs-c4a86e4848913de8.rlib --extern env_logger=/opt/rustwide/target/debug/deps/libenv_logger-cfe51092d2a66bbe.rlib --extern fail=/opt/rustwide/target/debug/deps/libfail-e40a60d714fc903f.rlib --extern fastdivide=/opt/rustwide/target/debug/deps/libfastdivide-52559807f76c6670.rlib --extern fs4=/opt/rustwide/target/debug/deps/libfs4-1c2dae44cde8651d.rlib --extern futures=/opt/rustwide/target/debug/deps/libfutures-4c7bd3087a7b3a70.rlib --extern htmlescape=/opt/rustwide/target/debug/deps/libhtmlescape-1655a923fb73e162.rlib --extern itertools=/opt/rustwide/target/debug/deps/libitertools-bd7c9a9e9c7bdca0.rlib --extern levenshtein_automata=/opt/rustwide/target/debug/deps/liblevenshtein_automata-d63e6b57529fe693.rlib --extern log=/opt/rustwide/target/debug/deps/liblog-d46d0171c6214a3b.rlib --extern lru=/opt/rustwide/target/debug/deps/liblru-6b3f3deebea69786.rlib --extern lz4_flex=/opt/rustwide/target/debug/deps/liblz4_flex-5438c5cbe8d6017b.rlib --extern maplit=/opt/rustwide/target/debug/deps/libmaplit-73646ac8518ae531.rlib --extern matches=/opt/rustwide/target/debug/deps/libmatches-59081526691d27d6.rlib --extern measure_time=/opt/rustwide/target/debug/deps/libmeasure_time-51869560a30a66d8.rlib --extern memmap2=/opt/rustwide/target/debug/deps/libmemmap2-3b8728dfd20b37dc.rlib --extern more_asserts=/opt/rustwide/target/debug/deps/libmore_asserts-113d5c4aebb48b35.rlib --extern murmurhash32=/opt/rustwide/target/debug/deps/libmurmurhash32-242dcb0f6a45475a.rlib --extern num_cpus=/opt/rustwide/target/debug/deps/libnum_cpus-123146f2d71ab259.rlib --extern once_cell=/opt/rustwide/target/debug/deps/libonce_cell-fadaa1d866399a17.rlib --extern oneshot=/opt/rustwide/target/debug/deps/liboneshot-dfce325f61db0111.rlib --extern paste=/opt/rustwide/target/debug/deps/libpaste-c572d19bf0492e34.so --extern pretty_assertions=/opt/rustwide/target/debug/deps/libpretty_assertions-24922d474820892a.rlib --extern proptest=/opt/rustwide/target/debug/deps/libproptest-355f06c62733ae41.rlib --extern rand=/opt/rustwide/target/debug/deps/librand-1e201375d5552967.rlib --extern rand_distr=/opt/rustwide/target/debug/deps/librand_distr-e42b0a19946afeb5.rlib --extern rayon=/opt/rustwide/target/debug/deps/librayon-0bfe495e2a77c76d.rlib --extern regex=/opt/rustwide/target/debug/deps/libregex-ba5692209ab71cbb.rlib --extern rust_stemmers=/opt/rustwide/target/debug/deps/librust_stemmers-429571a63cf007cd.rlib --extern rustc_hash=/opt/rustwide/target/debug/deps/librustc_hash-d8dd0847b35f1832.rlib --extern serde=/opt/rustwide/target/debug/deps/libserde-d80402ff626254ac.rlib --extern serde_json=/opt/rustwide/target/debug/deps/libserde_json-ce428925b5cddd9e.rlib --extern sketches_ddsketch=/opt/rustwide/target/debug/deps/libsketches_ddsketch-63eda2e22873bc91.rlib --extern smallvec=/opt/rustwide/target/debug/deps/libsmallvec-5f186dbb2829e135.rlib --extern tantivy_bitpacker=/opt/rustwide/target/debug/deps/libtantivy_bitpacker-c310cc9b48774507.rlib --extern columnar=/opt/rustwide/target/debug/deps/libtantivy_columnar-f6e2f789463df508.rlib --extern common=/opt/rustwide/target/debug/deps/libtantivy_common-a4580019bd0f9d27.rlib --extern tantivy_fst=/opt/rustwide/target/debug/deps/libtantivy_fst-ac06b7e63184492b.rlib --extern query_grammar=/opt/rustwide/target/debug/deps/libtantivy_query_grammar-6dc88c8311faa2dd.rlib --extern stacker=/opt/rustwide/target/debug/deps/libtantivy_stacker-34d521e70241870a.rlib --extern tokenizer_api=/opt/rustwide/target/debug/deps/libtantivy_tokenizer_api-02760d8d847ca0d5.rlib --extern tempfile=/opt/rustwide/target/debug/deps/libtempfile-133d2d1ba9850dca.rlib --extern test_log=/opt/rustwide/target/debug/deps/libtest_log-401ddef30a174e58.so --extern thiserror=/opt/rustwide/target/debug/deps/libthiserror-644d20c1d9a9f5c0.rlib --extern time=/opt/rustwide/target/debug/deps/libtime-ca218005b0abe3cc.rlib --extern uuid=/opt/rustwide/target/debug/deps/libuuid-ea2db1bf67561f53.rlib --cap-lints=warn -L native=/opt/rustwide/target/debug/build/zstd-sys-8f7c6fc36a898528/out` (signal: 9, SIGKILL: kill)
[INFO] [stderr] warning: build failed, waiting for other jobs to finish...
[INFO] [stdout] error: linking with `cc` failed: exit status: 1
[INFO] [stdout]   |
[INFO] [stdout]   = note: LC_ALL="C" PATH="/opt/rustwide/rustup-home/toolchains/beta-2023-12-22-x86_64-unknown-linux-gnu/lib/rustlib/x86_64-unknown-linux-gnu/bin:/opt/rustwide/cargo-home/bin:/usr/local/sbin:/usr/local/bin:/usr/sbin:/usr/bin:/sbin:/bin" VSLANG="1033" "cc" "-m64" "/tmp/rustcy8bosi/symbols.o" "/opt/rustwide/target/debug/examples/index_from_multiple_threads-4a1db07cdd590022.index_from_multiple_threads.4683b1e7aa5683ff-cgu.0.rcgu.o" "/opt/rustwide/target/debug/examples/index_from_multiple_threads-4a1db07cdd590022.3m4peujw8nlviu0l.rcgu.o" "-Wl,--as-needed" "-L" "/opt/rustwide/target/debug/deps" "-L" "/opt/rustwide/target/debug/build/zstd-sys-8f7c6fc36a898528/out" "-L" "/opt/rustwide/rustup-home/toolchains/beta-2023-12-22-x86_64-unknown-linux-gnu/lib/rustlib/x86_64-unknown-linux-gnu/lib" "-Wl,-Bstatic" "/opt/rustwide/target/debug/deps/libtantivy-c1cdfef74d77f34c.rlib" "/opt/rustwide/target/debug/deps/libsketches_ddsketch-63eda2e22873bc91.rlib" "/opt/rustwide/target/debug/deps/liboneshot-dfce325f61db0111.rlib" "/opt/rustwide/target/debug/deps/libcensus-5465957273bf8709.rlib" "/opt/rustwide/target/debug/deps/libhtmlescape-1655a923fb73e162.rlib" "/opt/rustwide/target/debug/deps/libarc_swap-6f2cb018ed2934f6.rlib" "/opt/rustwide/target/debug/deps/liblz4_flex-5438c5cbe8d6017b.rlib" "/opt/rustwide/target/debug/deps/liblru-6b3f3deebea69786.rlib" "/opt/rustwide/target/debug/deps/libhashbrown-cb39b5573a393889.rlib" "/opt/rustwide/target/debug/deps/libahash-afc43471a8ec760a.rlib" "/opt/rustwide/target/debug/deps/liballocator_api2-6542dde21324188f.rlib" "/opt/rustwide/target/debug/deps/libbase64-f38862f3d93516f9.rlib" "/opt/rustwide/target/debug/deps/liblevenshtein_automata-d63e6b57529fe693.rlib" "/opt/rustwide/target/debug/deps/libcrc32fast-dbea8ee6fb11ce73.rlib" "/opt/rustwide/target/debug/deps/libtempfile-133d2d1ba9850dca.rlib" "/opt/rustwide/target/debug/deps/libfastrand-9a0695f12d217e0d.rlib" "/opt/rustwide/target/debug/deps/libmemmap2-3b8728dfd20b37dc.rlib" "/opt/rustwide/target/debug/deps/libfs4-1c2dae44cde8651d.rlib" "/opt/rustwide/target/debug/deps/librustix-3feb4d03d5815870.rlib" "/opt/rustwide/target/debug/deps/libio_lifetimes-d97e3851dde50d67.rlib" "/opt/rustwide/target/debug/deps/libbitflags-85e13ed1e0c6d910.rlib" "/opt/rustwide/target/debug/deps/liblinux_raw_sys-777f6c1fa6b62135.rlib" "/opt/rustwide/target/debug/deps/libdowncast_rs-c4a86e4848913de8.rlib" "/opt/rustwide/target/debug/deps/librust_stemmers-429571a63cf007cd.rlib" "/opt/rustwide/target/debug/deps/libregex-ba5692209ab71cbb.rlib" "/opt/rustwide/target/debug/deps/libaho_corasick-d424b0a92ce0dc1c.rlib" "/opt/rustwide/target/debug/deps/libregex_syntax-729ddb37255e1e43.rlib" "/opt/rustwide/target/debug/deps/libtantivy_tokenizer_api-02760d8d847ca0d5.rlib" "/opt/rustwide/target/debug/deps/libmeasure_time-51869560a30a66d8.rlib" "/opt/rustwide/target/debug/deps/libinstant-b27d27f686885301.rlib" "/opt/rustwide/target/debug/deps/libsmallvec-5f186dbb2829e135.rlib" "/opt/rustwide/target/debug/deps/libonce_cell-fadaa1d866399a17.rlib" "/opt/rustwide/target/debug/deps/libuuid-ea2db1bf67561f53.rlib" "/opt/rustwide/target/debug/deps/libgetrandom-64e83770bfec58e8.rlib" "/opt/rustwide/target/debug/deps/librustc_hash-d8dd0847b35f1832.rlib" "/opt/rustwide/target/debug/deps/librayon-0bfe495e2a77c76d.rlib" "/opt/rustwide/target/debug/deps/librayon_core-e0d05edc49f54cf6.rlib" "/opt/rustwide/target/debug/deps/libnum_cpus-123146f2d71ab259.rlib" "/opt/rustwide/target/debug/deps/liblibc-87a1a663d9c1ed7e.rlib" "/opt/rustwide/target/debug/deps/libcrossbeam_deque-191a1f082bd5d7c1.rlib" "/opt/rustwide/target/debug/deps/libcrossbeam_epoch-834b4030633df33a.rlib" "/opt/rustwide/target/debug/deps/libmemoffset-f38cdfb94c4bdc1f.rlib" "/opt/rustwide/target/debug/deps/libscopeguard-31f1b56a39f2a372.rlib" "/opt/rustwide/target/debug/deps/libcrossbeam_channel-998a56d46e7861e8.rlib" "/opt/rustwide/target/debug/deps/libcrossbeam_utils-55a3c7a188f06746.rlib" "/opt/rustwide/target/debug/deps/libcfg_if-e7002d307f97bc56.rlib" "/opt/rustwide/target/debug/deps/libtantivy_query_grammar-6dc88c8311faa2dd.rlib" "/opt/rustwide/target/debug/deps/libnom-5d9fa5115288a904.rlib" "/opt/rustwide/target/debug/deps/libmemchr-33d05ae5bba76030.rlib" "/opt/rustwide/target/debug/deps/libtantivy_columnar-f6e2f789463df508.rlib" "/opt/rustwide/target/debug/deps/libfnv-953831fe314029b4.rlib" "/opt/rustwide/target/debug/deps/libtantivy_stacker-34d521e70241870a.rlib" "/opt/rustwide/target/debug/deps/libmurmurhash32-242dcb0f6a45475a.rlib" "/opt/rustwide/target/debug/deps/libfastdivide-52559807f76c6670.rlib" "/opt/rustwide/target/debug/deps/libtantivy_bitpacker-c310cc9b48774507.rlib" "/opt/rustwide/target/debug/deps/libbitpacking-6b1ac565fb8d26d0.rlib" "/opt/rustwide/target/debug/deps/libcrunchy-82760e4d6a68d059.rlib" "/opt/rustwide/target/debug/deps/libitertools-bd7c9a9e9c7bdca0.rlib" "/opt/rustwide/target/debug/deps/libeither-ede8120b5409efc0.rlib" "/opt/rustwide/target/debug/deps/libtantivy_sstable-1374b8fe19fafdc8.rlib" "/opt/rustwide/target/debug/deps/libtantivy_fst-ac06b7e63184492b.rlib" "/opt/rustwide/target/debug/deps/libutf8_ranges-c5ef6d4612af7581.rlib" "/opt/rustwide/target/debug/deps/libregex_syntax-b113d34fa562c5bb.rlib" "/opt/rustwide/target/debug/deps/libzstd-3a1059247adabcea.rlib" "/opt/rustwide/target/debug/deps/libzstd_safe-5c68da26b4915b70.rlib" "/opt/rustwide/target/debug/deps/libzstd_sys-93efb924bec36525.rlib" "/opt/rustwide/target/debug/deps/libtantivy_common-a4580019bd0f9d27.rlib" "/opt/rustwide/target/debug/deps/libtime-ca218005b0abe3cc.rlib" "/opt/rustwide/target/debug/deps/libtime_core-54674f00ac56f1cd.rlib" "/opt/rustwide/target/debug/deps/libownedbytes-786ebe69cddb6e63.rlib" "/opt/rustwide/target/debug/deps/libstable_deref_trait-2a0dbe5da253a28f.rlib" "/opt/rustwide/target/debug/deps/libbyteorder-0ef92d8cf14cf0b1.rlib" "/opt/rustwide/target/debug/deps/libthiserror-644d20c1d9a9f5c0.rlib" "/opt/rustwide/target/debug/deps/liblog-d46d0171c6214a3b.rlib" "/opt/rustwide/target/debug/deps/libserde_json-ce428925b5cddd9e.rlib" "/opt/rustwide/target/debug/deps/libryu-ce09991353a76c10.rlib" "/opt/rustwide/target/debug/deps/libitoa-780f6737fc9d34ad.rlib" "/opt/rustwide/target/debug/deps/libserde-d80402ff626254ac.rlib" "/opt/rustwide/rustup-home/toolchains/beta-2023-12-22-x86_64-unknown-linux-gnu/lib/rustlib/x86_64-unknown-linux-gnu/lib/libstd-0672489a78b613de.rlib" "/opt/rustwide/rustup-home/toolchains/beta-2023-12-22-x86_64-unknown-linux-gnu/lib/rustlib/x86_64-unknown-linux-gnu/lib/libpanic_unwind-7eb3ffc34a49f675.rlib" "/opt/rustwide/rustup-home/toolchains/beta-2023-12-22-x86_64-unknown-linux-gnu/lib/rustlib/x86_64-unknown-linux-gnu/lib/libobject-6478a9daa4bee8e2.rlib" "/opt/rustwide/rustup-home/toolchains/beta-2023-12-22-x86_64-unknown-linux-gnu/lib/rustlib/x86_64-unknown-linux-gnu/lib/libmemchr-0c75d871a5c3923d.rlib" "/opt/rustwide/rustup-home/toolchains/beta-2023-12-22-x86_64-unknown-linux-gnu/lib/rustlib/x86_64-unknown-linux-gnu/lib/libaddr2line-d163ef63ad37bb71.rlib" "/opt/rustwide/rustup-home/toolchains/beta-2023-12-22-x86_64-unknown-linux-gnu/lib/rustlib/x86_64-unknown-linux-gnu/lib/libgimli-8a3fd810a85b9f4c.rlib" "/opt/rustwide/rustup-home/toolchains/beta-2023-12-22-x86_64-unknown-linux-gnu/lib/rustlib/x86_64-unknown-linux-gnu/lib/librustc_demangle-462a2cde8c5dfc10.rlib" "/opt/rustwide/rustup-home/toolchains/beta-2023-12-22-x86_64-unknown-linux-gnu/lib/rustlib/x86_64-unknown-linux-gnu/lib/libstd_detect-cb06ac9f54713f71.rlib" "/opt/rustwide/rustup-home/toolchains/beta-2023-12-22-x86_64-unknown-linux-gnu/lib/rustlib/x86_64-unknown-linux-gnu/lib/libhashbrown-f20bfd1f8e59b393.rlib" "/opt/rustwide/rustup-home/toolchains/beta-2023-12-22-x86_64-unknown-linux-gnu/lib/rustlib/x86_64-unknown-linux-gnu/lib/librustc_std_workspace_alloc-1ef460949b49da4b.rlib" "/opt/rustwide/rustup-home/toolchains/beta-2023-12-22-x86_64-unknown-linux-gnu/lib/rustlib/x86_64-unknown-linux-gnu/lib/libminiz_oxide-2cb0c0ffe4f87514.rlib" "/opt/rustwide/rustup-home/toolchains/beta-2023-12-22-x86_64-unknown-linux-gnu/lib/rustlib/x86_64-unknown-linux-gnu/lib/libadler-58d841eb322a11a2.rlib" "/opt/rustwide/rustup-home/toolchains/beta-2023-12-22-x86_64-unknown-linux-gnu/lib/rustlib/x86_64-unknown-linux-gnu/lib/libunwind-aa2ae0b0a9d11533.rlib" "/opt/rustwide/rustup-home/toolchains/beta-2023-12-22-x86_64-unknown-linux-gnu/lib/rustlib/x86_64-unknown-linux-gnu/lib/libcfg_if-23874e15830ed336.rlib" "/opt/rustwide/rustup-home/toolchains/beta-2023-12-22-x86_64-unknown-linux-gnu/lib/rustlib/x86_64-unknown-linux-gnu/lib/liblibc-e47cddc003bce885.rlib" "/opt/rustwide/rustup-home/toolchains/beta-2023-12-22-x86_64-unknown-linux-gnu/lib/rustlib/x86_64-unknown-linux-gnu/lib/liballoc-c22b13b48a8f128e.rlib" "/opt/rustwide/rustup-home/toolchains/beta-2023-12-22-x86_64-unknown-linux-gnu/lib/rustlib/x86_64-unknown-linux-gnu/lib/librustc_std_workspace_core-e46bc3da6d7c462f.rlib" "/opt/rustwide/rustup-home/toolchains/beta-2023-12-22-x86_64-unknown-linux-gnu/lib/rustlib/x86_64-unknown-linux-gnu/lib/libcore-8d1ac131d3cb2645.rlib" "/opt/rustwide/rustup-home/toolchains/beta-2023-12-22-x86_64-unknown-linux-gnu/lib/rustlib/x86_64-unknown-linux-gnu/lib/libcompiler_builtins-a1b43df8c6899c1f.rlib" "-Wl,-Bdynamic" "-lgcc_s" "-lutil" "-lrt" "-lpthread" "-lm" "-ldl" "-lc" "-Wl,--eh-frame-hdr" "-Wl,-z,noexecstack" "-L" "/opt/rustwide/rustup-home/toolchains/beta-2023-12-22-x86_64-unknown-linux-gnu/lib/rustlib/x86_64-unknown-linux-gnu/lib" "-o" "/opt/rustwide/target/debug/examples/index_from_multiple_threads-4a1db07cdd590022" "-Wl,--gc-sections" "-pie" "-Wl,-z,relro,-z,now" "-nodefaultlibs"
[INFO] [stdout]   = note: collect2: fatal error: ld terminated with signal 9 [Killed]
[INFO] [stdout]           compilation terminated.
[INFO] [stdout]           
[INFO] [stdout] 
[INFO] [stdout] 
[INFO] [stdout] error: aborting due to 1 previous error
[INFO] [stdout] 
[INFO] [stdout] 
[INFO] [stderr] error: could not compile `tantivy` (example "index_from_multiple_threads") due to 2 previous errors
[INFO] [stdout] error: linking with `cc` failed: exit status: 1
[INFO] [stdout]   |
[INFO] [stdout]   = note: LC_ALL="C" PATH="/opt/rustwide/rustup-home/toolchains/beta-2023-12-22-x86_64-unknown-linux-gnu/lib/rustlib/x86_64-unknown-linux-gnu/bin:/opt/rustwide/cargo-home/bin:/usr/local/sbin:/usr/local/bin:/usr/sbin:/usr/bin:/sbin:/bin" VSLANG="1033" "cc" "-m64" "/tmp/rustcso1mq8/symbols.o" "/opt/rustwide/target/debug/examples/deleting_updating_documents-9075865e08456cdc.deleting_updating_documents.244a2638f1d9c628-cgu.0.rcgu.o" "/opt/rustwide/target/debug/examples/deleting_updating_documents-9075865e08456cdc.deleting_updating_documents.244a2638f1d9c628-cgu.1.rcgu.o" "/opt/rustwide/target/debug/examples/deleting_updating_documents-9075865e08456cdc.deleting_updating_documents.244a2638f1d9c628-cgu.2.rcgu.o" "/opt/rustwide/target/debug/examples/deleting_updating_documents-9075865e08456cdc.deleting_updating_documents.244a2638f1d9c628-cgu.3.rcgu.o" "/opt/rustwide/target/debug/examples/deleting_updating_documents-9075865e08456cdc.32z7p2fvil3ma3d4.rcgu.o" "-Wl,--as-needed" "-L" "/opt/rustwide/target/debug/deps" "-L" "/opt/rustwide/target/debug/build/zstd-sys-8f7c6fc36a898528/out" "-L" "/opt/rustwide/rustup-home/toolchains/beta-2023-12-22-x86_64-unknown-linux-gnu/lib/rustlib/x86_64-unknown-linux-gnu/lib" "-Wl,-Bstatic" "/opt/rustwide/target/debug/deps/libtantivy-c1cdfef74d77f34c.rlib" "/opt/rustwide/target/debug/deps/libsketches_ddsketch-63eda2e22873bc91.rlib" "/opt/rustwide/target/debug/deps/liboneshot-dfce325f61db0111.rlib" "/opt/rustwide/target/debug/deps/libcensus-5465957273bf8709.rlib" "/opt/rustwide/target/debug/deps/libhtmlescape-1655a923fb73e162.rlib" "/opt/rustwide/target/debug/deps/libarc_swap-6f2cb018ed2934f6.rlib" "/opt/rustwide/target/debug/deps/liblz4_flex-5438c5cbe8d6017b.rlib" "/opt/rustwide/target/debug/deps/liblru-6b3f3deebea69786.rlib" "/opt/rustwide/target/debug/deps/libhashbrown-cb39b5573a393889.rlib" "/opt/rustwide/target/debug/deps/libahash-afc43471a8ec760a.rlib" "/opt/rustwide/target/debug/deps/liballocator_api2-6542dde21324188f.rlib" "/opt/rustwide/target/debug/deps/libbase64-f38862f3d93516f9.rlib" "/opt/rustwide/target/debug/deps/liblevenshtein_automata-d63e6b57529fe693.rlib" "/opt/rustwide/target/debug/deps/libcrc32fast-dbea8ee6fb11ce73.rlib" "/opt/rustwide/target/debug/deps/libtempfile-133d2d1ba9850dca.rlib" "/opt/rustwide/target/debug/deps/libfastrand-9a0695f12d217e0d.rlib" "/opt/rustwide/target/debug/deps/libmemmap2-3b8728dfd20b37dc.rlib" "/opt/rustwide/target/debug/deps/libfs4-1c2dae44cde8651d.rlib" "/opt/rustwide/target/debug/deps/librustix-3feb4d03d5815870.rlib" "/opt/rustwide/target/debug/deps/libio_lifetimes-d97e3851dde50d67.rlib" "/opt/rustwide/target/debug/deps/libbitflags-85e13ed1e0c6d910.rlib" "/opt/rustwide/target/debug/deps/liblinux_raw_sys-777f6c1fa6b62135.rlib" "/opt/rustwide/target/debug/deps/libdowncast_rs-c4a86e4848913de8.rlib" "/opt/rustwide/target/debug/deps/librust_stemmers-429571a63cf007cd.rlib" "/opt/rustwide/target/debug/deps/libregex-ba5692209ab71cbb.rlib" "/opt/rustwide/target/debug/deps/libaho_corasick-d424b0a92ce0dc1c.rlib" "/opt/rustwide/target/debug/deps/libregex_syntax-729ddb37255e1e43.rlib" "/opt/rustwide/target/debug/deps/libtantivy_tokenizer_api-02760d8d847ca0d5.rlib" "/opt/rustwide/target/debug/deps/libmeasure_time-51869560a30a66d8.rlib" "/opt/rustwide/target/debug/deps/libinstant-b27d27f686885301.rlib" "/opt/rustwide/target/debug/deps/libsmallvec-5f186dbb2829e135.rlib" "/opt/rustwide/target/debug/deps/libonce_cell-fadaa1d866399a17.rlib" "/opt/rustwide/target/debug/deps/libuuid-ea2db1bf67561f53.rlib" "/opt/rustwide/target/debug/deps/libgetrandom-64e83770bfec58e8.rlib" "/opt/rustwide/target/debug/deps/librustc_hash-d8dd0847b35f1832.rlib" "/opt/rustwide/target/debug/deps/librayon-0bfe495e2a77c76d.rlib" "/opt/rustwide/target/debug/deps/librayon_core-e0d05edc49f54cf6.rlib" "/opt/rustwide/target/debug/deps/libnum_cpus-123146f2d71ab259.rlib" "/opt/rustwide/target/debug/deps/liblibc-87a1a663d9c1ed7e.rlib" "/opt/rustwide/target/debug/deps/libcrossbeam_deque-191a1f082bd5d7c1.rlib" "/opt/rustwide/target/debug/deps/libcrossbeam_epoch-834b4030633df33a.rlib" "/opt/rustwide/target/debug/deps/libmemoffset-f38cdfb94c4bdc1f.rlib" "/opt/rustwide/target/debug/deps/libscopeguard-31f1b56a39f2a372.rlib" "/opt/rustwide/target/debug/deps/libcrossbeam_channel-998a56d46e7861e8.rlib" "/opt/rustwide/target/debug/deps/libcrossbeam_utils-55a3c7a188f06746.rlib" "/opt/rustwide/target/debug/deps/libcfg_if-e7002d307f97bc56.rlib" "/opt/rustwide/target/debug/deps/libtantivy_query_grammar-6dc88c8311faa2dd.rlib" "/opt/rustwide/target/debug/deps/libnom-5d9fa5115288a904.rlib" "/opt/rustwide/target/debug/deps/libmemchr-33d05ae5bba76030.rlib" "/opt/rustwide/target/debug/deps/libtantivy_columnar-f6e2f789463df508.rlib" "/opt/rustwide/target/debug/deps/libfnv-953831fe314029b4.rlib" "/opt/rustwide/target/debug/deps/libtantivy_stacker-34d521e70241870a.rlib" "/opt/rustwide/target/debug/deps/libmurmurhash32-242dcb0f6a45475a.rlib" "/opt/rustwide/target/debug/deps/libfastdivide-52559807f76c6670.rlib" "/opt/rustwide/target/debug/deps/libtantivy_bitpacker-c310cc9b48774507.rlib" "/opt/rustwide/target/debug/deps/libbitpacking-6b1ac565fb8d26d0.rlib" "/opt/rustwide/target/debug/deps/libcrunchy-82760e4d6a68d059.rlib" "/opt/rustwide/target/debug/deps/libitertools-bd7c9a9e9c7bdca0.rlib" "/opt/rustwide/target/debug/deps/libeither-ede8120b5409efc0.rlib" "/opt/rustwide/target/debug/deps/libtantivy_sstable-1374b8fe19fafdc8.rlib" "/opt/rustwide/target/debug/deps/libtantivy_fst-ac06b7e63184492b.rlib" "/opt/rustwide/target/debug/deps/libutf8_ranges-c5ef6d4612af7581.rlib" "/opt/rustwide/target/debug/deps/libregex_syntax-b113d34fa562c5bb.rlib" "/opt/rustwide/target/debug/deps/libzstd-3a1059247adabcea.rlib" "/opt/rustwide/target/debug/deps/libzstd_safe-5c68da26b4915b70.rlib" "/opt/rustwide/target/debug/deps/libzstd_sys-93efb924bec36525.rlib" "/opt/rustwide/target/debug/deps/libtantivy_common-a4580019bd0f9d27.rlib" "/opt/rustwide/target/debug/deps/libtime-ca218005b0abe3cc.rlib" "/opt/rustwide/target/debug/deps/libtime_core-54674f00ac56f1cd.rlib" "/opt/rustwide/target/debug/deps/libownedbytes-786ebe69cddb6e63.rlib" "/opt/rustwide/target/debug/deps/libstable_deref_trait-2a0dbe5da253a28f.rlib" "/opt/rustwide/target/debug/deps/libbyteorder-0ef92d8cf14cf0b1.rlib" "/opt/rustwide/target/debug/deps/libthiserror-644d20c1d9a9f5c0.rlib" "/opt/rustwide/target/debug/deps/liblog-d46d0171c6214a3b.rlib" "/opt/rustwide/target/debug/deps/libserde_json-ce428925b5cddd9e.rlib" "/opt/rustwide/target/debug/deps/libryu-ce09991353a76c10.rlib" "/opt/rustwide/target/debug/deps/libitoa-780f6737fc9d34ad.rlib" "/opt/rustwide/target/debug/deps/libserde-d80402ff626254ac.rlib" "/opt/rustwide/rustup-home/toolchains/beta-2023-12-22-x86_64-unknown-linux-gnu/lib/rustlib/x86_64-unknown-linux-gnu/lib/libstd-0672489a78b613de.rlib" "/opt/rustwide/rustup-home/toolchains/beta-2023-12-22-x86_64-unknown-linux-gnu/lib/rustlib/x86_64-unknown-linux-gnu/lib/libpanic_unwind-7eb3ffc34a49f675.rlib" "/opt/rustwide/rustup-home/toolchains/beta-2023-12-22-x86_64-unknown-linux-gnu/lib/rustlib/x86_64-unknown-linux-gnu/lib/libobject-6478a9daa4bee8e2.rlib" "/opt/rustwide/rustup-home/toolchains/beta-2023-12-22-x86_64-unknown-linux-gnu/lib/rustlib/x86_64-unknown-linux-gnu/lib/libmemchr-0c75d871a5c3923d.rlib" "/opt/rustwide/rustup-home/toolchains/beta-2023-12-22-x86_64-unknown-linux-gnu/lib/rustlib/x86_64-unknown-linux-gnu/lib/libaddr2line-d163ef63ad37bb71.rlib" "/opt/rustwide/rustup-home/toolchains/beta-2023-12-22-x86_64-unknown-linux-gnu/lib/rustlib/x86_64-unknown-linux-gnu/lib/libgimli-8a3fd810a85b9f4c.rlib" "/opt/rustwide/rustup-home/toolchains/beta-2023-12-22-x86_64-unknown-linux-gnu/lib/rustlib/x86_64-unknown-linux-gnu/lib/librustc_demangle-462a2cde8c5dfc10.rlib" "/opt/rustwide/rustup-home/toolchains/beta-2023-12-22-x86_64-unknown-linux-gnu/lib/rustlib/x86_64-unknown-linux-gnu/lib/libstd_detect-cb06ac9f54713f71.rlib" "/opt/rustwide/rustup-home/toolchains/beta-2023-12-22-x86_64-unknown-linux-gnu/lib/rustlib/x86_64-unknown-linux-gnu/lib/libhashbrown-f20bfd1f8e59b393.rlib" "/opt/rustwide/rustup-home/toolchains/beta-2023-12-22-x86_64-unknown-linux-gnu/lib/rustlib/x86_64-unknown-linux-gnu/lib/librustc_std_workspace_alloc-1ef460949b49da4b.rlib" "/opt/rustwide/rustup-home/toolchains/beta-2023-12-22-x86_64-unknown-linux-gnu/lib/rustlib/x86_64-unknown-linux-gnu/lib/libminiz_oxide-2cb0c0ffe4f87514.rlib" "/opt/rustwide/rustup-home/toolchains/beta-2023-12-22-x86_64-unknown-linux-gnu/lib/rustlib/x86_64-unknown-linux-gnu/lib/libadler-58d841eb322a11a2.rlib" "/opt/rustwide/rustup-home/toolchains/beta-2023-12-22-x86_64-unknown-linux-gnu/lib/rustlib/x86_64-unknown-linux-gnu/lib/libunwind-aa2ae0b0a9d11533.rlib" "/opt/rustwide/rustup-home/toolchains/beta-2023-12-22-x86_64-unknown-linux-gnu/lib/rustlib/x86_64-unknown-linux-gnu/lib/libcfg_if-23874e15830ed336.rlib" "/opt/rustwide/rustup-home/toolchains/beta-2023-12-22-x86_64-unknown-linux-gnu/lib/rustlib/x86_64-unknown-linux-gnu/lib/liblibc-e47cddc003bce885.rlib" "/opt/rustwide/rustup-home/toolchains/beta-2023-12-22-x86_64-unknown-linux-gnu/lib/rustlib/x86_64-unknown-linux-gnu/lib/liballoc-c22b13b48a8f128e.rlib" "/opt/rustwide/rustup-home/toolchains/beta-2023-12-22-x86_64-unknown-linux-gnu/lib/rustlib/x86_64-unknown-linux-gnu/lib/librustc_std_workspace_core-e46bc3da6d7c462f.rlib" "/opt/rustwide/rustup-home/toolchains/beta-2023-12-22-x86_64-unknown-linux-gnu/lib/rustlib/x86_64-unknown-linux-gnu/lib/libcore-8d1ac131d3cb2645.rlib" "/opt/rustwide/rustup-home/toolchains/beta-2023-12-22-x86_64-unknown-linux-gnu/lib/rustlib/x86_64-unknown-linux-gnu/lib/libcompiler_builtins-a1b43df8c6899c1f.rlib" "-Wl,-Bdynamic" "-lgcc_s" "-lutil" "-lrt" "-lpthread" "-lm" "-ldl" "-lc" "-Wl,--eh-frame-hdr" "-Wl,-z,noexecstack" "-L" "/opt/rustwide/rustup-home/toolchains/beta-2023-12-22-x86_64-unknown-linux-gnu/lib/rustlib/x86_64-unknown-linux-gnu/lib" "-o" "/opt/rustwide/target/debug/examples/deleting_updating_documents-9075865e08456cdc" "-Wl,--gc-sections" "-pie" "-Wl,-z,relro,-z,now" "-nodefaultlibs"
[INFO] [stdout]   = note: collect2: fatal error: ld terminated with signal 9 [Killed]
[INFO] [stdout]           compilation terminated.
[INFO] [stdout]           
[INFO] [stdout] 
[INFO] [stdout] 
[INFO] [stdout] error: aborting due to 1 previous error
[INFO] [stdout] 
[INFO] [stdout] 
[INFO] [stderr] error: could not compile `tantivy` (example "deleting_updating_documents") due to 2 previous errors
[INFO] [stdout] error: linking with `cc` failed: exit status: 1
[INFO] [stdout]   |
[INFO] [stdout]   = note: LC_ALL="C" PATH="/opt/rustwide/rustup-home/toolchains/beta-2023-12-22-x86_64-unknown-linux-gnu/lib/rustlib/x86_64-unknown-linux-gnu/bin:/opt/rustwide/cargo-home/bin:/usr/local/sbin:/usr/local/bin:/usr/sbin:/usr/bin:/sbin:/bin" VSLANG="1033" "cc" "-m64" "/tmp/rustc3jkWnM/symbols.o" "/opt/rustwide/target/debug/examples/aggregation-81a5d2424b1976e9.aggregation.ec707dad282a63fe-cgu.0.rcgu.o" "/opt/rustwide/target/debug/examples/aggregation-81a5d2424b1976e9.aggregation.ec707dad282a63fe-cgu.1.rcgu.o" "/opt/rustwide/target/debug/examples/aggregation-81a5d2424b1976e9.aggregation.ec707dad282a63fe-cgu.2.rcgu.o" "/opt/rustwide/target/debug/examples/aggregation-81a5d2424b1976e9.aggregation.ec707dad282a63fe-cgu.3.rcgu.o" "/opt/rustwide/target/debug/examples/aggregation-81a5d2424b1976e9.aggregation.ec707dad282a63fe-cgu.4.rcgu.o" "/opt/rustwide/target/debug/examples/aggregation-81a5d2424b1976e9.aggregation.ec707dad282a63fe-cgu.5.rcgu.o" "/opt/rustwide/target/debug/examples/aggregation-81a5d2424b1976e9.aggregation.ec707dad282a63fe-cgu.6.rcgu.o" "/opt/rustwide/target/debug/examples/aggregation-81a5d2424b1976e9.aggregation.ec707dad282a63fe-cgu.7.rcgu.o" "/opt/rustwide/target/debug/examples/aggregation-81a5d2424b1976e9.4u28ox0ydjt6dfn2.rcgu.o" "-Wl,--as-needed" "-L" "/opt/rustwide/target/debug/deps" "-L" "/opt/rustwide/target/debug/build/zstd-sys-8f7c6fc36a898528/out" "-L" "/opt/rustwide/rustup-home/toolchains/beta-2023-12-22-x86_64-unknown-linux-gnu/lib/rustlib/x86_64-unknown-linux-gnu/lib" "-Wl,-Bstatic" "/opt/rustwide/target/debug/deps/libtantivy-c1cdfef74d77f34c.rlib" "/opt/rustwide/target/debug/deps/libsketches_ddsketch-63eda2e22873bc91.rlib" "/opt/rustwide/target/debug/deps/liboneshot-dfce325f61db0111.rlib" "/opt/rustwide/target/debug/deps/libcensus-5465957273bf8709.rlib" "/opt/rustwide/target/debug/deps/libhtmlescape-1655a923fb73e162.rlib" "/opt/rustwide/target/debug/deps/libarc_swap-6f2cb018ed2934f6.rlib" "/opt/rustwide/target/debug/deps/liblz4_flex-5438c5cbe8d6017b.rlib" "/opt/rustwide/target/debug/deps/liblru-6b3f3deebea69786.rlib" "/opt/rustwide/target/debug/deps/libhashbrown-cb39b5573a393889.rlib" "/opt/rustwide/target/debug/deps/libahash-afc43471a8ec760a.rlib" "/opt/rustwide/target/debug/deps/liballocator_api2-6542dde21324188f.rlib" "/opt/rustwide/target/debug/deps/libbase64-f38862f3d93516f9.rlib" "/opt/rustwide/target/debug/deps/liblevenshtein_automata-d63e6b57529fe693.rlib" "/opt/rustwide/target/debug/deps/libcrc32fast-dbea8ee6fb11ce73.rlib" "/opt/rustwide/target/debug/deps/libtempfile-133d2d1ba9850dca.rlib" "/opt/rustwide/target/debug/deps/libfastrand-9a0695f12d217e0d.rlib" "/opt/rustwide/target/debug/deps/libmemmap2-3b8728dfd20b37dc.rlib" "/opt/rustwide/target/debug/deps/libfs4-1c2dae44cde8651d.rlib" "/opt/rustwide/target/debug/deps/librustix-3feb4d03d5815870.rlib" "/opt/rustwide/target/debug/deps/libio_lifetimes-d97e3851dde50d67.rlib" "/opt/rustwide/target/debug/deps/libbitflags-85e13ed1e0c6d910.rlib" "/opt/rustwide/target/debug/deps/liblinux_raw_sys-777f6c1fa6b62135.rlib" "/opt/rustwide/target/debug/deps/libdowncast_rs-c4a86e4848913de8.rlib" "/opt/rustwide/target/debug/deps/librust_stemmers-429571a63cf007cd.rlib" "/opt/rustwide/target/debug/deps/libregex-ba5692209ab71cbb.rlib" "/opt/rustwide/target/debug/deps/libaho_corasick-d424b0a92ce0dc1c.rlib" "/opt/rustwide/target/debug/deps/libregex_syntax-729ddb37255e1e43.rlib" "/opt/rustwide/target/debug/deps/libtantivy_tokenizer_api-02760d8d847ca0d5.rlib" "/opt/rustwide/target/debug/deps/libmeasure_time-51869560a30a66d8.rlib" "/opt/rustwide/target/debug/deps/libinstant-b27d27f686885301.rlib" "/opt/rustwide/target/debug/deps/libsmallvec-5f186dbb2829e135.rlib" "/opt/rustwide/target/debug/deps/libonce_cell-fadaa1d866399a17.rlib" "/opt/rustwide/target/debug/deps/libuuid-ea2db1bf67561f53.rlib" "/opt/rustwide/target/debug/deps/libgetrandom-64e83770bfec58e8.rlib" "/opt/rustwide/target/debug/deps/librustc_hash-d8dd0847b35f1832.rlib" "/opt/rustwide/target/debug/deps/librayon-0bfe495e2a77c76d.rlib" "/opt/rustwide/target/debug/deps/librayon_core-e0d05edc49f54cf6.rlib" "/opt/rustwide/target/debug/deps/libnum_cpus-123146f2d71ab259.rlib" "/opt/rustwide/target/debug/deps/liblibc-87a1a663d9c1ed7e.rlib" "/opt/rustwide/target/debug/deps/libcrossbeam_deque-191a1f082bd5d7c1.rlib" "/opt/rustwide/target/debug/deps/libcrossbeam_epoch-834b4030633df33a.rlib" "/opt/rustwide/target/debug/deps/libmemoffset-f38cdfb94c4bdc1f.rlib" "/opt/rustwide/target/debug/deps/libscopeguard-31f1b56a39f2a372.rlib" "/opt/rustwide/target/debug/deps/libcrossbeam_channel-998a56d46e7861e8.rlib" "/opt/rustwide/target/debug/deps/libcrossbeam_utils-55a3c7a188f06746.rlib" "/opt/rustwide/target/debug/deps/libcfg_if-e7002d307f97bc56.rlib" "/opt/rustwide/target/debug/deps/libtantivy_query_grammar-6dc88c8311faa2dd.rlib" "/opt/rustwide/target/debug/deps/libnom-5d9fa5115288a904.rlib" "/opt/rustwide/target/debug/deps/libmemchr-33d05ae5bba76030.rlib" "/opt/rustwide/target/debug/deps/libtantivy_columnar-f6e2f789463df508.rlib" "/opt/rustwide/target/debug/deps/libfnv-953831fe314029b4.rlib" "/opt/rustwide/target/debug/deps/libtantivy_stacker-34d521e70241870a.rlib" "/opt/rustwide/target/debug/deps/libmurmurhash32-242dcb0f6a45475a.rlib" "/opt/rustwide/target/debug/deps/libfastdivide-52559807f76c6670.rlib" "/opt/rustwide/target/debug/deps/libtantivy_bitpacker-c310cc9b48774507.rlib" "/opt/rustwide/target/debug/deps/libbitpacking-6b1ac565fb8d26d0.rlib" "/opt/rustwide/target/debug/deps/libcrunchy-82760e4d6a68d059.rlib" "/opt/rustwide/target/debug/deps/libitertools-bd7c9a9e9c7bdca0.rlib" "/opt/rustwide/target/debug/deps/libeither-ede8120b5409efc0.rlib" "/opt/rustwide/target/debug/deps/libtantivy_sstable-1374b8fe19fafdc8.rlib" "/opt/rustwide/target/debug/deps/libtantivy_fst-ac06b7e63184492b.rlib" "/opt/rustwide/target/debug/deps/libutf8_ranges-c5ef6d4612af7581.rlib" "/opt/rustwide/target/debug/deps/libregex_syntax-b113d34fa562c5bb.rlib" "/opt/rustwide/target/debug/deps/libzstd-3a1059247adabcea.rlib" "/opt/rustwide/target/debug/deps/libzstd_safe-5c68da26b4915b70.rlib" "/opt/rustwide/target/debug/deps/libzstd_sys-93efb924bec36525.rlib" "/opt/rustwide/target/debug/deps/libtantivy_common-a4580019bd0f9d27.rlib" "/opt/rustwide/target/debug/deps/libtime-ca218005b0abe3cc.rlib" "/opt/rustwide/target/debug/deps/libtime_core-54674f00ac56f1cd.rlib" "/opt/rustwide/target/debug/deps/libownedbytes-786ebe69cddb6e63.rlib" "/opt/rustwide/target/debug/deps/libstable_deref_trait-2a0dbe5da253a28f.rlib" "/opt/rustwide/target/debug/deps/libbyteorder-0ef92d8cf14cf0b1.rlib" "/opt/rustwide/target/debug/deps/libthiserror-644d20c1d9a9f5c0.rlib" "/opt/rustwide/target/debug/deps/liblog-d46d0171c6214a3b.rlib" "/opt/rustwide/target/debug/deps/libserde_json-ce428925b5cddd9e.rlib" "/opt/rustwide/target/debug/deps/libryu-ce09991353a76c10.rlib" "/opt/rustwide/target/debug/deps/libitoa-780f6737fc9d34ad.rlib" "/opt/rustwide/target/debug/deps/libserde-d80402ff626254ac.rlib" "/opt/rustwide/rustup-home/toolchains/beta-2023-12-22-x86_64-unknown-linux-gnu/lib/rustlib/x86_64-unknown-linux-gnu/lib/libstd-0672489a78b613de.rlib" "/opt/rustwide/rustup-home/toolchains/beta-2023-12-22-x86_64-unknown-linux-gnu/lib/rustlib/x86_64-unknown-linux-gnu/lib/libpanic_unwind-7eb3ffc34a49f675.rlib" "/opt/rustwide/rustup-home/toolchains/beta-2023-12-22-x86_64-unknown-linux-gnu/lib/rustlib/x86_64-unknown-linux-gnu/lib/libobject-6478a9daa4bee8e2.rlib" "/opt/rustwide/rustup-home/toolchains/beta-2023-12-22-x86_64-unknown-linux-gnu/lib/rustlib/x86_64-unknown-linux-gnu/lib/libmemchr-0c75d871a5c3923d.rlib" "/opt/rustwide/rustup-home/toolchains/beta-2023-12-22-x86_64-unknown-linux-gnu/lib/rustlib/x86_64-unknown-linux-gnu/lib/libaddr2line-d163ef63ad37bb71.rlib" "/opt/rustwide/rustup-home/toolchains/beta-2023-12-22-x86_64-unknown-linux-gnu/lib/rustlib/x86_64-unknown-linux-gnu/lib/libgimli-8a3fd810a85b9f4c.rlib" "/opt/rustwide/rustup-home/toolchains/beta-2023-12-22-x86_64-unknown-linux-gnu/lib/rustlib/x86_64-unknown-linux-gnu/lib/librustc_demangle-462a2cde8c5dfc10.rlib" "/opt/rustwide/rustup-home/toolchains/beta-2023-12-22-x86_64-unknown-linux-gnu/lib/rustlib/x86_64-unknown-linux-gnu/lib/libstd_detect-cb06ac9f54713f71.rlib" "/opt/rustwide/rustup-home/toolchains/beta-2023-12-22-x86_64-unknown-linux-gnu/lib/rustlib/x86_64-unknown-linux-gnu/lib/libhashbrown-f20bfd1f8e59b393.rlib" "/opt/rustwide/rustup-home/toolchains/beta-2023-12-22-x86_64-unknown-linux-gnu/lib/rustlib/x86_64-unknown-linux-gnu/lib/librustc_std_workspace_alloc-1ef460949b49da4b.rlib" "/opt/rustwide/rustup-home/toolchains/beta-2023-12-22-x86_64-unknown-linux-gnu/lib/rustlib/x86_64-unknown-linux-gnu/lib/libminiz_oxide-2cb0c0ffe4f87514.rlib" "/opt/rustwide/rustup-home/toolchains/beta-2023-12-22-x86_64-unknown-linux-gnu/lib/rustlib/x86_64-unknown-linux-gnu/lib/libadler-58d841eb322a11a2.rlib" "/opt/rustwide/rustup-home/toolchains/beta-2023-12-22-x86_64-unknown-linux-gnu/lib/rustlib/x86_64-unknown-linux-gnu/lib/libunwind-aa2ae0b0a9d11533.rlib" "/opt/rustwide/rustup-home/toolchains/beta-2023-12-22-x86_64-unknown-linux-gnu/lib/rustlib/x86_64-unknown-linux-gnu/lib/libcfg_if-23874e15830ed336.rlib" "/opt/rustwide/rustup-home/toolchains/beta-2023-12-22-x86_64-unknown-linux-gnu/lib/rustlib/x86_64-unknown-linux-gnu/lib/liblibc-e47cddc003bce885.rlib" "/opt/rustwide/rustup-home/toolchains/beta-2023-12-22-x86_64-unknown-linux-gnu/lib/rustlib/x86_64-unknown-linux-gnu/lib/liballoc-c22b13b48a8f128e.rlib" "/opt/rustwide/rustup-home/toolchains/beta-2023-12-22-x86_64-unknown-linux-gnu/lib/rustlib/x86_64-unknown-linux-gnu/lib/librustc_std_workspace_core-e46bc3da6d7c462f.rlib" "/opt/rustwide/rustup-home/toolchains/beta-2023-12-22-x86_64-unknown-linux-gnu/lib/rustlib/x86_64-unknown-linux-gnu/lib/libcore-8d1ac131d3cb2645.rlib" "/opt/rustwide/rustup-home/toolchains/beta-2023-12-22-x86_64-unknown-linux-gnu/lib/rustlib/x86_64-unknown-linux-gnu/lib/libcompiler_builtins-a1b43df8c6899c1f.rlib" "-Wl,-Bdynamic" "-lgcc_s" "-lutil" "-lrt" "-lpthread" "-lm" "-ldl" "-lc" "-Wl,--eh-frame-hdr" "-Wl,-z,noexecstack" "-L" "/opt/rustwide/rustup-home/toolchains/beta-2023-12-22-x86_64-unknown-linux-gnu/lib/rustlib/x86_64-unknown-linux-gnu/lib" "-o" "/opt/rustwide/target/debug/examples/aggregation-81a5d2424b1976e9" "-Wl,--gc-sections" "-pie" "-Wl,-z,relro,-z,now" "-nodefaultlibs"
[INFO] [stdout]   = note: collect2: fatal error: ld terminated with signal 9 [Killed]
[INFO] [stdout]           compilation terminated.
[INFO] [stdout]           
[INFO] [stdout] 
[INFO] [stdout] 
[INFO] [stdout] error: aborting due to 1 previous error
[INFO] [stdout] 
[INFO] [stdout] 
[INFO] [stderr] error: could not compile `tantivy` (example "aggregation") due to 2 previous errors
[INFO] [stdout] error: linking with `cc` failed: exit status: 1
[INFO] [stdout]   |
[INFO] [stdout]   = note: LC_ALL="C" PATH="/opt/rustwide/rustup-home/toolchains/beta-2023-12-22-x86_64-unknown-linux-gnu/lib/rustlib/x86_64-unknown-linux-gnu/bin:/opt/rustwide/cargo-home/bin:/usr/local/sbin:/usr/local/bin:/usr/sbin:/usr/bin:/sbin:/bin" VSLANG="1033" "cc" "-m64" "/tmp/rustc34yarr/symbols.o" "/opt/rustwide/target/debug/examples/custom_tokenizer-04db392c2817ae62.custom_tokenizer.688b5134f30826-cgu.0.rcgu.o" "/opt/rustwide/target/debug/examples/custom_tokenizer-04db392c2817ae62.custom_tokenizer.688b5134f30826-cgu.1.rcgu.o" "/opt/rustwide/target/debug/examples/custom_tokenizer-04db392c2817ae62.custom_tokenizer.688b5134f30826-cgu.2.rcgu.o" "/opt/rustwide/target/debug/examples/custom_tokenizer-04db392c2817ae62.custom_tokenizer.688b5134f30826-cgu.3.rcgu.o" "/opt/rustwide/target/debug/examples/custom_tokenizer-04db392c2817ae62.custom_tokenizer.688b5134f30826-cgu.4.rcgu.o" "/opt/rustwide/target/debug/examples/custom_tokenizer-04db392c2817ae62.custom_tokenizer.688b5134f30826-cgu.5.rcgu.o" "/opt/rustwide/target/debug/examples/custom_tokenizer-04db392c2817ae62.custom_tokenizer.688b5134f30826-cgu.6.rcgu.o" "/opt/rustwide/target/debug/examples/custom_tokenizer-04db392c2817ae62.custom_tokenizer.688b5134f30826-cgu.7.rcgu.o" "/opt/rustwide/target/debug/examples/custom_tokenizer-04db392c2817ae62.2nanc4std0uoffy.rcgu.o" "-Wl,--as-needed" "-L" "/opt/rustwide/target/debug/deps" "-L" "/opt/rustwide/target/debug/build/zstd-sys-8f7c6fc36a898528/out" "-L" "/opt/rustwide/rustup-home/toolchains/beta-2023-12-22-x86_64-unknown-linux-gnu/lib/rustlib/x86_64-unknown-linux-gnu/lib" "-Wl,-Bstatic" "/opt/rustwide/target/debug/deps/libtantivy-c1cdfef74d77f34c.rlib" "/opt/rustwide/target/debug/deps/libsketches_ddsketch-63eda2e22873bc91.rlib" "/opt/rustwide/target/debug/deps/liboneshot-dfce325f61db0111.rlib" "/opt/rustwide/target/debug/deps/libcensus-5465957273bf8709.rlib" "/opt/rustwide/target/debug/deps/libhtmlescape-1655a923fb73e162.rlib" "/opt/rustwide/target/debug/deps/libarc_swap-6f2cb018ed2934f6.rlib" "/opt/rustwide/target/debug/deps/liblz4_flex-5438c5cbe8d6017b.rlib" "/opt/rustwide/target/debug/deps/liblru-6b3f3deebea69786.rlib" "/opt/rustwide/target/debug/deps/libhashbrown-cb39b5573a393889.rlib" "/opt/rustwide/target/debug/deps/libahash-afc43471a8ec760a.rlib" "/opt/rustwide/target/debug/deps/liballocator_api2-6542dde21324188f.rlib" "/opt/rustwide/target/debug/deps/libbase64-f38862f3d93516f9.rlib" "/opt/rustwide/target/debug/deps/liblevenshtein_automata-d63e6b57529fe693.rlib" "/opt/rustwide/target/debug/deps/libcrc32fast-dbea8ee6fb11ce73.rlib" "/opt/rustwide/target/debug/deps/libtempfile-133d2d1ba9850dca.rlib" "/opt/rustwide/target/debug/deps/libfastrand-9a0695f12d217e0d.rlib" "/opt/rustwide/target/debug/deps/libmemmap2-3b8728dfd20b37dc.rlib" "/opt/rustwide/target/debug/deps/libfs4-1c2dae44cde8651d.rlib" "/opt/rustwide/target/debug/deps/librustix-3feb4d03d5815870.rlib" "/opt/rustwide/target/debug/deps/libio_lifetimes-d97e3851dde50d67.rlib" "/opt/rustwide/target/debug/deps/libbitflags-85e13ed1e0c6d910.rlib" "/opt/rustwide/target/debug/deps/liblinux_raw_sys-777f6c1fa6b62135.rlib" "/opt/rustwide/target/debug/deps/libdowncast_rs-c4a86e4848913de8.rlib" "/opt/rustwide/target/debug/deps/librust_stemmers-429571a63cf007cd.rlib" "/opt/rustwide/target/debug/deps/libregex-ba5692209ab71cbb.rlib" "/opt/rustwide/target/debug/deps/libaho_corasick-d424b0a92ce0dc1c.rlib" "/opt/rustwide/target/debug/deps/libregex_syntax-729ddb37255e1e43.rlib" "/opt/rustwide/target/debug/deps/libtantivy_tokenizer_api-02760d8d847ca0d5.rlib" "/opt/rustwide/target/debug/deps/libmeasure_time-51869560a30a66d8.rlib" "/opt/rustwide/target/debug/deps/libinstant-b27d27f686885301.rlib" "/opt/rustwide/target/debug/deps/libsmallvec-5f186dbb2829e135.rlib" "/opt/rustwide/target/debug/deps/libonce_cell-fadaa1d866399a17.rlib" "/opt/rustwide/target/debug/deps/libuuid-ea2db1bf67561f53.rlib" "/opt/rustwide/target/debug/deps/libgetrandom-64e83770bfec58e8.rlib" "/opt/rustwide/target/debug/deps/librustc_hash-d8dd0847b35f1832.rlib" "/opt/rustwide/target/debug/deps/librayon-0bfe495e2a77c76d.rlib" "/opt/rustwide/target/debug/deps/librayon_core-e0d05edc49f54cf6.rlib" "/opt/rustwide/target/debug/deps/libnum_cpus-123146f2d71ab259.rlib" "/opt/rustwide/target/debug/deps/liblibc-87a1a663d9c1ed7e.rlib" "/opt/rustwide/target/debug/deps/libcrossbeam_deque-191a1f082bd5d7c1.rlib" "/opt/rustwide/target/debug/deps/libcrossbeam_epoch-834b4030633df33a.rlib" "/opt/rustwide/target/debug/deps/libmemoffset-f38cdfb94c4bdc1f.rlib" "/opt/rustwide/target/debug/deps/libscopeguard-31f1b56a39f2a372.rlib" "/opt/rustwide/target/debug/deps/libcrossbeam_channel-998a56d46e7861e8.rlib" "/opt/rustwide/target/debug/deps/libcrossbeam_utils-55a3c7a188f06746.rlib" "/opt/rustwide/target/debug/deps/libcfg_if-e7002d307f97bc56.rlib" "/opt/rustwide/target/debug/deps/libtantivy_query_grammar-6dc88c8311faa2dd.rlib" "/opt/rustwide/target/debug/deps/libnom-5d9fa5115288a904.rlib" "/opt/rustwide/target/debug/deps/libmemchr-33d05ae5bba76030.rlib" "/opt/rustwide/target/debug/deps/libtantivy_columnar-f6e2f789463df508.rlib" "/opt/rustwide/target/debug/deps/libfnv-953831fe314029b4.rlib" "/opt/rustwide/target/debug/deps/libtantivy_stacker-34d521e70241870a.rlib" "/opt/rustwide/target/debug/deps/libmurmurhash32-242dcb0f6a45475a.rlib" "/opt/rustwide/target/debug/deps/libfastdivide-52559807f76c6670.rlib" "/opt/rustwide/target/debug/deps/libtantivy_bitpacker-c310cc9b48774507.rlib" "/opt/rustwide/target/debug/deps/libbitpacking-6b1ac565fb8d26d0.rlib" "/opt/rustwide/target/debug/deps/libcrunchy-82760e4d6a68d059.rlib" "/opt/rustwide/target/debug/deps/libitertools-bd7c9a9e9c7bdca0.rlib" "/opt/rustwide/target/debug/deps/libeither-ede8120b5409efc0.rlib" "/opt/rustwide/target/debug/deps/libtantivy_sstable-1374b8fe19fafdc8.rlib" "/opt/rustwide/target/debug/deps/libtantivy_fst-ac06b7e63184492b.rlib" "/opt/rustwide/target/debug/deps/libutf8_ranges-c5ef6d4612af7581.rlib" "/opt/rustwide/target/debug/deps/libregex_syntax-b113d34fa562c5bb.rlib" "/opt/rustwide/target/debug/deps/libzstd-3a1059247adabcea.rlib" "/opt/rustwide/target/debug/deps/libzstd_safe-5c68da26b4915b70.rlib" "/opt/rustwide/target/debug/deps/libzstd_sys-93efb924bec36525.rlib" "/opt/rustwide/target/debug/deps/libtantivy_common-a4580019bd0f9d27.rlib" "/opt/rustwide/target/debug/deps/libtime-ca218005b0abe3cc.rlib" "/opt/rustwide/target/debug/deps/libtime_core-54674f00ac56f1cd.rlib" "/opt/rustwide/target/debug/deps/libownedbytes-786ebe69cddb6e63.rlib" "/opt/rustwide/target/debug/deps/libstable_deref_trait-2a0dbe5da253a28f.rlib" "/opt/rustwide/target/debug/deps/libbyteorder-0ef92d8cf14cf0b1.rlib" "/opt/rustwide/target/debug/deps/libthiserror-644d20c1d9a9f5c0.rlib" "/opt/rustwide/target/debug/deps/liblog-d46d0171c6214a3b.rlib" "/opt/rustwide/target/debug/deps/libserde_json-ce428925b5cddd9e.rlib" "/opt/rustwide/target/debug/deps/libryu-ce09991353a76c10.rlib" "/opt/rustwide/target/debug/deps/libitoa-780f6737fc9d34ad.rlib" "/opt/rustwide/target/debug/deps/libserde-d80402ff626254ac.rlib" "/opt/rustwide/rustup-home/toolchains/beta-2023-12-22-x86_64-unknown-linux-gnu/lib/rustlib/x86_64-unknown-linux-gnu/lib/libstd-0672489a78b613de.rlib" "/opt/rustwide/rustup-home/toolchains/beta-2023-12-22-x86_64-unknown-linux-gnu/lib/rustlib/x86_64-unknown-linux-gnu/lib/libpanic_unwind-7eb3ffc34a49f675.rlib" "/opt/rustwide/rustup-home/toolchains/beta-2023-12-22-x86_64-unknown-linux-gnu/lib/rustlib/x86_64-unknown-linux-gnu/lib/libobject-6478a9daa4bee8e2.rlib" "/opt/rustwide/rustup-home/toolchains/beta-2023-12-22-x86_64-unknown-linux-gnu/lib/rustlib/x86_64-unknown-linux-gnu/lib/libmemchr-0c75d871a5c3923d.rlib" "/opt/rustwide/rustup-home/toolchains/beta-2023-12-22-x86_64-unknown-linux-gnu/lib/rustlib/x86_64-unknown-linux-gnu/lib/libaddr2line-d163ef63ad37bb71.rlib" "/opt/rustwide/rustup-home/toolchains/beta-2023-12-22-x86_64-unknown-linux-gnu/lib/rustlib/x86_64-unknown-linux-gnu/lib/libgimli-8a3fd810a85b9f4c.rlib" "/opt/rustwide/rustup-home/toolchains/beta-2023-12-22-x86_64-unknown-linux-gnu/lib/rustlib/x86_64-unknown-linux-gnu/lib/librustc_demangle-462a2cde8c5dfc10.rlib" "/opt/rustwide/rustup-home/toolchains/beta-2023-12-22-x86_64-unknown-linux-gnu/lib/rustlib/x86_64-unknown-linux-gnu/lib/libstd_detect-cb06ac9f54713f71.rlib" "/opt/rustwide/rustup-home/toolchains/beta-2023-12-22-x86_64-unknown-linux-gnu/lib/rustlib/x86_64-unknown-linux-gnu/lib/libhashbrown-f20bfd1f8e59b393.rlib" "/opt/rustwide/rustup-home/toolchains/beta-2023-12-22-x86_64-unknown-linux-gnu/lib/rustlib/x86_64-unknown-linux-gnu/lib/librustc_std_workspace_alloc-1ef460949b49da4b.rlib" "/opt/rustwide/rustup-home/toolchains/beta-2023-12-22-x86_64-unknown-linux-gnu/lib/rustlib/x86_64-unknown-linux-gnu/lib/libminiz_oxide-2cb0c0ffe4f87514.rlib" "/opt/rustwide/rustup-home/toolchains/beta-2023-12-22-x86_64-unknown-linux-gnu/lib/rustlib/x86_64-unknown-linux-gnu/lib/libadler-58d841eb322a11a2.rlib" "/opt/rustwide/rustup-home/toolchains/beta-2023-12-22-x86_64-unknown-linux-gnu/lib/rustlib/x86_64-unknown-linux-gnu/lib/libunwind-aa2ae0b0a9d11533.rlib" "/opt/rustwide/rustup-home/toolchains/beta-2023-12-22-x86_64-unknown-linux-gnu/lib/rustlib/x86_64-unknown-linux-gnu/lib/libcfg_if-23874e15830ed336.rlib" "/opt/rustwide/rustup-home/toolchains/beta-2023-12-22-x86_64-unknown-linux-gnu/lib/rustlib/x86_64-unknown-linux-gnu/lib/liblibc-e47cddc003bce885.rlib" "/opt/rustwide/rustup-home/toolchains/beta-2023-12-22-x86_64-unknown-linux-gnu/lib/rustlib/x86_64-unknown-linux-gnu/lib/liballoc-c22b13b48a8f128e.rlib" "/opt/rustwide/rustup-home/toolchains/beta-2023-12-22-x86_64-unknown-linux-gnu/lib/rustlib/x86_64-unknown-linux-gnu/lib/librustc_std_workspace_core-e46bc3da6d7c462f.rlib" "/opt/rustwide/rustup-home/toolchains/beta-2023-12-22-x86_64-unknown-linux-gnu/lib/rustlib/x86_64-unknown-linux-gnu/lib/libcore-8d1ac131d3cb2645.rlib" "/opt/rustwide/rustup-home/toolchains/beta-2023-12-22-x86_64-unknown-linux-gnu/lib/rustlib/x86_64-unknown-linux-gnu/lib/libcompiler_builtins-a1b43df8c6899c1f.rlib" "-Wl,-Bdynamic" "-lgcc_s" "-lutil" "-lrt" "-lpthread" "-lm" "-ldl" "-lc" "-Wl,--eh-frame-hdr" "-Wl,-z,noexecstack" "-L" "/opt/rustwide/rustup-home/toolchains/beta-2023-12-22-x86_64-unknown-linux-gnu/lib/rustlib/x86_64-unknown-linux-gnu/lib" "-o" "/opt/rustwide/target/debug/examples/custom_tokenizer-04db392c2817ae62" "-Wl,--gc-sections" "-pie" "-Wl,-z,relro,-z,now" "-nodefaultlibs"
[INFO] [stdout]   = note: collect2: fatal error: ld terminated with signal 9 [Killed]
[INFO] [stdout]           compilation terminated.
[INFO] [stdout]           
[INFO] [stdout] 
[INFO] [stdout] 
[INFO] [stdout] error: aborting due to 1 previous error
[INFO] [stdout] 
[INFO] [stdout] 
[INFO] [stderr] error: could not compile `tantivy` (example "custom_tokenizer") due to 2 previous errors
[INFO] running `Command { std: "docker" "inspect" "8cc4faf82114323d94261aa0410a4f87291895006795688f0c32439777c0a55c", kill_on_drop: false }`
[INFO] running `Command { std: "docker" "rm" "-f" "8cc4faf82114323d94261aa0410a4f87291895006795688f0c32439777c0a55c", kill_on_drop: false }`
[INFO] [stdout] 8cc4faf82114323d94261aa0410a4f87291895006795688f0c32439777c0a55c
