[INFO] fetching crate tag_safe 0.2.25...
[INFO] testing tag_safe-0.2.25 against 1.75.0 for beta-1.76-1
[INFO] extracting crate tag_safe 0.2.25 into /workspace/builds/worker-4-tc1/source
[INFO] validating manifest of crates.io crate tag_safe 0.2.25 on toolchain 1.75.0
[INFO] running `Command { std: CARGO_HOME="/workspace/cargo-home" RUSTUP_HOME="/workspace/rustup-home" "/workspace/cargo-home/bin/cargo" "+1.75.0" "metadata" "--manifest-path" "Cargo.toml" "--no-deps", kill_on_drop: false }`
[INFO] started tweaking crates.io crate tag_safe 0.2.25
[INFO] finished tweaking crates.io crate tag_safe 0.2.25
[INFO] tweaked toml for crates.io crate tag_safe 0.2.25 written to /workspace/builds/worker-4-tc1/source/Cargo.toml
[INFO] running `Command { std: CARGO_HOME="/workspace/cargo-home" RUSTUP_HOME="/workspace/rustup-home" "/workspace/cargo-home/bin/cargo" "+1.75.0" "generate-lockfile" "--manifest-path" "Cargo.toml", kill_on_drop: false }`
[INFO] [stderr]     Updating crates.io index
[INFO] running `Command { std: CARGO_HOME="/workspace/cargo-home" RUSTUP_HOME="/workspace/rustup-home" "/workspace/cargo-home/bin/cargo" "+1.75.0" "fetch" "--manifest-path" "Cargo.toml", kill_on_drop: false }`
[INFO] [stderr]  Downloading crates ...
[INFO] [stderr]   Downloaded compiletest_rs v0.3.26
[INFO] [stderr]   Downloaded rustfix v0.4.6
[INFO] [stderr]   Downloaded tester v0.6.0
[INFO] running `Command { std: "docker" "create" "-v" "/var/lib/crater-agent-workspace/builds/worker-4-tc1/target:/opt/rustwide/target:rw,Z" "-v" "/var/lib/crater-agent-workspace/builds/worker-4-tc1/source:/opt/rustwide/workdir:ro,Z" "-v" "/var/lib/crater-agent-workspace/cargo-home:/opt/rustwide/cargo-home:ro,Z" "-v" "/var/lib/crater-agent-workspace/rustup-home:/opt/rustwide/rustup-home:ro,Z" "-e" "SOURCE_DIR=/opt/rustwide/workdir" "-e" "CARGO_TARGET_DIR=/opt/rustwide/target" "-e" "CARGO_HOME=/opt/rustwide/cargo-home" "-e" "RUSTUP_HOME=/opt/rustwide/rustup-home" "-w" "/opt/rustwide/workdir" "-m" "1610612736" "--user" "0:0" "--network" "none" "ghcr.io/rust-lang/crates-build-env/linux@sha256:2788e3201cd34a07e3172128adcd8b3090168a8e3bcc40d7c032b9dda1df7d1c" "/opt/rustwide/cargo-home/bin/cargo" "+1.75.0" "metadata" "--no-deps" "--format-version=1", kill_on_drop: false }`
[INFO] [stdout] d904a25b2644b26cd1665d1057f14f3138c6ea4631711a25f2797986ad211344
[INFO] running `Command { std: "docker" "start" "-a" "d904a25b2644b26cd1665d1057f14f3138c6ea4631711a25f2797986ad211344", kill_on_drop: false }`
[INFO] running `Command { std: "docker" "inspect" "d904a25b2644b26cd1665d1057f14f3138c6ea4631711a25f2797986ad211344", kill_on_drop: false }`
[INFO] running `Command { std: "docker" "rm" "-f" "d904a25b2644b26cd1665d1057f14f3138c6ea4631711a25f2797986ad211344", kill_on_drop: false }`
[INFO] [stdout] d904a25b2644b26cd1665d1057f14f3138c6ea4631711a25f2797986ad211344
[INFO] running `Command { std: "docker" "create" "-v" "/var/lib/crater-agent-workspace/builds/worker-4-tc1/target:/opt/rustwide/target:rw,Z" "-v" "/var/lib/crater-agent-workspace/builds/worker-4-tc1/source:/opt/rustwide/workdir:ro,Z" "-v" "/var/lib/crater-agent-workspace/cargo-home:/opt/rustwide/cargo-home:ro,Z" "-v" "/var/lib/crater-agent-workspace/rustup-home:/opt/rustwide/rustup-home:ro,Z" "-e" "SOURCE_DIR=/opt/rustwide/workdir" "-e" "CARGO_TARGET_DIR=/opt/rustwide/target" "-e" "CARGO_INCREMENTAL=0" "-e" "RUST_BACKTRACE=full" "-e" "RUSTFLAGS=--cap-lints=warn" "-e" "RUSTDOCFLAGS=--cap-lints=warn" "-e" "CARGO_HOME=/opt/rustwide/cargo-home" "-e" "RUSTUP_HOME=/opt/rustwide/rustup-home" "-w" "/opt/rustwide/workdir" "-m" "1610612736" "--user" "0:0" "--network" "none" "ghcr.io/rust-lang/crates-build-env/linux@sha256:2788e3201cd34a07e3172128adcd8b3090168a8e3bcc40d7c032b9dda1df7d1c" "/opt/rustwide/cargo-home/bin/cargo" "+1.75.0" "build" "--frozen" "--message-format=json", kill_on_drop: false }`
[INFO] [stdout] 61ed55baadf9604e028e02d63a62f78a9fbc872d0b3f69d7ee3e4375e1ca46a2
[INFO] running `Command { std: "docker" "start" "-a" "61ed55baadf9604e028e02d63a62f78a9fbc872d0b3f69d7ee3e4375e1ca46a2", kill_on_drop: false }`
[INFO] [stderr]    Compiling log v0.4.20
[INFO] [stderr]    Compiling lazy_static v0.2.11
[INFO] [stderr]    Compiling log v0.3.9
[INFO] [stderr]    Compiling tag_safe v0.2.25 (/opt/rustwide/workdir)
[INFO] [stdout] error[E0557]: feature has been removed
[INFO] [stdout]   --> src/lib.rs:23:12
[INFO] [stdout]    |
[INFO] [stdout] 23 | #![feature(plugin_registrar, rustc_private)]
[INFO] [stdout]    |            ^^^^^^^^^^^^^^^^ feature has been removed
[INFO] [stdout]    |
[INFO] [stdout]    = note: plugins are no longer supported
[INFO] [stdout] 
[INFO] [stdout] 
[INFO] [stdout] error[E0463]: can't find crate for `syntax`
[INFO] [stdout]   --> src/lib.rs:31:1
[INFO] [stdout]    |
[INFO] [stdout] 31 | extern crate syntax;
[INFO] [stdout]    | ^^^^^^^^^^^^^^^^^^^^ can't find crate
[INFO] [stdout] 
[INFO] [stdout] 
[INFO] [stdout] error[E0463]: can't find crate for `syntax_expand`
[INFO] [stdout]   --> src/lib.rs:32:1
[INFO] [stdout]    |
[INFO] [stdout] 32 | extern crate syntax_expand;
[INFO] [stdout]    | ^^^^^^^^^^^^^^^^^^^^^^^^^^^ can't find crate
[INFO] [stdout] 
[INFO] [stdout] 
[INFO] [stdout] error[E0462]: found staticlib `rustc` instead of rlib or dylib
[INFO] [stdout]   --> src/lib.rs:34:1
[INFO] [stdout]    |
[INFO] [stdout] 34 | extern crate rustc;
[INFO] [stdout]    | ^^^^^^^^^^^^^^^^^^^
[INFO] [stdout]    |
[INFO] [stdout]    = note: the following crate versions were found:
[INFO] [stdout]            crate `rustc`: /opt/rustwide/rustup-home/toolchains/1.75.0-x86_64-unknown-linux-gnu/lib/rustlib/x86_64-unknown-linux-gnu/lib/librustc-stable_rt.safestack.a
[INFO] [stdout]            crate `rustc`: /opt/rustwide/rustup-home/toolchains/1.75.0-x86_64-unknown-linux-gnu/lib/rustlib/x86_64-unknown-linux-gnu/lib/librustc-stable_rt.lsan.a
[INFO] [stdout]            crate `rustc`: /opt/rustwide/rustup-home/toolchains/1.75.0-x86_64-unknown-linux-gnu/lib/rustlib/x86_64-unknown-linux-gnu/lib/librustc-stable_rt.tsan.a
[INFO] [stdout]            crate `rustc`: /opt/rustwide/rustup-home/toolchains/1.75.0-x86_64-unknown-linux-gnu/lib/rustlib/x86_64-unknown-linux-gnu/lib/librustc-stable_rt.msan.a
[INFO] [stdout]            crate `rustc`: /opt/rustwide/rustup-home/toolchains/1.75.0-x86_64-unknown-linux-gnu/lib/rustlib/x86_64-unknown-linux-gnu/lib/librustc-stable_rt.asan.a
[INFO] [stdout]    = help: please recompile that crate using --crate-type lib
[INFO] [stdout] 
[INFO] [stdout] 
[INFO] [stdout] error[E0463]: can't find crate for `rustc_driver`
[INFO] [stdout]   --> src/lib.rs:35:1
[INFO] [stdout]    |
[INFO] [stdout] 35 | extern crate rustc_driver;
[INFO] [stdout]    | ^^^^^^^^^^^^^^^^^^^^^^^^^^ can't find crate
[INFO] [stdout]    |
[INFO] [stdout]    = help: maybe you need to install the missing components with: `rustup component add rust-src rustc-dev llvm-tools-preview`
[INFO] [stdout] 
[INFO] [stdout] 
[INFO] [stdout] error: cannot find macro `declare_lint` in this scope
[INFO] [stdout]   --> src/check.rs:11:1
[INFO] [stdout]    |
[INFO] [stdout] 11 | declare_lint!(NOT_TAGGED_SAFE, Warn, "Warn about use of non-tagged methods within tagged function");
[INFO] [stdout]    | ^^^^^^^^^^^^
[INFO] [stdout] 
[INFO] [stdout] 
[INFO] [stdout] error: cannot find macro `lint_array` in this scope
[INFO] [stdout]   --> src/check.rs:38:9
[INFO] [stdout]    |
[INFO] [stdout] 38 |         lint_array!(NOT_TAGGED_SAFE)
[INFO] [stdout]    |         ^^^^^^^^^^
[INFO] [stdout] 
[INFO] [stdout] 
[INFO] [stdout] error: cannot find attribute `plugin_registrar` in this scope
[INFO] [stdout]   --> src/lib.rs:41:3
[INFO] [stdout]    |
[INFO] [stdout] 41 | #[plugin_registrar]
[INFO] [stdout]    |   ^^^^^^^^^^^^^^^^
[INFO] [stdout]    |
[INFO] [stdout]    = note: `plugin_registrar` is in scope, but it is a function, not an attribute
[INFO] [stdout] 
[INFO] [stdout] 
[INFO] [stdout] error[E0425]: cannot find value `NOT_TAGGED_SAFE` in this scope
[INFO] [stdout]   --> src/check.rs:76:42
[INFO] [stdout]    |
[INFO] [stdout] 76 | ...                   cx.span_lint(NOT_TAGGED_SAFE, *span,
[INFO] [stdout]    |                                    ^^^^^^^^^^^^^^^ not found in this scope
[INFO] [stdout] 
[INFO] [stdout] 
[INFO] [stdout] error[E0554]: `#![feature]` may not be used on the stable release channel
[INFO] [stdout]   --> src/lib.rs:23:1
[INFO] [stdout]    |
[INFO] [stdout] 23 | #![feature(plugin_registrar, rustc_private)]
[INFO] [stdout]    | ^^^^^^^^^^^^^^^^^^^^^^^^^^^^^^^^^^^^^^^^^^^^
[INFO] [stdout] 
[INFO] [stdout] 
[INFO] [stdout] warning: use of deprecated constant `std::sync::ONCE_INIT`: the `new` function is now preferred
[INFO] [stdout]   --> src/database.rs:52:1
[INFO] [stdout]    |
[INFO] [stdout] 52 | / lazy_static! {
[INFO] [stdout] 53 | |     // RwLock becuase after building, this will be uncontended.
[INFO] [stdout] 54 | |     pub static ref CACHE: RwLock<StaticCache> = Default::default();
[INFO] [stdout] 55 | | }
[INFO] [stdout]    | |_^
[INFO] [stdout]    |
[INFO] [stdout]    = note: `#[warn(deprecated)]` on by default
[INFO] [stdout]    = note: this warning originates in the macro `__lazy_static_create` which comes from the expansion of the macro `lazy_static` (in Nightly builds, run with -Z macro-backtrace for more info)
[INFO] [stdout] 
[INFO] [stdout] 
[INFO] [stdout] error: aborting due to 10 previous errors; 1 warning emitted
[INFO] [stdout] 
[INFO] [stdout] 
[INFO] [stdout] Some errors have detailed explanations: E0425, E0462, E0463, E0554, E0557.
[INFO] [stdout] 
[INFO] [stdout] For more information about an error, try `rustc --explain E0425`.
[INFO] [stdout] 
[INFO] [stderr] error: could not compile `tag_safe` (lib) due to 11 previous errors; 1 warning emitted
[INFO] running `Command { std: "docker" "inspect" "61ed55baadf9604e028e02d63a62f78a9fbc872d0b3f69d7ee3e4375e1ca46a2", kill_on_drop: false }`
[INFO] running `Command { std: "docker" "rm" "-f" "61ed55baadf9604e028e02d63a62f78a9fbc872d0b3f69d7ee3e4375e1ca46a2", kill_on_drop: false }`
[INFO] [stdout] 61ed55baadf9604e028e02d63a62f78a9fbc872d0b3f69d7ee3e4375e1ca46a2
[INFO] testing tag_safe-0.2.25 against beta-2023-12-22 for beta-1.76-1
[INFO] extracting crate tag_safe 0.2.25 into /workspace/builds/worker-4-tc2/source
[INFO] validating manifest of crates.io crate tag_safe 0.2.25 on toolchain beta-2023-12-22
[INFO] running `Command { std: CARGO_HOME="/workspace/cargo-home" RUSTUP_HOME="/workspace/rustup-home" "/workspace/cargo-home/bin/cargo" "+beta-2023-12-22" "metadata" "--manifest-path" "Cargo.toml" "--no-deps", kill_on_drop: false }`
[INFO] started tweaking crates.io crate tag_safe 0.2.25
[INFO] finished tweaking crates.io crate tag_safe 0.2.25
[INFO] tweaked toml for crates.io crate tag_safe 0.2.25 written to /workspace/builds/worker-4-tc2/source/Cargo.toml
[INFO] running `Command { std: CARGO_HOME="/workspace/cargo-home" RUSTUP_HOME="/workspace/rustup-home" "/workspace/cargo-home/bin/cargo" "+beta-2023-12-22" "generate-lockfile" "--manifest-path" "Cargo.toml", kill_on_drop: false }`
[INFO] [stderr]     Updating crates.io index
[INFO] running `Command { std: CARGO_HOME="/workspace/cargo-home" RUSTUP_HOME="/workspace/rustup-home" "/workspace/cargo-home/bin/cargo" "+beta-2023-12-22" "fetch" "--manifest-path" "Cargo.toml", kill_on_drop: false }`
[INFO] running `Command { std: "docker" "create" "-v" "/var/lib/crater-agent-workspace/builds/worker-4-tc2/target:/opt/rustwide/target:rw,Z" "-v" "/var/lib/crater-agent-workspace/builds/worker-4-tc2/source:/opt/rustwide/workdir:ro,Z" "-v" "/var/lib/crater-agent-workspace/cargo-home:/opt/rustwide/cargo-home:ro,Z" "-v" "/var/lib/crater-agent-workspace/rustup-home:/opt/rustwide/rustup-home:ro,Z" "-e" "SOURCE_DIR=/opt/rustwide/workdir" "-e" "CARGO_TARGET_DIR=/opt/rustwide/target" "-e" "CARGO_HOME=/opt/rustwide/cargo-home" "-e" "RUSTUP_HOME=/opt/rustwide/rustup-home" "-w" "/opt/rustwide/workdir" "-m" "1610612736" "--user" "0:0" "--network" "none" "ghcr.io/rust-lang/crates-build-env/linux@sha256:2788e3201cd34a07e3172128adcd8b3090168a8e3bcc40d7c032b9dda1df7d1c" "/opt/rustwide/cargo-home/bin/cargo" "+beta-2023-12-22" "metadata" "--no-deps" "--format-version=1", kill_on_drop: false }`
[INFO] [stdout] 723756596b62bece85a119d99d1da7de3b44adfefe9a47ee56f743fc2b8539d4
[INFO] running `Command { std: "docker" "start" "-a" "723756596b62bece85a119d99d1da7de3b44adfefe9a47ee56f743fc2b8539d4", kill_on_drop: false }`
[INFO] running `Command { std: "docker" "inspect" "723756596b62bece85a119d99d1da7de3b44adfefe9a47ee56f743fc2b8539d4", kill_on_drop: false }`
[INFO] running `Command { std: "docker" "rm" "-f" "723756596b62bece85a119d99d1da7de3b44adfefe9a47ee56f743fc2b8539d4", kill_on_drop: false }`
[INFO] [stdout] 723756596b62bece85a119d99d1da7de3b44adfefe9a47ee56f743fc2b8539d4
[INFO] running `Command { std: "docker" "create" "-v" "/var/lib/crater-agent-workspace/builds/worker-4-tc2/target:/opt/rustwide/target:rw,Z" "-v" "/var/lib/crater-agent-workspace/builds/worker-4-tc2/source:/opt/rustwide/workdir:ro,Z" "-v" "/var/lib/crater-agent-workspace/cargo-home:/opt/rustwide/cargo-home:ro,Z" "-v" "/var/lib/crater-agent-workspace/rustup-home:/opt/rustwide/rustup-home:ro,Z" "-e" "SOURCE_DIR=/opt/rustwide/workdir" "-e" "CARGO_TARGET_DIR=/opt/rustwide/target" "-e" "CARGO_INCREMENTAL=0" "-e" "RUST_BACKTRACE=full" "-e" "RUSTFLAGS=--cap-lints=warn" "-e" "RUSTDOCFLAGS=--cap-lints=warn" "-e" "CARGO_HOME=/opt/rustwide/cargo-home" "-e" "RUSTUP_HOME=/opt/rustwide/rustup-home" "-w" "/opt/rustwide/workdir" "-m" "1610612736" "--user" "0:0" "--network" "none" "ghcr.io/rust-lang/crates-build-env/linux@sha256:2788e3201cd34a07e3172128adcd8b3090168a8e3bcc40d7c032b9dda1df7d1c" "/opt/rustwide/cargo-home/bin/cargo" "+beta-2023-12-22" "build" "--frozen" "--message-format=json", kill_on_drop: false }`
[INFO] [stdout] f9cf29828d1c3f70a1edcb649849f6b8bf0d4347e557700d9a70eb661042ad6e
[INFO] running `Command { std: "docker" "start" "-a" "f9cf29828d1c3f70a1edcb649849f6b8bf0d4347e557700d9a70eb661042ad6e", kill_on_drop: false }`
[INFO] [stderr]    Compiling log v0.4.20
[INFO] [stderr]    Compiling lazy_static v0.2.11
[INFO] [stderr]    Compiling log v0.3.9
[INFO] [stderr]    Compiling tag_safe v0.2.25 (/opt/rustwide/workdir)
[INFO] [stdout] error[E0557]: feature has been removed
[INFO] [stdout]   --> src/lib.rs:23:12
[INFO] [stdout]    |
[INFO] [stdout] 23 | #![feature(plugin_registrar, rustc_private)]
[INFO] [stdout]    |            ^^^^^^^^^^^^^^^^ feature has been removed
[INFO] [stdout]    |
[INFO] [stdout]    = note: plugins are no longer supported
[INFO] [stdout] 
[INFO] [stdout] 
[INFO] [stdout] error[E0463]: can't find crate for `syntax`
[INFO] [stdout]   --> src/lib.rs:31:1
[INFO] [stdout]    |
[INFO] [stdout] 31 | extern crate syntax;
[INFO] [stdout]    | ^^^^^^^^^^^^^^^^^^^^ can't find crate
[INFO] [stdout] 
[INFO] [stdout] 
[INFO] [stdout] error[E0463]: can't find crate for `syntax_expand`
[INFO] [stdout]   --> src/lib.rs:32:1
[INFO] [stdout]    |
[INFO] [stdout] 32 | extern crate syntax_expand;
[INFO] [stdout]    | ^^^^^^^^^^^^^^^^^^^^^^^^^^^ can't find crate
[INFO] [stdout] 
[INFO] [stdout] 
[INFO] [stdout] error[E0462]: found staticlib `rustc` instead of rlib or dylib
[INFO] [stdout]   --> src/lib.rs:34:1
[INFO] [stdout]    |
[INFO] [stdout] 34 | extern crate rustc;
[INFO] [stdout]    | ^^^^^^^^^^^^^^^^^^^
[INFO] [stdout]    |
[INFO] [stdout]    = note: the following crate versions were found:
[INFO] [stdout]            crate `rustc`: /opt/rustwide/rustup-home/toolchains/beta-2023-12-22-x86_64-unknown-linux-gnu/lib/rustlib/x86_64-unknown-linux-gnu/lib/librustc-beta_rt.lsan.a
[INFO] [stdout]            crate `rustc`: /opt/rustwide/rustup-home/toolchains/beta-2023-12-22-x86_64-unknown-linux-gnu/lib/rustlib/x86_64-unknown-linux-gnu/lib/librustc-beta_rt.msan.a
[INFO] [stdout]            crate `rustc`: /opt/rustwide/rustup-home/toolchains/beta-2023-12-22-x86_64-unknown-linux-gnu/lib/rustlib/x86_64-unknown-linux-gnu/lib/librustc-beta_rt.asan.a
[INFO] [stdout]            crate `rustc`: /opt/rustwide/rustup-home/toolchains/beta-2023-12-22-x86_64-unknown-linux-gnu/lib/rustlib/x86_64-unknown-linux-gnu/lib/librustc-beta_rt.safestack.a
[INFO] [stdout]            crate `rustc`: /opt/rustwide/rustup-home/toolchains/beta-2023-12-22-x86_64-unknown-linux-gnu/lib/rustlib/x86_64-unknown-linux-gnu/lib/librustc-beta_rt.tsan.a
[INFO] [stdout]    = help: please recompile that crate using --crate-type lib
[INFO] [stdout] 
[INFO] [stdout] 
[INFO] [stdout] error[E0463]: can't find crate for `rustc_driver`
[INFO] [stdout]   --> src/lib.rs:35:1
[INFO] [stdout]    |
[INFO] [stdout] 35 | extern crate rustc_driver;
[INFO] [stdout]    | ^^^^^^^^^^^^^^^^^^^^^^^^^^ can't find crate
[INFO] [stdout]    |
[INFO] [stdout]    = help: maybe you need to install the missing components with: `rustup component add rust-src rustc-dev llvm-tools-preview`
[INFO] [stdout] 
[INFO] [stdout] 
[INFO] [stdout] error: cannot find macro `declare_lint` in this scope
[INFO] [stdout]   --> src/check.rs:11:1
[INFO] [stdout]    |
[INFO] [stdout] 11 | declare_lint!(NOT_TAGGED_SAFE, Warn, "Warn about use of non-tagged methods within tagged function");
[INFO] [stdout]    | ^^^^^^^^^^^^
[INFO] [stdout] 
[INFO] [stdout] 
[INFO] [stdout] error: cannot find macro `lint_array` in this scope
[INFO] [stdout]   --> src/check.rs:38:9
[INFO] [stdout]    |
[INFO] [stdout] 38 |         lint_array!(NOT_TAGGED_SAFE)
[INFO] [stdout]    |         ^^^^^^^^^^
[INFO] [stdout] 
[INFO] [stdout] 
[INFO] [stdout] error: cannot find attribute `plugin_registrar` in this scope
[INFO] [stdout]   --> src/lib.rs:41:3
[INFO] [stdout]    |
[INFO] [stdout] 41 | #[plugin_registrar]
[INFO] [stdout]    |   ^^^^^^^^^^^^^^^^
[INFO] [stdout]    |
[INFO] [stdout]    = note: `plugin_registrar` is in scope, but it is a function, not an attribute
[INFO] [stdout] 
[INFO] [stdout] 
[INFO] [stdout] error[E0425]: cannot find value `NOT_TAGGED_SAFE` in this scope
[INFO] [stdout]   --> src/check.rs:76:42
[INFO] [stdout]    |
[INFO] [stdout] 76 | ...                   cx.span_lint(NOT_TAGGED_SAFE, *span,
[INFO] [stdout]    |                                    ^^^^^^^^^^^^^^^ not found in this scope
[INFO] [stdout] 
[INFO] [stdout] 
[INFO] [stdout] error[E0554]: `#![feature]` may not be used on the beta release channel
[INFO] [stdout]   --> src/lib.rs:23:1
[INFO] [stdout]    |
[INFO] [stdout] 23 | #![feature(plugin_registrar, rustc_private)]
[INFO] [stdout]    | ^^^^^^^^^^^^^^^^^^^^^^^^^^^^^^^^^^^^^^^^^^^^
[INFO] [stdout] 
[INFO] [stdout] 
[INFO] [stdout] warning: use of deprecated constant `std::sync::ONCE_INIT`: the `new` function is now preferred
[INFO] [stdout]   --> src/database.rs:52:1
[INFO] [stdout]    |
[INFO] [stdout] 52 | / lazy_static! {
[INFO] [stdout] 53 | |     // RwLock becuase after building, this will be uncontended.
[INFO] [stdout] 54 | |     pub static ref CACHE: RwLock<StaticCache> = Default::default();
[INFO] [stdout] 55 | | }
[INFO] [stdout]    | |_^
[INFO] [stdout]    |
[INFO] [stdout]    = note: `#[warn(deprecated)]` on by default
[INFO] [stdout]    = note: this warning originates in the macro `__lazy_static_create` which comes from the expansion of the macro `lazy_static` (in Nightly builds, run with -Z macro-backtrace for more info)
[INFO] [stdout] 
[INFO] [stdout] 
[INFO] [stdout] error: aborting due to 10 previous errors; 1 warning emitted
[INFO] [stdout] 
[INFO] [stdout] 
[INFO] [stdout] Some errors have detailed explanations: E0425, E0462, E0463, E0554, E0557.
[INFO] [stdout] 
[INFO] [stdout] For more information about an error, try `rustc --explain E0425`.
[INFO] [stdout] 
[INFO] [stderr] error: could not compile `tag_safe` (lib) due to 11 previous errors; 1 warning emitted
[INFO] running `Command { std: "docker" "inspect" "f9cf29828d1c3f70a1edcb649849f6b8bf0d4347e557700d9a70eb661042ad6e", kill_on_drop: false }`
[INFO] running `Command { std: "docker" "rm" "-f" "f9cf29828d1c3f70a1edcb649849f6b8bf0d4347e557700d9a70eb661042ad6e", kill_on_drop: false }`
[INFO] [stdout] f9cf29828d1c3f70a1edcb649849f6b8bf0d4347e557700d9a70eb661042ad6e
