[INFO] fetching crate system_status_bar_macos 0.1.3...
[INFO] testing system_status_bar_macos-0.1.3 against 1.75.0 for beta-1.76-1
[INFO] extracting crate system_status_bar_macos 0.1.3 into /workspace/builds/worker-5-tc1/source
[INFO] validating manifest of crates.io crate system_status_bar_macos 0.1.3 on toolchain 1.75.0
[INFO] running `Command { std: CARGO_HOME="/workspace/cargo-home" RUSTUP_HOME="/workspace/rustup-home" "/workspace/cargo-home/bin/cargo" "+1.75.0" "metadata" "--manifest-path" "Cargo.toml" "--no-deps", kill_on_drop: false }`
[INFO] started tweaking crates.io crate system_status_bar_macos 0.1.3
[INFO] finished tweaking crates.io crate system_status_bar_macos 0.1.3
[INFO] tweaked toml for crates.io crate system_status_bar_macos 0.1.3 written to /workspace/builds/worker-5-tc1/source/Cargo.toml
[INFO] crate crates.io crate system_status_bar_macos 0.1.3 already has a lockfile, it will not be regenerated
[INFO] running `Command { std: CARGO_HOME="/workspace/cargo-home" RUSTUP_HOME="/workspace/rustup-home" "/workspace/cargo-home/bin/cargo" "+1.75.0" "fetch" "--manifest-path" "Cargo.toml", kill_on_drop: false }`
[INFO] [stderr]  Downloading crates ...
[INFO] [stderr]   Downloaded objc-sys v0.3.1
[INFO] [stderr]   Downloaded block2 v0.2.0
[INFO] [stderr]   Downloaded objc2-encode v2.0.0
[INFO] [stderr]   Downloaded objc2 v0.4.0
[INFO] [stderr]   Downloaded sysinfo v0.29.5
[INFO] [stderr]   Downloaded icrate v0.0.3
[INFO] running `Command { std: "docker" "create" "-v" "/var/lib/crater-agent-workspace/builds/worker-5-tc1/target:/opt/rustwide/target:rw,Z" "-v" "/var/lib/crater-agent-workspace/builds/worker-5-tc1/source:/opt/rustwide/workdir:ro,Z" "-v" "/var/lib/crater-agent-workspace/cargo-home:/opt/rustwide/cargo-home:ro,Z" "-v" "/var/lib/crater-agent-workspace/rustup-home:/opt/rustwide/rustup-home:ro,Z" "-e" "SOURCE_DIR=/opt/rustwide/workdir" "-e" "CARGO_TARGET_DIR=/opt/rustwide/target" "-e" "CARGO_HOME=/opt/rustwide/cargo-home" "-e" "RUSTUP_HOME=/opt/rustwide/rustup-home" "-w" "/opt/rustwide/workdir" "-m" "1610612736" "--user" "0:0" "--network" "none" "ghcr.io/rust-lang/crates-build-env/linux@sha256:2788e3201cd34a07e3172128adcd8b3090168a8e3bcc40d7c032b9dda1df7d1c" "/opt/rustwide/cargo-home/bin/cargo" "+1.75.0" "metadata" "--no-deps" "--format-version=1", kill_on_drop: false }`
[INFO] [stdout] 6d1e18741dad2c288acf367d45156718cf8194f36f2fb5af1757b70e1da55cc8
[INFO] running `Command { std: "docker" "start" "-a" "6d1e18741dad2c288acf367d45156718cf8194f36f2fb5af1757b70e1da55cc8", kill_on_drop: false }`
[INFO] running `Command { std: "docker" "inspect" "6d1e18741dad2c288acf367d45156718cf8194f36f2fb5af1757b70e1da55cc8", kill_on_drop: false }`
[INFO] running `Command { std: "docker" "rm" "-f" "6d1e18741dad2c288acf367d45156718cf8194f36f2fb5af1757b70e1da55cc8", kill_on_drop: false }`
[INFO] [stdout] 6d1e18741dad2c288acf367d45156718cf8194f36f2fb5af1757b70e1da55cc8
[INFO] running `Command { std: "docker" "create" "-v" "/var/lib/crater-agent-workspace/builds/worker-5-tc1/target:/opt/rustwide/target:rw,Z" "-v" "/var/lib/crater-agent-workspace/builds/worker-5-tc1/source:/opt/rustwide/workdir:ro,Z" "-v" "/var/lib/crater-agent-workspace/cargo-home:/opt/rustwide/cargo-home:ro,Z" "-v" "/var/lib/crater-agent-workspace/rustup-home:/opt/rustwide/rustup-home:ro,Z" "-e" "SOURCE_DIR=/opt/rustwide/workdir" "-e" "CARGO_TARGET_DIR=/opt/rustwide/target" "-e" "CARGO_INCREMENTAL=0" "-e" "RUST_BACKTRACE=full" "-e" "RUSTFLAGS=--cap-lints=warn" "-e" "RUSTDOCFLAGS=--cap-lints=warn" "-e" "CARGO_HOME=/opt/rustwide/cargo-home" "-e" "RUSTUP_HOME=/opt/rustwide/rustup-home" "-w" "/opt/rustwide/workdir" "-m" "1610612736" "--user" "0:0" "--network" "none" "ghcr.io/rust-lang/crates-build-env/linux@sha256:2788e3201cd34a07e3172128adcd8b3090168a8e3bcc40d7c032b9dda1df7d1c" "/opt/rustwide/cargo-home/bin/cargo" "+1.75.0" "build" "--frozen" "--message-format=json", kill_on_drop: false }`
[INFO] [stdout] 8a6823be9e074953b9f0982a16685aa50bb9ae9f2b66a60ecef88dd2c9ff33f8
[INFO] running `Command { std: "docker" "start" "-a" "8a6823be9e074953b9f0982a16685aa50bb9ae9f2b66a60ecef88dd2c9ff33f8", kill_on_drop: false }`
[INFO] [stderr]    Compiling system_status_bar_macos v0.1.3 (/opt/rustwide/workdir)
[INFO] [stdout] error[E0433]: failed to resolve: use of undeclared crate or module `objc2`
[INFO] [stdout]    --> src/lib.rs:273:5
[INFO] [stdout]     |
[INFO] [stdout] 273 | use objc2::{
[INFO] [stdout]     |     ^^^^^ use of undeclared crate or module `objc2`
[INFO] [stdout] 
[INFO] [stdout] 
[INFO] [stdout] error[E0433]: failed to resolve: use of undeclared crate or module `icrate`
[INFO] [stdout]    --> src/lib.rs:298:5
[INFO] [stdout]     |
[INFO] [stdout] 298 | use icrate::{
[INFO] [stdout]     |     ^^^^^^ use of undeclared crate or module `icrate`
[INFO] [stdout] 
[INFO] [stdout] 
[INFO] [stdout] error[E0432]: unresolved import `objc2`
[INFO] [stdout]    --> src/lib.rs:273:5
[INFO] [stdout]     |
[INFO] [stdout] 273 | use objc2::{
[INFO] [stdout]     |     ^^^^^ use of undeclared crate or module `objc2`
[INFO] [stdout] 
[INFO] [stdout] 
[INFO] [stdout] error[E0432]: unresolved import `block2`
[INFO] [stdout]    --> src/lib.rs:314:5
[INFO] [stdout]     |
[INFO] [stdout] 314 | use block2::{
[INFO] [stdout]     |     ^^^^^^ use of undeclared crate or module `block2`
[INFO] [stdout] 
[INFO] [stdout] 
[INFO] [stdout] error: cannot determine resolution for the macro `declare_class`
[INFO] [stdout]    --> src/lib.rs:424:1
[INFO] [stdout]     |
[INFO] [stdout] 424 | declare_class!(
[INFO] [stdout]     | ^^^^^^^^^^^^^
[INFO] [stdout]     |
[INFO] [stdout]     = note: import resolution is stuck, try simplifying macro imports
[INFO] [stdout] 
[INFO] [stdout] 
[INFO] [stdout] error: cannot determine resolution for the macro `msg_send_id`
[INFO] [stdout]    --> src/lib.rs:460:18
[INFO] [stdout]     |
[INFO] [stdout] 460 |         unsafe { msg_send_id![Self::alloc(), initWithCallback: callback] }
[INFO] [stdout]     |                  ^^^^^^^^^^^
[INFO] [stdout]     |
[INFO] [stdout]     = note: import resolution is stuck, try simplifying macro imports
[INFO] [stdout] 
[INFO] [stdout] 
[INFO] [stdout] error: cannot determine resolution for the macro `sel`
[INFO] [stdout]    --> src/lib.rs:487:38
[INFO] [stdout]     |
[INFO] [stdout] 487 |                 inner.setAction(Some(sel!(call:)));
[INFO] [stdout]     |                                      ^^^
[INFO] [stdout]     |
[INFO] [stdout]     = note: import resolution is stuck, try simplifying macro imports
[INFO] [stdout] 
[INFO] [stdout] 
[INFO] [stdout] error[E0412]: cannot find type `STBMenuItemCallback` in this scope
[INFO] [stdout]    --> src/lib.rs:458:6
[INFO] [stdout]     |
[INFO] [stdout] 458 | impl STBMenuItemCallback {
[INFO] [stdout]     |      ^^^^^^^^^^^^^^^^^^^ help: a struct with a similar name exists: `MenuItemCallback`
[INFO] [stdout] ...
[INFO] [stdout] 523 | struct MenuItemCallback {
[INFO] [stdout]     | ----------------------- similarly named struct `MenuItemCallback` defined here
[INFO] [stdout] 
[INFO] [stdout] 
[INFO] [stdout] error[E0412]: cannot find type `STBMenuItemCallback` in this scope
[INFO] [stdout]    --> src/lib.rs:524:15
[INFO] [stdout]     |
[INFO] [stdout] 524 |     inner: Id<STBMenuItemCallback>,
[INFO] [stdout]     |               ^^^^^^^^^^^^^^^^^^^ not found in this scope
[INFO] [stdout]     |
[INFO] [stdout] help: you might be missing a type parameter
[INFO] [stdout]     |
[INFO] [stdout] 523 | struct MenuItemCallback<STBMenuItemCallback> {
[INFO] [stdout]     |                        +++++++++++++++++++++
[INFO] [stdout] 
[INFO] [stdout] 
[INFO] [stdout] warning: unused import: `NonNull`
[INFO] [stdout]    --> src/lib.rs:266:9
[INFO] [stdout]     |
[INFO] [stdout] 266 |         NonNull,
[INFO] [stdout]     |         ^^^^^^^
[INFO] [stdout]     |
[INFO] [stdout]     = note: `#[warn(unused_imports)]` on by default
[INFO] [stdout] 
[INFO] [stdout] 
[INFO] [stdout] error[E0433]: failed to resolve: use of undeclared type `STBMenuItemCallback`
[INFO] [stdout]    --> src/lib.rs:532:21
[INFO] [stdout]     |
[INFO] [stdout] 532 |         let inner = STBMenuItemCallback::new(&*callback_block);
[INFO] [stdout]     |                     ^^^^^^^^^^^^^^^^^^^
[INFO] [stdout]     |                     |
[INFO] [stdout]     |                     use of undeclared type `STBMenuItemCallback`
[INFO] [stdout]     |                     help: a struct with a similar name exists: `MenuItemCallback`
[INFO] [stdout] 
[INFO] [stdout] 
[INFO] [stdout] error: aborting due to 10 previous errors; 1 warning emitted
[INFO] [stdout] 
[INFO] [stdout] 
[INFO] [stdout] Some errors have detailed explanations: E0412, E0432, E0433.
[INFO] [stdout] 
[INFO] [stdout] For more information about an error, try `rustc --explain E0412`.
[INFO] [stdout] 
[INFO] [stderr] error: could not compile `system_status_bar_macos` (lib) due to 11 previous errors; 1 warning emitted
[INFO] running `Command { std: "docker" "inspect" "8a6823be9e074953b9f0982a16685aa50bb9ae9f2b66a60ecef88dd2c9ff33f8", kill_on_drop: false }`
[INFO] running `Command { std: "docker" "rm" "-f" "8a6823be9e074953b9f0982a16685aa50bb9ae9f2b66a60ecef88dd2c9ff33f8", kill_on_drop: false }`
[INFO] [stdout] 8a6823be9e074953b9f0982a16685aa50bb9ae9f2b66a60ecef88dd2c9ff33f8
[INFO] testing system_status_bar_macos-0.1.3 against beta-2023-12-22 for beta-1.76-1
[INFO] extracting crate system_status_bar_macos 0.1.3 into /workspace/builds/worker-5-tc2/source
[INFO] validating manifest of crates.io crate system_status_bar_macos 0.1.3 on toolchain beta-2023-12-22
[INFO] running `Command { std: CARGO_HOME="/workspace/cargo-home" RUSTUP_HOME="/workspace/rustup-home" "/workspace/cargo-home/bin/cargo" "+beta-2023-12-22" "metadata" "--manifest-path" "Cargo.toml" "--no-deps", kill_on_drop: false }`
[INFO] started tweaking crates.io crate system_status_bar_macos 0.1.3
[INFO] finished tweaking crates.io crate system_status_bar_macos 0.1.3
[INFO] tweaked toml for crates.io crate system_status_bar_macos 0.1.3 written to /workspace/builds/worker-5-tc2/source/Cargo.toml
[INFO] crate crates.io crate system_status_bar_macos 0.1.3 already has a lockfile, it will not be regenerated
[INFO] running `Command { std: CARGO_HOME="/workspace/cargo-home" RUSTUP_HOME="/workspace/rustup-home" "/workspace/cargo-home/bin/cargo" "+beta-2023-12-22" "fetch" "--manifest-path" "Cargo.toml", kill_on_drop: false }`
[INFO] running `Command { std: "docker" "create" "-v" "/var/lib/crater-agent-workspace/builds/worker-5-tc2/target:/opt/rustwide/target:rw,Z" "-v" "/var/lib/crater-agent-workspace/builds/worker-5-tc2/source:/opt/rustwide/workdir:ro,Z" "-v" "/var/lib/crater-agent-workspace/cargo-home:/opt/rustwide/cargo-home:ro,Z" "-v" "/var/lib/crater-agent-workspace/rustup-home:/opt/rustwide/rustup-home:ro,Z" "-e" "SOURCE_DIR=/opt/rustwide/workdir" "-e" "CARGO_TARGET_DIR=/opt/rustwide/target" "-e" "CARGO_HOME=/opt/rustwide/cargo-home" "-e" "RUSTUP_HOME=/opt/rustwide/rustup-home" "-w" "/opt/rustwide/workdir" "-m" "1610612736" "--user" "0:0" "--network" "none" "ghcr.io/rust-lang/crates-build-env/linux@sha256:2788e3201cd34a07e3172128adcd8b3090168a8e3bcc40d7c032b9dda1df7d1c" "/opt/rustwide/cargo-home/bin/cargo" "+beta-2023-12-22" "metadata" "--no-deps" "--format-version=1", kill_on_drop: false }`
[INFO] [stdout] 242da8b0908a65707a5341e8d2712cadb34e53704ed42c11e7a76e0ebbeeb1c1
[INFO] running `Command { std: "docker" "start" "-a" "242da8b0908a65707a5341e8d2712cadb34e53704ed42c11e7a76e0ebbeeb1c1", kill_on_drop: false }`
[INFO] running `Command { std: "docker" "inspect" "242da8b0908a65707a5341e8d2712cadb34e53704ed42c11e7a76e0ebbeeb1c1", kill_on_drop: false }`
[INFO] running `Command { std: "docker" "rm" "-f" "242da8b0908a65707a5341e8d2712cadb34e53704ed42c11e7a76e0ebbeeb1c1", kill_on_drop: false }`
[INFO] [stdout] 242da8b0908a65707a5341e8d2712cadb34e53704ed42c11e7a76e0ebbeeb1c1
[INFO] running `Command { std: "docker" "create" "-v" "/var/lib/crater-agent-workspace/builds/worker-5-tc2/target:/opt/rustwide/target:rw,Z" "-v" "/var/lib/crater-agent-workspace/builds/worker-5-tc2/source:/opt/rustwide/workdir:ro,Z" "-v" "/var/lib/crater-agent-workspace/cargo-home:/opt/rustwide/cargo-home:ro,Z" "-v" "/var/lib/crater-agent-workspace/rustup-home:/opt/rustwide/rustup-home:ro,Z" "-e" "SOURCE_DIR=/opt/rustwide/workdir" "-e" "CARGO_TARGET_DIR=/opt/rustwide/target" "-e" "CARGO_INCREMENTAL=0" "-e" "RUST_BACKTRACE=full" "-e" "RUSTFLAGS=--cap-lints=warn" "-e" "RUSTDOCFLAGS=--cap-lints=warn" "-e" "CARGO_HOME=/opt/rustwide/cargo-home" "-e" "RUSTUP_HOME=/opt/rustwide/rustup-home" "-w" "/opt/rustwide/workdir" "-m" "1610612736" "--user" "0:0" "--network" "none" "ghcr.io/rust-lang/crates-build-env/linux@sha256:2788e3201cd34a07e3172128adcd8b3090168a8e3bcc40d7c032b9dda1df7d1c" "/opt/rustwide/cargo-home/bin/cargo" "+beta-2023-12-22" "build" "--frozen" "--message-format=json", kill_on_drop: false }`
[INFO] [stdout] e54bd55a18c2cc57584793b8fd4fd3ff431837eba04ea6162787c786d306624b
[INFO] running `Command { std: "docker" "start" "-a" "e54bd55a18c2cc57584793b8fd4fd3ff431837eba04ea6162787c786d306624b", kill_on_drop: false }`
[INFO] [stderr]    Compiling system_status_bar_macos v0.1.3 (/opt/rustwide/workdir)
[INFO] [stdout] error[E0433]: failed to resolve: use of undeclared crate or module `objc2`
[INFO] [stdout]    --> src/lib.rs:273:5
[INFO] [stdout]     |
[INFO] [stdout] 273 | use objc2::{
[INFO] [stdout]     |     ^^^^^ use of undeclared crate or module `objc2`
[INFO] [stdout] 
[INFO] [stdout] 
[INFO] [stdout] error[E0433]: failed to resolve: use of undeclared crate or module `icrate`
[INFO] [stdout]    --> src/lib.rs:298:5
[INFO] [stdout]     |
[INFO] [stdout] 298 | use icrate::{
[INFO] [stdout]     |     ^^^^^^ use of undeclared crate or module `icrate`
[INFO] [stdout] 
[INFO] [stdout] 
[INFO] [stdout] error[E0432]: unresolved import `objc2`
[INFO] [stdout]    --> src/lib.rs:273:5
[INFO] [stdout]     |
[INFO] [stdout] 273 | use objc2::{
[INFO] [stdout]     |     ^^^^^ use of undeclared crate or module `objc2`
[INFO] [stdout] 
[INFO] [stdout] 
[INFO] [stdout] error[E0432]: unresolved import `block2`
[INFO] [stdout]    --> src/lib.rs:314:5
[INFO] [stdout]     |
[INFO] [stdout] 314 | use block2::{
[INFO] [stdout]     |     ^^^^^^ use of undeclared crate or module `block2`
[INFO] [stdout] 
[INFO] [stdout] 
[INFO] [stdout] error: cannot determine resolution for the macro `declare_class`
[INFO] [stdout]    --> src/lib.rs:424:1
[INFO] [stdout]     |
[INFO] [stdout] 424 | declare_class!(
[INFO] [stdout]     | ^^^^^^^^^^^^^
[INFO] [stdout]     |
[INFO] [stdout]     = note: import resolution is stuck, try simplifying macro imports
[INFO] [stdout] 
[INFO] [stdout] 
[INFO] [stdout] error: cannot determine resolution for the macro `msg_send_id`
[INFO] [stdout]    --> src/lib.rs:460:18
[INFO] [stdout]     |
[INFO] [stdout] 460 |         unsafe { msg_send_id![Self::alloc(), initWithCallback: callback] }
[INFO] [stdout]     |                  ^^^^^^^^^^^
[INFO] [stdout]     |
[INFO] [stdout]     = note: import resolution is stuck, try simplifying macro imports
[INFO] [stdout] 
[INFO] [stdout] 
[INFO] [stdout] error: cannot determine resolution for the macro `sel`
[INFO] [stdout]    --> src/lib.rs:487:38
[INFO] [stdout]     |
[INFO] [stdout] 487 |                 inner.setAction(Some(sel!(call:)));
[INFO] [stdout]     |                                      ^^^
[INFO] [stdout]     |
[INFO] [stdout]     = note: import resolution is stuck, try simplifying macro imports
[INFO] [stdout] 
[INFO] [stdout] 
[INFO] [stdout] error[E0412]: cannot find type `STBMenuItemCallback` in this scope
[INFO] [stdout]    --> src/lib.rs:458:6
[INFO] [stdout]     |
[INFO] [stdout] 458 | impl STBMenuItemCallback {
[INFO] [stdout]     |      ^^^^^^^^^^^^^^^^^^^ help: a struct with a similar name exists: `MenuItemCallback`
[INFO] [stdout] ...
[INFO] [stdout] 523 | struct MenuItemCallback {
[INFO] [stdout]     | ----------------------- similarly named struct `MenuItemCallback` defined here
[INFO] [stdout] 
[INFO] [stdout] 
[INFO] [stdout] error[E0412]: cannot find type `STBMenuItemCallback` in this scope
[INFO] [stdout]    --> src/lib.rs:524:15
[INFO] [stdout]     |
[INFO] [stdout] 524 |     inner: Id<STBMenuItemCallback>,
[INFO] [stdout]     |               ^^^^^^^^^^^^^^^^^^^ not found in this scope
[INFO] [stdout]     |
[INFO] [stdout] help: you might be missing a type parameter
[INFO] [stdout]     |
[INFO] [stdout] 523 | struct MenuItemCallback<STBMenuItemCallback> {
[INFO] [stdout]     |                        +++++++++++++++++++++
[INFO] [stdout] 
[INFO] [stdout] 
[INFO] [stdout] warning: unused import: `NonNull`
[INFO] [stdout]    --> src/lib.rs:266:9
[INFO] [stdout]     |
[INFO] [stdout] 266 |         NonNull,
[INFO] [stdout]     |         ^^^^^^^
[INFO] [stdout]     |
[INFO] [stdout]     = note: `#[warn(unused_imports)]` on by default
[INFO] [stdout] 
[INFO] [stdout] 
[INFO] [stdout] error[E0433]: failed to resolve: use of undeclared type `STBMenuItemCallback`
[INFO] [stdout]    --> src/lib.rs:532:21
[INFO] [stdout]     |
[INFO] [stdout] 532 |         let inner = STBMenuItemCallback::new(&*callback_block);
[INFO] [stdout]     |                     ^^^^^^^^^^^^^^^^^^^
[INFO] [stdout]     |                     |
[INFO] [stdout]     |                     use of undeclared type `STBMenuItemCallback`
[INFO] [stdout]     |                     help: a struct with a similar name exists: `MenuItemCallback`
[INFO] [stdout] 
[INFO] [stdout] 
[INFO] [stdout] error: aborting due to 10 previous errors; 1 warning emitted
[INFO] [stdout] 
[INFO] [stdout] 
[INFO] [stdout] Some errors have detailed explanations: E0412, E0432, E0433.
[INFO] [stdout] 
[INFO] [stdout] For more information about an error, try `rustc --explain E0412`.
[INFO] [stdout] 
[INFO] [stderr] error: could not compile `system_status_bar_macos` (lib) due to 11 previous errors; 1 warning emitted
[INFO] running `Command { std: "docker" "inspect" "e54bd55a18c2cc57584793b8fd4fd3ff431837eba04ea6162787c786d306624b", kill_on_drop: false }`
[INFO] running `Command { std: "docker" "rm" "-f" "e54bd55a18c2cc57584793b8fd4fd3ff431837eba04ea6162787c786d306624b", kill_on_drop: false }`
[INFO] [stdout] e54bd55a18c2cc57584793b8fd4fd3ff431837eba04ea6162787c786d306624b
