[INFO] fetching crate system-tray 0.1.4...
[INFO] testing system-tray-0.1.4 against 1.75.0 for beta-1.76-1
[INFO] extracting crate system-tray 0.1.4 into /workspace/builds/worker-1-tc1/source
[INFO] validating manifest of crates.io crate system-tray 0.1.4 on toolchain 1.75.0
[INFO] running `Command { std: CARGO_HOME="/workspace/cargo-home" RUSTUP_HOME="/workspace/rustup-home" "/workspace/cargo-home/bin/cargo" "+1.75.0" "metadata" "--manifest-path" "Cargo.toml" "--no-deps", kill_on_drop: false }`
[INFO] started tweaking crates.io crate system-tray 0.1.4
[INFO] removed 0 missing examples
[INFO] finished tweaking crates.io crate system-tray 0.1.4
[INFO] tweaked toml for crates.io crate system-tray 0.1.4 written to /workspace/builds/worker-1-tc1/source/Cargo.toml
[INFO] crate crates.io crate system-tray 0.1.4 already has a lockfile, it will not be regenerated
[INFO] running `Command { std: CARGO_HOME="/workspace/cargo-home" RUSTUP_HOME="/workspace/rustup-home" "/workspace/cargo-home/bin/cargo" "+1.75.0" "fetch" "--manifest-path" "Cargo.toml", kill_on_drop: false }`
[INFO] [stderr]  Downloading crates ...
[INFO] [stderr]   Downloaded zvariant_derive v3.14.0
[INFO] [stderr]   Downloaded async-process v1.7.0
[INFO] [stderr]   Downloaded zvariant v3.14.0
[INFO] [stderr]   Downloaded zbus_macros v3.13.1
[INFO] [stderr]   Downloaded zbus v3.13.1
[INFO] running `Command { std: "docker" "create" "-v" "/var/lib/crater-agent-workspace/builds/worker-1-tc1/target:/opt/rustwide/target:rw,Z" "-v" "/var/lib/crater-agent-workspace/builds/worker-1-tc1/source:/opt/rustwide/workdir:ro,Z" "-v" "/var/lib/crater-agent-workspace/cargo-home:/opt/rustwide/cargo-home:ro,Z" "-v" "/var/lib/crater-agent-workspace/rustup-home:/opt/rustwide/rustup-home:ro,Z" "-e" "SOURCE_DIR=/opt/rustwide/workdir" "-e" "CARGO_TARGET_DIR=/opt/rustwide/target" "-e" "CARGO_HOME=/opt/rustwide/cargo-home" "-e" "RUSTUP_HOME=/opt/rustwide/rustup-home" "-w" "/opt/rustwide/workdir" "-m" "1610612736" "--user" "0:0" "--network" "none" "ghcr.io/rust-lang/crates-build-env/linux@sha256:2788e3201cd34a07e3172128adcd8b3090168a8e3bcc40d7c032b9dda1df7d1c" "/opt/rustwide/cargo-home/bin/cargo" "+1.75.0" "metadata" "--no-deps" "--format-version=1", kill_on_drop: false }`
[INFO] [stdout] 1765797e7d249dada3f2014b141d61756d9bf80b777cba4f9ed3cc21584b368d
[INFO] running `Command { std: "docker" "start" "-a" "1765797e7d249dada3f2014b141d61756d9bf80b777cba4f9ed3cc21584b368d", kill_on_drop: false }`
[INFO] running `Command { std: "docker" "inspect" "1765797e7d249dada3f2014b141d61756d9bf80b777cba4f9ed3cc21584b368d", kill_on_drop: false }`
[INFO] running `Command { std: "docker" "rm" "-f" "1765797e7d249dada3f2014b141d61756d9bf80b777cba4f9ed3cc21584b368d", kill_on_drop: false }`
[INFO] [stdout] 1765797e7d249dada3f2014b141d61756d9bf80b777cba4f9ed3cc21584b368d
[INFO] running `Command { std: "docker" "create" "-v" "/var/lib/crater-agent-workspace/builds/worker-1-tc1/target:/opt/rustwide/target:rw,Z" "-v" "/var/lib/crater-agent-workspace/builds/worker-1-tc1/source:/opt/rustwide/workdir:ro,Z" "-v" "/var/lib/crater-agent-workspace/cargo-home:/opt/rustwide/cargo-home:ro,Z" "-v" "/var/lib/crater-agent-workspace/rustup-home:/opt/rustwide/rustup-home:ro,Z" "-e" "SOURCE_DIR=/opt/rustwide/workdir" "-e" "CARGO_TARGET_DIR=/opt/rustwide/target" "-e" "CARGO_INCREMENTAL=0" "-e" "RUST_BACKTRACE=full" "-e" "RUSTFLAGS=--cap-lints=warn" "-e" "RUSTDOCFLAGS=--cap-lints=warn" "-e" "CARGO_HOME=/opt/rustwide/cargo-home" "-e" "RUSTUP_HOME=/opt/rustwide/rustup-home" "-w" "/opt/rustwide/workdir" "-m" "1610612736" "--user" "0:0" "--network" "none" "ghcr.io/rust-lang/crates-build-env/linux@sha256:2788e3201cd34a07e3172128adcd8b3090168a8e3bcc40d7c032b9dda1df7d1c" "/opt/rustwide/cargo-home/bin/cargo" "+1.75.0" "build" "--frozen" "--message-format=json", kill_on_drop: false }`
[INFO] [stdout] 69484383a0c587a65d0d5998a33055d7756703f7bc1d571bdabd9ff263312364
[INFO] running `Command { std: "docker" "start" "-a" "69484383a0c587a65d0d5998a33055d7756703f7bc1d571bdabd9ff263312364", kill_on_drop: false }`
[INFO] [stderr]    Compiling proc-macro2 v1.0.60
[INFO] [stderr]    Compiling quote v1.0.28
[INFO] [stderr]    Compiling unicode-ident v1.0.9
[INFO] [stderr]    Compiling libc v0.2.146
[INFO] [stderr]    Compiling syn v1.0.109
[INFO] [stderr]    Compiling indexmap v1.9.3
[INFO] [stderr]    Compiling once_cell v1.15.0
[INFO] [stderr]    Compiling hashbrown v0.12.3
[INFO] [stderr]    Compiling memchr v2.4.1
[INFO] [stderr]    Compiling typenum v1.16.0
[INFO] [stderr]    Compiling version_check v0.9.4
[INFO] [stderr]    Compiling serde_derive v1.0.136
[INFO] [stderr]    Compiling toml_datetime v0.6.2
[INFO] [stderr]    Compiling futures-core v0.3.28
[INFO] [stderr]    Compiling winnow v0.4.1
[INFO] [stderr]    Compiling generic-array v0.14.7
[INFO] [stderr]    Compiling log v0.4.17
[INFO] [stderr]    Compiling pin-project-lite v0.2.9
[INFO] [stderr]    Compiling serde v1.0.136
[INFO] [stderr]    Compiling syn v2.0.18
[INFO] [stderr]    Compiling memoffset v0.7.1
[INFO] [stderr]    Compiling static_assertions v1.1.0
[INFO] [stderr]    Compiling tokio v1.26.0
[INFO] [stderr]    Compiling num-traits v0.2.14
[INFO] [stderr]    Compiling futures-task v0.3.28
[INFO] [stderr]    Compiling getrandom v0.2.6
[INFO] [stderr]    Compiling mio v0.8.8
[INFO] [stderr]    Compiling rand_core v0.6.3
[INFO] [stderr]    Compiling socket2 v0.4.4
[INFO] [stderr]    Compiling signal-hook-registry v1.4.0
[INFO] [stderr]    Compiling toml_edit v0.19.8
[INFO] [stderr]    Compiling crypto-common v0.1.6
[INFO] [stderr]    Compiling block-buffer v0.10.4
[INFO] [stderr]    Compiling num_cpus v1.13.1
[INFO] [stderr]    Compiling aho-corasick v0.7.18
[INFO] [stderr]    Compiling num-integer v0.1.44
[INFO] [stderr]    Compiling byteorder v1.4.3
[INFO] [stderr]    Compiling regex-syntax v0.6.29
[INFO] [stderr]    Compiling bytes v1.1.0
[INFO] [stderr]    Compiling futures-util v0.3.28
[INFO] [stderr]    Compiling ppv-lite86 v0.2.16
[INFO] [stderr]    Compiling bitflags v1.3.2
[INFO] [stderr]    Compiling async-trait v0.1.68
[INFO] [stderr]    Compiling rand_chacha v0.3.1
[INFO] [stderr]    Compiling nix v0.26.2
[INFO] [stderr]    Compiling proc-macro-crate v1.3.1
[INFO] [stderr]    Compiling digest v0.10.7
[INFO] [stderr]    Compiling tracing-core v0.1.30
[INFO] [stderr]    Compiling futures-sink v0.3.28
[INFO] [stderr]    Compiling slab v0.4.6
[INFO] [stderr]    Compiling regex v1.7.3
[INFO] [stderr]    Compiling event-listener v2.5.3
[INFO] [stderr]    Compiling pin-utils v0.1.0
[INFO] [stderr]    Compiling anyhow v1.0.57
[INFO] [stderr]    Compiling zvariant_utils v1.0.1
[INFO] [stderr]    Compiling cpufeatures v0.2.8
[INFO] [stderr]    Compiling sha1 v0.10.5
[INFO] [stderr]    Compiling async-broadcast v0.5.1
[INFO] [stderr]    Compiling xdg-home v1.0.0
[INFO] [stderr]    Compiling rand v0.8.5
[INFO] [stderr]    Compiling time v0.1.44
[INFO] [stderr]    Compiling ordered-stream v0.2.0
[INFO] [stderr]    Compiling chrono v0.4.19
[INFO] [stderr]    Compiling tracing-attributes v0.1.24
[INFO] [stderr]    Compiling enumflags2_derive v0.7.4
[INFO] [stderr]    Compiling tokio-macros v1.7.0
[INFO] [stderr]    Compiling zvariant_derive v3.14.0
[INFO] [stderr]    Compiling zbus_macros v3.13.1
[INFO] [stderr]    Compiling thiserror-impl v1.0.31
[INFO] [stderr]    Compiling derivative v2.2.0
[INFO] [stderr]    Compiling serde_repr v0.1.12
[INFO] [stderr]    Compiling async-recursion v1.0.4
[INFO] [stderr]    Compiling tracing v0.1.37
[INFO] [stderr]    Compiling thiserror v1.0.31
[INFO] [stderr]    Compiling tokio-stream v0.1.8
[INFO] [stderr]    Compiling enumflags2 v0.7.5
[INFO] [stderr]    Compiling zvariant v3.14.0
[INFO] [stderr]    Compiling zbus_names v2.5.1
[INFO] [stderr]    Compiling zbus v3.13.1
[INFO] [stderr]    Compiling system-tray v0.1.4 (/opt/rustwide/workdir)
[INFO] [stderr]     Finished dev [unoptimized + debuginfo] target(s) in 34.90s
[INFO] running `Command { std: "docker" "inspect" "69484383a0c587a65d0d5998a33055d7756703f7bc1d571bdabd9ff263312364", kill_on_drop: false }`
[INFO] running `Command { std: "docker" "rm" "-f" "69484383a0c587a65d0d5998a33055d7756703f7bc1d571bdabd9ff263312364", kill_on_drop: false }`
[INFO] [stdout] 69484383a0c587a65d0d5998a33055d7756703f7bc1d571bdabd9ff263312364
[INFO] running `Command { std: "docker" "create" "-v" "/var/lib/crater-agent-workspace/builds/worker-1-tc1/target:/opt/rustwide/target:rw,Z" "-v" "/var/lib/crater-agent-workspace/builds/worker-1-tc1/source:/opt/rustwide/workdir:ro,Z" "-v" "/var/lib/crater-agent-workspace/cargo-home:/opt/rustwide/cargo-home:ro,Z" "-v" "/var/lib/crater-agent-workspace/rustup-home:/opt/rustwide/rustup-home:ro,Z" "-e" "SOURCE_DIR=/opt/rustwide/workdir" "-e" "CARGO_TARGET_DIR=/opt/rustwide/target" "-e" "CARGO_INCREMENTAL=0" "-e" "RUST_BACKTRACE=full" "-e" "RUSTFLAGS=--cap-lints=warn" "-e" "RUSTDOCFLAGS=--cap-lints=warn" "-e" "CARGO_HOME=/opt/rustwide/cargo-home" "-e" "RUSTUP_HOME=/opt/rustwide/rustup-home" "-w" "/opt/rustwide/workdir" "-m" "1610612736" "--user" "0:0" "--network" "none" "ghcr.io/rust-lang/crates-build-env/linux@sha256:2788e3201cd34a07e3172128adcd8b3090168a8e3bcc40d7c032b9dda1df7d1c" "/opt/rustwide/cargo-home/bin/cargo" "+1.75.0" "test" "--frozen" "--no-run" "--message-format=json", kill_on_drop: false }`
[INFO] [stdout] 1b760499f28a067c345a4a6ddbdb26a012d05c5a2be76ce1faf0c01c45ac9399
[INFO] running `Command { std: "docker" "start" "-a" "1b760499f28a067c345a4a6ddbdb26a012d05c5a2be76ce1faf0c01c45ac9399", kill_on_drop: false }`
[INFO] [stderr]    Compiling system-tray v0.1.4 (/opt/rustwide/workdir)
[INFO] [stdout] error[E0432]: unresolved import `stray`
[INFO] [stdout]  --> examples/simple.rs:1:5
[INFO] [stdout]   |
[INFO] [stdout] 1 | use stray::StatusNotifierWatcher;
[INFO] [stdout]   |     ^^^^^ use of undeclared crate or module `stray`
[INFO] [stdout] 
[INFO] [stdout] 
[INFO] [stdout] error[E0433]: failed to resolve: use of undeclared crate or module `stray`
[INFO] [stdout]  --> examples/simple.rs:6:20
[INFO] [stdout]   |
[INFO] [stdout] 6 | async fn main() -> stray::error::Result<()> {
[INFO] [stdout]   |                    ^^^^^ use of undeclared crate or module `stray`
[INFO] [stdout]   |
[INFO] [stdout] help: consider importing one of these items
[INFO] [stdout]   |
[INFO] [stdout] 1 + use core::error;
[INFO] [stdout]   |
[INFO] [stdout] 1 + use system_tray::error;
[INFO] [stdout]   |
[INFO] [stdout] help: if you import `error`, refer to it directly
[INFO] [stdout]   |
[INFO] [stdout] 6 - async fn main() -> stray::error::Result<()> {
[INFO] [stdout] 6 + async fn main() -> error::Result<()> {
[INFO] [stdout]   |
[INFO] [stdout] 
[INFO] [stdout] 
[INFO] [stdout] error[E0433]: failed to resolve: use of undeclared crate or module `stray`
[INFO] [stdout]   --> examples/simple.rs:30:9
[INFO] [stdout]    |
[INFO] [stdout] 30 |         stray::error::Result::<()>::Ok(())
[INFO] [stdout]    |         ^^^^^ use of undeclared crate or module `stray`
[INFO] [stdout]    |
[INFO] [stdout] help: consider importing one of these items
[INFO] [stdout]    |
[INFO] [stdout] 1  + use anyhow::Result;
[INFO] [stdout]    |
[INFO] [stdout] 1  + use core::fmt::Result;
[INFO] [stdout]    |
[INFO] [stdout] 1  + use core::result::Result;
[INFO] [stdout]    |
[INFO] [stdout] 1  + use serde::__private::Result;
[INFO] [stdout]    |
[INFO] [stdout]      and 9 other candidates
[INFO] [stdout] help: if you import `Result`, refer to it directly
[INFO] [stdout]    |
[INFO] [stdout] 30 -         stray::error::Result::<()>::Ok(())
[INFO] [stdout] 30 +         Result::<()>::Ok(())
[INFO] [stdout]    |
[INFO] [stdout] 
[INFO] [stdout] 
[INFO] [stdout] error[E0282]: type annotations needed
[INFO] [stdout]   --> examples/simple.rs:33:13
[INFO] [stdout]    |
[INFO] [stdout] 33 |     let _ = join!(one, two);
[INFO] [stdout]    |             ^^^^^^^^^^^^^^^ cannot infer type
[INFO] [stdout]    |
[INFO] [stdout]    = note: this error originates in the macro `$crate::join` which comes from the expansion of the macro `join` (in Nightly builds, run with -Z macro-backtrace for more info)
[INFO] [stdout] 
[INFO] [stdout] 
[INFO] [stdout] error[E0599]: no method named `poll` found for struct `Pin<_>` in the current scope
[INFO] [stdout]   --> examples/simple.rs:33:13
[INFO] [stdout]    |
[INFO] [stdout] 33 |     let _ = join!(one, two);
[INFO] [stdout]    |             ^^^^^^^^^^^^^^^ method not found in `Pin<_>`
[INFO] [stdout]    |
[INFO] [stdout] note: method is available for `Pin<&mut _>`
[INFO] [stdout]   --> /rustc/82e1608dfa6e0b5569232559e3d385fea5a93112/library/core/src/future/future.rs:105:5
[INFO] [stdout] note: method is available for `Pin<&_>`
[INFO] [stdout]   --> /rustc/82e1608dfa6e0b5569232559e3d385fea5a93112/library/core/src/future/future.rs:105:5
[INFO] [stdout]    = note: this error originates in the macro `$crate::join` which comes from the expansion of the macro `join` (in Nightly builds, run with -Z macro-backtrace for more info)
[INFO] [stdout] 
[INFO] [stdout] 
[INFO] [stdout] error[E0282]: type annotations needed
[INFO] [stdout]   --> examples/simple.rs:33:13
[INFO] [stdout]    |
[INFO] [stdout] 33 |     let _ = join!(one, two);
[INFO] [stdout]    |             ^^^^^^^^^^^^^^^ cannot infer type
[INFO] [stdout]    |
[INFO] [stdout]    = note: this error originates in the macro `$crate::join` which comes from the expansion of the macro `join` (in Nightly builds, run with -Z macro-backtrace for more info)
[INFO] [stdout] 
[INFO] [stdout] 
[INFO] [stdout] error[E0599]: no method named `take_output` found for struct `Pin<_>` in the current scope
[INFO] [stdout]   --> examples/simple.rs:33:13
[INFO] [stdout]    |
[INFO] [stdout] 33 |     let _ = join!(one, two);
[INFO] [stdout]    |             ^^^^^^^^^^^^^^^ method not found in `Pin<_>`
[INFO] [stdout]    |
[INFO] [stdout]    = note: this error originates in the macro `$crate::join` which comes from the expansion of the macro `join` (in Nightly builds, run with -Z macro-backtrace for more info)
[INFO] [stdout] 
[INFO] [stdout] 
[INFO] [stdout] error: aborting due to 7 previous errors
[INFO] [stdout] 
[INFO] [stdout] 
[INFO] [stdout] Some errors have detailed explanations: E0282, E0432, E0433, E0599.
[INFO] [stdout] 
[INFO] [stdout] For more information about an error, try `rustc --explain E0282`.
[INFO] [stdout] 
[INFO] [stderr] error: could not compile `system-tray` (example "simple") due to 8 previous errors
[INFO] [stderr] warning: build failed, waiting for other jobs to finish...
[INFO] running `Command { std: "docker" "inspect" "1b760499f28a067c345a4a6ddbdb26a012d05c5a2be76ce1faf0c01c45ac9399", kill_on_drop: false }`
[INFO] running `Command { std: "docker" "rm" "-f" "1b760499f28a067c345a4a6ddbdb26a012d05c5a2be76ce1faf0c01c45ac9399", kill_on_drop: false }`
[INFO] [stdout] 1b760499f28a067c345a4a6ddbdb26a012d05c5a2be76ce1faf0c01c45ac9399
