[INFO] fetching crate system-message 0.0.5...
[INFO] testing system-message-0.0.5 against 1.75.0 for beta-1.76-1
[INFO] extracting crate system-message 0.0.5 into /workspace/builds/worker-6-tc1/source
[INFO] validating manifest of crates.io crate system-message 0.0.5 on toolchain 1.75.0
[INFO] running `Command { std: CARGO_HOME="/workspace/cargo-home" RUSTUP_HOME="/workspace/rustup-home" "/workspace/cargo-home/bin/cargo" "+1.75.0" "metadata" "--manifest-path" "Cargo.toml" "--no-deps", kill_on_drop: false }`
[INFO] started tweaking crates.io crate system-message 0.0.5
[INFO] finished tweaking crates.io crate system-message 0.0.5
[INFO] tweaked toml for crates.io crate system-message 0.0.5 written to /workspace/builds/worker-6-tc1/source/Cargo.toml
[INFO] running `Command { std: CARGO_HOME="/workspace/cargo-home" RUSTUP_HOME="/workspace/rustup-home" "/workspace/cargo-home/bin/cargo" "+1.75.0" "generate-lockfile" "--manifest-path" "Cargo.toml", kill_on_drop: false }`
[INFO] [stderr]     Updating crates.io index
[INFO] running `Command { std: CARGO_HOME="/workspace/cargo-home" RUSTUP_HOME="/workspace/rustup-home" "/workspace/cargo-home/bin/cargo" "+1.75.0" "fetch" "--manifest-path" "Cargo.toml", kill_on_drop: false }`
[INFO] running `Command { std: "docker" "create" "-v" "/var/lib/crater-agent-workspace/builds/worker-6-tc1/target:/opt/rustwide/target:rw,Z" "-v" "/var/lib/crater-agent-workspace/builds/worker-6-tc1/source:/opt/rustwide/workdir:ro,Z" "-v" "/var/lib/crater-agent-workspace/cargo-home:/opt/rustwide/cargo-home:ro,Z" "-v" "/var/lib/crater-agent-workspace/rustup-home:/opt/rustwide/rustup-home:ro,Z" "-e" "SOURCE_DIR=/opt/rustwide/workdir" "-e" "CARGO_TARGET_DIR=/opt/rustwide/target" "-e" "CARGO_HOME=/opt/rustwide/cargo-home" "-e" "RUSTUP_HOME=/opt/rustwide/rustup-home" "-w" "/opt/rustwide/workdir" "-m" "1610612736" "--user" "0:0" "--network" "none" "ghcr.io/rust-lang/crates-build-env/linux@sha256:2788e3201cd34a07e3172128adcd8b3090168a8e3bcc40d7c032b9dda1df7d1c" "/opt/rustwide/cargo-home/bin/cargo" "+1.75.0" "metadata" "--no-deps" "--format-version=1", kill_on_drop: false }`
[INFO] [stdout] c9d7a5019559ede60dac474e83e0807c3c40a850b90cb6b60be6507a25d34e74
[INFO] running `Command { std: "docker" "start" "-a" "c9d7a5019559ede60dac474e83e0807c3c40a850b90cb6b60be6507a25d34e74", kill_on_drop: false }`
[INFO] running `Command { std: "docker" "inspect" "c9d7a5019559ede60dac474e83e0807c3c40a850b90cb6b60be6507a25d34e74", kill_on_drop: false }`
[INFO] running `Command { std: "docker" "rm" "-f" "c9d7a5019559ede60dac474e83e0807c3c40a850b90cb6b60be6507a25d34e74", kill_on_drop: false }`
[INFO] [stdout] c9d7a5019559ede60dac474e83e0807c3c40a850b90cb6b60be6507a25d34e74
[INFO] running `Command { std: "docker" "create" "-v" "/var/lib/crater-agent-workspace/builds/worker-6-tc1/target:/opt/rustwide/target:rw,Z" "-v" "/var/lib/crater-agent-workspace/builds/worker-6-tc1/source:/opt/rustwide/workdir:ro,Z" "-v" "/var/lib/crater-agent-workspace/cargo-home:/opt/rustwide/cargo-home:ro,Z" "-v" "/var/lib/crater-agent-workspace/rustup-home:/opt/rustwide/rustup-home:ro,Z" "-e" "SOURCE_DIR=/opt/rustwide/workdir" "-e" "CARGO_TARGET_DIR=/opt/rustwide/target" "-e" "CARGO_INCREMENTAL=0" "-e" "RUST_BACKTRACE=full" "-e" "RUSTFLAGS=--cap-lints=warn" "-e" "RUSTDOCFLAGS=--cap-lints=warn" "-e" "CARGO_HOME=/opt/rustwide/cargo-home" "-e" "RUSTUP_HOME=/opt/rustwide/rustup-home" "-w" "/opt/rustwide/workdir" "-m" "1610612736" "--user" "0:0" "--network" "none" "ghcr.io/rust-lang/crates-build-env/linux@sha256:2788e3201cd34a07e3172128adcd8b3090168a8e3bcc40d7c032b9dda1df7d1c" "/opt/rustwide/cargo-home/bin/cargo" "+1.75.0" "build" "--frozen" "--message-format=json", kill_on_drop: false }`
[INFO] [stdout] 079fa7e0838490f2487183e86b2f836bc474a7fd2a1fd4f3d02fbece7b0e82c3
[INFO] running `Command { std: "docker" "start" "-a" "079fa7e0838490f2487183e86b2f836bc474a7fd2a1fd4f3d02fbece7b0e82c3", kill_on_drop: false }`
[INFO] [stderr]    Compiling windows_x86_64_gnu v0.48.5
[INFO] [stderr]    Compiling windows-targets v0.48.5
[INFO] [stderr]    Compiling windows-core v0.51.1
[INFO] [stderr]    Compiling windows v0.51.1
[INFO] [stderr]    Compiling system-message v0.0.5 (/opt/rustwide/workdir)
[INFO] [stdout] error[E0433]: failed to resolve: could not find `windows` in `os`
[INFO] [stdout]  --> src/lib.rs:7:14
[INFO] [stdout]   |
[INFO] [stdout] 7 | use std::os::windows::ffi::OsStrExt;
[INFO] [stdout]   |              ^^^^^^^ could not find `windows` in `os`
[INFO] [stdout] 
[INFO] [stdout] 
[INFO] [stdout] error[E0599]: no method named `encode_wide` found for reference `&OsStr` in the current scope
[INFO] [stdout]   --> src/lib.rs:25:55
[INFO] [stdout]    |
[INFO] [stdout] 25 |         let title: Vec<u16> = OsStr::new(&self.title).encode_wide().chain(once(0)).collect();
[INFO] [stdout]    |                                                       ^^^^^^^^^^^ method not found in `&OsStr`
[INFO] [stdout] 
[INFO] [stdout] 
[INFO] [stdout] error[E0599]: no method named `encode_wide` found for reference `&OsStr` in the current scope
[INFO] [stdout]   --> src/lib.rs:26:67
[INFO] [stdout]    |
[INFO] [stdout] 26 |         let description: Vec<u16> = OsStr::new(&self.description).encode_wide().chain(once(0)).collect();
[INFO] [stdout]    |                                                                   ^^^^^^^^^^^ method not found in `&OsStr`
[INFO] [stdout] 
[INFO] [stdout] 
[INFO] [stdout] error[E0599]: no method named `encode_wide` found for reference `&OsStr` in the current scope
[INFO] [stdout]   --> src/lib.rs:43:45
[INFO] [stdout]    |
[INFO] [stdout] 43 |     let title: Vec<u16> = OsStr::new(title).encode_wide().chain(once(0)).collect();
[INFO] [stdout]    |                                             ^^^^^^^^^^^ method not found in `&OsStr`
[INFO] [stdout] 
[INFO] [stdout] 
[INFO] [stdout] error[E0599]: no method named `encode_wide` found for reference `&OsStr` in the current scope
[INFO] [stdout]   --> src/lib.rs:44:57
[INFO] [stdout]    |
[INFO] [stdout] 44 |     let description: Vec<u16> = OsStr::new(description).encode_wide().chain(once(0)).collect();
[INFO] [stdout]    |                                                         ^^^^^^^^^^^ method not found in `&OsStr`
[INFO] [stdout] 
[INFO] [stdout] 
[INFO] [stdout] error: aborting due to 5 previous errors
[INFO] [stdout] 
[INFO] [stdout] 
[INFO] [stdout] Some errors have detailed explanations: E0433, E0599.
[INFO] [stdout] 
[INFO] [stdout] For more information about an error, try `rustc --explain E0433`.
[INFO] [stdout] 
[INFO] [stderr] error: could not compile `system-message` (lib) due to 6 previous errors
[INFO] [stderr] warning: build failed, waiting for other jobs to finish...
[INFO] running `Command { std: "docker" "inspect" "079fa7e0838490f2487183e86b2f836bc474a7fd2a1fd4f3d02fbece7b0e82c3", kill_on_drop: false }`
[INFO] running `Command { std: "docker" "rm" "-f" "079fa7e0838490f2487183e86b2f836bc474a7fd2a1fd4f3d02fbece7b0e82c3", kill_on_drop: false }`
[INFO] [stdout] 079fa7e0838490f2487183e86b2f836bc474a7fd2a1fd4f3d02fbece7b0e82c3
[INFO] testing system-message-0.0.5 against beta-2023-12-22 for beta-1.76-1
[INFO] extracting crate system-message 0.0.5 into /workspace/builds/worker-6-tc2/source
[INFO] validating manifest of crates.io crate system-message 0.0.5 on toolchain beta-2023-12-22
[INFO] running `Command { std: CARGO_HOME="/workspace/cargo-home" RUSTUP_HOME="/workspace/rustup-home" "/workspace/cargo-home/bin/cargo" "+beta-2023-12-22" "metadata" "--manifest-path" "Cargo.toml" "--no-deps", kill_on_drop: false }`
[INFO] started tweaking crates.io crate system-message 0.0.5
[INFO] finished tweaking crates.io crate system-message 0.0.5
[INFO] tweaked toml for crates.io crate system-message 0.0.5 written to /workspace/builds/worker-6-tc2/source/Cargo.toml
[INFO] running `Command { std: CARGO_HOME="/workspace/cargo-home" RUSTUP_HOME="/workspace/rustup-home" "/workspace/cargo-home/bin/cargo" "+beta-2023-12-22" "generate-lockfile" "--manifest-path" "Cargo.toml", kill_on_drop: false }`
[INFO] [stderr]     Updating crates.io index
[INFO] running `Command { std: CARGO_HOME="/workspace/cargo-home" RUSTUP_HOME="/workspace/rustup-home" "/workspace/cargo-home/bin/cargo" "+beta-2023-12-22" "fetch" "--manifest-path" "Cargo.toml", kill_on_drop: false }`
[INFO] running `Command { std: "docker" "create" "-v" "/var/lib/crater-agent-workspace/builds/worker-6-tc2/target:/opt/rustwide/target:rw,Z" "-v" "/var/lib/crater-agent-workspace/builds/worker-6-tc2/source:/opt/rustwide/workdir:ro,Z" "-v" "/var/lib/crater-agent-workspace/cargo-home:/opt/rustwide/cargo-home:ro,Z" "-v" "/var/lib/crater-agent-workspace/rustup-home:/opt/rustwide/rustup-home:ro,Z" "-e" "SOURCE_DIR=/opt/rustwide/workdir" "-e" "CARGO_TARGET_DIR=/opt/rustwide/target" "-e" "CARGO_HOME=/opt/rustwide/cargo-home" "-e" "RUSTUP_HOME=/opt/rustwide/rustup-home" "-w" "/opt/rustwide/workdir" "-m" "1610612736" "--user" "0:0" "--network" "none" "ghcr.io/rust-lang/crates-build-env/linux@sha256:2788e3201cd34a07e3172128adcd8b3090168a8e3bcc40d7c032b9dda1df7d1c" "/opt/rustwide/cargo-home/bin/cargo" "+beta-2023-12-22" "metadata" "--no-deps" "--format-version=1", kill_on_drop: false }`
[INFO] [stdout] 8f88fa13810cc25e12726ddd3953f42f1a0abe464306f08f35f8a1ecec82f11b
[INFO] running `Command { std: "docker" "start" "-a" "8f88fa13810cc25e12726ddd3953f42f1a0abe464306f08f35f8a1ecec82f11b", kill_on_drop: false }`
[INFO] running `Command { std: "docker" "inspect" "8f88fa13810cc25e12726ddd3953f42f1a0abe464306f08f35f8a1ecec82f11b", kill_on_drop: false }`
[INFO] running `Command { std: "docker" "rm" "-f" "8f88fa13810cc25e12726ddd3953f42f1a0abe464306f08f35f8a1ecec82f11b", kill_on_drop: false }`
[INFO] [stdout] 8f88fa13810cc25e12726ddd3953f42f1a0abe464306f08f35f8a1ecec82f11b
[INFO] running `Command { std: "docker" "create" "-v" "/var/lib/crater-agent-workspace/builds/worker-6-tc2/target:/opt/rustwide/target:rw,Z" "-v" "/var/lib/crater-agent-workspace/builds/worker-6-tc2/source:/opt/rustwide/workdir:ro,Z" "-v" "/var/lib/crater-agent-workspace/cargo-home:/opt/rustwide/cargo-home:ro,Z" "-v" "/var/lib/crater-agent-workspace/rustup-home:/opt/rustwide/rustup-home:ro,Z" "-e" "SOURCE_DIR=/opt/rustwide/workdir" "-e" "CARGO_TARGET_DIR=/opt/rustwide/target" "-e" "CARGO_INCREMENTAL=0" "-e" "RUST_BACKTRACE=full" "-e" "RUSTFLAGS=--cap-lints=warn" "-e" "RUSTDOCFLAGS=--cap-lints=warn" "-e" "CARGO_HOME=/opt/rustwide/cargo-home" "-e" "RUSTUP_HOME=/opt/rustwide/rustup-home" "-w" "/opt/rustwide/workdir" "-m" "1610612736" "--user" "0:0" "--network" "none" "ghcr.io/rust-lang/crates-build-env/linux@sha256:2788e3201cd34a07e3172128adcd8b3090168a8e3bcc40d7c032b9dda1df7d1c" "/opt/rustwide/cargo-home/bin/cargo" "+beta-2023-12-22" "build" "--frozen" "--message-format=json", kill_on_drop: false }`
[INFO] [stdout] c37ea251b9f1d0153427607a8f6612c095032d6dab0aed03ddc524dd2d3e1947
[INFO] running `Command { std: "docker" "start" "-a" "c37ea251b9f1d0153427607a8f6612c095032d6dab0aed03ddc524dd2d3e1947", kill_on_drop: false }`
[INFO] [stderr]    Compiling windows_x86_64_gnu v0.48.5
[INFO] [stderr]    Compiling windows-targets v0.48.5
[INFO] [stderr]    Compiling windows-core v0.51.1
[INFO] [stderr]    Compiling windows v0.51.1
[INFO] [stderr]    Compiling system-message v0.0.5 (/opt/rustwide/workdir)
[INFO] [stdout] error[E0433]: failed to resolve: could not find `windows` in `os`
[INFO] [stdout]  --> src/lib.rs:7:14
[INFO] [stdout]   |
[INFO] [stdout] 7 | use std::os::windows::ffi::OsStrExt;
[INFO] [stdout]   |              ^^^^^^^ could not find `windows` in `os`
[INFO] [stdout] 
[INFO] [stdout] 
[INFO] [stdout] error[E0599]: no method named `encode_wide` found for reference `&OsStr` in the current scope
[INFO] [stdout]   --> src/lib.rs:25:55
[INFO] [stdout]    |
[INFO] [stdout] 25 |         let title: Vec<u16> = OsStr::new(&self.title).encode_wide().chain(once(0)).collect();
[INFO] [stdout]    |                                                       ^^^^^^^^^^^ method not found in `&OsStr`
[INFO] [stdout] 
[INFO] [stdout] 
[INFO] [stdout] error[E0599]: no method named `encode_wide` found for reference `&OsStr` in the current scope
[INFO] [stdout]   --> src/lib.rs:26:67
[INFO] [stdout]    |
[INFO] [stdout] 26 |         let description: Vec<u16> = OsStr::new(&self.description).encode_wide().chain(once(0)).collect();
[INFO] [stdout]    |                                                                   ^^^^^^^^^^^ method not found in `&OsStr`
[INFO] [stdout] 
[INFO] [stdout] 
[INFO] [stdout] error[E0599]: no method named `encode_wide` found for reference `&OsStr` in the current scope
[INFO] [stdout]   --> src/lib.rs:43:45
[INFO] [stdout]    |
[INFO] [stdout] 43 |     let title: Vec<u16> = OsStr::new(title).encode_wide().chain(once(0)).collect();
[INFO] [stdout]    |                                             ^^^^^^^^^^^ method not found in `&OsStr`
[INFO] [stdout] 
[INFO] [stdout] 
[INFO] [stdout] error[E0599]: no method named `encode_wide` found for reference `&OsStr` in the current scope
[INFO] [stdout]   --> src/lib.rs:44:57
[INFO] [stdout]    |
[INFO] [stdout] 44 |     let description: Vec<u16> = OsStr::new(description).encode_wide().chain(once(0)).collect();
[INFO] [stdout]    |                                                         ^^^^^^^^^^^ method not found in `&OsStr`
[INFO] [stdout] 
[INFO] [stdout] 
[INFO] [stdout] error: aborting due to 5 previous errors
[INFO] [stdout] 
[INFO] [stdout] 
[INFO] [stdout] Some errors have detailed explanations: E0433, E0599.
[INFO] [stdout] 
[INFO] [stdout] For more information about an error, try `rustc --explain E0433`.
[INFO] [stdout] 
[INFO] [stderr] error: could not compile `system-message` (lib) due to 6 previous errors
[INFO] [stderr] warning: build failed, waiting for other jobs to finish...
[INFO] running `Command { std: "docker" "inspect" "c37ea251b9f1d0153427607a8f6612c095032d6dab0aed03ddc524dd2d3e1947", kill_on_drop: false }`
[INFO] running `Command { std: "docker" "rm" "-f" "c37ea251b9f1d0153427607a8f6612c095032d6dab0aed03ddc524dd2d3e1947", kill_on_drop: false }`
[INFO] [stdout] c37ea251b9f1d0153427607a8f6612c095032d6dab0aed03ddc524dd2d3e1947
