[INFO] fetching crate syrette_macros 0.5.1...
[INFO] testing syrette_macros-0.5.1 against 1.75.0 for beta-1.76-1
[INFO] extracting crate syrette_macros 0.5.1 into /workspace/builds/worker-3-tc1/source
[INFO] validating manifest of crates.io crate syrette_macros 0.5.1 on toolchain 1.75.0
[INFO] running `Command { std: CARGO_HOME="/workspace/cargo-home" RUSTUP_HOME="/workspace/rustup-home" "/workspace/cargo-home/bin/cargo" "+1.75.0" "metadata" "--manifest-path" "Cargo.toml" "--no-deps", kill_on_drop: false }`
[INFO] started tweaking crates.io crate syrette_macros 0.5.1
[INFO] finished tweaking crates.io crate syrette_macros 0.5.1
[INFO] tweaked toml for crates.io crate syrette_macros 0.5.1 written to /workspace/builds/worker-3-tc1/source/Cargo.toml
[INFO] running `Command { std: CARGO_HOME="/workspace/cargo-home" RUSTUP_HOME="/workspace/rustup-home" "/workspace/cargo-home/bin/cargo" "+1.75.0" "generate-lockfile" "--manifest-path" "Cargo.toml", kill_on_drop: false }`
[INFO] [stderr]     Updating crates.io index
[INFO] running `Command { std: CARGO_HOME="/workspace/cargo-home" RUSTUP_HOME="/workspace/rustup-home" "/workspace/cargo-home/bin/cargo" "+1.75.0" "fetch" "--manifest-path" "Cargo.toml", kill_on_drop: false }`
[INFO] [stderr]  Downloading crates ...
[INFO] [stderr]   Downloaded syrette v0.5.1
[INFO] [stderr]   Downloaded syrette_macros v0.5.1
[INFO] [stderr]   Downloaded linkme v0.3.21
[INFO] [stderr]   Downloaded linkme-impl v0.3.21
[INFO] running `Command { std: "docker" "create" "-v" "/var/lib/crater-agent-workspace/builds/worker-3-tc1/target:/opt/rustwide/target:rw,Z" "-v" "/var/lib/crater-agent-workspace/builds/worker-3-tc1/source:/opt/rustwide/workdir:ro,Z" "-v" "/var/lib/crater-agent-workspace/cargo-home:/opt/rustwide/cargo-home:ro,Z" "-v" "/var/lib/crater-agent-workspace/rustup-home:/opt/rustwide/rustup-home:ro,Z" "-e" "SOURCE_DIR=/opt/rustwide/workdir" "-e" "CARGO_TARGET_DIR=/opt/rustwide/target" "-e" "CARGO_HOME=/opt/rustwide/cargo-home" "-e" "RUSTUP_HOME=/opt/rustwide/rustup-home" "-w" "/opt/rustwide/workdir" "-m" "1610612736" "--user" "0:0" "--network" "none" "ghcr.io/rust-lang/crates-build-env/linux@sha256:2788e3201cd34a07e3172128adcd8b3090168a8e3bcc40d7c032b9dda1df7d1c" "/opt/rustwide/cargo-home/bin/cargo" "+1.75.0" "metadata" "--no-deps" "--format-version=1", kill_on_drop: false }`
[INFO] [stdout] 6be12fcff6162913e5778cdeda5336ac5307d24a074f7c78985566f29cfeee19
[INFO] running `Command { std: "docker" "start" "-a" "6be12fcff6162913e5778cdeda5336ac5307d24a074f7c78985566f29cfeee19", kill_on_drop: false }`
[INFO] running `Command { std: "docker" "inspect" "6be12fcff6162913e5778cdeda5336ac5307d24a074f7c78985566f29cfeee19", kill_on_drop: false }`
[INFO] running `Command { std: "docker" "rm" "-f" "6be12fcff6162913e5778cdeda5336ac5307d24a074f7c78985566f29cfeee19", kill_on_drop: false }`
[INFO] [stdout] 6be12fcff6162913e5778cdeda5336ac5307d24a074f7c78985566f29cfeee19
[INFO] running `Command { std: "docker" "create" "-v" "/var/lib/crater-agent-workspace/builds/worker-3-tc1/target:/opt/rustwide/target:rw,Z" "-v" "/var/lib/crater-agent-workspace/builds/worker-3-tc1/source:/opt/rustwide/workdir:ro,Z" "-v" "/var/lib/crater-agent-workspace/cargo-home:/opt/rustwide/cargo-home:ro,Z" "-v" "/var/lib/crater-agent-workspace/rustup-home:/opt/rustwide/rustup-home:ro,Z" "-e" "SOURCE_DIR=/opt/rustwide/workdir" "-e" "CARGO_TARGET_DIR=/opt/rustwide/target" "-e" "CARGO_INCREMENTAL=0" "-e" "RUST_BACKTRACE=full" "-e" "RUSTFLAGS=--cap-lints=warn" "-e" "RUSTDOCFLAGS=--cap-lints=warn" "-e" "CARGO_HOME=/opt/rustwide/cargo-home" "-e" "RUSTUP_HOME=/opt/rustwide/rustup-home" "-w" "/opt/rustwide/workdir" "-m" "1610612736" "--user" "0:0" "--network" "none" "ghcr.io/rust-lang/crates-build-env/linux@sha256:2788e3201cd34a07e3172128adcd8b3090168a8e3bcc40d7c032b9dda1df7d1c" "/opt/rustwide/cargo-home/bin/cargo" "+1.75.0" "build" "--frozen" "--message-format=json", kill_on_drop: false }`
[INFO] [stdout] e3a3c232938495182d5565347157e6d856ee953516c66734ac0d4a1a52dde794
[INFO] running `Command { std: "docker" "start" "-a" "e3a3c232938495182d5565347157e6d856ee953516c66734ac0d4a1a52dde794", kill_on_drop: false }`
[INFO] [stderr]    Compiling libc v0.2.151
[INFO] [stderr]    Compiling syn v1.0.109
[INFO] [stderr]    Compiling thiserror v1.0.56
[INFO] [stderr]    Compiling cfg-if v1.0.0
[INFO] [stderr]    Compiling once_cell v1.19.0
[INFO] [stderr]    Compiling proc-macro-error-attr v1.0.4
[INFO] [stderr]    Compiling proc-macro-error v1.0.4
[INFO] [stderr]    Compiling syn v2.0.48
[INFO] [stderr]    Compiling getrandom v0.2.11
[INFO] [stderr]    Compiling uuid v0.8.2
[INFO] [stderr]    Compiling thiserror-impl v1.0.56
[INFO] [stderr]    Compiling syrette_macros v0.5.1 (/opt/rustwide/workdir)
[INFO] [stdout] error[E0277]: `syn::Type` doesn't implement `Debug`
[INFO] [stdout]   --> src/injectable/dependency.rs:32:5
[INFO] [stdout]    |
[INFO] [stdout] 29 | #[derive(Debug, PartialEq, Eq)]
[INFO] [stdout]    |          ----- in this derive macro expansion
[INFO] [stdout] ...
[INFO] [stdout] 32 |     interface: Type,
[INFO] [stdout]    |     ^^^^^^^^^^^^^^^ `syn::Type` cannot be formatted using `{:?}` because it doesn't implement `Debug`
[INFO] [stdout]    |
[INFO] [stdout]    = help: the trait `Debug` is not implemented for `syn::Type`
[INFO] [stdout]    = note: this error originates in the derive macro `Debug` (in Nightly builds, run with -Z macro-backtrace for more info)
[INFO] [stdout] 
[INFO] [stdout] 
[INFO] [stdout] error[E0277]: `LitStr` doesn't implement `Debug`
[INFO] [stdout]   --> src/injectable/dependency.rs:34:5
[INFO] [stdout]    |
[INFO] [stdout] 29 | #[derive(Debug, PartialEq, Eq)]
[INFO] [stdout]    |          ----- in this derive macro expansion
[INFO] [stdout] ...
[INFO] [stdout] 34 |     name: Option<LitStr>,
[INFO] [stdout]    |     ^^^^^^^^^^^^^^^^^^^^ `LitStr` cannot be formatted using `{:?}` because it doesn't implement `Debug`
[INFO] [stdout]    |
[INFO] [stdout]    = help: the trait `Debug` is not implemented for `LitStr`
[INFO] [stdout]    = help: the trait `Debug` is implemented for `Option<T>`
[INFO] [stdout]    = note: this error originates in the derive macro `Debug` (in Nightly builds, run with -Z macro-backtrace for more info)
[INFO] [stdout] 
[INFO] [stdout] 
[INFO] [stdout] error[E0369]: binary operation `==` cannot be applied to type `syn::Type`
[INFO] [stdout]   --> src/injectable/dependency.rs:32:5
[INFO] [stdout]    |
[INFO] [stdout] 29 | #[derive(Debug, PartialEq, Eq)]
[INFO] [stdout]    |                 --------- in this derive macro expansion
[INFO] [stdout] ...
[INFO] [stdout] 32 |     interface: Type,
[INFO] [stdout]    |     ^^^^^^^^^^^^^^^
[INFO] [stdout]    |
[INFO] [stdout]    = note: this error originates in the derive macro `PartialEq` (in Nightly builds, run with -Z macro-backtrace for more info)
[INFO] [stdout] 
[INFO] [stdout] 
[INFO] [stdout] error[E0369]: binary operation `==` cannot be applied to type `Option<LitStr>`
[INFO] [stdout]   --> src/injectable/dependency.rs:34:5
[INFO] [stdout]    |
[INFO] [stdout] 29 | #[derive(Debug, PartialEq, Eq)]
[INFO] [stdout]    |                 --------- in this derive macro expansion
[INFO] [stdout] ...
[INFO] [stdout] 34 |     name: Option<LitStr>,
[INFO] [stdout]    |     ^^^^^^^^^^^^^^^^^^^^
[INFO] [stdout]    |
[INFO] [stdout]    = note: this error originates in the derive macro `PartialEq` (in Nightly builds, run with -Z macro-backtrace for more info)
[INFO] [stdout] 
[INFO] [stdout] 
[INFO] [stdout] error[E0277]: the trait bound `syn::Type: std::cmp::Eq` is not satisfied
[INFO] [stdout]   --> src/injectable/dependency.rs:32:5
[INFO] [stdout]    |
[INFO] [stdout] 29 | #[derive(Debug, PartialEq, Eq)]
[INFO] [stdout]    |                            -- in this derive macro expansion
[INFO] [stdout] ...
[INFO] [stdout] 32 |     interface: Type,
[INFO] [stdout]    |     ^^^^^^^^^^^^^^^ the trait `std::cmp::Eq` is not implemented for `syn::Type`
[INFO] [stdout]    |
[INFO] [stdout] note: required by a bound in `AssertParamIsEq`
[INFO] [stdout]   --> /rustc/82e1608dfa6e0b5569232559e3d385fea5a93112/library/core/src/cmp.rs:336:1
[INFO] [stdout]    = note: this error originates in the derive macro `Eq` (in Nightly builds, run with -Z macro-backtrace for more info)
[INFO] [stdout] 
[INFO] [stdout] 
[INFO] [stdout] error[E0277]: the trait bound `LitStr: std::cmp::Eq` is not satisfied
[INFO] [stdout]   --> src/injectable/dependency.rs:34:5
[INFO] [stdout]    |
[INFO] [stdout] 29 | #[derive(Debug, PartialEq, Eq)]
[INFO] [stdout]    |                            -- in this derive macro expansion
[INFO] [stdout] ...
[INFO] [stdout] 34 |     name: Option<LitStr>,
[INFO] [stdout]    |     ^^^^^^^^^^^^^^^^^^^^ the trait `std::cmp::Eq` is not implemented for `LitStr`
[INFO] [stdout]    |
[INFO] [stdout]    = help: the trait `std::cmp::Eq` is implemented for `Option<T>`
[INFO] [stdout]    = note: required for `Option<LitStr>` to implement `std::cmp::Eq`
[INFO] [stdout] note: required by a bound in `AssertParamIsEq`
[INFO] [stdout]   --> /rustc/82e1608dfa6e0b5569232559e3d385fea5a93112/library/core/src/cmp.rs:336:1
[INFO] [stdout]    = note: this error originates in the derive macro `Eq` (in Nightly builds, run with -Z macro-backtrace for more info)
[INFO] [stdout] 
[INFO] [stdout] 
[INFO] [stdout] error[E0277]: `syn::Lit` doesn't implement `Debug`
[INFO] [stdout]    --> src/macro_flag.rs:104:13
[INFO] [stdout]     |
[INFO] [stdout] 101 | #[derive(Debug, Clone)]
[INFO] [stdout]     |          ----- in this derive macro expansion
[INFO] [stdout] ...
[INFO] [stdout] 104 |     Literal(Lit),
[INFO] [stdout]     |             ^^^ `syn::Lit` cannot be formatted using `{:?}` because it doesn't implement `Debug`
[INFO] [stdout]     |
[INFO] [stdout]     = help: the trait `Debug` is not implemented for `syn::Lit`
[INFO] [stdout]     = note: this error originates in the derive macro `Debug` (in Nightly builds, run with -Z macro-backtrace for more info)
[INFO] [stdout] 
[INFO] [stdout] 
[INFO] [stdout] error[E0369]: binary operation `==` cannot be applied to type `TypePath`
[INFO] [stdout]    --> src/lib.rs:476:39
[INFO] [stdout]     |
[INFO] [stdout] 476 |     let interface_type = if interface == implementation {
[INFO] [stdout]     |                             --------- ^^ -------------- TypePath
[INFO] [stdout]     |                             |
[INFO] [stdout]     |                             TypePath
[INFO] [stdout] 
[INFO] [stdout] 
[INFO] [stdout] error: aborting due to 8 previous errors
[INFO] [stdout] 
[INFO] [stdout] 
[INFO] [stdout] Some errors have detailed explanations: E0277, E0369.
[INFO] [stdout] 
[INFO] [stdout] For more information about an error, try `rustc --explain E0277`.
[INFO] [stdout] 
[INFO] [stderr] error: could not compile `syrette_macros` (lib) due to 9 previous errors
[INFO] running `Command { std: "docker" "inspect" "e3a3c232938495182d5565347157e6d856ee953516c66734ac0d4a1a52dde794", kill_on_drop: false }`
[INFO] running `Command { std: "docker" "rm" "-f" "e3a3c232938495182d5565347157e6d856ee953516c66734ac0d4a1a52dde794", kill_on_drop: false }`
[INFO] [stdout] e3a3c232938495182d5565347157e6d856ee953516c66734ac0d4a1a52dde794
