[INFO] fetching crate synfx-dsp-jit 0.6.1...
[INFO] testing synfx-dsp-jit-0.6.1 against 1.75.0 for beta-1.76-1
[INFO] extracting crate synfx-dsp-jit 0.6.1 into /workspace/builds/worker-7-tc1/source
[INFO] validating manifest of crates.io crate synfx-dsp-jit 0.6.1 on toolchain 1.75.0
[INFO] running `Command { std: CARGO_HOME="/workspace/cargo-home" RUSTUP_HOME="/workspace/rustup-home" "/workspace/cargo-home/bin/cargo" "+1.75.0" "metadata" "--manifest-path" "Cargo.toml" "--no-deps", kill_on_drop: false }`
[INFO] started tweaking crates.io crate synfx-dsp-jit 0.6.1
[INFO] finished tweaking crates.io crate synfx-dsp-jit 0.6.1
[INFO] tweaked toml for crates.io crate synfx-dsp-jit 0.6.1 written to /workspace/builds/worker-7-tc1/source/Cargo.toml
[INFO] crate crates.io crate synfx-dsp-jit 0.6.1 already has a lockfile, it will not be regenerated
[INFO] running `Command { std: CARGO_HOME="/workspace/cargo-home" RUSTUP_HOME="/workspace/rustup-home" "/workspace/cargo-home/bin/cargo" "+1.75.0" "fetch" "--manifest-path" "Cargo.toml", kill_on_drop: false }`
[INFO] [stderr]     Updating crates.io index
[INFO] [stderr]  Downloading crates ...
[INFO] [stderr]   Downloaded cranelift v0.86.1
[INFO] [stderr]   Downloaded cranelift-module v0.86.1
[INFO] [stderr]   Downloaded cranelift-entity v0.86.1
[INFO] [stderr]   Downloaded cranelift-codegen-shared v0.86.1
[INFO] [stderr]   Downloaded slice-group-by v0.3.0
[INFO] [stderr]   Downloaded cranelift-native v0.86.1
[INFO] [stderr]   Downloaded synfx-dsp v0.5.5
[INFO] [stderr]   Downloaded target-lexicon v0.12.5
[INFO] [stderr]   Downloaded region v2.2.0
[INFO] [stderr]   Downloaded cranelift-isle v0.86.1
[INFO] [stderr]   Downloaded cranelift-codegen-meta v0.86.1
[INFO] [stderr]   Downloaded regalloc2 v0.3.2
[INFO] [stderr]   Downloaded cranelift-codegen v0.86.1
[INFO] [stderr]   Downloaded cranelift-frontend v0.86.1
[INFO] [stderr]   Downloaded cranelift-bforest v0.86.1
[INFO] [stderr]   Downloaded cranelift-jit v0.86.1
[INFO] running `Command { std: "docker" "create" "-v" "/var/lib/crater-agent-workspace/builds/worker-7-tc1/target:/opt/rustwide/target:rw,Z" "-v" "/var/lib/crater-agent-workspace/builds/worker-7-tc1/source:/opt/rustwide/workdir:ro,Z" "-v" "/var/lib/crater-agent-workspace/cargo-home:/opt/rustwide/cargo-home:ro,Z" "-v" "/var/lib/crater-agent-workspace/rustup-home:/opt/rustwide/rustup-home:ro,Z" "-e" "SOURCE_DIR=/opt/rustwide/workdir" "-e" "CARGO_TARGET_DIR=/opt/rustwide/target" "-e" "CARGO_HOME=/opt/rustwide/cargo-home" "-e" "RUSTUP_HOME=/opt/rustwide/rustup-home" "-w" "/opt/rustwide/workdir" "-m" "1610612736" "--user" "0:0" "--network" "none" "ghcr.io/rust-lang/crates-build-env/linux@sha256:2788e3201cd34a07e3172128adcd8b3090168a8e3bcc40d7c032b9dda1df7d1c" "/opt/rustwide/cargo-home/bin/cargo" "+1.75.0" "metadata" "--no-deps" "--format-version=1", kill_on_drop: false }`
[INFO] [stdout] fb744e869afedadfad96f0b5ddedc54742366918c59d34de17899591cfd1b43a
[INFO] running `Command { std: "docker" "start" "-a" "fb744e869afedadfad96f0b5ddedc54742366918c59d34de17899591cfd1b43a", kill_on_drop: false }`
[INFO] running `Command { std: "docker" "inspect" "fb744e869afedadfad96f0b5ddedc54742366918c59d34de17899591cfd1b43a", kill_on_drop: false }`
[INFO] running `Command { std: "docker" "rm" "-f" "fb744e869afedadfad96f0b5ddedc54742366918c59d34de17899591cfd1b43a", kill_on_drop: false }`
[INFO] [stdout] fb744e869afedadfad96f0b5ddedc54742366918c59d34de17899591cfd1b43a
[INFO] running `Command { std: "docker" "create" "-v" "/var/lib/crater-agent-workspace/builds/worker-7-tc1/target:/opt/rustwide/target:rw,Z" "-v" "/var/lib/crater-agent-workspace/builds/worker-7-tc1/source:/opt/rustwide/workdir:ro,Z" "-v" "/var/lib/crater-agent-workspace/cargo-home:/opt/rustwide/cargo-home:ro,Z" "-v" "/var/lib/crater-agent-workspace/rustup-home:/opt/rustwide/rustup-home:ro,Z" "-e" "SOURCE_DIR=/opt/rustwide/workdir" "-e" "CARGO_TARGET_DIR=/opt/rustwide/target" "-e" "CARGO_INCREMENTAL=0" "-e" "RUST_BACKTRACE=full" "-e" "RUSTFLAGS=--cap-lints=warn" "-e" "RUSTDOCFLAGS=--cap-lints=warn" "-e" "CARGO_HOME=/opt/rustwide/cargo-home" "-e" "RUSTUP_HOME=/opt/rustwide/rustup-home" "-w" "/opt/rustwide/workdir" "-m" "1610612736" "--user" "0:0" "--network" "none" "ghcr.io/rust-lang/crates-build-env/linux@sha256:2788e3201cd34a07e3172128adcd8b3090168a8e3bcc40d7c032b9dda1df7d1c" "/opt/rustwide/cargo-home/bin/cargo" "+1.75.0" "build" "--frozen" "--message-format=json", kill_on_drop: false }`
[INFO] [stdout] 2dd4381d0d11799774f75d1857eb687fb74e67ae4b36f336f6e0166e2290254f
[INFO] running `Command { std: "docker" "start" "-a" "2dd4381d0d11799774f75d1857eb687fb74e67ae4b36f336f6e0166e2290254f", kill_on_drop: false }`
[INFO] [stderr]    Compiling cranelift-isle v0.86.1
[INFO] [stderr]    Compiling indexmap v1.9.1
[INFO] [stderr]    Compiling cranelift-codegen-shared v0.86.1
[INFO] [stderr]    Compiling target-lexicon v0.12.5
[INFO] [stderr]    Compiling byteorder v1.4.3
[INFO] [stderr]    Compiling cranelift-entity v0.86.1
[INFO] [stderr]    Compiling slice-group-by v0.3.0
[INFO] [stderr]    Compiling libc v0.2.137
[INFO] [stderr]    Compiling anyhow v1.0.66
[INFO] [stderr]    Compiling num-traits v0.2.15
[INFO] [stderr]    Compiling cache-padded v1.2.0
[INFO] [stderr]    Compiling cranelift-codegen-meta v0.86.1
[INFO] [stderr]    Compiling ringbuf v0.2.8
[INFO] [stderr]    Compiling fxhash v0.2.1
[INFO] [stderr]    Compiling cranelift-bforest v0.86.1
[INFO] [stderr]    Compiling regalloc2 v0.3.2
[INFO] [stderr]    Compiling gimli v0.26.2
[INFO] [stderr]    Compiling region v2.2.0
[INFO] [stderr]    Compiling synfx-dsp v0.5.5
[INFO] [stdout] error[E0554]: `#![feature]` may not be used on the stable release channel
[INFO] [stdout]    --> /opt/rustwide/cargo-home/registry/src/index.crates.io-6f17d22bba15001f/synfx-dsp-0.5.5/src/lib.rs:228:12
[INFO] [stdout]     |
[INFO] [stdout] 228 | #![feature(portable_simd)]
[INFO] [stdout]     |            ^^^^^^^^^^^^^
[INFO] [stdout] 
[INFO] [stdout] 
[INFO] [stdout] error: aborting due to previous error
[INFO] [stdout] 
[INFO] [stdout] 
[INFO] [stdout] For more information about this error, try `rustc --explain E0554`.
[INFO] [stdout] 
[INFO] [stderr] error: could not compile `synfx-dsp` (lib) due to 2 previous errors
[INFO] [stderr] warning: build failed, waiting for other jobs to finish...
[INFO] running `Command { std: "docker" "inspect" "2dd4381d0d11799774f75d1857eb687fb74e67ae4b36f336f6e0166e2290254f", kill_on_drop: false }`
[INFO] running `Command { std: "docker" "rm" "-f" "2dd4381d0d11799774f75d1857eb687fb74e67ae4b36f336f6e0166e2290254f", kill_on_drop: false }`
[INFO] [stdout] 2dd4381d0d11799774f75d1857eb687fb74e67ae4b36f336f6e0166e2290254f
[INFO] testing synfx-dsp-jit-0.6.1 against beta-2023-12-22 for beta-1.76-1
[INFO] extracting crate synfx-dsp-jit 0.6.1 into /workspace/builds/worker-7-tc2/source
[INFO] validating manifest of crates.io crate synfx-dsp-jit 0.6.1 on toolchain beta-2023-12-22
[INFO] running `Command { std: CARGO_HOME="/workspace/cargo-home" RUSTUP_HOME="/workspace/rustup-home" "/workspace/cargo-home/bin/cargo" "+beta-2023-12-22" "metadata" "--manifest-path" "Cargo.toml" "--no-deps", kill_on_drop: false }`
[INFO] started tweaking crates.io crate synfx-dsp-jit 0.6.1
[INFO] finished tweaking crates.io crate synfx-dsp-jit 0.6.1
[INFO] tweaked toml for crates.io crate synfx-dsp-jit 0.6.1 written to /workspace/builds/worker-7-tc2/source/Cargo.toml
[INFO] crate crates.io crate synfx-dsp-jit 0.6.1 already has a lockfile, it will not be regenerated
[INFO] running `Command { std: CARGO_HOME="/workspace/cargo-home" RUSTUP_HOME="/workspace/rustup-home" "/workspace/cargo-home/bin/cargo" "+beta-2023-12-22" "fetch" "--manifest-path" "Cargo.toml", kill_on_drop: false }`
[INFO] running `Command { std: "docker" "create" "-v" "/var/lib/crater-agent-workspace/builds/worker-7-tc2/target:/opt/rustwide/target:rw,Z" "-v" "/var/lib/crater-agent-workspace/builds/worker-7-tc2/source:/opt/rustwide/workdir:ro,Z" "-v" "/var/lib/crater-agent-workspace/cargo-home:/opt/rustwide/cargo-home:ro,Z" "-v" "/var/lib/crater-agent-workspace/rustup-home:/opt/rustwide/rustup-home:ro,Z" "-e" "SOURCE_DIR=/opt/rustwide/workdir" "-e" "CARGO_TARGET_DIR=/opt/rustwide/target" "-e" "CARGO_HOME=/opt/rustwide/cargo-home" "-e" "RUSTUP_HOME=/opt/rustwide/rustup-home" "-w" "/opt/rustwide/workdir" "-m" "1610612736" "--user" "0:0" "--network" "none" "ghcr.io/rust-lang/crates-build-env/linux@sha256:2788e3201cd34a07e3172128adcd8b3090168a8e3bcc40d7c032b9dda1df7d1c" "/opt/rustwide/cargo-home/bin/cargo" "+beta-2023-12-22" "metadata" "--no-deps" "--format-version=1", kill_on_drop: false }`
[INFO] [stdout] da9675e530ad8cff6c8aecff90c9411fa0a941516daec3e82dfeff760d3c06e7
[INFO] running `Command { std: "docker" "start" "-a" "da9675e530ad8cff6c8aecff90c9411fa0a941516daec3e82dfeff760d3c06e7", kill_on_drop: false }`
[INFO] running `Command { std: "docker" "inspect" "da9675e530ad8cff6c8aecff90c9411fa0a941516daec3e82dfeff760d3c06e7", kill_on_drop: false }`
[INFO] running `Command { std: "docker" "rm" "-f" "da9675e530ad8cff6c8aecff90c9411fa0a941516daec3e82dfeff760d3c06e7", kill_on_drop: false }`
[INFO] [stdout] da9675e530ad8cff6c8aecff90c9411fa0a941516daec3e82dfeff760d3c06e7
[INFO] running `Command { std: "docker" "create" "-v" "/var/lib/crater-agent-workspace/builds/worker-7-tc2/target:/opt/rustwide/target:rw,Z" "-v" "/var/lib/crater-agent-workspace/builds/worker-7-tc2/source:/opt/rustwide/workdir:ro,Z" "-v" "/var/lib/crater-agent-workspace/cargo-home:/opt/rustwide/cargo-home:ro,Z" "-v" "/var/lib/crater-agent-workspace/rustup-home:/opt/rustwide/rustup-home:ro,Z" "-e" "SOURCE_DIR=/opt/rustwide/workdir" "-e" "CARGO_TARGET_DIR=/opt/rustwide/target" "-e" "CARGO_INCREMENTAL=0" "-e" "RUST_BACKTRACE=full" "-e" "RUSTFLAGS=--cap-lints=warn" "-e" "RUSTDOCFLAGS=--cap-lints=warn" "-e" "CARGO_HOME=/opt/rustwide/cargo-home" "-e" "RUSTUP_HOME=/opt/rustwide/rustup-home" "-w" "/opt/rustwide/workdir" "-m" "1610612736" "--user" "0:0" "--network" "none" "ghcr.io/rust-lang/crates-build-env/linux@sha256:2788e3201cd34a07e3172128adcd8b3090168a8e3bcc40d7c032b9dda1df7d1c" "/opt/rustwide/cargo-home/bin/cargo" "+beta-2023-12-22" "build" "--frozen" "--message-format=json", kill_on_drop: false }`
[INFO] [stdout] 87f8ae770220388a292134e317be43385c0615d74a99ed45c06c1daf8b7ac90c
[INFO] running `Command { std: "docker" "start" "-a" "87f8ae770220388a292134e317be43385c0615d74a99ed45c06c1daf8b7ac90c", kill_on_drop: false }`
[INFO] [stderr]    Compiling cranelift-isle v0.86.1
[INFO] [stderr]    Compiling indexmap v1.9.1
[INFO] [stderr]    Compiling cranelift-codegen-shared v0.86.1
[INFO] [stderr]    Compiling byteorder v1.4.3
[INFO] [stderr]    Compiling target-lexicon v0.12.5
[INFO] [stderr]    Compiling slice-group-by v0.3.0
[INFO] [stderr]    Compiling cranelift-entity v0.86.1
[INFO] [stderr]    Compiling anyhow v1.0.66
[INFO] [stderr]    Compiling libc v0.2.137
[INFO] [stderr]    Compiling num-traits v0.2.15
[INFO] [stderr]    Compiling cache-padded v1.2.0
[INFO] [stderr]    Compiling cranelift-codegen-meta v0.86.1
[INFO] [stderr]    Compiling ringbuf v0.2.8
[INFO] [stderr]    Compiling cranelift-bforest v0.86.1
[INFO] [stderr]    Compiling fxhash v0.2.1
[INFO] [stderr]    Compiling regalloc2 v0.3.2
[INFO] [stderr]    Compiling gimli v0.26.2
[INFO] [stderr]    Compiling region v2.2.0
[INFO] [stderr]    Compiling synfx-dsp v0.5.5
[INFO] [stdout] error[E0554]: `#![feature]` may not be used on the beta release channel
[INFO] [stdout]    --> /opt/rustwide/cargo-home/registry/src/index.crates.io-6f17d22bba15001f/synfx-dsp-0.5.5/src/lib.rs:228:12
[INFO] [stdout]     |
[INFO] [stdout] 228 | #![feature(portable_simd)]
[INFO] [stdout]     |            ^^^^^^^^^^^^^
[INFO] [stdout] 
[INFO] [stdout] 
[INFO] [stdout] error[E0599]: no method named `simd_ne` found for struct `Simd` in the current scope
[INFO] [stdout]   --> /opt/rustwide/cargo-home/registry/src/index.crates.io-6f17d22bba15001f/synfx-dsp-0.5.5/src/fh_va/ladder.rs:84:32
[INFO] [stdout]    |
[INFO] [stdout] 84 |             let mask = base[n].simd_ne(f32x4::splat(0.));
[INFO] [stdout]    |                                ^^^^^^^ method not found in `Simd<f32, 4>`
[INFO] [stdout]   --> /rustc/0e09125c6c3c2fd70d7de961bcf0e51575235fad/library/core/src/../../portable-simd/crates/core_simd/src/simd/cmp/eq.rs:18:8
[INFO] [stdout]    |
[INFO] [stdout]    = note: the method is available for `Simd<f32, 4>` here
[INFO] [stdout]    |
[INFO] [stdout]    = help: items from traits can only be used if the trait is in scope
[INFO] [stdout] help: the following trait is implemented but not in scope; perhaps add a `use` for it:
[INFO] [stdout]    |
[INFO] [stdout] 9  + use std::simd::cmp::SimdPartialEq;
[INFO] [stdout]    |
[INFO] [stdout] 
[INFO] [stdout] 
[INFO] [stdout] error[E0599]: no method named `abs` found for struct `Simd` in the current scope
[INFO] [stdout]    --> /opt/rustwide/cargo-home/registry/src/index.crates.io-6f17d22bba15001f/synfx-dsp-0.5.5/src/fh_va/ladder.rs:167:26
[INFO] [stdout]     |
[INFO] [stdout] 167 |         while residue[0].abs().simd_gt(max_error).any()
[INFO] [stdout]     |                          ^^^ method not found in `Simd<f32, 4>`
[INFO] [stdout]    --> /rustc/0e09125c6c3c2fd70d7de961bcf0e51575235fad/library/core/src/../../portable-simd/crates/core_simd/src/simd/num/float.rs:78:8
[INFO] [stdout]     |
[INFO] [stdout]     = note: the method is available for `Simd<f32, 4>` here
[INFO] [stdout]     |
[INFO] [stdout]     = help: items from traits can only be used if the trait is in scope
[INFO] [stdout] help: the following trait is implemented but not in scope; perhaps add a `use` for it:
[INFO] [stdout]     |
[INFO] [stdout] 9   + use std::simd::num::SimdFloat;
[INFO] [stdout]     |
[INFO] [stdout] 
[INFO] [stdout] 
[INFO] [stdout] error[E0599]: no method named `abs` found for struct `Simd` in the current scope
[INFO] [stdout]    --> /opt/rustwide/cargo-home/registry/src/index.crates.io-6f17d22bba15001f/synfx-dsp-0.5.5/src/fh_va/ladder.rs:168:27
[INFO] [stdout]     |
[INFO] [stdout] 168 |             || residue[1].abs().simd_gt(max_error).any()
[INFO] [stdout]     |                           ^^^ method not found in `Simd<f32, 4>`
[INFO] [stdout]    --> /rustc/0e09125c6c3c2fd70d7de961bcf0e51575235fad/library/core/src/../../portable-simd/crates/core_simd/src/simd/num/float.rs:78:8
[INFO] [stdout]     |
[INFO] [stdout]     = note: the method is available for `Simd<f32, 4>` here
[INFO] [stdout]     |
[INFO] [stdout]     = help: items from traits can only be used if the trait is in scope
[INFO] [stdout] help: the following trait is implemented but not in scope; perhaps add a `use` for it:
[INFO] [stdout]     |
[INFO] [stdout] 9   + use std::simd::num::SimdFloat;
[INFO] [stdout]     |
[INFO] [stdout] 
[INFO] [stdout] 
[INFO] [stdout] error[E0599]: no method named `abs` found for struct `Simd` in the current scope
[INFO] [stdout]    --> /opt/rustwide/cargo-home/registry/src/index.crates.io-6f17d22bba15001f/synfx-dsp-0.5.5/src/fh_va/ladder.rs:169:27
[INFO] [stdout]     |
[INFO] [stdout] 169 |             || residue[2].abs().simd_gt(max_error).any()
[INFO] [stdout]     |                           ^^^ method not found in `Simd<f32, 4>`
[INFO] [stdout]    --> /rustc/0e09125c6c3c2fd70d7de961bcf0e51575235fad/library/core/src/../../portable-simd/crates/core_simd/src/simd/num/float.rs:78:8
[INFO] [stdout]     |
[INFO] [stdout]     = note: the method is available for `Simd<f32, 4>` here
[INFO] [stdout]     |
[INFO] [stdout]     = help: items from traits can only be used if the trait is in scope
[INFO] [stdout] help: the following trait is implemented but not in scope; perhaps add a `use` for it:
[INFO] [stdout]     |
[INFO] [stdout] 9   + use std::simd::num::SimdFloat;
[INFO] [stdout]     |
[INFO] [stdout] 
[INFO] [stdout] 
[INFO] [stdout] error[E0599]: no method named `abs` found for struct `Simd` in the current scope
[INFO] [stdout]    --> /opt/rustwide/cargo-home/registry/src/index.crates.io-6f17d22bba15001f/synfx-dsp-0.5.5/src/fh_va/ladder.rs:170:27
[INFO] [stdout]     |
[INFO] [stdout] 170 |             || residue[3].abs().simd_gt(max_error).any()
[INFO] [stdout]     |                           ^^^ method not found in `Simd<f32, 4>`
[INFO] [stdout]    --> /rustc/0e09125c6c3c2fd70d7de961bcf0e51575235fad/library/core/src/../../portable-simd/crates/core_simd/src/simd/num/float.rs:78:8
[INFO] [stdout]     |
[INFO] [stdout]     = note: the method is available for `Simd<f32, 4>` here
[INFO] [stdout]     |
[INFO] [stdout]     = help: items from traits can only be used if the trait is in scope
[INFO] [stdout] help: the following trait is implemented but not in scope; perhaps add a `use` for it:
[INFO] [stdout]     |
[INFO] [stdout] 9   + use std::simd::num::SimdFloat;
[INFO] [stdout]     |
[INFO] [stdout] 
[INFO] [stdout] 
[INFO] [stdout] error: aborting due to 6 previous errors
[INFO] [stdout] 
[INFO] [stdout] 
[INFO] [stdout] Some errors have detailed explanations: E0554, E0599.
[INFO] [stdout] 
[INFO] [stdout] For more information about an error, try `rustc --explain E0554`.
[INFO] [stdout] 
[INFO] [stderr] error: could not compile `synfx-dsp` (lib) due to 7 previous errors
[INFO] [stderr] warning: build failed, waiting for other jobs to finish...
[INFO] running `Command { std: "docker" "inspect" "87f8ae770220388a292134e317be43385c0615d74a99ed45c06c1daf8b7ac90c", kill_on_drop: false }`
[INFO] running `Command { std: "docker" "rm" "-f" "87f8ae770220388a292134e317be43385c0615d74a99ed45c06c1daf8b7ac90c", kill_on_drop: false }`
[INFO] [stdout] 87f8ae770220388a292134e317be43385c0615d74a99ed45c06c1daf8b7ac90c
