[INFO] fetching crate syn-select-next 0.3.0-alpha.1...
[INFO] testing syn-select-next-0.3.0-alpha.1 against 1.75.0 for beta-1.76-1
[INFO] extracting crate syn-select-next 0.3.0-alpha.1 into /workspace/builds/worker-5-tc1/source
[INFO] validating manifest of crates.io crate syn-select-next 0.3.0-alpha.1 on toolchain 1.75.0
[INFO] running `Command { std: CARGO_HOME="/workspace/cargo-home" RUSTUP_HOME="/workspace/rustup-home" "/workspace/cargo-home/bin/cargo" "+1.75.0" "metadata" "--manifest-path" "Cargo.toml" "--no-deps", kill_on_drop: false }`
[INFO] started tweaking crates.io crate syn-select-next 0.3.0-alpha.1
[INFO] finished tweaking crates.io crate syn-select-next 0.3.0-alpha.1
[INFO] tweaked toml for crates.io crate syn-select-next 0.3.0-alpha.1 written to /workspace/builds/worker-5-tc1/source/Cargo.toml
[INFO] running `Command { std: CARGO_HOME="/workspace/cargo-home" RUSTUP_HOME="/workspace/rustup-home" "/workspace/cargo-home/bin/cargo" "+1.75.0" "generate-lockfile" "--manifest-path" "Cargo.toml", kill_on_drop: false }`
[INFO] [stderr]     Updating crates.io index
[INFO] running `Command { std: CARGO_HOME="/workspace/cargo-home" RUSTUP_HOME="/workspace/rustup-home" "/workspace/cargo-home/bin/cargo" "+1.75.0" "fetch" "--manifest-path" "Cargo.toml", kill_on_drop: false }`
[INFO] running `Command { std: "docker" "create" "-v" "/var/lib/crater-agent-workspace/builds/worker-5-tc1/target:/opt/rustwide/target:rw,Z" "-v" "/var/lib/crater-agent-workspace/builds/worker-5-tc1/source:/opt/rustwide/workdir:ro,Z" "-v" "/var/lib/crater-agent-workspace/cargo-home:/opt/rustwide/cargo-home:ro,Z" "-v" "/var/lib/crater-agent-workspace/rustup-home:/opt/rustwide/rustup-home:ro,Z" "-e" "SOURCE_DIR=/opt/rustwide/workdir" "-e" "CARGO_TARGET_DIR=/opt/rustwide/target" "-e" "CARGO_HOME=/opt/rustwide/cargo-home" "-e" "RUSTUP_HOME=/opt/rustwide/rustup-home" "-w" "/opt/rustwide/workdir" "-m" "1610612736" "--user" "0:0" "--network" "none" "ghcr.io/rust-lang/crates-build-env/linux@sha256:2788e3201cd34a07e3172128adcd8b3090168a8e3bcc40d7c032b9dda1df7d1c" "/opt/rustwide/cargo-home/bin/cargo" "+1.75.0" "metadata" "--no-deps" "--format-version=1", kill_on_drop: false }`
[INFO] [stdout] 8b4ce67ad69649eb2a3214f81ffdabe4f841ea31fd40c5869e092f1bc5fe287b
[INFO] running `Command { std: "docker" "start" "-a" "8b4ce67ad69649eb2a3214f81ffdabe4f841ea31fd40c5869e092f1bc5fe287b", kill_on_drop: false }`
[INFO] running `Command { std: "docker" "inspect" "8b4ce67ad69649eb2a3214f81ffdabe4f841ea31fd40c5869e092f1bc5fe287b", kill_on_drop: false }`
[INFO] running `Command { std: "docker" "rm" "-f" "8b4ce67ad69649eb2a3214f81ffdabe4f841ea31fd40c5869e092f1bc5fe287b", kill_on_drop: false }`
[INFO] [stdout] 8b4ce67ad69649eb2a3214f81ffdabe4f841ea31fd40c5869e092f1bc5fe287b
[INFO] running `Command { std: "docker" "create" "-v" "/var/lib/crater-agent-workspace/builds/worker-5-tc1/target:/opt/rustwide/target:rw,Z" "-v" "/var/lib/crater-agent-workspace/builds/worker-5-tc1/source:/opt/rustwide/workdir:ro,Z" "-v" "/var/lib/crater-agent-workspace/cargo-home:/opt/rustwide/cargo-home:ro,Z" "-v" "/var/lib/crater-agent-workspace/rustup-home:/opt/rustwide/rustup-home:ro,Z" "-e" "SOURCE_DIR=/opt/rustwide/workdir" "-e" "CARGO_TARGET_DIR=/opt/rustwide/target" "-e" "CARGO_INCREMENTAL=0" "-e" "RUST_BACKTRACE=full" "-e" "RUSTFLAGS=--cap-lints=warn" "-e" "RUSTDOCFLAGS=--cap-lints=warn" "-e" "CARGO_HOME=/opt/rustwide/cargo-home" "-e" "RUSTUP_HOME=/opt/rustwide/rustup-home" "-w" "/opt/rustwide/workdir" "-m" "1610612736" "--user" "0:0" "--network" "none" "ghcr.io/rust-lang/crates-build-env/linux@sha256:2788e3201cd34a07e3172128adcd8b3090168a8e3bcc40d7c032b9dda1df7d1c" "/opt/rustwide/cargo-home/bin/cargo" "+1.75.0" "build" "--frozen" "--message-format=json", kill_on_drop: false }`
[INFO] [stdout] cc43780c30a5528980ccb0749627668dec0a002c2d9f7fc6bd589cc154f78279
[INFO] running `Command { std: "docker" "start" "-a" "cc43780c30a5528980ccb0749627668dec0a002c2d9f7fc6bd589cc154f78279", kill_on_drop: false }`
[INFO] [stderr]    Compiling proc-macro2 v1.0.75
[INFO] [stderr]    Compiling quote v1.0.35
[INFO] [stderr]    Compiling syn v2.0.48
[INFO] [stderr]    Compiling syn-select-next v0.3.0-alpha.1 (/opt/rustwide/workdir)
[INFO] [stderr]     Finished dev [unoptimized + debuginfo] target(s) in 3.40s
[INFO] running `Command { std: "docker" "inspect" "cc43780c30a5528980ccb0749627668dec0a002c2d9f7fc6bd589cc154f78279", kill_on_drop: false }`
[INFO] running `Command { std: "docker" "rm" "-f" "cc43780c30a5528980ccb0749627668dec0a002c2d9f7fc6bd589cc154f78279", kill_on_drop: false }`
[INFO] [stdout] cc43780c30a5528980ccb0749627668dec0a002c2d9f7fc6bd589cc154f78279
[INFO] running `Command { std: "docker" "create" "-v" "/var/lib/crater-agent-workspace/builds/worker-5-tc1/target:/opt/rustwide/target:rw,Z" "-v" "/var/lib/crater-agent-workspace/builds/worker-5-tc1/source:/opt/rustwide/workdir:ro,Z" "-v" "/var/lib/crater-agent-workspace/cargo-home:/opt/rustwide/cargo-home:ro,Z" "-v" "/var/lib/crater-agent-workspace/rustup-home:/opt/rustwide/rustup-home:ro,Z" "-e" "SOURCE_DIR=/opt/rustwide/workdir" "-e" "CARGO_TARGET_DIR=/opt/rustwide/target" "-e" "CARGO_INCREMENTAL=0" "-e" "RUST_BACKTRACE=full" "-e" "RUSTFLAGS=--cap-lints=warn" "-e" "RUSTDOCFLAGS=--cap-lints=warn" "-e" "CARGO_HOME=/opt/rustwide/cargo-home" "-e" "RUSTUP_HOME=/opt/rustwide/rustup-home" "-w" "/opt/rustwide/workdir" "-m" "1610612736" "--user" "0:0" "--network" "none" "ghcr.io/rust-lang/crates-build-env/linux@sha256:2788e3201cd34a07e3172128adcd8b3090168a8e3bcc40d7c032b9dda1df7d1c" "/opt/rustwide/cargo-home/bin/cargo" "+1.75.0" "test" "--frozen" "--no-run" "--message-format=json", kill_on_drop: false }`
[INFO] [stdout] 99d7959c67c15939acbf94866423b4809154aebce50dda3bc24400a1775033bd
[INFO] running `Command { std: "docker" "start" "-a" "99d7959c67c15939acbf94866423b4809154aebce50dda3bc24400a1775033bd", kill_on_drop: false }`
[INFO] [stderr]    Compiling syn-select-next v0.3.0-alpha.1 (/opt/rustwide/workdir)
[INFO] [stdout] error[E0277]: `syn::Item` doesn't implement `Debug`
[INFO] [stdout]    --> src/lib.rs:107:50
[INFO] [stdout]     |
[INFO] [stdout] 107 |             panic!("Result was wrong type {:?}", &result[0]);
[INFO] [stdout]     |                                                  ^^^^^^^^^^ `syn::Item` cannot be formatted using `{:?}` because it doesn't implement `Debug`
[INFO] [stdout]     |
[INFO] [stdout]     = help: the trait `Debug` is not implemented for `syn::Item`
[INFO] [stdout]     = note: this error originates in the macro `$crate::const_format_args` which comes from the expansion of the macro `panic` (in Nightly builds, run with -Z macro-backtrace for more info)
[INFO] [stdout] 
[INFO] [stdout] 
[INFO] [stdout] error[E0277]: `syn::Item` doesn't implement `Debug`
[INFO] [stdout]    --> src/lib.rs:118:50
[INFO] [stdout]     |
[INFO] [stdout] 118 |             panic!("Result was wrong type {:?}", &result[0]);
[INFO] [stdout]     |                                                  ^^^^^^^^^^ `syn::Item` cannot be formatted using `{:?}` because it doesn't implement `Debug`
[INFO] [stdout]     |
[INFO] [stdout]     = help: the trait `Debug` is not implemented for `syn::Item`
[INFO] [stdout]     = note: this error originates in the macro `$crate::const_format_args` which comes from the expansion of the macro `panic` (in Nightly builds, run with -Z macro-backtrace for more info)
[INFO] [stdout] 
[INFO] [stdout] 
[INFO] [stdout] error[E0615]: attempted to take value of method `path` on type `Attribute`
[INFO] [stdout]    --> src/lib.rs:151:35
[INFO] [stdout]     |
[INFO] [stdout] 151 |             assert!(item.attrs[0].path.is_ident("doc"));
[INFO] [stdout]     |                                   ^^^^ method, not a field
[INFO] [stdout]     |
[INFO] [stdout] help: use parentheses to call the method
[INFO] [stdout]     |
[INFO] [stdout] 151 |             assert!(item.attrs[0].path().is_ident("doc"));
[INFO] [stdout]     |                                       ++
[INFO] [stdout] 
[INFO] [stdout] 
[INFO] [stdout] error[E0615]: attempted to take value of method `path` on type `Attribute`
[INFO] [stdout]    --> src/lib.rs:152:35
[INFO] [stdout]     |
[INFO] [stdout] 152 |             assert!(item.attrs[1].path.is_ident("cfg"));
[INFO] [stdout]     |                                   ^^^^ method, not a field
[INFO] [stdout]     |
[INFO] [stdout] help: use parentheses to call the method
[INFO] [stdout]     |
[INFO] [stdout] 152 |             assert!(item.attrs[1].path().is_ident("cfg"));
[INFO] [stdout]     |                                       ++
[INFO] [stdout] 
[INFO] [stdout] 
[INFO] [stdout] error[E0615]: attempted to take value of method `path` on type `Attribute`
[INFO] [stdout]    --> src/lib.rs:153:35
[INFO] [stdout]     |
[INFO] [stdout] 153 |             assert!(item.attrs[2].path.is_ident("serde"));
[INFO] [stdout]     |                                   ^^^^ method, not a field
[INFO] [stdout]     |
[INFO] [stdout] help: use parentheses to call the method
[INFO] [stdout]     |
[INFO] [stdout] 153 |             assert!(item.attrs[2].path().is_ident("serde"));
[INFO] [stdout]     |                                       ++
[INFO] [stdout] 
[INFO] [stdout] 
[INFO] [stdout] error[E0615]: attempted to take value of method `path` on type `Attribute`
[INFO] [stdout]    --> src/lib.rs:154:35
[INFO] [stdout]     |
[INFO] [stdout] 154 |             assert!(item.attrs[3].path.is_ident("cfg"));
[INFO] [stdout]     |                                   ^^^^ method, not a field
[INFO] [stdout]     |
[INFO] [stdout] help: use parentheses to call the method
[INFO] [stdout]     |
[INFO] [stdout] 154 |             assert!(item.attrs[3].path().is_ident("cfg"));
[INFO] [stdout]     |                                       ++
[INFO] [stdout] 
[INFO] [stdout] 
[INFO] [stdout] error[E0615]: attempted to take value of method `path` on type `Attribute`
[INFO] [stdout]    --> src/lib.rs:161:35
[INFO] [stdout]     |
[INFO] [stdout] 161 |             assert!(item.attrs[0].path.is_ident("cfg"));
[INFO] [stdout]     |                                   ^^^^ method, not a field
[INFO] [stdout]     |
[INFO] [stdout] help: use parentheses to call the method
[INFO] [stdout]     |
[INFO] [stdout] 161 |             assert!(item.attrs[0].path().is_ident("cfg"));
[INFO] [stdout]     |                                       ++
[INFO] [stdout] 
[INFO] [stdout] 
[INFO] [stdout] error: aborting due to 7 previous errors
[INFO] [stdout] 
[INFO] [stdout] 
[INFO] [stdout] Some errors have detailed explanations: E0277, E0615.
[INFO] [stdout] 
[INFO] [stdout] For more information about an error, try `rustc --explain E0277`.
[INFO] [stdout] 
[INFO] [stderr] error: could not compile `syn-select-next` (lib test) due to 8 previous errors
[INFO] running `Command { std: "docker" "inspect" "99d7959c67c15939acbf94866423b4809154aebce50dda3bc24400a1775033bd", kill_on_drop: false }`
[INFO] running `Command { std: "docker" "rm" "-f" "99d7959c67c15939acbf94866423b4809154aebce50dda3bc24400a1775033bd", kill_on_drop: false }`
[INFO] [stdout] 99d7959c67c15939acbf94866423b4809154aebce50dda3bc24400a1775033bd
