[INFO] fetching crate sylvia-iot-sdk 0.0.34...
[INFO] testing sylvia-iot-sdk-0.0.34 against 1.75.0 for beta-1.76-1
[INFO] extracting crate sylvia-iot-sdk 0.0.34 into /workspace/builds/worker-7-tc1/source
[INFO] validating manifest of crates.io crate sylvia-iot-sdk 0.0.34 on toolchain 1.75.0
[INFO] running `Command { std: CARGO_HOME="/workspace/cargo-home" RUSTUP_HOME="/workspace/rustup-home" "/workspace/cargo-home/bin/cargo" "+1.75.0" "metadata" "--manifest-path" "Cargo.toml" "--no-deps", kill_on_drop: false }`
[INFO] started tweaking crates.io crate sylvia-iot-sdk 0.0.34
[INFO] finished tweaking crates.io crate sylvia-iot-sdk 0.0.34
[INFO] tweaked toml for crates.io crate sylvia-iot-sdk 0.0.34 written to /workspace/builds/worker-7-tc1/source/Cargo.toml
[INFO] running `Command { std: CARGO_HOME="/workspace/cargo-home" RUSTUP_HOME="/workspace/rustup-home" "/workspace/cargo-home/bin/cargo" "+1.75.0" "generate-lockfile" "--manifest-path" "Cargo.toml", kill_on_drop: false }`
[INFO] [stderr]     Updating crates.io index
[INFO] running `Command { std: CARGO_HOME="/workspace/cargo-home" RUSTUP_HOME="/workspace/rustup-home" "/workspace/cargo-home/bin/cargo" "+1.75.0" "fetch" "--manifest-path" "Cargo.toml", kill_on_drop: false }`
[INFO] [stderr]  Downloading crates ...
[INFO] [stderr]   Downloaded amq-protocol-types v7.1.2
[INFO] [stderr]   Downloaded amq-protocol-tcp v7.1.2
[INFO] [stderr]   Downloaded rustls-connector v0.18.5
[INFO] [stderr]   Downloaded tcp-stream v0.26.1
[INFO] [stderr]   Downloaded async-reactor-trait v1.1.0
[INFO] [stderr]   Downloaded executor-trait v2.1.0
[INFO] [stderr]   Downloaded p12 v0.6.3
[INFO] [stderr]   Downloaded amqp_serde v0.4.1
[INFO] [stderr]   Downloaded async-global-executor-trait v2.1.0
[INFO] [stderr]   Downloaded console v0.12.0
[INFO] [stderr]   Downloaded pinky-swear v6.2.0
[INFO] [stderr]   Downloaded reactor-trait v1.1.0
[INFO] [stderr]   Downloaded amq-protocol-uri v7.1.2
[INFO] [stderr]   Downloaded amq-protocol v7.1.2
[INFO] [stderr]   Downloaded sylvia-iot-corelib v0.0.34
[INFO] [stderr]   Downloaded serde_bytes_ng v0.1.2
[INFO] [stderr]   Downloaded amqprs v1.5.2
[INFO] [stderr]   Downloaded lapin v2.3.1
[INFO] [stderr]   Downloaded rumqttc v0.23.0
[INFO] [stderr]   Downloaded laboratory v2.0.0
[INFO] [stderr]   Downloaded general-mq v0.0.34
[INFO] running `Command { std: "docker" "create" "-v" "/var/lib/crater-agent-workspace/builds/worker-7-tc1/target:/opt/rustwide/target:rw,Z" "-v" "/var/lib/crater-agent-workspace/builds/worker-7-tc1/source:/opt/rustwide/workdir:ro,Z" "-v" "/var/lib/crater-agent-workspace/cargo-home:/opt/rustwide/cargo-home:ro,Z" "-v" "/var/lib/crater-agent-workspace/rustup-home:/opt/rustwide/rustup-home:ro,Z" "-e" "SOURCE_DIR=/opt/rustwide/workdir" "-e" "CARGO_TARGET_DIR=/opt/rustwide/target" "-e" "CARGO_HOME=/opt/rustwide/cargo-home" "-e" "RUSTUP_HOME=/opt/rustwide/rustup-home" "-w" "/opt/rustwide/workdir" "-m" "1610612736" "--user" "0:0" "--network" "none" "ghcr.io/rust-lang/crates-build-env/linux@sha256:2788e3201cd34a07e3172128adcd8b3090168a8e3bcc40d7c032b9dda1df7d1c" "/opt/rustwide/cargo-home/bin/cargo" "+1.75.0" "metadata" "--no-deps" "--format-version=1", kill_on_drop: false }`
[INFO] [stdout] 91be6e7326647a352f4725b6128eef6e9b25669a3e8516fcaeb59e2eb287a647
[INFO] running `Command { std: "docker" "start" "-a" "91be6e7326647a352f4725b6128eef6e9b25669a3e8516fcaeb59e2eb287a647", kill_on_drop: false }`
[INFO] running `Command { std: "docker" "inspect" "91be6e7326647a352f4725b6128eef6e9b25669a3e8516fcaeb59e2eb287a647", kill_on_drop: false }`
[INFO] running `Command { std: "docker" "rm" "-f" "91be6e7326647a352f4725b6128eef6e9b25669a3e8516fcaeb59e2eb287a647", kill_on_drop: false }`
[INFO] [stdout] 91be6e7326647a352f4725b6128eef6e9b25669a3e8516fcaeb59e2eb287a647
[INFO] running `Command { std: "docker" "create" "-v" "/var/lib/crater-agent-workspace/builds/worker-7-tc1/target:/opt/rustwide/target:rw,Z" "-v" "/var/lib/crater-agent-workspace/builds/worker-7-tc1/source:/opt/rustwide/workdir:ro,Z" "-v" "/var/lib/crater-agent-workspace/cargo-home:/opt/rustwide/cargo-home:ro,Z" "-v" "/var/lib/crater-agent-workspace/rustup-home:/opt/rustwide/rustup-home:ro,Z" "-e" "SOURCE_DIR=/opt/rustwide/workdir" "-e" "CARGO_TARGET_DIR=/opt/rustwide/target" "-e" "CARGO_INCREMENTAL=0" "-e" "RUST_BACKTRACE=full" "-e" "RUSTFLAGS=--cap-lints=warn" "-e" "RUSTDOCFLAGS=--cap-lints=warn" "-e" "CARGO_HOME=/opt/rustwide/cargo-home" "-e" "RUSTUP_HOME=/opt/rustwide/rustup-home" "-w" "/opt/rustwide/workdir" "-m" "1610612736" "--user" "0:0" "--network" "none" "ghcr.io/rust-lang/crates-build-env/linux@sha256:2788e3201cd34a07e3172128adcd8b3090168a8e3bcc40d7c032b9dda1df7d1c" "/opt/rustwide/cargo-home/bin/cargo" "+1.75.0" "build" "--frozen" "--message-format=json", kill_on_drop: false }`
[INFO] [stdout] 8dce6f902cf6cfb8c8bed316335144d5497af8a323ddcb673bd44050dbc0e38b
[INFO] running `Command { std: "docker" "start" "-a" "8dce6f902cf6cfb8c8bed316335144d5497af8a323ddcb673bd44050dbc0e38b", kill_on_drop: false }`
[INFO] [stderr]    Compiling serde v1.0.194
[INFO] [stderr]    Compiling futures-core v0.3.30
[INFO] [stderr]    Compiling futures-io v0.3.30
[INFO] [stderr]    Compiling tracing-core v0.1.32
[INFO] [stderr]    Compiling futures-sink v0.3.30
[INFO] [stderr]    Compiling untrusted v0.9.0
[INFO] [stderr]    Compiling crossbeam-utils v0.8.18
[INFO] [stderr]    Compiling parking v2.2.0
[INFO] [stderr]    Compiling subtle v2.5.0
[INFO] [stderr]    Compiling rustls v0.21.10
[INFO] [stderr]    Compiling syn v2.0.48
[INFO] [stderr]    Compiling cc v1.0.83
[INFO] [stderr]    Compiling spin v0.9.8
[INFO] [stderr]    Compiling signal-hook-registry v1.4.1
[INFO] [stderr]    Compiling socket2 v0.5.5
[INFO] [stderr]    Compiling num_cpus v1.16.0
[INFO] [stderr]    Compiling futures-channel v0.3.30
[INFO] [stderr]    Compiling block-padding v0.3.3
[INFO] [stderr]    Compiling bitflags v2.4.1
[INFO] [stderr]    Compiling digest v0.10.7
[INFO] [stderr]    Compiling rustls-pemfile v1.0.4
[INFO] [stderr]    Compiling inout v0.1.3
[INFO] [stderr]    Compiling rustls v0.20.9
[INFO] [stderr]    Compiling untrusted v0.7.1
[INFO] [stderr]    Compiling async-trait v0.1.77
[INFO] [stderr]    Compiling cipher v0.4.4
[INFO] [stderr]    Compiling rustix v0.38.28
[INFO] [stderr]    Compiling openssl-probe v0.1.5
[INFO] [stderr]    Compiling sha1 v0.10.6
[INFO] [stderr]    Compiling hmac v0.12.1
[INFO] [stderr]    Compiling syn v1.0.109
[INFO] [stderr]    Compiling rustls-native-certs v0.6.3
[INFO] [stderr]    Compiling futures-lite v2.1.0
[INFO] [stderr]    Compiling num-traits v0.2.17
[INFO] [stderr]    Compiling io-lifetimes v1.0.11
[INFO] [stderr]    Compiling minimal-lexical v0.2.1
[INFO] [stderr]    Compiling local-waker v0.1.4
[INFO] [stderr]    Compiling hashbrown v0.14.3
[INFO] [stderr]    Compiling equivalent v1.0.1
[INFO] [stderr]    Compiling linux-raw-sys v0.4.12
[INFO] [stderr]    Compiling cbc v0.1.2
[INFO] [stderr]    Compiling concurrent-queue v2.4.0
[INFO] [stderr]    Compiling des v0.8.1
[INFO] [stderr]    Compiling rc2 v0.8.1
[INFO] [stderr]    Compiling polling v2.8.0
[INFO] [stderr]    Compiling nom v7.1.3
[INFO] [stderr]    Compiling rustix v0.37.27
[INFO] [stderr]    Compiling cookie-factory v0.3.2
[INFO] [stderr]    Compiling event-listener v4.0.2
[INFO] [stderr]    Compiling async-task v4.7.0
[INFO] [stderr]    Compiling atomic-waker v1.1.2
[INFO] [stderr]    Compiling yasna v0.5.2
[INFO] [stderr]    Compiling piper v0.2.1
[INFO] [stderr]    Compiling regex-automata v0.4.3
[INFO] [stderr]    Compiling event-listener-strategy v0.4.0
[INFO] [stderr]    Compiling actix-service v2.0.2
[INFO] [stderr]    Compiling actix-utils v3.0.1
[INFO] [stderr]    Compiling async-io v1.13.0
[INFO] [stderr]    Compiling indexmap v1.9.3
[INFO] [stderr]    Compiling async-lock v3.2.0
[INFO] [stderr]    Compiling indexmap v2.1.0
[INFO] [stderr]    Compiling async-channel v2.1.1
[INFO] [stderr]    Compiling waker-fn v1.1.1
[INFO] [stderr]    Compiling linux-raw-sys v0.3.8
[INFO] [stderr]    Compiling fastrand v1.9.0
[INFO] [stderr]    Compiling p12 v0.6.3
[INFO] [stderr]    Compiling doc-comment v0.3.3
[INFO] [stderr]    Compiling event-listener v2.5.3
[INFO] [stderr]    Compiling ring v0.17.7
[INFO] [stderr]    Compiling ring v0.16.20
[INFO] [stderr]    Compiling httpdate v1.0.3
[INFO] [stderr]    Compiling async-lock v2.8.0
[INFO] [stderr]    Compiling async-executor v1.8.0
[INFO] [stderr]    Compiling futures-lite v1.13.0
[INFO] [stderr]    Compiling flume v0.11.0
[INFO] [stderr]    Compiling socket2 v0.4.10
[INFO] [stderr]    Compiling bytestring v1.3.1
[INFO] [stderr]    Compiling encoding_rs v0.8.33
[INFO] [stderr]    Compiling destructure_traitobject v0.2.0
[INFO] [stderr]    Compiling linked-hash-map v0.5.6
[INFO] [stderr]    Compiling hashbrown v0.12.3
[INFO] [stderr]    Compiling impl-more v0.1.6
[INFO] [stderr]    Compiling powerfmt v0.2.0
[INFO] [stderr]    Compiling mime v0.3.17
[INFO] [stderr]    Compiling convert_case v0.4.0
[INFO] [stderr]    Compiling amq-protocol v7.1.2
[INFO] [stderr]    Compiling deranged v0.3.11
[INFO] [stderr]    Compiling yaml-rust v0.4.5
[INFO] [stderr]    Compiling unsafe-any-ors v1.0.0
[INFO] [stderr]    Compiling ordered-float v2.10.1
[INFO] [stderr]    Compiling local-channel v0.1.5
[INFO] [stderr]    Compiling clap_lex v0.6.0
[INFO] [stderr]    Compiling anstyle v1.0.4
[INFO] [stderr]    Compiling iana-time-zone v0.1.59
[INFO] [stderr]    Compiling time-core v0.1.2
[INFO] [stderr]    Compiling try-lock v0.2.5
[INFO] [stderr]    Compiling language-tags v0.3.2
[INFO] [stderr]    Compiling lapin v2.3.1
[INFO] [stderr]    Compiling clap_builder v4.4.12
[INFO] [stderr]    Compiling want v0.3.1
[INFO] [stderr]    Compiling typemap-ors v1.0.0
[INFO] [stderr]    Compiling uriparse v0.6.4
[INFO] [stderr]    Compiling http-body v0.4.6
[INFO] [stderr]    Compiling thread-id v4.2.1
[INFO] [stderr]    Compiling arc-swap v1.6.0
[INFO] [stderr]    Compiling tower-service v0.3.2
[INFO] [stderr]    Compiling log-mdc v0.1.0
[INFO] [stderr]    Compiling regex v1.10.2
[INFO] [stderr]    Compiling time v0.3.31
[INFO] [stderr]    Compiling pbkdf2 v0.12.2
[INFO] [stderr]    Compiling sha2 v0.10.8
[INFO] [stderr]    Compiling ipnet v2.9.0
[INFO] [stderr]    Compiling urlencoding v2.1.3
[INFO] [stderr]    Compiling hex v0.4.3
[INFO] [stderr]    Compiling derive_more v0.99.17
[INFO] [stderr]    Compiling derivative v2.2.0
[INFO] [stderr]    Compiling serde_derive v1.0.194
[INFO] [stderr]    Compiling tokio-macros v2.2.0
[INFO] [stderr]    Compiling futures-macro v0.3.30
[INFO] [stderr]    Compiling thiserror-impl v1.0.56
[INFO] [stderr]    Compiling pin-project-internal v1.1.3
[INFO] [stderr]    Compiling clap v4.4.13
[INFO] [stderr]    Compiling executor-trait v2.1.0
[INFO] [stderr]    Compiling futures-util v0.3.30
[INFO] [stderr]    Compiling reactor-trait v1.1.0
[INFO] [stderr]    Compiling sct v0.7.1
[INFO] [stderr]    Compiling rustls-webpki v0.101.7
[INFO] [stderr]    Compiling webpki v0.22.4
[INFO] [stderr]    Compiling thiserror v1.0.56
[INFO] [stderr]    Compiling webpki-roots v0.22.6
[INFO] [stderr]    Compiling pin-project v1.1.3
[INFO] [stderr]    Compiling flume v0.10.14
[INFO] [stderr]    Compiling futures-executor v0.3.30
[INFO] [stderr]    Compiling futures v0.3.30
[INFO] [stderr]    Compiling log v0.4.20
[INFO] [stderr]    Compiling serde_json v1.0.111
[INFO] [stderr]    Compiling serde_urlencoded v0.7.1
[INFO] [stderr]    Compiling serde_bytes_ng v0.1.2
[INFO] [stderr]    Compiling serde_yaml v0.8.26
[INFO] [stderr]    Compiling chrono v0.4.31
[INFO] [stderr]    Compiling serde-value v0.7.0
[INFO] [stderr]    Compiling amqp_serde v0.4.1
[INFO] [stderr]    Compiling tracing v0.1.40
[INFO] [stderr]    Compiling mio v0.8.10
[INFO] [stderr]    Compiling polling v3.3.1
[INFO] [stderr]    Compiling blocking v1.5.1
[INFO] [stderr]    Compiling pinky-swear v6.2.0
[INFO] [stderr]    Compiling actix-router v0.5.2
[INFO] [stderr]    Compiling tokio v1.35.1
[INFO] [stderr]    Compiling async-io v2.2.2
[INFO] [stderr]    Compiling async-reactor-trait v1.1.0
[INFO] [stderr]    Compiling amq-protocol-types v7.1.2
[INFO] [stderr]    Compiling async-global-executor v2.4.1
[INFO] [stderr]    Compiling amq-protocol-uri v7.1.2
[INFO] [stderr]    Compiling log4rs v1.2.0
[INFO] [stderr]    Compiling async-global-executor-trait v2.1.0
[INFO] [stderr]    Compiling rustls-connector v0.18.5
[INFO] [stderr]    Compiling tcp-stream v0.26.1
[INFO] [stderr]    Compiling amq-protocol-tcp v7.1.2
[INFO] [stderr]    Compiling tokio-util v0.7.10
[INFO] [stderr]    Compiling tokio-rustls v0.23.4
[INFO] [stderr]    Compiling actix-rt v2.9.0
[INFO] [stderr]    Compiling tokio-rustls v0.24.1
[INFO] [stderr]    Compiling amqprs v1.5.2
[INFO] [stderr]    Compiling rumqttc v0.23.0
[INFO] [stderr]    Compiling actix-server v2.3.0
[INFO] [stderr]    Compiling h2 v0.3.22
[INFO] [stderr]    Compiling actix-tls v3.1.1
[INFO] [stderr]    Compiling actix-codec v0.5.1
[INFO] [stderr]    Compiling general-mq v0.0.34
[INFO] [stderr]    Compiling actix-http v3.5.1
[INFO] [stderr]    Compiling hyper v0.14.28
[INFO] [stderr]    Compiling actix-web v4.4.1
[INFO] [stderr]    Compiling reqwest v0.11.23
[INFO] [stderr]    Compiling sylvia-iot-corelib v0.0.34
[INFO] [stderr]    Compiling sylvia-iot-sdk v0.0.34 (/opt/rustwide/workdir)
[INFO] [stderr]     Finished dev [unoptimized + debuginfo] target(s) in 27.74s
[INFO] running `Command { std: "docker" "inspect" "8dce6f902cf6cfb8c8bed316335144d5497af8a323ddcb673bd44050dbc0e38b", kill_on_drop: false }`
[INFO] running `Command { std: "docker" "rm" "-f" "8dce6f902cf6cfb8c8bed316335144d5497af8a323ddcb673bd44050dbc0e38b", kill_on_drop: false }`
[INFO] [stdout] 8dce6f902cf6cfb8c8bed316335144d5497af8a323ddcb673bd44050dbc0e38b
[INFO] running `Command { std: "docker" "create" "-v" "/var/lib/crater-agent-workspace/builds/worker-7-tc1/target:/opt/rustwide/target:rw,Z" "-v" "/var/lib/crater-agent-workspace/builds/worker-7-tc1/source:/opt/rustwide/workdir:ro,Z" "-v" "/var/lib/crater-agent-workspace/cargo-home:/opt/rustwide/cargo-home:ro,Z" "-v" "/var/lib/crater-agent-workspace/rustup-home:/opt/rustwide/rustup-home:ro,Z" "-e" "SOURCE_DIR=/opt/rustwide/workdir" "-e" "CARGO_TARGET_DIR=/opt/rustwide/target" "-e" "CARGO_INCREMENTAL=0" "-e" "RUST_BACKTRACE=full" "-e" "RUSTFLAGS=--cap-lints=warn" "-e" "RUSTDOCFLAGS=--cap-lints=warn" "-e" "CARGO_HOME=/opt/rustwide/cargo-home" "-e" "RUSTUP_HOME=/opt/rustwide/rustup-home" "-w" "/opt/rustwide/workdir" "-m" "1610612736" "--user" "0:0" "--network" "none" "ghcr.io/rust-lang/crates-build-env/linux@sha256:2788e3201cd34a07e3172128adcd8b3090168a8e3bcc40d7c032b9dda1df7d1c" "/opt/rustwide/cargo-home/bin/cargo" "+1.75.0" "test" "--frozen" "--no-run" "--message-format=json", kill_on_drop: false }`
[INFO] [stdout] adf40c326fc4e14155bfa90f328c157737e032b47ee547e77ad205b0824565a0
[INFO] running `Command { std: "docker" "start" "-a" "adf40c326fc4e14155bfa90f328c157737e032b47ee547e77ad205b0824565a0", kill_on_drop: false }`
[INFO] [stderr]    Compiling convert_case v0.4.0
[INFO] [stderr]    Compiling terminal_size v0.1.17
[INFO] [stderr]    Compiling termios v0.3.3
[INFO] [stderr]    Compiling unicode-width v0.1.11
[INFO] [stderr]    Compiling console v0.12.0
[INFO] [stderr]    Compiling laboratory v2.0.0
[INFO] [stderr]    Compiling derive_more v0.99.17
[INFO] [stderr]    Compiling actix-http v3.5.1
[INFO] [stderr]    Compiling actix-web v4.4.1
[INFO] [stderr]    Compiling sylvia-iot-corelib v0.0.34
[INFO] [stderr]    Compiling sylvia-iot-sdk v0.0.34 (/opt/rustwide/workdir)
[INFO] [stdout] error[E0433]: failed to resolve: use of undeclared crate or module `sylvia_iot_auth`
[INFO] [stdout]   --> tests/integration_test.rs:11:5
[INFO] [stdout]    |
[INFO] [stdout] 11 | use sylvia_iot_auth::models::SqliteModel as AuthDbModel;
[INFO] [stdout]    |     ^^^^^^^^^^^^^^^ use of undeclared crate or module `sylvia_iot_auth`
[INFO] [stdout]    |
[INFO] [stdout] help: there is a crate or module with a similar name
[INFO] [stdout]    |
[INFO] [stdout] 11 | use sylvia_iot_sdk::models::SqliteModel as AuthDbModel;
[INFO] [stdout]    |     ~~~~~~~~~~~~~~
[INFO] [stdout] 
[INFO] [stdout] 
[INFO] [stdout] error[E0433]: failed to resolve: use of undeclared crate or module `sylvia_iot_auth`
[INFO] [stdout]   --> tests/api/mod.rs:10:5
[INFO] [stdout]    |
[INFO] [stdout] 10 | use sylvia_iot_auth::{
[INFO] [stdout]    |     ^^^^^^^^^^^^^^^ use of undeclared crate or module `sylvia_iot_auth`
[INFO] [stdout]    |
[INFO] [stdout] help: there is a crate or module with a similar name
[INFO] [stdout]    |
[INFO] [stdout] 10 | use sylvia_iot_sdk::{
[INFO] [stdout]    |     ~~~~~~~~~~~~~~
[INFO] [stdout] 
[INFO] [stdout] 
[INFO] [stdout] error[E0433]: failed to resolve: use of undeclared crate or module `sylvia_iot_auth`
[INFO] [stdout]   --> tests/api/mod.rs:15:5
[INFO] [stdout]    |
[INFO] [stdout] 15 | use sylvia_iot_auth::{
[INFO] [stdout]    |     ^^^^^^^^^^^^^^^ use of undeclared crate or module `sylvia_iot_auth`
[INFO] [stdout]    |
[INFO] [stdout] help: there is a crate or module with a similar name
[INFO] [stdout]    |
[INFO] [stdout] 15 | use sylvia_iot_sdk::{
[INFO] [stdout]    |     ~~~~~~~~~~~~~~
[INFO] [stdout] 
[INFO] [stdout] 
[INFO] [stdout] error[E0432]: unresolved import `sylvia_iot_auth`
[INFO] [stdout]   --> tests/api/mod.rs:10:5
[INFO] [stdout]    |
[INFO] [stdout] 10 | use sylvia_iot_auth::{
[INFO] [stdout]    |     ^^^^^^^^^^^^^^^ use of undeclared crate or module `sylvia_iot_auth`
[INFO] [stdout]    |
[INFO] [stdout] help: there is a crate or module with a similar name
[INFO] [stdout]    |
[INFO] [stdout] 10 | use sylvia_iot_sdk::{
[INFO] [stdout]    |     ~~~~~~~~~~~~~~
[INFO] [stdout] 
[INFO] [stdout] 
[INFO] [stdout] error[E0433]: failed to resolve: use of undeclared crate or module `sylvia_iot_coremgr`
[INFO] [stdout]   --> tests/api/mod.rs:20:5
[INFO] [stdout]    |
[INFO] [stdout] 20 | use sylvia_iot_coremgr::{
[INFO] [stdout]    |     ^^^^^^^^^^^^^^^^^^ use of undeclared crate or module `sylvia_iot_coremgr`
[INFO] [stdout]    |
[INFO] [stdout] help: there is a crate or module with a similar name
[INFO] [stdout]    |
[INFO] [stdout] 20 | use sylvia_iot_corelib::{
[INFO] [stdout]    |     ~~~~~~~~~~~~~~~~~~
[INFO] [stdout] 
[INFO] [stdout] 
[INFO] [stdout] error[E0432]: unresolved import `sylvia_iot_auth`
[INFO] [stdout]   --> tests/api/mod.rs:15:5
[INFO] [stdout]    |
[INFO] [stdout] 15 | use sylvia_iot_auth::{
[INFO] [stdout]    |     ^^^^^^^^^^^^^^^ use of undeclared crate or module `sylvia_iot_auth`
[INFO] [stdout]    |
[INFO] [stdout] help: there is a crate or module with a similar name
[INFO] [stdout]    |
[INFO] [stdout] 15 | use sylvia_iot_sdk::{
[INFO] [stdout]    |     ~~~~~~~~~~~~~~
[INFO] [stdout] 
[INFO] [stdout] 
[INFO] [stdout] error[E0432]: unresolved import `sylvia_iot_coremgr`
[INFO] [stdout]   --> tests/api/mod.rs:20:5
[INFO] [stdout]    |
[INFO] [stdout] 20 | use sylvia_iot_coremgr::{
[INFO] [stdout]    |     ^^^^^^^^^^^^^^^^^^ use of undeclared crate or module `sylvia_iot_coremgr`
[INFO] [stdout]    |
[INFO] [stdout] help: there is a crate or module with a similar name
[INFO] [stdout]    |
[INFO] [stdout] 20 | use sylvia_iot_corelib::{
[INFO] [stdout]    |     ~~~~~~~~~~~~~~~~~~
[INFO] [stdout] 
[INFO] [stdout] 
[INFO] [stdout] error[E0433]: failed to resolve: use of undeclared crate or module `sylvia_iot_auth`
[INFO] [stdout]  --> tests/api/http.rs:5:5
[INFO] [stdout]   |
[INFO] [stdout] 5 | use sylvia_iot_auth::models::{self as sylvia_iot_auth_models, Model};
[INFO] [stdout]   |     ^^^^^^^^^^^^^^^ use of undeclared crate or module `sylvia_iot_auth`
[INFO] [stdout]   |
[INFO] [stdout] help: there is a crate or module with a similar name
[INFO] [stdout]   |
[INFO] [stdout] 5 | use sylvia_iot_sdk::models::{self as sylvia_iot_auth_models, Model};
[INFO] [stdout]   |     ~~~~~~~~~~~~~~
[INFO] [stdout] 
[INFO] [stdout] 
[INFO] [stdout] error[E0433]: failed to resolve: use of undeclared crate or module `sylvia_iot_auth`
[INFO] [stdout]  --> tests/api/user.rs:3:5
[INFO] [stdout]   |
[INFO] [stdout] 3 | use sylvia_iot_auth::models::{user::QueryCond, Model};
[INFO] [stdout]   |     ^^^^^^^^^^^^^^^ use of undeclared crate or module `sylvia_iot_auth`
[INFO] [stdout]   |
[INFO] [stdout] help: there is a crate or module with a similar name
[INFO] [stdout]   |
[INFO] [stdout] 3 | use sylvia_iot_sdk::models::{user::QueryCond, Model};
[INFO] [stdout]   |     ~~~~~~~~~~~~~~
[INFO] [stdout] 
[INFO] [stdout] 
[INFO] [stdout] error[E0433]: failed to resolve: use of undeclared crate or module `sylvia_iot_auth`
[INFO] [stdout]   --> tests/middlewares/auth.rs:15:5
[INFO] [stdout]    |
[INFO] [stdout] 15 | use sylvia_iot_auth::{
[INFO] [stdout]    |     ^^^^^^^^^^^^^^^ use of undeclared crate or module `sylvia_iot_auth`
[INFO] [stdout]    |
[INFO] [stdout] help: there is a crate or module with a similar name
[INFO] [stdout]    |
[INFO] [stdout] 15 | use sylvia_iot_sdk::{
[INFO] [stdout]    |     ~~~~~~~~~~~~~~
[INFO] [stdout] 
[INFO] [stdout] 
[INFO] [stdout] error[E0432]: unresolved import `sylvia_iot_auth`
[INFO] [stdout]  --> tests/api/http.rs:5:5
[INFO] [stdout]   |
[INFO] [stdout] 5 | use sylvia_iot_auth::models::{self as sylvia_iot_auth_models, Model};
[INFO] [stdout]   |     ^^^^^^^^^^^^^^^ use of undeclared crate or module `sylvia_iot_auth`
[INFO] [stdout]   |
[INFO] [stdout] help: there is a crate or module with a similar name
[INFO] [stdout]   |
[INFO] [stdout] 5 | use sylvia_iot_sdk::models::{self as sylvia_iot_auth_models, Model};
[INFO] [stdout]   |     ~~~~~~~~~~~~~~
[INFO] [stdout] 
[INFO] [stdout] 
[INFO] [stdout] error[E0432]: unresolved import `sylvia_iot_auth`
[INFO] [stdout]   --> tests/middlewares/auth.rs:15:5
[INFO] [stdout]    |
[INFO] [stdout] 15 | use sylvia_iot_auth::{
[INFO] [stdout]    |     ^^^^^^^^^^^^^^^ use of undeclared crate or module `sylvia_iot_auth`
[INFO] [stdout]    |
[INFO] [stdout] help: there is a crate or module with a similar name
[INFO] [stdout]    |
[INFO] [stdout] 15 | use sylvia_iot_sdk::{
[INFO] [stdout]    |     ~~~~~~~~~~~~~~
[INFO] [stdout] 
[INFO] [stdout] 
[INFO] [stdout] error[E0282]: type annotations needed for `&T`
[INFO] [stdout]    --> tests/api/mod.rs:163:13
[INFO] [stdout]     |
[INFO] [stdout] 163 |         let auth_db = auth_db.as_ref().unwrap();
[INFO] [stdout]     |             ^^^^^^^
[INFO] [stdout] 164 |         let user = create_user(USER_ID, now, HashMap::<String, bool>::new());
[INFO] [stdout] 165 |         auth_db.user().add(&user).await?;
[INFO] [stdout]     |                 ---- type must be known at this point
[INFO] [stdout]     |
[INFO] [stdout] help: consider giving `auth_db` an explicit type, where the type for type parameter `T` is specified
[INFO] [stdout]     |
[INFO] [stdout] 163 |         let auth_db: &T = auth_db.as_ref().unwrap();
[INFO] [stdout]     |                    ++++
[INFO] [stdout] 
[INFO] [stdout] 
[INFO] [stdout] error: aborting due to 13 previous errors
[INFO] [stdout] 
[INFO] [stdout] 
[INFO] [stdout] Some errors have detailed explanations: E0282, E0432, E0433.
[INFO] [stdout] 
[INFO] [stdout] For more information about an error, try `rustc --explain E0282`.
[INFO] [stdout] 
[INFO] [stderr] error: could not compile `sylvia-iot-sdk` (test "integration_test") due to 14 previous errors
[INFO] running `Command { std: "docker" "inspect" "adf40c326fc4e14155bfa90f328c157737e032b47ee547e77ad205b0824565a0", kill_on_drop: false }`
[INFO] running `Command { std: "docker" "rm" "-f" "adf40c326fc4e14155bfa90f328c157737e032b47ee547e77ad205b0824565a0", kill_on_drop: false }`
[INFO] [stdout] adf40c326fc4e14155bfa90f328c157737e032b47ee547e77ad205b0824565a0
