[INFO] fetching crate sycamore 0.9.0-beta.2...
[INFO] testing sycamore-0.9.0-beta.2 against 1.75.0 for beta-1.76-1
[INFO] extracting crate sycamore 0.9.0-beta.2 into /workspace/builds/worker-7-tc1/source
[INFO] validating manifest of crates.io crate sycamore 0.9.0-beta.2 on toolchain 1.75.0
[INFO] running `Command { std: CARGO_HOME="/workspace/cargo-home" RUSTUP_HOME="/workspace/rustup-home" "/workspace/cargo-home/bin/cargo" "+1.75.0" "metadata" "--manifest-path" "Cargo.toml" "--no-deps", kill_on_drop: false }`
[INFO] started tweaking crates.io crate sycamore 0.9.0-beta.2
[INFO] removed 2 missing tests
[INFO] finished tweaking crates.io crate sycamore 0.9.0-beta.2
[INFO] tweaked toml for crates.io crate sycamore 0.9.0-beta.2 written to /workspace/builds/worker-7-tc1/source/Cargo.toml
[INFO] running `Command { std: CARGO_HOME="/workspace/cargo-home" RUSTUP_HOME="/workspace/rustup-home" "/workspace/cargo-home/bin/cargo" "+1.75.0" "generate-lockfile" "--manifest-path" "Cargo.toml", kill_on_drop: false }`
[INFO] [stderr]     Updating crates.io index
[INFO] running `Command { std: CARGO_HOME="/workspace/cargo-home" RUSTUP_HOME="/workspace/rustup-home" "/workspace/cargo-home/bin/cargo" "+1.75.0" "fetch" "--manifest-path" "Cargo.toml", kill_on_drop: false }`
[INFO] [stderr]  Downloading crates ...
[INFO] [stderr]   Downloaded expect-test v1.4.1
[INFO] [stderr]   Downloaded sycamore-web v0.9.0-beta.2
[INFO] [stderr]   Downloaded sycamore-futures v0.9.0-beta.2
[INFO] [stderr]   Downloaded sycamore-core v0.9.0-beta.2
[INFO] [stderr]   Downloaded sycamore-reactive v0.9.0-beta.2
[INFO] [stderr]   Downloaded sycamore-macro v0.9.0-beta.2
[INFO] running `Command { std: "docker" "create" "-v" "/var/lib/crater-agent-workspace/builds/worker-7-tc1/target:/opt/rustwide/target:rw,Z" "-v" "/var/lib/crater-agent-workspace/builds/worker-7-tc1/source:/opt/rustwide/workdir:ro,Z" "-v" "/var/lib/crater-agent-workspace/cargo-home:/opt/rustwide/cargo-home:ro,Z" "-v" "/var/lib/crater-agent-workspace/rustup-home:/opt/rustwide/rustup-home:ro,Z" "-e" "SOURCE_DIR=/opt/rustwide/workdir" "-e" "CARGO_TARGET_DIR=/opt/rustwide/target" "-e" "CARGO_HOME=/opt/rustwide/cargo-home" "-e" "RUSTUP_HOME=/opt/rustwide/rustup-home" "-w" "/opt/rustwide/workdir" "-m" "1610612736" "--user" "0:0" "--network" "none" "ghcr.io/rust-lang/crates-build-env/linux@sha256:2788e3201cd34a07e3172128adcd8b3090168a8e3bcc40d7c032b9dda1df7d1c" "/opt/rustwide/cargo-home/bin/cargo" "+1.75.0" "metadata" "--no-deps" "--format-version=1", kill_on_drop: false }`
[INFO] [stdout] 2d0bcdcfcbb959f2037add7b4c637c7e0b26f81cb46960613ba410ab963d7a86
[INFO] running `Command { std: "docker" "start" "-a" "2d0bcdcfcbb959f2037add7b4c637c7e0b26f81cb46960613ba410ab963d7a86", kill_on_drop: false }`
[INFO] running `Command { std: "docker" "inspect" "2d0bcdcfcbb959f2037add7b4c637c7e0b26f81cb46960613ba410ab963d7a86", kill_on_drop: false }`
[INFO] running `Command { std: "docker" "rm" "-f" "2d0bcdcfcbb959f2037add7b4c637c7e0b26f81cb46960613ba410ab963d7a86", kill_on_drop: false }`
[INFO] [stdout] 2d0bcdcfcbb959f2037add7b4c637c7e0b26f81cb46960613ba410ab963d7a86
[INFO] running `Command { std: "docker" "create" "-v" "/var/lib/crater-agent-workspace/builds/worker-7-tc1/target:/opt/rustwide/target:rw,Z" "-v" "/var/lib/crater-agent-workspace/builds/worker-7-tc1/source:/opt/rustwide/workdir:ro,Z" "-v" "/var/lib/crater-agent-workspace/cargo-home:/opt/rustwide/cargo-home:ro,Z" "-v" "/var/lib/crater-agent-workspace/rustup-home:/opt/rustwide/rustup-home:ro,Z" "-e" "SOURCE_DIR=/opt/rustwide/workdir" "-e" "CARGO_TARGET_DIR=/opt/rustwide/target" "-e" "CARGO_INCREMENTAL=0" "-e" "RUST_BACKTRACE=full" "-e" "RUSTFLAGS=--cap-lints=warn" "-e" "RUSTDOCFLAGS=--cap-lints=warn" "-e" "CARGO_HOME=/opt/rustwide/cargo-home" "-e" "RUSTUP_HOME=/opt/rustwide/rustup-home" "-w" "/opt/rustwide/workdir" "-m" "1610612736" "--user" "0:0" "--network" "none" "ghcr.io/rust-lang/crates-build-env/linux@sha256:2788e3201cd34a07e3172128adcd8b3090168a8e3bcc40d7c032b9dda1df7d1c" "/opt/rustwide/cargo-home/bin/cargo" "+1.75.0" "build" "--frozen" "--message-format=json", kill_on_drop: false }`
[INFO] [stdout] 280369bae6a06fd5517e85614eb7dceeb39389f3cdba324e50444c035c556e71
[INFO] running `Command { std: "docker" "start" "-a" "280369bae6a06fd5517e85614eb7dceeb39389f3cdba324e50444c035c556e71", kill_on_drop: false }`
[INFO] [stderr]    Compiling proc-macro2 v1.0.75
[INFO] [stderr]    Compiling once_cell v1.19.0
[INFO] [stderr]    Compiling wasm-bindgen-shared v0.2.89
[INFO] [stderr]    Compiling libc v0.2.151
[INFO] [stderr]    Compiling log v0.4.20
[INFO] [stderr]    Compiling bumpalo v3.14.0
[INFO] [stderr]    Compiling ahash v0.8.7
[INFO] [stderr]    Compiling slotmap v1.0.7
[INFO] [stderr]    Compiling wasm-bindgen v0.2.89
[INFO] [stderr]    Compiling zerocopy v0.7.32
[INFO] [stderr]    Compiling paste v1.0.14
[INFO] [stderr]    Compiling allocator-api2 v0.2.16
[INFO] [stderr]    Compiling ppv-lite86 v0.2.17
[INFO] [stderr]    Compiling smallvec v1.11.2
[INFO] [stderr]    Compiling equivalent v1.0.1
[INFO] [stderr]    Compiling utf8-width v0.1.7
[INFO] [stderr]    Compiling html-escape v0.2.13
[INFO] [stderr]    Compiling hashbrown v0.14.3
[INFO] [stderr]    Compiling quote v1.0.35
[INFO] [stderr]    Compiling syn v2.0.48
[INFO] [stderr]    Compiling sycamore-reactive v0.9.0-beta.2
[INFO] [stderr]    Compiling sycamore-core v0.9.0-beta.2
[INFO] [stderr]    Compiling indexmap v2.1.0
[INFO] [stderr]    Compiling getrandom v0.2.11
[INFO] [stderr]    Compiling rand_core v0.6.4
[INFO] [stderr]    Compiling rand_chacha v0.3.1
[INFO] [stderr]    Compiling rand v0.8.5
[INFO] [stderr]    Compiling wasm-bindgen-backend v0.2.89
[INFO] [stderr]    Compiling sycamore-macro v0.9.0-beta.2
[INFO] [stderr]    Compiling wasm-bindgen-macro-support v0.2.89
[INFO] [stderr]    Compiling wasm-bindgen-macro v0.2.89
[INFO] [stderr]    Compiling js-sys v0.3.66
[INFO] [stderr]    Compiling web-sys v0.3.66
[INFO] [stderr]    Compiling sycamore-web v0.9.0-beta.2
[INFO] [stderr]    Compiling sycamore v0.9.0-beta.2 (/opt/rustwide/workdir)
[INFO] [stderr]     Finished dev [unoptimized + debuginfo] target(s) in 23.49s
[INFO] running `Command { std: "docker" "inspect" "280369bae6a06fd5517e85614eb7dceeb39389f3cdba324e50444c035c556e71", kill_on_drop: false }`
[INFO] running `Command { std: "docker" "rm" "-f" "280369bae6a06fd5517e85614eb7dceeb39389f3cdba324e50444c035c556e71", kill_on_drop: false }`
[INFO] [stdout] 280369bae6a06fd5517e85614eb7dceeb39389f3cdba324e50444c035c556e71
[INFO] running `Command { std: "docker" "create" "-v" "/var/lib/crater-agent-workspace/builds/worker-7-tc1/target:/opt/rustwide/target:rw,Z" "-v" "/var/lib/crater-agent-workspace/builds/worker-7-tc1/source:/opt/rustwide/workdir:ro,Z" "-v" "/var/lib/crater-agent-workspace/cargo-home:/opt/rustwide/cargo-home:ro,Z" "-v" "/var/lib/crater-agent-workspace/rustup-home:/opt/rustwide/rustup-home:ro,Z" "-e" "SOURCE_DIR=/opt/rustwide/workdir" "-e" "CARGO_TARGET_DIR=/opt/rustwide/target" "-e" "CARGO_INCREMENTAL=0" "-e" "RUST_BACKTRACE=full" "-e" "RUSTFLAGS=--cap-lints=warn" "-e" "RUSTDOCFLAGS=--cap-lints=warn" "-e" "CARGO_HOME=/opt/rustwide/cargo-home" "-e" "RUSTUP_HOME=/opt/rustwide/rustup-home" "-w" "/opt/rustwide/workdir" "-m" "1610612736" "--user" "0:0" "--network" "none" "ghcr.io/rust-lang/crates-build-env/linux@sha256:2788e3201cd34a07e3172128adcd8b3090168a8e3bcc40d7c032b9dda1df7d1c" "/opt/rustwide/cargo-home/bin/cargo" "+1.75.0" "test" "--frozen" "--no-run" "--message-format=json", kill_on_drop: false }`
[INFO] [stdout] 0c28c4d21eecdff990918ba656efe86a47d8fa2c004c7e6bdd4a27b0477cee34
[INFO] running `Command { std: "docker" "start" "-a" "0c28c4d21eecdff990918ba656efe86a47d8fa2c004c7e6bdd4a27b0477cee34", kill_on_drop: false }`
[INFO] [stderr]    Compiling scoped-tls v1.0.1
[INFO] [stderr]    Compiling pin-project-lite v0.2.13
[INFO] [stderr]    Compiling dissimilar v1.0.7
[INFO] [stderr]    Compiling tokio-macros v2.2.0
[INFO] [stderr]    Compiling wasm-bindgen-test-macro v0.3.39
[INFO] [stderr]    Compiling console_error_panic_hook v0.1.7
[INFO] [stderr]    Compiling wasm-bindgen-futures v0.4.39
[INFO] [stderr]    Compiling expect-test v1.4.1
[INFO] [stderr]    Compiling wasm-bindgen-test v0.3.39
[INFO] [stderr]    Compiling tokio v1.35.1
[INFO] [stderr]    Compiling sycamore v0.9.0-beta.2 (/opt/rustwide/workdir)
[INFO] [stdout] error[E0412]: cannot find type `SsrNode` in this scope
[INFO] [stdout]  --> tests/ssr/noderef.rs:8:33
[INFO] [stdout]   |
[INFO] [stdout] 8 |         let noderef = NodeRef::<SsrNode>::new();
[INFO] [stdout]   |                                 ^^^^^^^ not found in this scope
[INFO] [stdout]   |
[INFO] [stdout] help: you might be missing a type parameter
[INFO] [stdout]   |
[INFO] [stdout] 6 | fn empty_noderef<SsrNode>() {
[INFO] [stdout]   |                 +++++++++
[INFO] [stdout] 
[INFO] [stdout] 
[INFO] [stdout] error[E0412]: cannot find type `SsrNode` in this scope
[INFO] [stdout]   --> tests/ssr/noderef.rs:10:35
[INFO] [stdout]    |
[INFO] [stdout] 10 |         assert!(noderef.try_get::<SsrNode>().is_none());
[INFO] [stdout]    |                                   ^^^^^^^ not found in this scope
[INFO] [stdout]    |
[INFO] [stdout] help: you might be missing a type parameter
[INFO] [stdout]    |
[INFO] [stdout] 6  | fn empty_noderef<SsrNode>() {
[INFO] [stdout]    |                 +++++++++
[INFO] [stdout] 
[INFO] [stdout] 
[INFO] [stdout] error[E0412]: cannot find type `SsrNode` in this scope
[INFO] [stdout]   --> tests/ssr/noderef.rs:17:33
[INFO] [stdout]    |
[INFO] [stdout] 17 |         let noderef = NodeRef::<SsrNode>::new();
[INFO] [stdout]    |                                 ^^^^^^^ not found in this scope
[INFO] [stdout]    |
[INFO] [stdout] help: you might be missing a type parameter
[INFO] [stdout]    |
[INFO] [stdout] 15 | fn set_noderef<SsrNode>() {
[INFO] [stdout]    |               +++++++++
[INFO] [stdout] 
[INFO] [stdout] 
[INFO] [stdout] error[E0412]: cannot find type `SsrNode` in this scope
[INFO] [stdout]   --> tests/ssr/noderef.rs:21:38
[INFO] [stdout]    |
[INFO] [stdout] 21 |         assert_eq!(noderef.try_get::<SsrNode>(), Some(node));
[INFO] [stdout]    |                                      ^^^^^^^ not found in this scope
[INFO] [stdout]    |
[INFO] [stdout] help: you might be missing a type parameter
[INFO] [stdout]    |
[INFO] [stdout] 15 | fn set_noderef<SsrNode>() {
[INFO] [stdout]    |               +++++++++
[INFO] [stdout] 
[INFO] [stdout] 
[INFO] [stdout] error[E0412]: cannot find type `SsrNode` in this scope
[INFO] [stdout]   --> tests/ssr/noderef.rs:28:33
[INFO] [stdout]    |
[INFO] [stdout] 28 |         let noderef = NodeRef::<SsrNode>::new();
[INFO] [stdout]    |                                 ^^^^^^^ not found in this scope
[INFO] [stdout]    |
[INFO] [stdout] help: you might be missing a type parameter
[INFO] [stdout]    |
[INFO] [stdout] 26 | fn cast_noderef<SsrNode>() {
[INFO] [stdout]    |                +++++++++
[INFO] [stdout] 
[INFO] [stdout] 
[INFO] [stdout] error[E0412]: cannot find type `SsrNode` in this scope
[INFO] [stdout]   --> tests/ssr/noderef.rs:31:38
[INFO] [stdout]    |
[INFO] [stdout] 31 |         assert_eq!(noderef.try_get::<SsrNode>(), Some(node));
[INFO] [stdout]    |                                      ^^^^^^^ not found in this scope
[INFO] [stdout]    |
[INFO] [stdout] help: you might be missing a type parameter
[INFO] [stdout]    |
[INFO] [stdout] 26 | fn cast_noderef<SsrNode>() {
[INFO] [stdout]    |                +++++++++
[INFO] [stdout] 
[INFO] [stdout] 
[INFO] [stdout] error[E0412]: cannot find type `SsrNode` in this scope
[INFO] [stdout]   --> tests/ssr/noderef.rs:40:21
[INFO] [stdout]    |
[INFO] [stdout] 40 |         let _: View<SsrNode> = view! { div(ref=noderef) };
[INFO] [stdout]    |                     ^^^^^^^ not found in this scope
[INFO] [stdout]    |
[INFO] [stdout] help: you might be missing a type parameter
[INFO] [stdout]    |
[INFO] [stdout] 37 | fn noderef_with_ssrnode<SsrNode>() {
[INFO] [stdout]    |                        +++++++++
[INFO] [stdout] 
[INFO] [stdout] 
[INFO] [stdout] error[E0412]: cannot find type `SsrNode` in this scope
[INFO] [stdout]   --> tests/ssr/noderef.rs:41:35
[INFO] [stdout]    |
[INFO] [stdout] 41 |         assert!(noderef.try_get::<SsrNode>().is_some());
[INFO] [stdout]    |                                   ^^^^^^^ not found in this scope
[INFO] [stdout]    |
[INFO] [stdout] help: you might be missing a type parameter
[INFO] [stdout]    |
[INFO] [stdout] 37 | fn noderef_with_ssrnode<SsrNode>() {
[INFO] [stdout]    |                        +++++++++
[INFO] [stdout] 
[INFO] [stdout] 
[INFO] [stdout] error[E0425]: cannot find function `render_to_string` in crate `sycamore`
[INFO] [stdout]   --> tests/ssr/main.rs:11:30
[INFO] [stdout]    |
[INFO] [stdout] 11 |         assert_eq!(sycamore::render_to_string(|| node), "<p>Hello World!</p>");
[INFO] [stdout]    |                              ^^^^^^^^^^^^^^^^ not found in `sycamore`
[INFO] [stdout]    |
[INFO] [stdout] note: found an item that was configured out
[INFO] [stdout]   --> /opt/rustwide/workdir/src/lib.rs:66:14
[INFO] [stdout]    |
[INFO] [stdout] 66 | pub use web::render_to_string;
[INFO] [stdout]    |              ^^^^^^^^^^^^^^^^
[INFO] [stdout]    = note: the item is gated behind the `ssr` feature
[INFO] [stdout] 
[INFO] [stdout] 
[INFO] [stdout] error[E0425]: cannot find function `render_to_string` in crate `sycamore`
[INFO] [stdout]   --> tests/ssr/main.rs:22:30
[INFO] [stdout]    |
[INFO] [stdout] 22 |         assert_eq!(sycamore::render_to_string(|| node.clone()), "<p>0</p>");
[INFO] [stdout]    |                              ^^^^^^^^^^^^^^^^ not found in `sycamore`
[INFO] [stdout]    |
[INFO] [stdout] note: found an item that was configured out
[INFO] [stdout]   --> /opt/rustwide/workdir/src/lib.rs:66:14
[INFO] [stdout]    |
[INFO] [stdout] 66 | pub use web::render_to_string;
[INFO] [stdout]    |              ^^^^^^^^^^^^^^^^
[INFO] [stdout]    = note: the item is gated behind the `ssr` feature
[INFO] [stdout] 
[INFO] [stdout] 
[INFO] [stdout] error[E0425]: cannot find function `render_to_string` in crate `sycamore`
[INFO] [stdout]   --> tests/ssr/main.rs:24:30
[INFO] [stdout]    |
[INFO] [stdout] 24 |         assert_eq!(sycamore::render_to_string(|| node.clone()), "<p>1</p>");
[INFO] [stdout]    |                              ^^^^^^^^^^^^^^^^ not found in `sycamore`
[INFO] [stdout]    |
[INFO] [stdout] note: found an item that was configured out
[INFO] [stdout]   --> /opt/rustwide/workdir/src/lib.rs:66:14
[INFO] [stdout]    |
[INFO] [stdout] 66 | pub use web::render_to_string;
[INFO] [stdout]    |              ^^^^^^^^^^^^^^^^
[INFO] [stdout]    = note: the item is gated behind the `ssr` feature
[INFO] [stdout] 
[INFO] [stdout] 
[INFO] [stdout] error[E0425]: cannot find function `render_to_string` in crate `sycamore`
[INFO] [stdout]   --> tests/ssr/main.rs:36:23
[INFO] [stdout]    |
[INFO] [stdout] 36 |             sycamore::render_to_string(|| node.clone()),
[INFO] [stdout]    |                       ^^^^^^^^^^^^^^^^ not found in `sycamore`
[INFO] [stdout]    |
[INFO] [stdout] note: found an item that was configured out
[INFO] [stdout]   --> /opt/rustwide/workdir/src/lib.rs:66:14
[INFO] [stdout]    |
[INFO] [stdout] 66 | pub use web::render_to_string;
[INFO] [stdout]    |              ^^^^^^^^^^^^^^^^
[INFO] [stdout]    = note: the item is gated behind the `ssr` feature
[INFO] [stdout] 
[INFO] [stdout] 
[INFO] [stdout] error[E0425]: cannot find function `render_to_string` in crate `sycamore`
[INFO] [stdout]   --> tests/ssr/main.rs:41:23
[INFO] [stdout]    |
[INFO] [stdout] 41 |             sycamore::render_to_string(|| node.clone()),
[INFO] [stdout]    |                       ^^^^^^^^^^^^^^^^ not found in `sycamore`
[INFO] [stdout]    |
[INFO] [stdout] note: found an item that was configured out
[INFO] [stdout]   --> /opt/rustwide/workdir/src/lib.rs:66:14
[INFO] [stdout]    |
[INFO] [stdout] 66 | pub use web::render_to_string;
[INFO] [stdout]    |              ^^^^^^^^^^^^^^^^
[INFO] [stdout]    = note: the item is gated behind the `ssr` feature
[INFO] [stdout] 
[INFO] [stdout] 
[INFO] [stdout] error[E0425]: cannot find function `render_to_string` in crate `sycamore`
[INFO] [stdout]   --> tests/ssr/main.rs:57:23
[INFO] [stdout]    |
[INFO] [stdout] 57 |             sycamore::render_to_string(|| node),
[INFO] [stdout]    |                       ^^^^^^^^^^^^^^^^ not found in `sycamore`
[INFO] [stdout]    |
[INFO] [stdout] note: found an item that was configured out
[INFO] [stdout]   --> /opt/rustwide/workdir/src/lib.rs:66:14
[INFO] [stdout]    |
[INFO] [stdout] 66 | pub use web::render_to_string;
[INFO] [stdout]    |              ^^^^^^^^^^^^^^^^
[INFO] [stdout]    = note: the item is gated behind the `ssr` feature
[INFO] [stdout] 
[INFO] [stdout] 
[INFO] [stdout] error[E0425]: cannot find function `render_to_string` in crate `sycamore`
[INFO] [stdout]   --> tests/ssr/main.rs:72:23
[INFO] [stdout]    |
[INFO] [stdout] 72 |             sycamore::render_to_string(|| node),
[INFO] [stdout]    |                       ^^^^^^^^^^^^^^^^ not found in `sycamore`
[INFO] [stdout]    |
[INFO] [stdout] note: found an item that was configured out
[INFO] [stdout]   --> /opt/rustwide/workdir/src/lib.rs:66:14
[INFO] [stdout]    |
[INFO] [stdout] 66 | pub use web::render_to_string;
[INFO] [stdout]    |              ^^^^^^^^^^^^^^^^
[INFO] [stdout]    = note: the item is gated behind the `ssr` feature
[INFO] [stdout] 
[INFO] [stdout] 
[INFO] [stdout] error[E0425]: cannot find function `render_to_string` in crate `sycamore`
[INFO] [stdout]   --> tests/ssr/main.rs:93:32
[INFO] [stdout]    |
[INFO] [stdout] 93 |         let actual = sycamore::render_to_string(|| node.clone());
[INFO] [stdout]    |                                ^^^^^^^^^^^^^^^^ not found in `sycamore`
[INFO] [stdout]    |
[INFO] [stdout] note: found an item that was configured out
[INFO] [stdout]   --> /opt/rustwide/workdir/src/lib.rs:66:14
[INFO] [stdout]    |
[INFO] [stdout] 66 | pub use web::render_to_string;
[INFO] [stdout]    |              ^^^^^^^^^^^^^^^^
[INFO] [stdout]    = note: the item is gated behind the `ssr` feature
[INFO] [stdout] 
[INFO] [stdout] 
[INFO] [stdout] error[E0425]: cannot find function `render_to_string` in crate `sycamore`
[INFO] [stdout]   --> tests/ssr/main.rs:97:32
[INFO] [stdout]    |
[INFO] [stdout] 97 |         let actual = sycamore::render_to_string(|| node.clone());
[INFO] [stdout]    |                                ^^^^^^^^^^^^^^^^ not found in `sycamore`
[INFO] [stdout]    |
[INFO] [stdout] note: found an item that was configured out
[INFO] [stdout]   --> /opt/rustwide/workdir/src/lib.rs:66:14
[INFO] [stdout]    |
[INFO] [stdout] 66 | pub use web::render_to_string;
[INFO] [stdout]    |              ^^^^^^^^^^^^^^^^
[INFO] [stdout]    = note: the item is gated behind the `ssr` feature
[INFO] [stdout] 
[INFO] [stdout] 
[INFO] [stdout] error[E0425]: cannot find function `render_to_string` in crate `sycamore`
[INFO] [stdout]    --> tests/ssr/main.rs:101:32
[INFO] [stdout]     |
[INFO] [stdout] 101 |         let actual = sycamore::render_to_string(|| node.clone());
[INFO] [stdout]     |                                ^^^^^^^^^^^^^^^^ not found in `sycamore`
[INFO] [stdout]     |
[INFO] [stdout] note: found an item that was configured out
[INFO] [stdout]    --> /opt/rustwide/workdir/src/lib.rs:66:14
[INFO] [stdout]     |
[INFO] [stdout] 66  | pub use web::render_to_string;
[INFO] [stdout]     |              ^^^^^^^^^^^^^^^^
[INFO] [stdout]     = note: the item is gated behind the `ssr` feature
[INFO] [stdout] 
[INFO] [stdout] 
[INFO] [stdout] error[E0425]: cannot find function `render_to_string` in crate `sycamore`
[INFO] [stdout]    --> tests/ssr/main.rs:113:32
[INFO] [stdout]     |
[INFO] [stdout] 113 |         let actual = sycamore::render_to_string(|| node);
[INFO] [stdout]     |                                ^^^^^^^^^^^^^^^^ not found in `sycamore`
[INFO] [stdout]     |
[INFO] [stdout] note: found an item that was configured out
[INFO] [stdout]    --> /opt/rustwide/workdir/src/lib.rs:66:14
[INFO] [stdout]     |
[INFO] [stdout] 66  | pub use web::render_to_string;
[INFO] [stdout]     |              ^^^^^^^^^^^^^^^^
[INFO] [stdout]     = note: the item is gated behind the `ssr` feature
[INFO] [stdout] 
[INFO] [stdout] 
[INFO] [stdout] error[E0425]: cannot find function `render_to_string` in crate `sycamore`
[INFO] [stdout]    --> tests/ssr/main.rs:121:23
[INFO] [stdout]     |
[INFO] [stdout] 121 |     let _ = sycamore::render_to_string(|| {
[INFO] [stdout]     |                       ^^^^^^^^^^^^^^^^ not found in `sycamore`
[INFO] [stdout]     |
[INFO] [stdout] note: found an item that was configured out
[INFO] [stdout]    --> /opt/rustwide/workdir/src/lib.rs:66:14
[INFO] [stdout]     |
[INFO] [stdout] 66  | pub use web::render_to_string;
[INFO] [stdout]     |              ^^^^^^^^^^^^^^^^
[INFO] [stdout]     = note: the item is gated behind the `ssr` feature
[INFO] [stdout] 
[INFO] [stdout] 
[INFO] [stdout] error[E0425]: cannot find function `render_to_string` in crate `sycamore`
[INFO] [stdout]    --> tests/ssr/main.rs:139:25
[INFO] [stdout]     |
[INFO] [stdout] 139 |     let out = sycamore::render_to_string(|| {
[INFO] [stdout]     |                         ^^^^^^^^^^^^^^^^ not found in `sycamore`
[INFO] [stdout]     |
[INFO] [stdout] note: found an item that was configured out
[INFO] [stdout]    --> /opt/rustwide/workdir/src/lib.rs:66:14
[INFO] [stdout]     |
[INFO] [stdout] 66  | pub use web::render_to_string;
[INFO] [stdout]     |              ^^^^^^^^^^^^^^^^
[INFO] [stdout]     = note: the item is gated behind the `ssr` feature
[INFO] [stdout] 
[INFO] [stdout] 
[INFO] [stdout] error[E0425]: cannot find value `NoHydrate` in module `sycamore::web`
[INFO] [stdout]    --> tests/ssr/main.rs:143:32
[INFO] [stdout]     |
[INFO] [stdout] 143 |                 sycamore::web::NoHydrate {
[INFO] [stdout]     |                                ^^^^^^^^^ not found in `sycamore::web`
[INFO] [stdout]     |
[INFO] [stdout] note: found an item that was configured out
[INFO] [stdout]    --> /opt/rustwide/workdir/src/web/mod.rs:116:8
[INFO] [stdout]     |
[INFO] [stdout] 116 | pub fn NoHydrate<G: Html>(props: NoHydrateProps<G>) -> View<G> {
[INFO] [stdout]     |        ^^^^^^^^^
[INFO] [stdout]     = note: the item is gated behind the `hydrate` feature
[INFO] [stdout] 
[INFO] [stdout] 
[INFO] [stdout] error[E0425]: cannot find function `render_to_string` in crate `sycamore`
[INFO] [stdout]    --> tests/ssr/main.rs:157:25
[INFO] [stdout]     |
[INFO] [stdout] 157 |     let out = sycamore::render_to_string(|| {
[INFO] [stdout]     |                         ^^^^^^^^^^^^^^^^ not found in `sycamore`
[INFO] [stdout]     |
[INFO] [stdout] note: found an item that was configured out
[INFO] [stdout]    --> /opt/rustwide/workdir/src/lib.rs:66:14
[INFO] [stdout]     |
[INFO] [stdout] 66  | pub use web::render_to_string;
[INFO] [stdout]     |              ^^^^^^^^^^^^^^^^
[INFO] [stdout]     = note: the item is gated behind the `ssr` feature
[INFO] [stdout] 
[INFO] [stdout] 
[INFO] [stdout] error[E0425]: cannot find value `NoSsr` in module `sycamore::web`
[INFO] [stdout]    --> tests/ssr/main.rs:161:32
[INFO] [stdout]     |
[INFO] [stdout] 161 |                 sycamore::web::NoSsr {
[INFO] [stdout]     |                                ^^^^^ not found in `sycamore::web`
[INFO] [stdout]     |
[INFO] [stdout] note: found an item that was configured out
[INFO] [stdout]    --> /opt/rustwide/workdir/src/web/mod.rs:150:8
[INFO] [stdout]     |
[INFO] [stdout] 150 | pub fn NoSsr<G: Html>(props: NoSsrProps<G>) -> View<G> {
[INFO] [stdout]     |        ^^^^^
[INFO] [stdout]     = note: the item is gated behind the `hydrate` feature
[INFO] [stdout] 
[INFO] [stdout] 
[INFO] [stdout] error[E0425]: cannot find function `render_to_string` in crate `sycamore`
[INFO] [stdout]    --> tests/ssr/main.rs:178:29
[INFO] [stdout]     |
[INFO] [stdout] 178 |         let out = sycamore::render_to_string(|| {
[INFO] [stdout]     |                             ^^^^^^^^^^^^^^^^ not found in `sycamore`
[INFO] [stdout]     |
[INFO] [stdout] note: found an item that was configured out
[INFO] [stdout]    --> /opt/rustwide/workdir/src/lib.rs:66:14
[INFO] [stdout]     |
[INFO] [stdout] 66  | pub use web::render_to_string;
[INFO] [stdout]     |              ^^^^^^^^^^^^^^^^
[INFO] [stdout]     = note: the item is gated behind the `ssr` feature
[INFO] [stdout] 
[INFO] [stdout] 
[INFO] [stdout] error[E0425]: cannot find function `render_to_string` in crate `sycamore`
[INFO] [stdout]    --> tests/ssr/main.rs:193:29
[INFO] [stdout]     |
[INFO] [stdout] 193 |         let out = sycamore::render_to_string(|| {
[INFO] [stdout]     |                             ^^^^^^^^^^^^^^^^ not found in `sycamore`
[INFO] [stdout]     |
[INFO] [stdout] note: found an item that was configured out
[INFO] [stdout]    --> /opt/rustwide/workdir/src/lib.rs:66:14
[INFO] [stdout]     |
[INFO] [stdout] 66  | pub use web::render_to_string;
[INFO] [stdout]     |              ^^^^^^^^^^^^^^^^
[INFO] [stdout]     = note: the item is gated behind the `ssr` feature
[INFO] [stdout] 
[INFO] [stdout] 
[INFO] [stdout] warning: unused import: `sycamore::generic_node::GenericNodeElements`
[INFO] [stdout]  --> tests/ssr/noderef.rs:1:5
[INFO] [stdout]   |
[INFO] [stdout] 1 | use sycamore::generic_node::GenericNodeElements;
[INFO] [stdout]   |     ^^^^^^^^^^^^^^^^^^^^^^^^^^^^^^^^^^^^^^^^^^^
[INFO] [stdout]   |
[INFO] [stdout]   = note: `#[warn(unused_imports)]` on by default
[INFO] [stdout] 
[INFO] [stdout] 
[INFO] [stdout] error[E0433]: failed to resolve: use of undeclared type `SsrNode`
[INFO] [stdout]   --> tests/ssr/noderef.rs:18:20
[INFO] [stdout]    |
[INFO] [stdout] 18 |         let node = SsrNode::element::<html::div>();
[INFO] [stdout]    |                    ^^^^^^^ use of undeclared type `SsrNode`
[INFO] [stdout] 
[INFO] [stdout] 
[INFO] [stdout] error[E0433]: failed to resolve: use of undeclared type `SsrNode`
[INFO] [stdout]   --> tests/ssr/noderef.rs:29:20
[INFO] [stdout]    |
[INFO] [stdout] 29 |         let node = SsrNode::element::<html::div>();
[INFO] [stdout]    |                    ^^^^^^^ use of undeclared type `SsrNode`
[INFO] [stdout] 
[INFO] [stdout] 
[INFO] [stdout] error: aborting due to 28 previous errors; 1 warning emitted
[INFO] [stdout] 
[INFO] [stdout] 
[INFO] [stdout] Some errors have detailed explanations: E0412, E0425, E0433.
[INFO] [stdout] 
[INFO] [stdout] For more information about an error, try `rustc --explain E0412`.
[INFO] [stdout] 
[INFO] [stderr] error: could not compile `sycamore` (test "ssr") due to 29 previous errors; 1 warning emitted
[INFO] [stderr] warning: build failed, waiting for other jobs to finish...
[INFO] running `Command { std: "docker" "inspect" "0c28c4d21eecdff990918ba656efe86a47d8fa2c004c7e6bdd4a27b0477cee34", kill_on_drop: false }`
[INFO] running `Command { std: "docker" "rm" "-f" "0c28c4d21eecdff990918ba656efe86a47d8fa2c004c7e6bdd4a27b0477cee34", kill_on_drop: false }`
[INFO] [stdout] 0c28c4d21eecdff990918ba656efe86a47d8fa2c004c7e6bdd4a27b0477cee34
