[INFO] fetching crate sycamore-dnd 0.1.1...
[INFO] testing sycamore-dnd-0.1.1 against 1.75.0 for beta-1.76-1
[INFO] extracting crate sycamore-dnd 0.1.1 into /workspace/builds/worker-4-tc1/source
[INFO] validating manifest of crates.io crate sycamore-dnd 0.1.1 on toolchain 1.75.0
[INFO] running `Command { std: CARGO_HOME="/workspace/cargo-home" RUSTUP_HOME="/workspace/rustup-home" "/workspace/cargo-home/bin/cargo" "+1.75.0" "metadata" "--manifest-path" "Cargo.toml" "--no-deps", kill_on_drop: false }`
[INFO] started tweaking crates.io crate sycamore-dnd 0.1.1
[INFO] finished tweaking crates.io crate sycamore-dnd 0.1.1
[INFO] tweaked toml for crates.io crate sycamore-dnd 0.1.1 written to /workspace/builds/worker-4-tc1/source/Cargo.toml
[INFO] running `Command { std: CARGO_HOME="/workspace/cargo-home" RUSTUP_HOME="/workspace/rustup-home" "/workspace/cargo-home/bin/cargo" "+1.75.0" "generate-lockfile" "--manifest-path" "Cargo.toml", kill_on_drop: false }`
[INFO] [stderr]     Updating crates.io index
[INFO] running `Command { std: CARGO_HOME="/workspace/cargo-home" RUSTUP_HOME="/workspace/rustup-home" "/workspace/cargo-home/bin/cargo" "+1.75.0" "fetch" "--manifest-path" "Cargo.toml", kill_on_drop: false }`
[INFO] [stderr]  Downloading crates ...
[INFO] [stderr]   Downloaded sycamore-futures v0.9.0-beta.2
[INFO] [stderr]   Downloaded sycamore-core v0.9.0-beta.2
[INFO] [stderr]   Downloaded sycamore-reactive v0.9.0-beta.2
[INFO] [stderr]   Downloaded sycamore-web v0.9.0-beta.2
[INFO] [stderr]   Downloaded sycamore v0.9.0-beta.2
[INFO] [stderr]   Downloaded sycamore-macro v0.9.0-beta.2
[INFO] running `Command { std: "docker" "create" "-v" "/var/lib/crater-agent-workspace/builds/worker-4-tc1/target:/opt/rustwide/target:rw,Z" "-v" "/var/lib/crater-agent-workspace/builds/worker-4-tc1/source:/opt/rustwide/workdir:ro,Z" "-v" "/var/lib/crater-agent-workspace/cargo-home:/opt/rustwide/cargo-home:ro,Z" "-v" "/var/lib/crater-agent-workspace/rustup-home:/opt/rustwide/rustup-home:ro,Z" "-e" "SOURCE_DIR=/opt/rustwide/workdir" "-e" "CARGO_TARGET_DIR=/opt/rustwide/target" "-e" "CARGO_HOME=/opt/rustwide/cargo-home" "-e" "RUSTUP_HOME=/opt/rustwide/rustup-home" "-w" "/opt/rustwide/workdir" "-m" "1610612736" "--user" "0:0" "--network" "none" "ghcr.io/rust-lang/crates-build-env/linux@sha256:2788e3201cd34a07e3172128adcd8b3090168a8e3bcc40d7c032b9dda1df7d1c" "/opt/rustwide/cargo-home/bin/cargo" "+1.75.0" "metadata" "--no-deps" "--format-version=1", kill_on_drop: false }`
[INFO] [stdout] cb3bbb1bff93e8fc5fde41c01a3c5e64cadf733642299d63eb7b627877d6ce18
[INFO] running `Command { std: "docker" "start" "-a" "cb3bbb1bff93e8fc5fde41c01a3c5e64cadf733642299d63eb7b627877d6ce18", kill_on_drop: false }`
[INFO] running `Command { std: "docker" "inspect" "cb3bbb1bff93e8fc5fde41c01a3c5e64cadf733642299d63eb7b627877d6ce18", kill_on_drop: false }`
[INFO] running `Command { std: "docker" "rm" "-f" "cb3bbb1bff93e8fc5fde41c01a3c5e64cadf733642299d63eb7b627877d6ce18", kill_on_drop: false }`
[INFO] [stdout] cb3bbb1bff93e8fc5fde41c01a3c5e64cadf733642299d63eb7b627877d6ce18
[INFO] running `Command { std: "docker" "create" "-v" "/var/lib/crater-agent-workspace/builds/worker-4-tc1/target:/opt/rustwide/target:rw,Z" "-v" "/var/lib/crater-agent-workspace/builds/worker-4-tc1/source:/opt/rustwide/workdir:ro,Z" "-v" "/var/lib/crater-agent-workspace/cargo-home:/opt/rustwide/cargo-home:ro,Z" "-v" "/var/lib/crater-agent-workspace/rustup-home:/opt/rustwide/rustup-home:ro,Z" "-e" "SOURCE_DIR=/opt/rustwide/workdir" "-e" "CARGO_TARGET_DIR=/opt/rustwide/target" "-e" "CARGO_INCREMENTAL=0" "-e" "RUST_BACKTRACE=full" "-e" "RUSTFLAGS=--cap-lints=warn" "-e" "RUSTDOCFLAGS=--cap-lints=warn" "-e" "CARGO_HOME=/opt/rustwide/cargo-home" "-e" "RUSTUP_HOME=/opt/rustwide/rustup-home" "-w" "/opt/rustwide/workdir" "-m" "1610612736" "--user" "0:0" "--network" "none" "ghcr.io/rust-lang/crates-build-env/linux@sha256:2788e3201cd34a07e3172128adcd8b3090168a8e3bcc40d7c032b9dda1df7d1c" "/opt/rustwide/cargo-home/bin/cargo" "+1.75.0" "build" "--frozen" "--message-format=json", kill_on_drop: false }`
[INFO] [stdout] c9ff547563edd1ce34e1239446ab490219828db9ac6a8e6e184524860cf795f0
[INFO] running `Command { std: "docker" "start" "-a" "c9ff547563edd1ce34e1239446ab490219828db9ac6a8e6e184524860cf795f0", kill_on_drop: false }`
[INFO] [stderr]    Compiling syn v1.0.109
[INFO] [stderr]    Compiling wasm-bindgen-shared v0.2.84
[INFO] [stderr]    Compiling log v0.4.20
[INFO] [stderr]    Compiling futures-core v0.3.30
[INFO] [stderr]    Compiling wasm-bindgen v0.2.84
[INFO] [stderr]    Compiling slotmap v1.0.7
[INFO] [stderr]    Compiling futures-io v0.3.30
[INFO] [stderr]    Compiling allocator-api2 v0.2.16
[INFO] [stderr]    Compiling smallvec v1.11.2
[INFO] [stderr]    Compiling tokio v1.35.1
[INFO] [stderr]    Compiling syn v2.0.48
[INFO] [stderr]    Compiling getrandom v0.2.11
[INFO] [stderr]    Compiling ppv-lite86 v0.2.17
[INFO] [stderr]    Compiling utf8-width v0.1.7
[INFO] [stderr]    Compiling equivalent v1.0.1
[INFO] [stderr]    Compiling serde_json v1.0.111
[INFO] [stderr]    Compiling futures-channel v0.3.30
[INFO] [stderr]    Compiling html-escape v0.2.13
[INFO] [stderr]    Compiling rand_core v0.6.4
[INFO] [stderr]    Compiling hashbrown v0.14.3
[INFO] [stderr]    Compiling rand_chacha v0.3.1
[INFO] [stderr]    Compiling rand v0.8.5
[INFO] [stderr]    Compiling indexmap v2.1.0
[INFO] [stderr]    Compiling wasm-bindgen-backend v0.2.84
[INFO] [stderr]    Compiling wasm-bindgen-macro-support v0.2.84
[INFO] [stderr]    Compiling serde_derive v1.0.194
[INFO] [stderr]    Compiling futures-macro v0.3.30
[INFO] [stderr]    Compiling pin-project-internal v1.1.3
[INFO] [stderr]    Compiling sycamore-macro v0.9.0-beta.2
[INFO] [stderr]    Compiling wasm-bindgen-macro v0.2.84
[INFO] [stderr]    Compiling futures-util v0.3.30
[INFO] [stderr]    Compiling pin-project v1.1.3
[INFO] [stderr]    Compiling js-sys v0.3.61
[INFO] [stderr]    Compiling serde v1.0.194
[INFO] [stderr]    Compiling web-sys v0.3.61
[INFO] [stderr]    Compiling wasm-bindgen-futures v0.4.34
[INFO] [stderr]    Compiling futures-executor v0.3.30
[INFO] [stderr]    Compiling futures v0.3.30
[INFO] [stderr]    Compiling sycamore-reactive v0.9.0-beta.2
[INFO] [stderr]    Compiling sycamore-futures v0.9.0-beta.2
[INFO] [stderr]    Compiling sycamore-core v0.9.0-beta.2
[INFO] [stderr]    Compiling sycamore-web v0.9.0-beta.2
[INFO] [stderr]    Compiling sycamore v0.9.0-beta.2
[INFO] [stderr]    Compiling sycamore-dnd v0.1.1 (/opt/rustwide/workdir)
[INFO] [stdout] error[E0412]: cannot find type `Scope` in this scope
[INFO] [stdout]  --> src/drag.rs:8:12
[INFO] [stdout]   |
[INFO] [stdout] 8 |     scope: Scope<'cx>,
[INFO] [stdout]   |            ^^^^^ not found in this scope
[INFO] [stdout]   |
[INFO] [stdout] help: consider importing this struct
[INFO] [stdout]   |
[INFO] [stdout] 1 + use std::thread::Scope;
[INFO] [stdout]   |
[INFO] [stdout] 
[INFO] [stdout] 
[INFO] [stdout] error[E0412]: cannot find type `Scope` in this scope
[INFO] [stdout]   --> src/drag.rs:19:19
[INFO] [stdout]    |
[INFO] [stdout] 19 |     fn new(scope: Scope<'cx>) -> Self {
[INFO] [stdout]    |                   ^^^^^ not found in this scope
[INFO] [stdout]    |
[INFO] [stdout] help: consider importing this struct
[INFO] [stdout]    |
[INFO] [stdout] 1  + use std::thread::Scope;
[INFO] [stdout]    |
[INFO] [stdout] 
[INFO] [stdout] 
[INFO] [stdout] error[E0412]: cannot find type `Scope` in this scope
[INFO] [stdout]    --> src/drag.rs:118:38
[INFO] [stdout]     |
[INFO] [stdout] 118 | pub fn create_draggable<G: Html>(cx: Scope<'_>) -> DraggableBuilder<'_, G, ()> {
[INFO] [stdout]     |                                      ^^^^^ not found in this scope
[INFO] [stdout]     |
[INFO] [stdout] help: consider importing this struct
[INFO] [stdout]     |
[INFO] [stdout] 1   + use std::thread::Scope;
[INFO] [stdout]     |
[INFO] [stdout] 
[INFO] [stdout] 
[INFO] [stdout] error[E0412]: cannot find type `Scope` in this scope
[INFO] [stdout]    --> src/drag.rs:123:9
[INFO] [stdout]     |
[INFO] [stdout] 123 |     cx: Scope<'cx>,
[INFO] [stdout]     |         ^^^^^ not found in this scope
[INFO] [stdout]     |
[INFO] [stdout] help: consider importing this struct
[INFO] [stdout]     |
[INFO] [stdout] 1   + use std::thread::Scope;
[INFO] [stdout]     |
[INFO] [stdout] 
[INFO] [stdout] 
[INFO] [stdout] error[E0412]: cannot find type `Scope` in this scope
[INFO] [stdout]  --> src/drop.rs:7:12
[INFO] [stdout]   |
[INFO] [stdout] 7 |     scope: Scope<'cx>,
[INFO] [stdout]   |            ^^^^^ not found in this scope
[INFO] [stdout]   |
[INFO] [stdout] help: consider importing this struct
[INFO] [stdout]   |
[INFO] [stdout] 1 + use std::thread::Scope;
[INFO] [stdout]   |
[INFO] [stdout] 
[INFO] [stdout] 
[INFO] [stdout] error[E0412]: cannot find type `Scope` in this scope
[INFO] [stdout]   --> src/drop.rs:16:19
[INFO] [stdout]    |
[INFO] [stdout] 16 |     fn new(scope: Scope<'cx>) -> Self {
[INFO] [stdout]    |                   ^^^^^ not found in this scope
[INFO] [stdout]    |
[INFO] [stdout] help: consider importing this struct
[INFO] [stdout]    |
[INFO] [stdout] 1  + use std::thread::Scope;
[INFO] [stdout]    |
[INFO] [stdout] 
[INFO] [stdout] 
[INFO] [stdout] error[E0412]: cannot find type `Scope` in this scope
[INFO] [stdout]   --> src/drop.rs:86:55
[INFO] [stdout]    |
[INFO] [stdout] 86 | pub fn create_droppable<G: Html, T: FromTransfer>(cx: Scope<'_>) -> DroppableBuilder<'_, G, T> {
[INFO] [stdout]    |                                                       ^^^^^ not found in this scope
[INFO] [stdout]    |
[INFO] [stdout] help: consider importing this struct
[INFO] [stdout]    |
[INFO] [stdout] 1  + use std::thread::Scope;
[INFO] [stdout]    |
[INFO] [stdout] 
[INFO] [stdout] 
[INFO] [stdout] error[E0412]: cannot find type `Scope` in this scope
[INFO] [stdout]   --> src/drop.rs:91:9
[INFO] [stdout]    |
[INFO] [stdout] 91 |     cx: Scope<'cx>,
[INFO] [stdout]    |         ^^^^^ not found in this scope
[INFO] [stdout]    |
[INFO] [stdout] help: consider importing this struct
[INFO] [stdout]    |
[INFO] [stdout] 1  + use std::thread::Scope;
[INFO] [stdout]    |
[INFO] [stdout] 
[INFO] [stdout] 
[INFO] [stdout] error[E0581]: return type references an anonymous lifetime, which is not constrained by the fn input types
[INFO] [stdout]    --> src/drag.rs:118:52
[INFO] [stdout]     |
[INFO] [stdout] 118 | pub fn create_draggable<G: Html>(cx: Scope<'_>) -> DraggableBuilder<'_, G, ()> {
[INFO] [stdout]     |                                                    ^^^^^^^^^^^^^^^^^^^^^^^^^^^
[INFO] [stdout]     |
[INFO] [stdout]     = note: lifetimes appearing in an associated or opaque type are not considered constrained
[INFO] [stdout]     = note: consider introducing a named lifetime parameter
[INFO] [stdout] 
[INFO] [stdout] 
[INFO] [stdout] error[E0581]: return type references an anonymous lifetime, which is not constrained by the fn input types
[INFO] [stdout]   --> src/drop.rs:86:69
[INFO] [stdout]    |
[INFO] [stdout] 86 | pub fn create_droppable<G: Html, T: FromTransfer>(cx: Scope<'_>) -> DroppableBuilder<'_, G, T> {
[INFO] [stdout]    |                                                                     ^^^^^^^^^^^^^^^^^^^^^^^^^^
[INFO] [stdout]    |
[INFO] [stdout]    = note: lifetimes appearing in an associated or opaque type are not considered constrained
[INFO] [stdout]    = note: consider introducing a named lifetime parameter
[INFO] [stdout] 
[INFO] [stdout] 
[INFO] [stdout] error[E0425]: cannot find function `create_ref_unsafe` in this scope
[INFO] [stdout]    --> src/drag.rs:129:28
[INFO] [stdout]     |
[INFO] [stdout] 129 |     let options = unsafe { create_ref_unsafe(cx, options) };
[INFO] [stdout]     |                            ^^^^^^^^^^^^^^^^^ not found in this scope
[INFO] [stdout] 
[INFO] [stdout] 
[INFO] [stdout] error[E0425]: cannot find function `create_ref_unsafe` in this scope
[INFO] [stdout]   --> src/drop.rs:97:28
[INFO] [stdout]    |
[INFO] [stdout] 97 |     let options = unsafe { create_ref_unsafe(cx, options) };
[INFO] [stdout]    |                            ^^^^^^^^^^^^^^^^^ not found in this scope
[INFO] [stdout] 
[INFO] [stdout] 
[INFO] [stdout] error: aborting due to 12 previous errors
[INFO] [stdout] 
[INFO] [stdout] 
[INFO] [stdout] Some errors have detailed explanations: E0412, E0425, E0581.
[INFO] [stdout] 
[INFO] [stdout] For more information about an error, try `rustc --explain E0412`.
[INFO] [stdout] 
[INFO] [stderr] error: could not compile `sycamore-dnd` (lib) due to 13 previous errors
[INFO] [stderr] warning: build failed, waiting for other jobs to finish...
[INFO] running `Command { std: "docker" "inspect" "c9ff547563edd1ce34e1239446ab490219828db9ac6a8e6e184524860cf795f0", kill_on_drop: false }`
[INFO] running `Command { std: "docker" "rm" "-f" "c9ff547563edd1ce34e1239446ab490219828db9ac6a8e6e184524860cf795f0", kill_on_drop: false }`
[INFO] [stdout] c9ff547563edd1ce34e1239446ab490219828db9ac6a8e6e184524860cf795f0
