[INFO] fetching crate sxd-xpath-visitor 0.4.3...
[INFO] testing sxd-xpath-visitor-0.4.3 against 1.75.0 for beta-1.76-1
[INFO] extracting crate sxd-xpath-visitor 0.4.3 into /workspace/builds/worker-2-tc1/source
[INFO] validating manifest of crates.io crate sxd-xpath-visitor 0.4.3 on toolchain 1.75.0
[INFO] running `Command { std: CARGO_HOME="/workspace/cargo-home" RUSTUP_HOME="/workspace/rustup-home" "/workspace/cargo-home/bin/cargo" "+1.75.0" "metadata" "--manifest-path" "Cargo.toml" "--no-deps", kill_on_drop: false }`
[INFO] started tweaking crates.io crate sxd-xpath-visitor 0.4.3
[INFO] finished tweaking crates.io crate sxd-xpath-visitor 0.4.3
[INFO] tweaked toml for crates.io crate sxd-xpath-visitor 0.4.3 written to /workspace/builds/worker-2-tc1/source/Cargo.toml
[INFO] running `Command { std: CARGO_HOME="/workspace/cargo-home" RUSTUP_HOME="/workspace/rustup-home" "/workspace/cargo-home/bin/cargo" "+1.75.0" "generate-lockfile" "--manifest-path" "Cargo.toml", kill_on_drop: false }`
[INFO] [stderr]     Updating crates.io index
[INFO] running `Command { std: CARGO_HOME="/workspace/cargo-home" RUSTUP_HOME="/workspace/rustup-home" "/workspace/cargo-home/bin/cargo" "+1.75.0" "fetch" "--manifest-path" "Cargo.toml", kill_on_drop: false }`
[INFO] [stderr]  Downloading crates ...
[INFO] [stderr]   Downloaded snafu v0.5.0
[INFO] [stderr]   Downloaded snafu-derive v0.5.0
[INFO] [stderr]   Downloaded peresil v0.3.0
[INFO] [stderr]   Downloaded sxd-document v0.3.2
[INFO] running `Command { std: "docker" "create" "-v" "/var/lib/crater-agent-workspace/builds/worker-2-tc1/target:/opt/rustwide/target:rw,Z" "-v" "/var/lib/crater-agent-workspace/builds/worker-2-tc1/source:/opt/rustwide/workdir:ro,Z" "-v" "/var/lib/crater-agent-workspace/cargo-home:/opt/rustwide/cargo-home:ro,Z" "-v" "/var/lib/crater-agent-workspace/rustup-home:/opt/rustwide/rustup-home:ro,Z" "-e" "SOURCE_DIR=/opt/rustwide/workdir" "-e" "CARGO_TARGET_DIR=/opt/rustwide/target" "-e" "CARGO_HOME=/opt/rustwide/cargo-home" "-e" "RUSTUP_HOME=/opt/rustwide/rustup-home" "-w" "/opt/rustwide/workdir" "-m" "1610612736" "--user" "0:0" "--network" "none" "ghcr.io/rust-lang/crates-build-env/linux@sha256:2788e3201cd34a07e3172128adcd8b3090168a8e3bcc40d7c032b9dda1df7d1c" "/opt/rustwide/cargo-home/bin/cargo" "+1.75.0" "metadata" "--no-deps" "--format-version=1", kill_on_drop: false }`
[INFO] [stdout] 744b510a31d0cc2a82fb4a2d572257676391858a97a43da0e829cd9fb8cfa6c7
[INFO] running `Command { std: "docker" "start" "-a" "744b510a31d0cc2a82fb4a2d572257676391858a97a43da0e829cd9fb8cfa6c7", kill_on_drop: false }`
[INFO] running `Command { std: "docker" "inspect" "744b510a31d0cc2a82fb4a2d572257676391858a97a43da0e829cd9fb8cfa6c7", kill_on_drop: false }`
[INFO] running `Command { std: "docker" "rm" "-f" "744b510a31d0cc2a82fb4a2d572257676391858a97a43da0e829cd9fb8cfa6c7", kill_on_drop: false }`
[INFO] [stdout] 744b510a31d0cc2a82fb4a2d572257676391858a97a43da0e829cd9fb8cfa6c7
[INFO] running `Command { std: "docker" "create" "-v" "/var/lib/crater-agent-workspace/builds/worker-2-tc1/target:/opt/rustwide/target:rw,Z" "-v" "/var/lib/crater-agent-workspace/builds/worker-2-tc1/source:/opt/rustwide/workdir:ro,Z" "-v" "/var/lib/crater-agent-workspace/cargo-home:/opt/rustwide/cargo-home:ro,Z" "-v" "/var/lib/crater-agent-workspace/rustup-home:/opt/rustwide/rustup-home:ro,Z" "-e" "SOURCE_DIR=/opt/rustwide/workdir" "-e" "CARGO_TARGET_DIR=/opt/rustwide/target" "-e" "CARGO_INCREMENTAL=0" "-e" "RUST_BACKTRACE=full" "-e" "RUSTFLAGS=--cap-lints=warn" "-e" "RUSTDOCFLAGS=--cap-lints=warn" "-e" "CARGO_HOME=/opt/rustwide/cargo-home" "-e" "RUSTUP_HOME=/opt/rustwide/rustup-home" "-w" "/opt/rustwide/workdir" "-m" "1610612736" "--user" "0:0" "--network" "none" "ghcr.io/rust-lang/crates-build-env/linux@sha256:2788e3201cd34a07e3172128adcd8b3090168a8e3bcc40d7c032b9dda1df7d1c" "/opt/rustwide/cargo-home/bin/cargo" "+1.75.0" "build" "--frozen" "--message-format=json", kill_on_drop: false }`
[INFO] [stdout] 9747605aba831e9aa82275837db5d7a19a20127f56ee94e28e7f4a777df48be2
[INFO] running `Command { std: "docker" "start" "-a" "9747605aba831e9aa82275837db5d7a19a20127f56ee94e28e7f4a777df48be2", kill_on_drop: false }`
[INFO] [stderr]    Compiling proc-macro2 v0.4.30
[INFO] [stderr]    Compiling unicode-xid v0.1.0
[INFO] [stderr]    Compiling syn v0.15.44
[INFO] [stderr]    Compiling gimli v0.28.1
[INFO] [stderr]    Compiling memchr v2.7.1
[INFO] [stderr]    Compiling adler v1.0.2
[INFO] [stderr]    Compiling rustc-demangle v0.1.23
[INFO] [stderr]    Compiling peresil v0.3.0
[INFO] [stderr]    Compiling typed-arena v1.7.0
[INFO] [stderr]    Compiling downcast-rs v1.2.0
[INFO] [stderr]    Compiling cc v1.0.83
[INFO] [stderr]    Compiling miniz_oxide v0.7.1
[INFO] [stderr]    Compiling sxd-document v0.3.2
[INFO] [stderr]    Compiling object v0.32.2
[INFO] [stderr]    Compiling quote v0.6.13
[INFO] [stderr]    Compiling backtrace v0.3.69
[INFO] [stderr]    Compiling addr2line v0.21.0
[INFO] [stderr]    Compiling snafu-derive v0.5.0
[INFO] [stderr]    Compiling snafu v0.5.0
[INFO] [stderr]    Compiling sxd-xpath-visitor v0.4.3 (/opt/rustwide/workdir)
[INFO] [stdout] warning: unnecessary trailing semicolon
[INFO] [stdout]    --> src/function.rs:356:6
[INFO] [stdout]     |
[INFO] [stdout] 356 |     };
[INFO] [stdout]     |      ^ help: remove this semicolon
[INFO] [stdout]     |
[INFO] [stdout]     = note: `#[warn(redundant_semicolons)]` on by default
[INFO] [stdout] 
[INFO] [stdout] 
[INFO] [stdout] warning: unnecessary trailing semicolon
[INFO] [stdout]    --> src/function.rs:362:6
[INFO] [stdout]     |
[INFO] [stdout] 362 |     };
[INFO] [stdout]     |      ^ help: remove this semicolon
[INFO] [stdout] 
[INFO] [stdout] 
[INFO] [stdout] warning: unnecessary trailing semicolon
[INFO] [stdout]    --> src/nodeset.rs:113:10
[INFO] [stdout]     |
[INFO] [stdout] 113 |         };
[INFO] [stdout]     |          ^ help: remove this semicolon
[INFO] [stdout] 
[INFO] [stdout] 
[INFO] [stdout] warning: unnecessary trailing semicolon
[INFO] [stdout]    --> src/nodeset.rs:237:10
[INFO] [stdout]     |
[INFO] [stdout] 237 |         };
[INFO] [stdout]     |          ^ help: remove this semicolon
[INFO] [stdout] 
[INFO] [stdout] 
[INFO] [stdout] warning: 4 warnings emitted
[INFO] [stdout] 
[INFO] [stdout] 
[INFO] [stderr]     Finished dev [unoptimized + debuginfo] target(s) in 11.48s
[INFO] running `Command { std: "docker" "inspect" "9747605aba831e9aa82275837db5d7a19a20127f56ee94e28e7f4a777df48be2", kill_on_drop: false }`
[INFO] running `Command { std: "docker" "rm" "-f" "9747605aba831e9aa82275837db5d7a19a20127f56ee94e28e7f4a777df48be2", kill_on_drop: false }`
[INFO] [stdout] 9747605aba831e9aa82275837db5d7a19a20127f56ee94e28e7f4a777df48be2
[INFO] running `Command { std: "docker" "create" "-v" "/var/lib/crater-agent-workspace/builds/worker-2-tc1/target:/opt/rustwide/target:rw,Z" "-v" "/var/lib/crater-agent-workspace/builds/worker-2-tc1/source:/opt/rustwide/workdir:ro,Z" "-v" "/var/lib/crater-agent-workspace/cargo-home:/opt/rustwide/cargo-home:ro,Z" "-v" "/var/lib/crater-agent-workspace/rustup-home:/opt/rustwide/rustup-home:ro,Z" "-e" "SOURCE_DIR=/opt/rustwide/workdir" "-e" "CARGO_TARGET_DIR=/opt/rustwide/target" "-e" "CARGO_INCREMENTAL=0" "-e" "RUST_BACKTRACE=full" "-e" "RUSTFLAGS=--cap-lints=warn" "-e" "RUSTDOCFLAGS=--cap-lints=warn" "-e" "CARGO_HOME=/opt/rustwide/cargo-home" "-e" "RUSTUP_HOME=/opt/rustwide/rustup-home" "-w" "/opt/rustwide/workdir" "-m" "1610612736" "--user" "0:0" "--network" "none" "ghcr.io/rust-lang/crates-build-env/linux@sha256:2788e3201cd34a07e3172128adcd8b3090168a8e3bcc40d7c032b9dda1df7d1c" "/opt/rustwide/cargo-home/bin/cargo" "+1.75.0" "test" "--frozen" "--no-run" "--message-format=json", kill_on_drop: false }`
[INFO] [stdout] c8dca8acaf78c2d4b5e28fbea02e52aeaae97e6577556c9a4e0ca2f5ca9f5820
[INFO] running `Command { std: "docker" "start" "-a" "c8dca8acaf78c2d4b5e28fbea02e52aeaae97e6577556c9a4e0ca2f5ca9f5820", kill_on_drop: false }`
[INFO] [stdout] warning: unnecessary trailing semicolon
[INFO] [stdout]    --> src/function.rs:356:6
[INFO] [stdout]     |
[INFO] [stdout] 356 |     };
[INFO] [stdout]     |      ^ help: remove this semicolon
[INFO] [stdout]     |
[INFO] [stdout]     = note: `#[warn(redundant_semicolons)]` on by default
[INFO] [stdout] 
[INFO] [stdout] 
[INFO] [stdout] warning: unnecessary trailing semicolon
[INFO] [stdout]    --> src/function.rs:362:6
[INFO] [stdout]     |
[INFO] [stdout] 362 |     };
[INFO] [stdout]     |      ^ help: remove this semicolon
[INFO] [stdout] 
[INFO] [stdout] 
[INFO] [stdout] warning: unnecessary trailing semicolon
[INFO] [stdout]    --> src/nodeset.rs:113:10
[INFO] [stdout]     |
[INFO] [stdout] 113 |         };
[INFO] [stdout]     |          ^ help: remove this semicolon
[INFO] [stdout] 
[INFO] [stdout] 
[INFO] [stdout] warning: unnecessary trailing semicolon
[INFO] [stdout]    --> src/nodeset.rs:237:10
[INFO] [stdout]     |
[INFO] [stdout] 237 |         };
[INFO] [stdout]     |          ^ help: remove this semicolon
[INFO] [stdout] 
[INFO] [stdout] 
[INFO] [stdout] warning: 4 warnings emitted
[INFO] [stdout] 
[INFO] [stdout] 
[INFO] [stderr]    Compiling sxd-xpath-visitor v0.4.3 (/opt/rustwide/workdir)
[INFO] [stdout] error[E0432]: unresolved import `sxd_xpath`
[INFO] [stdout]  --> tests/integration.rs:3:5
[INFO] [stdout]   |
[INFO] [stdout] 3 | use sxd_xpath::{context, function, nodeset};
[INFO] [stdout]   |     ^^^^^^^^^ use of undeclared crate or module `sxd_xpath`
[INFO] [stdout] 
[INFO] [stdout] 
[INFO] [stdout] error[E0432]: unresolved import `sxd_xpath`
[INFO] [stdout]  --> tests/integration.rs:4:5
[INFO] [stdout]   |
[INFO] [stdout] 4 | use sxd_xpath::{evaluate_xpath, Context, Factory, Value};
[INFO] [stdout]   |     ^^^^^^^^^ use of undeclared crate or module `sxd_xpath`
[INFO] [stdout] 
[INFO] [stdout] 
[INFO] [stdout] error: cannot determine resolution for the macro `nodeset`
[INFO] [stdout]   --> tests/integration.rs:37:38
[INFO] [stdout]    |
[INFO] [stdout] 37 |         assert_eq!(Ok(Value::Nodeset(nodeset![c0, c1])), result);
[INFO] [stdout]    |                                      ^^^^^^^
[INFO] [stdout]    |
[INFO] [stdout]    = note: import resolution is stuck, try simplifying macro imports
[INFO] [stdout] 
[INFO] [stdout] 
[INFO] [stdout] error: cannot determine resolution for the macro `nodeset`
[INFO] [stdout]   --> tests/integration.rs:83:38
[INFO] [stdout]    |
[INFO] [stdout] 83 |         assert_eq!(Ok(Value::Nodeset(nodeset![doc.root()])), result);
[INFO] [stdout]    |                                      ^^^^^^^
[INFO] [stdout]    |
[INFO] [stdout]    = note: import resolution is stuck, try simplifying macro imports
[INFO] [stdout] 
[INFO] [stdout] 
[INFO] [stdout] error: aborting due to 4 previous errors
[INFO] [stdout] 
[INFO] [stdout] 
[INFO] [stdout] For more information about this error, try `rustc --explain E0432`.
[INFO] [stdout] 
[INFO] [stderr] error: could not compile `sxd-xpath-visitor` (test "integration") due to 5 previous errors
[INFO] [stderr] warning: build failed, waiting for other jobs to finish...
[INFO] [stdout] warning: unnecessary trailing semicolon
[INFO] [stdout]    --> src/function.rs:356:6
[INFO] [stdout]     |
[INFO] [stdout] 356 |     };
[INFO] [stdout]     |      ^ help: remove this semicolon
[INFO] [stdout]     |
[INFO] [stdout]     = note: `#[warn(redundant_semicolons)]` on by default
[INFO] [stdout] 
[INFO] [stdout] 
[INFO] [stdout] warning: unnecessary trailing semicolon
[INFO] [stdout]    --> src/function.rs:362:6
[INFO] [stdout]     |
[INFO] [stdout] 362 |     };
[INFO] [stdout]     |      ^ help: remove this semicolon
[INFO] [stdout] 
[INFO] [stdout] 
[INFO] [stdout] warning: unnecessary trailing semicolon
[INFO] [stdout]    --> src/nodeset.rs:113:10
[INFO] [stdout]     |
[INFO] [stdout] 113 |         };
[INFO] [stdout]     |          ^ help: remove this semicolon
[INFO] [stdout] 
[INFO] [stdout] 
[INFO] [stdout] warning: unnecessary trailing semicolon
[INFO] [stdout]    --> src/nodeset.rs:237:10
[INFO] [stdout]     |
[INFO] [stdout] 237 |         };
[INFO] [stdout]     |          ^ help: remove this semicolon
[INFO] [stdout] 
[INFO] [stdout] 
[INFO] [stdout] warning: 4 warnings emitted
[INFO] [stdout] 
[INFO] [stdout] 
[INFO] running `Command { std: "docker" "inspect" "c8dca8acaf78c2d4b5e28fbea02e52aeaae97e6577556c9a4e0ca2f5ca9f5820", kill_on_drop: false }`
[INFO] running `Command { std: "docker" "rm" "-f" "c8dca8acaf78c2d4b5e28fbea02e52aeaae97e6577556c9a4e0ca2f5ca9f5820", kill_on_drop: false }`
[INFO] [stdout] c8dca8acaf78c2d4b5e28fbea02e52aeaae97e6577556c9a4e0ca2f5ca9f5820
[INFO] testing sxd-xpath-visitor-0.4.3 against beta-2023-12-22 for beta-1.76-1
[INFO] extracting crate sxd-xpath-visitor 0.4.3 into /workspace/builds/worker-2-tc2/source
[INFO] validating manifest of crates.io crate sxd-xpath-visitor 0.4.3 on toolchain beta-2023-12-22
[INFO] running `Command { std: CARGO_HOME="/workspace/cargo-home" RUSTUP_HOME="/workspace/rustup-home" "/workspace/cargo-home/bin/cargo" "+beta-2023-12-22" "metadata" "--manifest-path" "Cargo.toml" "--no-deps", kill_on_drop: false }`
[INFO] started tweaking crates.io crate sxd-xpath-visitor 0.4.3
[INFO] finished tweaking crates.io crate sxd-xpath-visitor 0.4.3
[INFO] tweaked toml for crates.io crate sxd-xpath-visitor 0.4.3 written to /workspace/builds/worker-2-tc2/source/Cargo.toml
[INFO] running `Command { std: CARGO_HOME="/workspace/cargo-home" RUSTUP_HOME="/workspace/rustup-home" "/workspace/cargo-home/bin/cargo" "+beta-2023-12-22" "generate-lockfile" "--manifest-path" "Cargo.toml", kill_on_drop: false }`
[INFO] [stderr]     Updating crates.io index
[INFO] running `Command { std: CARGO_HOME="/workspace/cargo-home" RUSTUP_HOME="/workspace/rustup-home" "/workspace/cargo-home/bin/cargo" "+beta-2023-12-22" "fetch" "--manifest-path" "Cargo.toml", kill_on_drop: false }`
[INFO] running `Command { std: "docker" "create" "-v" "/var/lib/crater-agent-workspace/builds/worker-2-tc2/target:/opt/rustwide/target:rw,Z" "-v" "/var/lib/crater-agent-workspace/builds/worker-2-tc2/source:/opt/rustwide/workdir:ro,Z" "-v" "/var/lib/crater-agent-workspace/cargo-home:/opt/rustwide/cargo-home:ro,Z" "-v" "/var/lib/crater-agent-workspace/rustup-home:/opt/rustwide/rustup-home:ro,Z" "-e" "SOURCE_DIR=/opt/rustwide/workdir" "-e" "CARGO_TARGET_DIR=/opt/rustwide/target" "-e" "CARGO_HOME=/opt/rustwide/cargo-home" "-e" "RUSTUP_HOME=/opt/rustwide/rustup-home" "-w" "/opt/rustwide/workdir" "-m" "1610612736" "--user" "0:0" "--network" "none" "ghcr.io/rust-lang/crates-build-env/linux@sha256:2788e3201cd34a07e3172128adcd8b3090168a8e3bcc40d7c032b9dda1df7d1c" "/opt/rustwide/cargo-home/bin/cargo" "+beta-2023-12-22" "metadata" "--no-deps" "--format-version=1", kill_on_drop: false }`
[INFO] [stdout] c590e7c46bc78af6f42c6c6ee9a08b0cae47a491f9bbdcd6ab7948bdee63abe7
[INFO] running `Command { std: "docker" "start" "-a" "c590e7c46bc78af6f42c6c6ee9a08b0cae47a491f9bbdcd6ab7948bdee63abe7", kill_on_drop: false }`
[INFO] running `Command { std: "docker" "inspect" "c590e7c46bc78af6f42c6c6ee9a08b0cae47a491f9bbdcd6ab7948bdee63abe7", kill_on_drop: false }`
[INFO] running `Command { std: "docker" "rm" "-f" "c590e7c46bc78af6f42c6c6ee9a08b0cae47a491f9bbdcd6ab7948bdee63abe7", kill_on_drop: false }`
[INFO] [stdout] c590e7c46bc78af6f42c6c6ee9a08b0cae47a491f9bbdcd6ab7948bdee63abe7
[INFO] running `Command { std: "docker" "create" "-v" "/var/lib/crater-agent-workspace/builds/worker-2-tc2/target:/opt/rustwide/target:rw,Z" "-v" "/var/lib/crater-agent-workspace/builds/worker-2-tc2/source:/opt/rustwide/workdir:ro,Z" "-v" "/var/lib/crater-agent-workspace/cargo-home:/opt/rustwide/cargo-home:ro,Z" "-v" "/var/lib/crater-agent-workspace/rustup-home:/opt/rustwide/rustup-home:ro,Z" "-e" "SOURCE_DIR=/opt/rustwide/workdir" "-e" "CARGO_TARGET_DIR=/opt/rustwide/target" "-e" "CARGO_INCREMENTAL=0" "-e" "RUST_BACKTRACE=full" "-e" "RUSTFLAGS=--cap-lints=warn" "-e" "RUSTDOCFLAGS=--cap-lints=warn" "-e" "CARGO_HOME=/opt/rustwide/cargo-home" "-e" "RUSTUP_HOME=/opt/rustwide/rustup-home" "-w" "/opt/rustwide/workdir" "-m" "1610612736" "--user" "0:0" "--network" "none" "ghcr.io/rust-lang/crates-build-env/linux@sha256:2788e3201cd34a07e3172128adcd8b3090168a8e3bcc40d7c032b9dda1df7d1c" "/opt/rustwide/cargo-home/bin/cargo" "+beta-2023-12-22" "build" "--frozen" "--message-format=json", kill_on_drop: false }`
[INFO] [stdout] 66561dba847f541252982c1249a8cf35daee9dd9ad3b8cc671e23a5a72b04a17
[INFO] running `Command { std: "docker" "start" "-a" "66561dba847f541252982c1249a8cf35daee9dd9ad3b8cc671e23a5a72b04a17", kill_on_drop: false }`
[INFO] [stderr]    Compiling proc-macro2 v0.4.30
[INFO] [stderr]    Compiling unicode-xid v0.1.0
[INFO] [stderr]    Compiling syn v0.15.44
[INFO] [stderr]    Compiling gimli v0.28.1
[INFO] [stderr]    Compiling memchr v2.7.1
[INFO] [stderr]    Compiling adler v1.0.2
[INFO] [stderr]    Compiling rustc-demangle v0.1.23
[INFO] [stderr]    Compiling typed-arena v1.7.0
[INFO] [stderr]    Compiling peresil v0.3.0
[INFO] [stderr]    Compiling downcast-rs v1.2.0
[INFO] [stderr]    Compiling cc v1.0.83
[INFO] [stderr]    Compiling miniz_oxide v0.7.1
[INFO] [stderr]    Compiling sxd-document v0.3.2
[INFO] [stderr]    Compiling object v0.32.2
[INFO] [stderr]    Compiling quote v0.6.13
[INFO] [stderr]    Compiling backtrace v0.3.69
[INFO] [stderr]    Compiling addr2line v0.21.0
[INFO] [stderr]    Compiling snafu-derive v0.5.0
[INFO] [stderr]    Compiling snafu v0.5.0
[INFO] [stderr]    Compiling sxd-xpath-visitor v0.4.3 (/opt/rustwide/workdir)
[INFO] [stdout] warning: unnecessary trailing semicolon
[INFO] [stdout]    --> src/function.rs:356:6
[INFO] [stdout]     |
[INFO] [stdout] 356 |     };
[INFO] [stdout]     |      ^ help: remove this semicolon
[INFO] [stdout]     |
[INFO] [stdout]     = note: `#[warn(redundant_semicolons)]` on by default
[INFO] [stdout] 
[INFO] [stdout] 
[INFO] [stdout] warning: unnecessary trailing semicolon
[INFO] [stdout]    --> src/function.rs:362:6
[INFO] [stdout]     |
[INFO] [stdout] 362 |     };
[INFO] [stdout]     |      ^ help: remove this semicolon
[INFO] [stdout] 
[INFO] [stdout] 
[INFO] [stdout] warning: unnecessary trailing semicolon
[INFO] [stdout]    --> src/nodeset.rs:113:10
[INFO] [stdout]     |
[INFO] [stdout] 113 |         };
[INFO] [stdout]     |          ^ help: remove this semicolon
[INFO] [stdout] 
[INFO] [stdout] 
[INFO] [stdout] warning: unnecessary trailing semicolon
[INFO] [stdout]    --> src/nodeset.rs:237:10
[INFO] [stdout]     |
[INFO] [stdout] 237 |         };
[INFO] [stdout]     |          ^ help: remove this semicolon
[INFO] [stdout] 
[INFO] [stdout] 
[INFO] [stdout] warning: 4 warnings emitted
[INFO] [stdout] 
[INFO] [stdout] 
[INFO] [stderr]     Finished dev [unoptimized + debuginfo] target(s) in 9.92s
[INFO] running `Command { std: "docker" "inspect" "66561dba847f541252982c1249a8cf35daee9dd9ad3b8cc671e23a5a72b04a17", kill_on_drop: false }`
[INFO] running `Command { std: "docker" "rm" "-f" "66561dba847f541252982c1249a8cf35daee9dd9ad3b8cc671e23a5a72b04a17", kill_on_drop: false }`
[INFO] [stdout] 66561dba847f541252982c1249a8cf35daee9dd9ad3b8cc671e23a5a72b04a17
[INFO] running `Command { std: "docker" "create" "-v" "/var/lib/crater-agent-workspace/builds/worker-2-tc2/target:/opt/rustwide/target:rw,Z" "-v" "/var/lib/crater-agent-workspace/builds/worker-2-tc2/source:/opt/rustwide/workdir:ro,Z" "-v" "/var/lib/crater-agent-workspace/cargo-home:/opt/rustwide/cargo-home:ro,Z" "-v" "/var/lib/crater-agent-workspace/rustup-home:/opt/rustwide/rustup-home:ro,Z" "-e" "SOURCE_DIR=/opt/rustwide/workdir" "-e" "CARGO_TARGET_DIR=/opt/rustwide/target" "-e" "CARGO_INCREMENTAL=0" "-e" "RUST_BACKTRACE=full" "-e" "RUSTFLAGS=--cap-lints=warn" "-e" "RUSTDOCFLAGS=--cap-lints=warn" "-e" "CARGO_HOME=/opt/rustwide/cargo-home" "-e" "RUSTUP_HOME=/opt/rustwide/rustup-home" "-w" "/opt/rustwide/workdir" "-m" "1610612736" "--user" "0:0" "--network" "none" "ghcr.io/rust-lang/crates-build-env/linux@sha256:2788e3201cd34a07e3172128adcd8b3090168a8e3bcc40d7c032b9dda1df7d1c" "/opt/rustwide/cargo-home/bin/cargo" "+beta-2023-12-22" "test" "--frozen" "--no-run" "--message-format=json", kill_on_drop: false }`
[INFO] [stdout] 2806a63cecff60cb74d2d8ab9c7b16c6d5dd0fcec6c4cb921c98b8e93e09d3f0
[INFO] running `Command { std: "docker" "start" "-a" "2806a63cecff60cb74d2d8ab9c7b16c6d5dd0fcec6c4cb921c98b8e93e09d3f0", kill_on_drop: false }`
[INFO] [stdout] warning: unnecessary trailing semicolon
[INFO] [stdout]    --> src/function.rs:356:6
[INFO] [stdout]     |
[INFO] [stdout] 356 |     };
[INFO] [stdout]     |      ^ help: remove this semicolon
[INFO] [stdout]     |
[INFO] [stdout]     = note: `#[warn(redundant_semicolons)]` on by default
[INFO] [stdout] 
[INFO] [stdout] 
[INFO] [stdout] warning: unnecessary trailing semicolon
[INFO] [stdout]    --> src/function.rs:362:6
[INFO] [stdout]     |
[INFO] [stdout] 362 |     };
[INFO] [stdout]     |      ^ help: remove this semicolon
[INFO] [stdout] 
[INFO] [stdout] 
[INFO] [stderr]    Compiling sxd-xpath-visitor v0.4.3 (/opt/rustwide/workdir)
[INFO] [stdout] warning: unnecessary trailing semicolon
[INFO] [stdout]    --> src/nodeset.rs:113:10
[INFO] [stdout]     |
[INFO] [stdout] 113 |         };
[INFO] [stdout]     |          ^ help: remove this semicolon
[INFO] [stdout] 
[INFO] [stdout] 
[INFO] [stdout] warning: unnecessary trailing semicolon
[INFO] [stdout]    --> src/nodeset.rs:237:10
[INFO] [stdout]     |
[INFO] [stdout] 237 |         };
[INFO] [stdout]     |          ^ help: remove this semicolon
[INFO] [stdout] 
[INFO] [stdout] 
[INFO] [stdout] warning: 4 warnings emitted
[INFO] [stdout] 
[INFO] [stdout] 
[INFO] [stdout] error[E0432]: unresolved import `sxd_xpath`
[INFO] [stdout]  --> tests/integration.rs:3:5
[INFO] [stdout]   |
[INFO] [stdout] 3 | use sxd_xpath::{context, function, nodeset};
[INFO] [stdout]   |     ^^^^^^^^^ use of undeclared crate or module `sxd_xpath`
[INFO] [stdout] 
[INFO] [stdout] 
[INFO] [stdout] error[E0432]: unresolved import `sxd_xpath`
[INFO] [stdout]  --> tests/integration.rs:4:5
[INFO] [stdout]   |
[INFO] [stdout] 4 | use sxd_xpath::{evaluate_xpath, Context, Factory, Value};
[INFO] [stdout]   |     ^^^^^^^^^ use of undeclared crate or module `sxd_xpath`
[INFO] [stdout] 
[INFO] [stdout] 
[INFO] [stdout] error: cannot determine resolution for the macro `nodeset`
[INFO] [stdout]   --> tests/integration.rs:37:38
[INFO] [stdout]    |
[INFO] [stdout] 37 |         assert_eq!(Ok(Value::Nodeset(nodeset![c0, c1])), result);
[INFO] [stdout]    |                                      ^^^^^^^
[INFO] [stdout]    |
[INFO] [stdout]    = note: import resolution is stuck, try simplifying macro imports
[INFO] [stdout] 
[INFO] [stdout] 
[INFO] [stdout] error: cannot determine resolution for the macro `nodeset`
[INFO] [stdout]   --> tests/integration.rs:83:38
[INFO] [stdout]    |
[INFO] [stdout] 83 |         assert_eq!(Ok(Value::Nodeset(nodeset![doc.root()])), result);
[INFO] [stdout]    |                                      ^^^^^^^
[INFO] [stdout]    |
[INFO] [stdout]    = note: import resolution is stuck, try simplifying macro imports
[INFO] [stdout] 
[INFO] [stdout] 
[INFO] [stdout] error: aborting due to 4 previous errors
[INFO] [stdout] 
[INFO] [stdout] 
[INFO] [stdout] For more information about this error, try `rustc --explain E0432`.
[INFO] [stdout] 
[INFO] [stderr] error: could not compile `sxd-xpath-visitor` (test "integration") due to 5 previous errors
[INFO] [stderr] warning: build failed, waiting for other jobs to finish...
[INFO] [stdout] warning: unnecessary trailing semicolon
[INFO] [stdout]    --> src/function.rs:356:6
[INFO] [stdout]     |
[INFO] [stdout] 356 |     };
[INFO] [stdout]     |      ^ help: remove this semicolon
[INFO] [stdout]     |
[INFO] [stdout]     = note: `#[warn(redundant_semicolons)]` on by default
[INFO] [stdout] 
[INFO] [stdout] 
[INFO] [stdout] warning: unnecessary trailing semicolon
[INFO] [stdout]    --> src/function.rs:362:6
[INFO] [stdout]     |
[INFO] [stdout] 362 |     };
[INFO] [stdout]     |      ^ help: remove this semicolon
[INFO] [stdout] 
[INFO] [stdout] 
[INFO] [stdout] warning: unnecessary trailing semicolon
[INFO] [stdout]    --> src/nodeset.rs:113:10
[INFO] [stdout]     |
[INFO] [stdout] 113 |         };
[INFO] [stdout]     |          ^ help: remove this semicolon
[INFO] [stdout] 
[INFO] [stdout] 
[INFO] [stdout] warning: unnecessary trailing semicolon
[INFO] [stdout]    --> src/nodeset.rs:237:10
[INFO] [stdout]     |
[INFO] [stdout] 237 |         };
[INFO] [stdout]     |          ^ help: remove this semicolon
[INFO] [stdout] 
[INFO] [stdout] 
[INFO] [stdout] warning: 4 warnings emitted
[INFO] [stdout] 
[INFO] [stdout] 
[INFO] running `Command { std: "docker" "inspect" "2806a63cecff60cb74d2d8ab9c7b16c6d5dd0fcec6c4cb921c98b8e93e09d3f0", kill_on_drop: false }`
[INFO] running `Command { std: "docker" "rm" "-f" "2806a63cecff60cb74d2d8ab9c7b16c6d5dd0fcec6c4cb921c98b8e93e09d3f0", kill_on_drop: false }`
[INFO] [stdout] 2806a63cecff60cb74d2d8ab9c7b16c6d5dd0fcec6c4cb921c98b8e93e09d3f0
