[INFO] fetching crate switcheroo 0.2.9...
[INFO] testing switcheroo-0.2.9 against 1.75.0 for beta-1.76-1
[INFO] extracting crate switcheroo 0.2.9 into /workspace/builds/worker-1-tc1/source
[INFO] validating manifest of crates.io crate switcheroo 0.2.9 on toolchain 1.75.0
[INFO] running `Command { std: CARGO_HOME="/workspace/cargo-home" RUSTUP_HOME="/workspace/rustup-home" "/workspace/cargo-home/bin/cargo" "+1.75.0" "metadata" "--manifest-path" "Cargo.toml" "--no-deps", kill_on_drop: false }`
[INFO] started tweaking crates.io crate switcheroo 0.2.9
[INFO] finished tweaking crates.io crate switcheroo 0.2.9
[INFO] tweaked toml for crates.io crate switcheroo 0.2.9 written to /workspace/builds/worker-1-tc1/source/Cargo.toml
[INFO] crate crates.io crate switcheroo 0.2.9 already has a lockfile, it will not be regenerated
[INFO] running `Command { std: CARGO_HOME="/workspace/cargo-home" RUSTUP_HOME="/workspace/rustup-home" "/workspace/cargo-home/bin/cargo" "+1.75.0" "fetch" "--manifest-path" "Cargo.toml", kill_on_drop: false }`
[INFO] running `Command { std: "docker" "create" "-v" "/var/lib/crater-agent-workspace/builds/worker-1-tc1/target:/opt/rustwide/target:rw,Z" "-v" "/var/lib/crater-agent-workspace/builds/worker-1-tc1/source:/opt/rustwide/workdir:ro,Z" "-v" "/var/lib/crater-agent-workspace/cargo-home:/opt/rustwide/cargo-home:ro,Z" "-v" "/var/lib/crater-agent-workspace/rustup-home:/opt/rustwide/rustup-home:ro,Z" "-e" "SOURCE_DIR=/opt/rustwide/workdir" "-e" "CARGO_TARGET_DIR=/opt/rustwide/target" "-e" "CARGO_HOME=/opt/rustwide/cargo-home" "-e" "RUSTUP_HOME=/opt/rustwide/rustup-home" "-w" "/opt/rustwide/workdir" "-m" "1610612736" "--user" "0:0" "--network" "none" "ghcr.io/rust-lang/crates-build-env/linux@sha256:2788e3201cd34a07e3172128adcd8b3090168a8e3bcc40d7c032b9dda1df7d1c" "/opt/rustwide/cargo-home/bin/cargo" "+1.75.0" "metadata" "--no-deps" "--format-version=1", kill_on_drop: false }`
[INFO] [stdout] 7a74c19f37605b3b1d75245ef095e0c8b473ceafcd3a82d425c505750e536bcd
[INFO] running `Command { std: "docker" "start" "-a" "7a74c19f37605b3b1d75245ef095e0c8b473ceafcd3a82d425c505750e536bcd", kill_on_drop: false }`
[INFO] running `Command { std: "docker" "inspect" "7a74c19f37605b3b1d75245ef095e0c8b473ceafcd3a82d425c505750e536bcd", kill_on_drop: false }`
[INFO] running `Command { std: "docker" "rm" "-f" "7a74c19f37605b3b1d75245ef095e0c8b473ceafcd3a82d425c505750e536bcd", kill_on_drop: false }`
[INFO] [stdout] 7a74c19f37605b3b1d75245ef095e0c8b473ceafcd3a82d425c505750e536bcd
[INFO] running `Command { std: "docker" "create" "-v" "/var/lib/crater-agent-workspace/builds/worker-1-tc1/target:/opt/rustwide/target:rw,Z" "-v" "/var/lib/crater-agent-workspace/builds/worker-1-tc1/source:/opt/rustwide/workdir:ro,Z" "-v" "/var/lib/crater-agent-workspace/cargo-home:/opt/rustwide/cargo-home:ro,Z" "-v" "/var/lib/crater-agent-workspace/rustup-home:/opt/rustwide/rustup-home:ro,Z" "-e" "SOURCE_DIR=/opt/rustwide/workdir" "-e" "CARGO_TARGET_DIR=/opt/rustwide/target" "-e" "CARGO_INCREMENTAL=0" "-e" "RUST_BACKTRACE=full" "-e" "RUSTFLAGS=--cap-lints=warn" "-e" "RUSTDOCFLAGS=--cap-lints=warn" "-e" "CARGO_HOME=/opt/rustwide/cargo-home" "-e" "RUSTUP_HOME=/opt/rustwide/rustup-home" "-w" "/opt/rustwide/workdir" "-m" "1610612736" "--user" "0:0" "--network" "none" "ghcr.io/rust-lang/crates-build-env/linux@sha256:2788e3201cd34a07e3172128adcd8b3090168a8e3bcc40d7c032b9dda1df7d1c" "/opt/rustwide/cargo-home/bin/cargo" "+1.75.0" "build" "--frozen" "--message-format=json", kill_on_drop: false }`
[INFO] [stdout] fbf1165a4212cfb13749a129304510814dd51f1b0def01149adae96ce36ed652
[INFO] running `Command { std: "docker" "start" "-a" "fbf1165a4212cfb13749a129304510814dd51f1b0def01149adae96ce36ed652", kill_on_drop: false }`
[INFO] [stderr]    Compiling libc v0.2.94
[INFO] [stderr]    Compiling switcheroo v0.2.9 (/opt/rustwide/workdir)
[INFO] [stdout] error: cannot find macro `asm` in this scope
[INFO] [stdout]   --> src/arch/unix_x64.rs:21:9
[INFO] [stdout]    |
[INFO] [stdout] 21 |         asm!(
[INFO] [stdout]    |         ^^^
[INFO] [stdout]    |
[INFO] [stdout] help: consider importing one of these items
[INFO] [stdout]    |
[INFO] [stdout] 1  + use core::arch::asm;
[INFO] [stdout]    |
[INFO] [stdout] 1  + use std::arch::asm;
[INFO] [stdout]    |
[INFO] [stdout] 
[INFO] [stdout] 
[INFO] [stdout] error: cannot find macro `asm` in this scope
[INFO] [stdout]   --> src/arch/unix_x64.rs:49:5
[INFO] [stdout]    |
[INFO] [stdout] 49 |     asm!(
[INFO] [stdout]    |     ^^^
[INFO] [stdout]    |
[INFO] [stdout] help: consider importing one of these items
[INFO] [stdout]    |
[INFO] [stdout] 1  + use core::arch::asm;
[INFO] [stdout]    |
[INFO] [stdout] 1  + use std::arch::asm;
[INFO] [stdout]    |
[INFO] [stdout] 
[INFO] [stdout] 
[INFO] [stdout] error: cannot find macro `asm` in this scope
[INFO] [stdout]    --> src/arch/unix_x64.rs:107:5
[INFO] [stdout]     |
[INFO] [stdout] 107 |     asm!(
[INFO] [stdout]     |     ^^^
[INFO] [stdout]     |
[INFO] [stdout] help: consider importing one of these items
[INFO] [stdout]     |
[INFO] [stdout] 1   + use core::arch::asm;
[INFO] [stdout]     |
[INFO] [stdout] 1   + use std::arch::asm;
[INFO] [stdout]     |
[INFO] [stdout] 
[INFO] [stdout] 
[INFO] [stdout] error[E0554]: `#![feature]` may not be used on the stable release channel
[INFO] [stdout]  --> src/lib.rs:1:1
[INFO] [stdout]   |
[INFO] [stdout] 1 | #![feature(asm, naked_functions)]
[INFO] [stdout]   | ^^^^^^^^^^^^^^^^^^^^^^^^^^^^^^^^^
[INFO] [stdout] 
[INFO] [stdout] 
[INFO] [stdout] error[E0554]: `#![feature]` may not be used on the stable release channel
[INFO] [stdout]  --> src/lib.rs:1:12
[INFO] [stdout]   |
[INFO] [stdout] 1 | #![feature(asm, naked_functions)]
[INFO] [stdout]   |            ^^^
[INFO] [stdout] 
[INFO] [stdout] 
[INFO] [stdout] warning: the feature `asm` has been stable since 1.59.0 and no longer requires an attribute to enable
[INFO] [stdout]  --> src/lib.rs:1:12
[INFO] [stdout]   |
[INFO] [stdout] 1 | #![feature(asm, naked_functions)]
[INFO] [stdout]   |            ^^^
[INFO] [stdout]   |
[INFO] [stdout]   = note: `#[warn(stable_features)]` on by default
[INFO] [stdout] 
[INFO] [stdout] 
[INFO] [stdout] error: aborting due to 5 previous errors; 1 warning emitted
[INFO] [stdout] 
[INFO] [stdout] 
[INFO] [stdout] For more information about this error, try `rustc --explain E0554`.
[INFO] [stdout] 
[INFO] [stderr] error: could not compile `switcheroo` (lib) due to 6 previous errors; 1 warning emitted
[INFO] running `Command { std: "docker" "inspect" "fbf1165a4212cfb13749a129304510814dd51f1b0def01149adae96ce36ed652", kill_on_drop: false }`
[INFO] running `Command { std: "docker" "rm" "-f" "fbf1165a4212cfb13749a129304510814dd51f1b0def01149adae96ce36ed652", kill_on_drop: false }`
[INFO] [stdout] fbf1165a4212cfb13749a129304510814dd51f1b0def01149adae96ce36ed652
[INFO] testing switcheroo-0.2.9 against beta-2023-12-22 for beta-1.76-1
[INFO] extracting crate switcheroo 0.2.9 into /workspace/builds/worker-1-tc2/source
[INFO] validating manifest of crates.io crate switcheroo 0.2.9 on toolchain beta-2023-12-22
[INFO] running `Command { std: CARGO_HOME="/workspace/cargo-home" RUSTUP_HOME="/workspace/rustup-home" "/workspace/cargo-home/bin/cargo" "+beta-2023-12-22" "metadata" "--manifest-path" "Cargo.toml" "--no-deps", kill_on_drop: false }`
[INFO] started tweaking crates.io crate switcheroo 0.2.9
[INFO] finished tweaking crates.io crate switcheroo 0.2.9
[INFO] tweaked toml for crates.io crate switcheroo 0.2.9 written to /workspace/builds/worker-1-tc2/source/Cargo.toml
[INFO] crate crates.io crate switcheroo 0.2.9 already has a lockfile, it will not be regenerated
[INFO] running `Command { std: CARGO_HOME="/workspace/cargo-home" RUSTUP_HOME="/workspace/rustup-home" "/workspace/cargo-home/bin/cargo" "+beta-2023-12-22" "fetch" "--manifest-path" "Cargo.toml", kill_on_drop: false }`
[INFO] running `Command { std: "docker" "create" "-v" "/var/lib/crater-agent-workspace/builds/worker-1-tc2/target:/opt/rustwide/target:rw,Z" "-v" "/var/lib/crater-agent-workspace/builds/worker-1-tc2/source:/opt/rustwide/workdir:ro,Z" "-v" "/var/lib/crater-agent-workspace/cargo-home:/opt/rustwide/cargo-home:ro,Z" "-v" "/var/lib/crater-agent-workspace/rustup-home:/opt/rustwide/rustup-home:ro,Z" "-e" "SOURCE_DIR=/opt/rustwide/workdir" "-e" "CARGO_TARGET_DIR=/opt/rustwide/target" "-e" "CARGO_HOME=/opt/rustwide/cargo-home" "-e" "RUSTUP_HOME=/opt/rustwide/rustup-home" "-w" "/opt/rustwide/workdir" "-m" "1610612736" "--user" "0:0" "--network" "none" "ghcr.io/rust-lang/crates-build-env/linux@sha256:2788e3201cd34a07e3172128adcd8b3090168a8e3bcc40d7c032b9dda1df7d1c" "/opt/rustwide/cargo-home/bin/cargo" "+beta-2023-12-22" "metadata" "--no-deps" "--format-version=1", kill_on_drop: false }`
[INFO] [stdout] 4bb86e4ad2ac38cfa9d6cede45f8f8c87036027edf8937ec4586c2e83eb8c640
[INFO] running `Command { std: "docker" "start" "-a" "4bb86e4ad2ac38cfa9d6cede45f8f8c87036027edf8937ec4586c2e83eb8c640", kill_on_drop: false }`
[INFO] running `Command { std: "docker" "inspect" "4bb86e4ad2ac38cfa9d6cede45f8f8c87036027edf8937ec4586c2e83eb8c640", kill_on_drop: false }`
[INFO] running `Command { std: "docker" "rm" "-f" "4bb86e4ad2ac38cfa9d6cede45f8f8c87036027edf8937ec4586c2e83eb8c640", kill_on_drop: false }`
[INFO] [stdout] 4bb86e4ad2ac38cfa9d6cede45f8f8c87036027edf8937ec4586c2e83eb8c640
[INFO] running `Command { std: "docker" "create" "-v" "/var/lib/crater-agent-workspace/builds/worker-1-tc2/target:/opt/rustwide/target:rw,Z" "-v" "/var/lib/crater-agent-workspace/builds/worker-1-tc2/source:/opt/rustwide/workdir:ro,Z" "-v" "/var/lib/crater-agent-workspace/cargo-home:/opt/rustwide/cargo-home:ro,Z" "-v" "/var/lib/crater-agent-workspace/rustup-home:/opt/rustwide/rustup-home:ro,Z" "-e" "SOURCE_DIR=/opt/rustwide/workdir" "-e" "CARGO_TARGET_DIR=/opt/rustwide/target" "-e" "CARGO_INCREMENTAL=0" "-e" "RUST_BACKTRACE=full" "-e" "RUSTFLAGS=--cap-lints=warn" "-e" "RUSTDOCFLAGS=--cap-lints=warn" "-e" "CARGO_HOME=/opt/rustwide/cargo-home" "-e" "RUSTUP_HOME=/opt/rustwide/rustup-home" "-w" "/opt/rustwide/workdir" "-m" "1610612736" "--user" "0:0" "--network" "none" "ghcr.io/rust-lang/crates-build-env/linux@sha256:2788e3201cd34a07e3172128adcd8b3090168a8e3bcc40d7c032b9dda1df7d1c" "/opt/rustwide/cargo-home/bin/cargo" "+beta-2023-12-22" "build" "--frozen" "--message-format=json", kill_on_drop: false }`
[INFO] [stdout] a69018ea7175f73d64304bdf3d307447893b83d9ec624e594786ae704947917f
[INFO] running `Command { std: "docker" "start" "-a" "a69018ea7175f73d64304bdf3d307447893b83d9ec624e594786ae704947917f", kill_on_drop: false }`
[INFO] [stderr]    Compiling libc v0.2.94
[INFO] [stderr]    Compiling switcheroo v0.2.9 (/opt/rustwide/workdir)
[INFO] [stdout] error: cannot find macro `asm` in this scope
[INFO] [stdout]   --> src/arch/unix_x64.rs:21:9
[INFO] [stdout]    |
[INFO] [stdout] 21 |         asm!(
[INFO] [stdout]    |         ^^^
[INFO] [stdout]    |
[INFO] [stdout] help: consider importing one of these items
[INFO] [stdout]    |
[INFO] [stdout] 1  + use core::arch::asm;
[INFO] [stdout]    |
[INFO] [stdout] 1  + use std::arch::asm;
[INFO] [stdout]    |
[INFO] [stdout] 
[INFO] [stdout] 
[INFO] [stdout] error: cannot find macro `asm` in this scope
[INFO] [stdout]   --> src/arch/unix_x64.rs:49:5
[INFO] [stdout]    |
[INFO] [stdout] 49 |     asm!(
[INFO] [stdout]    |     ^^^
[INFO] [stdout]    |
[INFO] [stdout] help: consider importing one of these items
[INFO] [stdout]    |
[INFO] [stdout] 1  + use core::arch::asm;
[INFO] [stdout]    |
[INFO] [stdout] 1  + use std::arch::asm;
[INFO] [stdout]    |
[INFO] [stdout] 
[INFO] [stdout] 
[INFO] [stdout] error: cannot find macro `asm` in this scope
[INFO] [stdout]    --> src/arch/unix_x64.rs:107:5
[INFO] [stdout]     |
[INFO] [stdout] 107 |     asm!(
[INFO] [stdout]     |     ^^^
[INFO] [stdout]     |
[INFO] [stdout] help: consider importing one of these items
[INFO] [stdout]     |
[INFO] [stdout] 1   + use core::arch::asm;
[INFO] [stdout]     |
[INFO] [stdout] 1   + use std::arch::asm;
[INFO] [stdout]     |
[INFO] [stdout] 
[INFO] [stdout] 
[INFO] [stdout] error[E0554]: `#![feature]` may not be used on the beta release channel
[INFO] [stdout]  --> src/lib.rs:1:1
[INFO] [stdout]   |
[INFO] [stdout] 1 | #![feature(asm, naked_functions)]
[INFO] [stdout]   | ^^^^^^^^^^^^^^^^^^^^^^^^^^^^^^^^^
[INFO] [stdout] 
[INFO] [stdout] 
[INFO] [stdout] error[E0554]: `#![feature]` may not be used on the beta release channel
[INFO] [stdout]  --> src/lib.rs:1:12
[INFO] [stdout]   |
[INFO] [stdout] 1 | #![feature(asm, naked_functions)]
[INFO] [stdout]   |            ^^^
[INFO] [stdout] 
[INFO] [stdout] 
[INFO] [stdout] warning: the feature `asm` has been stable since 1.59.0 and no longer requires an attribute to enable
[INFO] [stdout]  --> src/lib.rs:1:12
[INFO] [stdout]   |
[INFO] [stdout] 1 | #![feature(asm, naked_functions)]
[INFO] [stdout]   |            ^^^
[INFO] [stdout]   |
[INFO] [stdout]   = note: `#[warn(stable_features)]` on by default
[INFO] [stdout] 
[INFO] [stdout] 
[INFO] [stdout] error: aborting due to 5 previous errors; 1 warning emitted
[INFO] [stdout] 
[INFO] [stdout] 
[INFO] [stdout] For more information about this error, try `rustc --explain E0554`.
[INFO] [stdout] 
[INFO] [stderr] error: could not compile `switcheroo` (lib) due to 6 previous errors; 1 warning emitted
[INFO] running `Command { std: "docker" "inspect" "a69018ea7175f73d64304bdf3d307447893b83d9ec624e594786ae704947917f", kill_on_drop: false }`
[INFO] running `Command { std: "docker" "rm" "-f" "a69018ea7175f73d64304bdf3d307447893b83d9ec624e594786ae704947917f", kill_on_drop: false }`
[INFO] [stdout] a69018ea7175f73d64304bdf3d307447893b83d9ec624e594786ae704947917f
