[INFO] fetching crate switchboard-solana-macros 0.2.1...
[INFO] testing switchboard-solana-macros-0.2.1 against 1.75.0 for beta-1.76-1
[INFO] extracting crate switchboard-solana-macros 0.2.1 into /workspace/builds/worker-3-tc1/source
[INFO] validating manifest of crates.io crate switchboard-solana-macros 0.2.1 on toolchain 1.75.0
[INFO] running `Command { std: CARGO_HOME="/workspace/cargo-home" RUSTUP_HOME="/workspace/rustup-home" "/workspace/cargo-home/bin/cargo" "+1.75.0" "metadata" "--manifest-path" "Cargo.toml" "--no-deps", kill_on_drop: false }`
[INFO] started tweaking crates.io crate switchboard-solana-macros 0.2.1
[INFO] removed 0 missing examples
[INFO] finished tweaking crates.io crate switchboard-solana-macros 0.2.1
[INFO] tweaked toml for crates.io crate switchboard-solana-macros 0.2.1 written to /workspace/builds/worker-3-tc1/source/Cargo.toml
[INFO] crate crates.io crate switchboard-solana-macros 0.2.1 already has a lockfile, it will not be regenerated
[INFO] running `Command { std: CARGO_HOME="/workspace/cargo-home" RUSTUP_HOME="/workspace/rustup-home" "/workspace/cargo-home/bin/cargo" "+1.75.0" "fetch" "--manifest-path" "Cargo.toml", kill_on_drop: false }`
[INFO] running `Command { std: "docker" "create" "-v" "/var/lib/crater-agent-workspace/builds/worker-3-tc1/target:/opt/rustwide/target:rw,Z" "-v" "/var/lib/crater-agent-workspace/builds/worker-3-tc1/source:/opt/rustwide/workdir:ro,Z" "-v" "/var/lib/crater-agent-workspace/cargo-home:/opt/rustwide/cargo-home:ro,Z" "-v" "/var/lib/crater-agent-workspace/rustup-home:/opt/rustwide/rustup-home:ro,Z" "-e" "SOURCE_DIR=/opt/rustwide/workdir" "-e" "CARGO_TARGET_DIR=/opt/rustwide/target" "-e" "CARGO_HOME=/opt/rustwide/cargo-home" "-e" "RUSTUP_HOME=/opt/rustwide/rustup-home" "-w" "/opt/rustwide/workdir" "-m" "1610612736" "--user" "0:0" "--network" "none" "ghcr.io/rust-lang/crates-build-env/linux@sha256:2788e3201cd34a07e3172128adcd8b3090168a8e3bcc40d7c032b9dda1df7d1c" "/opt/rustwide/cargo-home/bin/cargo" "+1.75.0" "metadata" "--no-deps" "--format-version=1", kill_on_drop: false }`
[INFO] [stdout] 94908632eab4e9b1ec3d18d0e88929141ae1518ce820b62e267fa6b4efa8919c
[INFO] running `Command { std: "docker" "start" "-a" "94908632eab4e9b1ec3d18d0e88929141ae1518ce820b62e267fa6b4efa8919c", kill_on_drop: false }`
[INFO] running `Command { std: "docker" "inspect" "94908632eab4e9b1ec3d18d0e88929141ae1518ce820b62e267fa6b4efa8919c", kill_on_drop: false }`
[INFO] running `Command { std: "docker" "rm" "-f" "94908632eab4e9b1ec3d18d0e88929141ae1518ce820b62e267fa6b4efa8919c", kill_on_drop: false }`
[INFO] [stdout] 94908632eab4e9b1ec3d18d0e88929141ae1518ce820b62e267fa6b4efa8919c
[INFO] running `Command { std: "docker" "create" "-v" "/var/lib/crater-agent-workspace/builds/worker-3-tc1/target:/opt/rustwide/target:rw,Z" "-v" "/var/lib/crater-agent-workspace/builds/worker-3-tc1/source:/opt/rustwide/workdir:ro,Z" "-v" "/var/lib/crater-agent-workspace/cargo-home:/opt/rustwide/cargo-home:ro,Z" "-v" "/var/lib/crater-agent-workspace/rustup-home:/opt/rustwide/rustup-home:ro,Z" "-e" "SOURCE_DIR=/opt/rustwide/workdir" "-e" "CARGO_TARGET_DIR=/opt/rustwide/target" "-e" "CARGO_INCREMENTAL=0" "-e" "RUST_BACKTRACE=full" "-e" "RUSTFLAGS=--cap-lints=warn" "-e" "RUSTDOCFLAGS=--cap-lints=warn" "-e" "CARGO_HOME=/opt/rustwide/cargo-home" "-e" "RUSTUP_HOME=/opt/rustwide/rustup-home" "-w" "/opt/rustwide/workdir" "-m" "1610612736" "--user" "0:0" "--network" "none" "ghcr.io/rust-lang/crates-build-env/linux@sha256:2788e3201cd34a07e3172128adcd8b3090168a8e3bcc40d7c032b9dda1df7d1c" "/opt/rustwide/cargo-home/bin/cargo" "+1.75.0" "build" "--frozen" "--message-format=json", kill_on_drop: false }`
[INFO] [stdout] f4d22bfaf3af3f0cbf4cabf708e83975c9ba0fc7b3c733cb47fc0cc8b5033e91
[INFO] running `Command { std: "docker" "start" "-a" "f4d22bfaf3af3f0cbf4cabf708e83975c9ba0fc7b3c733cb47fc0cc8b5033e91", kill_on_drop: false }`
[INFO] [stderr]    Compiling proc-macro2 v1.0.69
[INFO] [stderr]    Compiling unicode-ident v1.0.12
[INFO] [stderr]    Compiling quote v1.0.33
[INFO] [stderr]    Compiling syn v2.0.38
[INFO] [stderr]    Compiling switchboard-solana-macros v0.2.1 (/opt/rustwide/workdir)
[INFO] [stdout] warning: function `validate_function_runner_param_mut_ref` is never used
[INFO] [stdout]   --> src/lib.rs:33:4
[INFO] [stdout]    |
[INFO] [stdout] 33 | fn validate_function_runner_param_mut_ref(input: &ItemFn) -> SynResult<()> {
[INFO] [stdout]    |    ^^^^^^^^^^^^^^^^^^^^^^^^^^^^^^^^^^^^^^
[INFO] [stdout]    |
[INFO] [stdout]    = note: `#[warn(dead_code)]` on by default
[INFO] [stdout] 
[INFO] [stdout] 
[INFO] [stdout] warning: function `validate_function_runner_param_arc` is never used
[INFO] [stdout]   --> src/lib.rs:78:4
[INFO] [stdout]    |
[INFO] [stdout] 78 | fn validate_function_runner_param_arc(input: &ItemFn) -> SynResult<()> {
[INFO] [stdout]    |    ^^^^^^^^^^^^^^^^^^^^^^^^^^^^^^^^^^
[INFO] [stdout] 
[INFO] [stdout] 
[INFO] [stdout] warning: function `extract_inner_type_from_arc` is never used
[INFO] [stdout]  --> src/utils.rs:4:8
[INFO] [stdout]   |
[INFO] [stdout] 4 | pub fn extract_inner_type_from_arc(ty: &Type) -> Option<&Type> {
[INFO] [stdout]   |        ^^^^^^^^^^^^^^^^^^^^^^^^^^^
[INFO] [stdout] 
[INFO] [stdout] 
[INFO] [stdout] warning: 3 warnings emitted
[INFO] [stdout] 
[INFO] [stdout] 
[INFO] [stderr]     Finished dev [unoptimized + debuginfo] target(s) in 6.49s
[INFO] running `Command { std: "docker" "inspect" "f4d22bfaf3af3f0cbf4cabf708e83975c9ba0fc7b3c733cb47fc0cc8b5033e91", kill_on_drop: false }`
[INFO] running `Command { std: "docker" "rm" "-f" "f4d22bfaf3af3f0cbf4cabf708e83975c9ba0fc7b3c733cb47fc0cc8b5033e91", kill_on_drop: false }`
[INFO] [stdout] f4d22bfaf3af3f0cbf4cabf708e83975c9ba0fc7b3c733cb47fc0cc8b5033e91
[INFO] running `Command { std: "docker" "create" "-v" "/var/lib/crater-agent-workspace/builds/worker-3-tc1/target:/opt/rustwide/target:rw,Z" "-v" "/var/lib/crater-agent-workspace/builds/worker-3-tc1/source:/opt/rustwide/workdir:ro,Z" "-v" "/var/lib/crater-agent-workspace/cargo-home:/opt/rustwide/cargo-home:ro,Z" "-v" "/var/lib/crater-agent-workspace/rustup-home:/opt/rustwide/rustup-home:ro,Z" "-e" "SOURCE_DIR=/opt/rustwide/workdir" "-e" "CARGO_TARGET_DIR=/opt/rustwide/target" "-e" "CARGO_INCREMENTAL=0" "-e" "RUST_BACKTRACE=full" "-e" "RUSTFLAGS=--cap-lints=warn" "-e" "RUSTDOCFLAGS=--cap-lints=warn" "-e" "CARGO_HOME=/opt/rustwide/cargo-home" "-e" "RUSTUP_HOME=/opt/rustwide/rustup-home" "-w" "/opt/rustwide/workdir" "-m" "1610612736" "--user" "0:0" "--network" "none" "ghcr.io/rust-lang/crates-build-env/linux@sha256:2788e3201cd34a07e3172128adcd8b3090168a8e3bcc40d7c032b9dda1df7d1c" "/opt/rustwide/cargo-home/bin/cargo" "+1.75.0" "test" "--frozen" "--no-run" "--message-format=json", kill_on_drop: false }`
[INFO] [stdout] c764831f758ad052ef8761ef60fedb4042afe4714e1cf7cabaf61980196c4c30
[INFO] running `Command { std: "docker" "start" "-a" "c764831f758ad052ef8761ef60fedb4042afe4714e1cf7cabaf61980196c4c30", kill_on_drop: false }`
[INFO] [stderr]    Compiling rustix v0.38.19
[INFO] [stderr]    Compiling proc-macro2 v1.0.69
[INFO] [stderr]    Compiling libc v0.2.149
[INFO] [stderr]    Compiling unicode-ident v1.0.12
[INFO] [stderr]    Compiling bitflags v2.4.1
[INFO] [stderr]    Compiling linux-raw-sys v0.4.10
[INFO] [stderr]    Compiling time-core v0.1.2
[INFO] [stderr]    Compiling powerfmt v0.2.0
[INFO] [stderr]    Compiling itoa v1.0.9
[INFO] [stderr]    Compiling num_threads v0.1.6
[INFO] [stderr]    Compiling lazy_static v1.4.0
[INFO] [stderr]    Compiling pin-project-lite v0.2.13
[INFO] [stderr]    Compiling log v0.4.20
[INFO] [stderr]    Compiling tokio v1.33.0
[INFO] [stderr]    Compiling time-macros v0.2.15
[INFO] [stderr]    Compiling deranged v0.3.9
[INFO] [stderr]    Compiling quote v1.0.33
[INFO] [stderr]    Compiling syn v2.0.38
[INFO] [stderr]    Compiling is-terminal v0.4.9
[INFO] [stderr]    Compiling colored v2.0.4
[INFO] [stderr]    Compiling time v0.3.30
[INFO] [stderr]    Compiling simple_logger v4.2.0
[INFO] [stderr]    Compiling switchboard-solana-macros v0.2.1 (/opt/rustwide/workdir)
[INFO] [stdout] warning: function `validate_function_runner_param_mut_ref` is never used
[INFO] [stdout]   --> src/lib.rs:33:4
[INFO] [stdout]    |
[INFO] [stdout] 33 | fn validate_function_runner_param_mut_ref(input: &ItemFn) -> SynResult<()> {
[INFO] [stdout]    |    ^^^^^^^^^^^^^^^^^^^^^^^^^^^^^^^^^^^^^^
[INFO] [stdout]    |
[INFO] [stdout]    = note: `#[warn(dead_code)]` on by default
[INFO] [stdout] 
[INFO] [stdout] 
[INFO] [stdout] warning: function `validate_function_runner_param_arc` is never used
[INFO] [stdout]   --> src/lib.rs:78:4
[INFO] [stdout]    |
[INFO] [stdout] 78 | fn validate_function_runner_param_arc(input: &ItemFn) -> SynResult<()> {
[INFO] [stdout]    |    ^^^^^^^^^^^^^^^^^^^^^^^^^^^^^^^^^^
[INFO] [stdout] 
[INFO] [stdout] 
[INFO] [stdout] warning: function `extract_inner_type_from_arc` is never used
[INFO] [stdout]  --> src/utils.rs:4:8
[INFO] [stdout]   |
[INFO] [stdout] 4 | pub fn extract_inner_type_from_arc(ty: &Type) -> Option<&Type> {
[INFO] [stdout]   |        ^^^^^^^^^^^^^^^^^^^^^^^^^^^
[INFO] [stdout] 
[INFO] [stdout] 
[INFO] [stdout] warning: function `validate_function_runner_param_mut_ref` is never used
[INFO] [stdout]   --> src/lib.rs:33:4
[INFO] [stdout]    |
[INFO] [stdout] 33 | fn validate_function_runner_param_mut_ref(input: &ItemFn) -> SynResult<()> {
[INFO] [stdout]    |    ^^^^^^^^^^^^^^^^^^^^^^^^^^^^^^^^^^^^^^
[INFO] [stdout]    |
[INFO] [stdout]    = note: `#[warn(dead_code)]` on by default
[INFO] [stdout] 
[INFO] [stdout] 
[INFO] [stdout] warning: function `validate_function_runner_param_arc` is never used
[INFO] [stdout]   --> src/lib.rs:78:4
[INFO] [stdout]    |
[INFO] [stdout] 78 | fn validate_function_runner_param_arc(input: &ItemFn) -> SynResult<()> {
[INFO] [stdout]    |    ^^^^^^^^^^^^^^^^^^^^^^^^^^^^^^^^^^
[INFO] [stdout] 
[INFO] [stdout] 
[INFO] [stdout] warning: function `extract_inner_type_from_arc` is never used
[INFO] [stdout]  --> src/utils.rs:4:8
[INFO] [stdout]   |
[INFO] [stdout] 4 | pub fn extract_inner_type_from_arc(ty: &Type) -> Option<&Type> {
[INFO] [stdout]   |        ^^^^^^^^^^^^^^^^^^^^^^^^^^^
[INFO] [stdout] 
[INFO] [stdout] 
[INFO] [stdout] warning: 3 warnings emitted
[INFO] [stdout] 
[INFO] [stdout] 
[INFO] [stdout] warning: 3 warnings emitted
[INFO] [stdout] 
[INFO] [stdout] 
[INFO] [stdout] error[E0433]: failed to resolve: use of undeclared crate or module `switchboard_solana`
[INFO] [stdout]  --> examples/panic.rs:3:1
[INFO] [stdout]   |
[INFO] [stdout] 3 | #[switchboard_function]
[INFO] [stdout]   | ^^^^^^^^^^^^^^^^^^^^^^^ use of undeclared crate or module `switchboard_solana`
[INFO] [stdout]   |
[INFO] [stdout]   = note: this error originates in the attribute macro `switchboard_function` (in Nightly builds, run with -Z macro-backtrace for more info)
[INFO] [stdout] 
[INFO] [stdout] 
[INFO] [stdout] error[E0433]: failed to resolve: could not find `main` in `tokio`
[INFO] [stdout]  --> examples/panic.rs:3:1
[INFO] [stdout]   |
[INFO] [stdout] 3 | #[switchboard_function]
[INFO] [stdout]   | ^^^^^^^^^^^^^^^^^^^^^^^ could not find `main` in `tokio`
[INFO] [stdout]   |
[INFO] [stdout]   = note: this error originates in the attribute macro `switchboard_function` (in Nightly builds, run with -Z macro-backtrace for more info)
[INFO] [stdout] 
[INFO] [stdout] 
[INFO] [stdout] error[E0433]: failed to resolve: use of undeclared crate or module `switchboard_solana`
[INFO] [stdout]  --> examples/simulation.rs:5:1
[INFO] [stdout]   |
[INFO] [stdout] 5 | #[switchboard_function]
[INFO] [stdout]   | ^^^^^^^^^^^^^^^^^^^^^^^ use of undeclared crate or module `switchboard_solana`
[INFO] [stdout]   |
[INFO] [stdout]   = note: this error originates in the attribute macro `switchboard_function` (in Nightly builds, run with -Z macro-backtrace for more info)
[INFO] [stdout] 
[INFO] [stdout] 
[INFO] [stdout] error[E0433]: failed to resolve: could not find `main` in `tokio`
[INFO] [stdout]  --> examples/simulation.rs:5:1
[INFO] [stdout]   |
[INFO] [stdout] 5 | #[switchboard_function]
[INFO] [stdout]   | ^^^^^^^^^^^^^^^^^^^^^^^ could not find `main` in `tokio`
[INFO] [stdout]   |
[INFO] [stdout]   = note: this error originates in the attribute macro `switchboard_function` (in Nightly builds, run with -Z macro-backtrace for more info)
[INFO] [stdout] 
[INFO] [stdout] 
[INFO] [stdout] error[E0433]: failed to resolve: use of undeclared crate or module `switchboard_solana`
[INFO] [stdout]  --> examples/basic.rs:3:1
[INFO] [stdout]   |
[INFO] [stdout] 3 | #[switchboard_function(encoding = Bytes, timeout_seconds = 10)]
[INFO] [stdout]   | ^^^^^^^^^^^^^^^^^^^^^^^^^^^^^^^^^^^^^^^^^^^^^^^^^^^^^^^^^^^^^^^ use of undeclared crate or module `switchboard_solana`
[INFO] [stdout]   |
[INFO] [stdout]   = note: this error originates in the attribute macro `switchboard_function` (in Nightly builds, run with -Z macro-backtrace for more info)
[INFO] [stdout] 
[INFO] [stdout] 
[INFO] [stdout] error[E0433]: failed to resolve: could not find `main` in `tokio`
[INFO] [stdout]  --> examples/basic.rs:3:1
[INFO] [stdout]   |
[INFO] [stdout] 3 | #[switchboard_function(encoding = Bytes, timeout_seconds = 10)]
[INFO] [stdout]   | ^^^^^^^^^^^^^^^^^^^^^^^^^^^^^^^^^^^^^^^^^^^^^^^^^^^^^^^^^^^^^^^ could not find `main` in `tokio`
[INFO] [stdout]   |
[INFO] [stdout]   = note: this error originates in the attribute macro `switchboard_function` (in Nightly builds, run with -Z macro-backtrace for more info)
[INFO] [stdout] 
[INFO] [stdout] 
[INFO] [stdout] error[E0412]: cannot find type `FunctionRunner` in this scope
[INFO] [stdout]  --> examples/panic.rs:5:13
[INFO] [stdout]   |
[INFO] [stdout] 5 |     runner: FunctionRunner,
[INFO] [stdout]   |             ^^^^^^^^^^^^^^ not found in this scope
[INFO] [stdout] 
[INFO] [stdout] 
[INFO] [stdout] error[E0412]: cannot find type `Instruction` in this scope
[INFO] [stdout]  --> examples/panic.rs:7:17
[INFO] [stdout]   |
[INFO] [stdout] 7 | ) -> Result<Vec<Instruction>, SbFunctionError> {
[INFO] [stdout]   |                 ^^^^^^^^^^^ not found in this scope
[INFO] [stdout]   |
[INFO] [stdout] help: you might be missing a type parameter
[INFO] [stdout]   |
[INFO] [stdout] 4 | pub async fn my_function_logic<Instruction>(
[INFO] [stdout]   |                               +++++++++++++
[INFO] [stdout] 
[INFO] [stdout] 
[INFO] [stdout] error[E0412]: cannot find type `SbFunctionError` in this scope
[INFO] [stdout]  --> examples/panic.rs:7:31
[INFO] [stdout]   |
[INFO] [stdout] 7 | ) -> Result<Vec<Instruction>, SbFunctionError> {
[INFO] [stdout]   |                               ^^^^^^^^^^^^^^^ not found in this scope
[INFO] [stdout]   |
[INFO] [stdout] help: you might be missing a type parameter
[INFO] [stdout]   |
[INFO] [stdout] 4 | pub async fn my_function_logic<SbFunctionError>(
[INFO] [stdout]   |                               +++++++++++++++++
[INFO] [stdout] 
[INFO] [stdout] 
[INFO] [stdout] error[E0412]: cannot find type `SbFunctionError` in this scope
[INFO] [stdout]  --> examples/panic.rs:3:1
[INFO] [stdout]   |
[INFO] [stdout] 3 | #[switchboard_function]
[INFO] [stdout]   | ^^^^^^^^^^^^^^^^^^^^^^^ not found in this scope
[INFO] [stdout]   |
[INFO] [stdout]   = note: this error originates in the attribute macro `switchboard_function` (in Nightly builds, run with -Z macro-backtrace for more info)
[INFO] [stdout] 
[INFO] [stdout] 
[INFO] [stdout] error[E0412]: cannot find type `FunctionRunner` in this scope
[INFO] [stdout]  --> examples/panic.rs:3:1
[INFO] [stdout]   |
[INFO] [stdout] 3 | #[switchboard_function]
[INFO] [stdout]   | ^^^^^^^^^^^^^^^^^^^^^^^ not found in this scope
[INFO] [stdout]   |
[INFO] [stdout]   = note: this error originates in the attribute macro `switchboard_function` (in Nightly builds, run with -Z macro-backtrace for more info)
[INFO] [stdout] 
[INFO] [stdout] 
[INFO] [stdout] error[E0412]: cannot find type `Instruction` in this scope
[INFO] [stdout]  --> examples/panic.rs:3:1
[INFO] [stdout]   |
[INFO] [stdout] 3 | #[switchboard_function]
[INFO] [stdout]   | ^^^^^^^^^^^^^^^^^^^^^^^ not found in this scope
[INFO] [stdout]   |
[INFO] [stdout]   = note: this error originates in the attribute macro `switchboard_function` (in Nightly builds, run with -Z macro-backtrace for more info)
[INFO] [stdout] 
[INFO] [stdout] 
[INFO] [stdout] error[E0425]: cannot find value `FUNCTION_RESULT_PREFIX` in this scope
[INFO] [stdout]  --> examples/panic.rs:3:1
[INFO] [stdout]   |
[INFO] [stdout] 3 | #[switchboard_function]
[INFO] [stdout]   | ^^^^^^^^^^^^^^^^^^^^^^^ not found in this scope
[INFO] [stdout]   |
[INFO] [stdout]   = note: this error originates in the attribute macro `switchboard_function` (in Nightly builds, run with -Z macro-backtrace for more info)
[INFO] [stdout] 
[INFO] [stdout] 
[INFO] [stdout] error[E0412]: cannot find type `FunctionRunner` in this scope
[INFO] [stdout]  --> examples/simulation.rs:7:13
[INFO] [stdout]   |
[INFO] [stdout] 7 |     runner: FunctionRunner,
[INFO] [stdout]   |             ^^^^^^^^^^^^^^ not found in this scope
[INFO] [stdout] 
[INFO] [stdout] 
[INFO] [stdout] error[E0412]: cannot find type `FunctionRunner` in this scope
[INFO] [stdout]  --> examples/basic.rs:5:13
[INFO] [stdout]   |
[INFO] [stdout] 5 |     runner: FunctionRunner,
[INFO] [stdout]   |             ^^^^^^^^^^^^^^ not found in this scope
[INFO] [stdout] 
[INFO] [stdout] 
[INFO] [stdout] error[E0412]: cannot find type `Instruction` in this scope
[INFO] [stdout]  --> examples/basic.rs:7:17
[INFO] [stdout]   |
[INFO] [stdout] 7 | ) -> Result<Vec<Instruction>, SbFunctionError> {
[INFO] [stdout]   |                 ^^^^^^^^^^^ not found in this scope
[INFO] [stdout]   |
[INFO] [stdout] help: you might be missing a type parameter
[INFO] [stdout]   |
[INFO] [stdout] 4 | pub async fn my_function_logic<Instruction>(
[INFO] [stdout]   |                               +++++++++++++
[INFO] [stdout] 
[INFO] [stdout] 
[INFO] [stdout] error[E0412]: cannot find type `SbFunctionError` in this scope
[INFO] [stdout]  --> examples/basic.rs:7:31
[INFO] [stdout]   |
[INFO] [stdout] 7 | ) -> Result<Vec<Instruction>, SbFunctionError> {
[INFO] [stdout]   |                               ^^^^^^^^^^^^^^^ not found in this scope
[INFO] [stdout]   |
[INFO] [stdout] help: you might be missing a type parameter
[INFO] [stdout]   |
[INFO] [stdout] 4 | pub async fn my_function_logic<SbFunctionError>(
[INFO] [stdout]   |                               +++++++++++++++++
[INFO] [stdout] 
[INFO] [stdout] 
[INFO] [stdout] error[E0422]: cannot find struct, variant or union type `Instruction` in this scope
[INFO] [stdout]  --> examples/basic.rs:9:20
[INFO] [stdout]   |
[INFO] [stdout] 9 |     let ixs = vec![Instruction {
[INFO] [stdout]   |                    ^^^^^^^^^^^ not found in this scope
[INFO] [stdout] 
[INFO] [stdout] 
[INFO] [stdout] error[E0412]: cannot find type `SbFunctionError` in this scope
[INFO] [stdout]  --> examples/basic.rs:3:1
[INFO] [stdout]   |
[INFO] [stdout] 3 | #[switchboard_function(encoding = Bytes, timeout_seconds = 10)]
[INFO] [stdout]   | ^^^^^^^^^^^^^^^^^^^^^^^^^^^^^^^^^^^^^^^^^^^^^^^^^^^^^^^^^^^^^^^ not found in this scope
[INFO] [stdout]   |
[INFO] [stdout]   = note: this error originates in the attribute macro `switchboard_function` (in Nightly builds, run with -Z macro-backtrace for more info)
[INFO] [stdout] 
[INFO] [stdout] 
[INFO] [stdout] error[E0412]: cannot find type `Instruction` in this scope
[INFO] [stdout]  --> examples/simulation.rs:9:17
[INFO] [stdout]   |
[INFO] [stdout] 9 | ) -> Result<Vec<Instruction>, SbFunctionError> {
[INFO] [stdout]   |                 ^^^^^^^^^^^ not found in this scope
[INFO] [stdout]   |
[INFO] [stdout] help: you might be missing a type parameter
[INFO] [stdout]   |
[INFO] [stdout] 6 | pub async fn my_function_logic<Instruction>(
[INFO] [stdout]   |                               +++++++++++++
[INFO] [stdout] 
[INFO] [stdout] 
[INFO] [stdout] error[E0412]: cannot find type `SbFunctionError` in this scope
[INFO] [stdout]  --> examples/simulation.rs:9:31
[INFO] [stdout]   |
[INFO] [stdout] 9 | ) -> Result<Vec<Instruction>, SbFunctionError> {
[INFO] [stdout]   |                               ^^^^^^^^^^^^^^^ not found in this scope
[INFO] [stdout]   |
[INFO] [stdout] help: you might be missing a type parameter
[INFO] [stdout]   |
[INFO] [stdout] 6 | pub async fn my_function_logic<SbFunctionError>(
[INFO] [stdout]   |                               +++++++++++++++++
[INFO] [stdout] 
[INFO] [stdout] 
[INFO] [stdout] error[E0412]: cannot find type `FunctionRunner` in this scope
[INFO] [stdout]  --> examples/basic.rs:3:1
[INFO] [stdout]   |
[INFO] [stdout] 3 | #[switchboard_function(encoding = Bytes, timeout_seconds = 10)]
[INFO] [stdout]   | ^^^^^^^^^^^^^^^^^^^^^^^^^^^^^^^^^^^^^^^^^^^^^^^^^^^^^^^^^^^^^^^ not found in this scope
[INFO] [stdout]   |
[INFO] [stdout]   = note: this error originates in the attribute macro `switchboard_function` (in Nightly builds, run with -Z macro-backtrace for more info)
[INFO] [stdout] 
[INFO] [stdout] 
[INFO] [stdout] error[E0412]: cannot find type `SbFunctionError` in this scope
[INFO] [stdout]  --> examples/simulation.rs:5:1
[INFO] [stdout]   |
[INFO] [stdout] 5 | #[switchboard_function]
[INFO] [stdout]   | ^^^^^^^^^^^^^^^^^^^^^^^ not found in this scope
[INFO] [stdout]   |
[INFO] [stdout]   = note: this error originates in the attribute macro `switchboard_function` (in Nightly builds, run with -Z macro-backtrace for more info)
[INFO] [stdout] 
[INFO] [stdout] 
[INFO] [stdout] error[E0412]: cannot find type `FunctionRunner` in this scope
[INFO] [stdout]  --> examples/simulation.rs:5:1
[INFO] [stdout]   |
[INFO] [stdout] 5 | #[switchboard_function]
[INFO] [stdout]   | ^^^^^^^^^^^^^^^^^^^^^^^ not found in this scope
[INFO] [stdout]   |
[INFO] [stdout]   = note: this error originates in the attribute macro `switchboard_function` (in Nightly builds, run with -Z macro-backtrace for more info)
[INFO] [stdout] 
[INFO] [stdout] 
[INFO] [stdout] error[E0412]: cannot find type `Instruction` in this scope
[INFO] [stdout]  --> examples/simulation.rs:5:1
[INFO] [stdout]   |
[INFO] [stdout] 5 | #[switchboard_function]
[INFO] [stdout]   | ^^^^^^^^^^^^^^^^^^^^^^^ not found in this scope
[INFO] [stdout]   |
[INFO] [stdout]   = note: this error originates in the attribute macro `switchboard_function` (in Nightly builds, run with -Z macro-backtrace for more info)
[INFO] [stdout] 
[INFO] [stdout] 
[INFO] [stdout] error[E0412]: cannot find type `Instruction` in this scope
[INFO] [stdout]  --> examples/basic.rs:3:1
[INFO] [stdout]   |
[INFO] [stdout] 3 | #[switchboard_function(encoding = Bytes, timeout_seconds = 10)]
[INFO] [stdout]   | ^^^^^^^^^^^^^^^^^^^^^^^^^^^^^^^^^^^^^^^^^^^^^^^^^^^^^^^^^^^^^^^ not found in this scope
[INFO] [stdout]   |
[INFO] [stdout]   = note: this error originates in the attribute macro `switchboard_function` (in Nightly builds, run with -Z macro-backtrace for more info)
[INFO] [stdout] 
[INFO] [stdout] 
[INFO] [stdout] error[E0425]: cannot find value `FUNCTION_RESULT_PREFIX` in this scope
[INFO] [stdout]  --> examples/simulation.rs:5:1
[INFO] [stdout]   |
[INFO] [stdout] 5 | #[switchboard_function]
[INFO] [stdout]   | ^^^^^^^^^^^^^^^^^^^^^^^ not found in this scope
[INFO] [stdout]   |
[INFO] [stdout]   = note: this error originates in the attribute macro `switchboard_function` (in Nightly builds, run with -Z macro-backtrace for more info)
[INFO] [stdout] 
[INFO] [stdout] 
[INFO] [stdout] error[E0425]: cannot find value `FUNCTION_RESULT_PREFIX` in this scope
[INFO] [stdout]  --> examples/basic.rs:3:1
[INFO] [stdout]   |
[INFO] [stdout] 3 | #[switchboard_function(encoding = Bytes, timeout_seconds = 10)]
[INFO] [stdout]   | ^^^^^^^^^^^^^^^^^^^^^^^^^^^^^^^^^^^^^^^^^^^^^^^^^^^^^^^^^^^^^^^ not found in this scope
[INFO] [stdout]   |
[INFO] [stdout]   = note: this error originates in the attribute macro `switchboard_function` (in Nightly builds, run with -Z macro-backtrace for more info)
[INFO] [stdout] 
[INFO] [stdout] 
[INFO] [stdout] error[E0433]: failed to resolve: use of undeclared type `Pubkey`
[INFO] [stdout]   --> examples/basic.rs:10:21
[INFO] [stdout]    |
[INFO] [stdout] 10 |         program_id: Pubkey::default(),
[INFO] [stdout]    |                     ^^^^^^ use of undeclared type `Pubkey`
[INFO] [stdout] 
[INFO] [stdout] 
[INFO] [stdout] error[E0433]: failed to resolve: use of undeclared type `SbFunctionError`
[INFO] [stdout]  --> examples/basic.rs:3:1
[INFO] [stdout]   |
[INFO] [stdout] 3 | #[switchboard_function(encoding = Bytes, timeout_seconds = 10)]
[INFO] [stdout]   | ^^^^^^^^^^^^^^^^^^^^^^^^^^^^^^^^^^^^^^^^^^^^^^^^^^^^^^^^^^^^^^^ use of undeclared type `SbFunctionError`
[INFO] [stdout]   |
[INFO] [stdout]   = note: this error originates in the attribute macro `switchboard_function` (in Nightly builds, run with -Z macro-backtrace for more info)
[INFO] [stdout] 
[INFO] [stdout] 
[INFO] [stdout] error: aborting due to 12 previous errors
[INFO] [stdout] 
[INFO] [stdout] 
[INFO] [stdout] Some errors have detailed explanations: E0412, E0422, E0425, E0433.
[INFO] [stdout] 
[INFO] [stdout] error[E0433]: failed to resolve: use of undeclared type `SbFunctionError`
[INFO] [stdout]  --> examples/simulation.rs:5:1
[INFO] [stdout]   |
[INFO] [stdout] 5 | #[switchboard_function]
[INFO] [stdout]   | ^^^^^^^^^^^^^^^^^^^^^^^ use of undeclared type `SbFunctionError`
[INFO] [stdout]   |
[INFO] [stdout]   = note: this error originates in the attribute macro `switchboard_function` (in Nightly builds, run with -Z macro-backtrace for more info)
[INFO] [stdout] 
[INFO] [stdout] 
[INFO] [stdout] For more information about an error, try `rustc --explain E0412`.
[INFO] [stdout] 
[INFO] [stdout] error: aborting due to 10 previous errors
[INFO] [stdout] 
[INFO] [stdout] 
[INFO] [stdout] Some errors have detailed explanations: E0412, E0425, E0433.
[INFO] [stdout] 
[INFO] [stdout] For more information about an error, try `rustc --explain E0412`.
[INFO] [stdout] 
[INFO] [stdout] error[E0433]: failed to resolve: use of undeclared type `SbFunctionError`
[INFO] [stdout]  --> examples/panic.rs:3:1
[INFO] [stdout]   |
[INFO] [stdout] 3 | #[switchboard_function]
[INFO] [stdout]   | ^^^^^^^^^^^^^^^^^^^^^^^ use of undeclared type `SbFunctionError`
[INFO] [stdout]   |
[INFO] [stdout]   = note: this error originates in the attribute macro `switchboard_function` (in Nightly builds, run with -Z macro-backtrace for more info)
[INFO] [stdout] 
[INFO] [stdout] 
[INFO] [stdout] error: aborting due to 10 previous errors
[INFO] [stdout] 
[INFO] [stdout] 
[INFO] [stderr] error: could not compile `switchboard-solana-macros` (example "panic") due to 11 previous errors
[INFO] [stdout] Some errors have detailed explanations: E0412, E0425, E0433.
[INFO] [stdout] 
[INFO] [stdout] For more information about an error, try `rustc --explain E0412`.
[INFO] [stdout] 
[INFO] [stderr] warning: build failed, waiting for other jobs to finish...
[INFO] [stderr] error: could not compile `switchboard-solana-macros` (example "simulation") due to 11 previous errors
[INFO] [stderr] error: could not compile `switchboard-solana-macros` (example "basic") due to 13 previous errors
[INFO] running `Command { std: "docker" "inspect" "c764831f758ad052ef8761ef60fedb4042afe4714e1cf7cabaf61980196c4c30", kill_on_drop: false }`
[INFO] running `Command { std: "docker" "rm" "-f" "c764831f758ad052ef8761ef60fedb4042afe4714e1cf7cabaf61980196c4c30", kill_on_drop: false }`
[INFO] [stdout] c764831f758ad052ef8761ef60fedb4042afe4714e1cf7cabaf61980196c4c30
