[INFO] fetching crate swiss-army-knife 0.0.37...
[INFO] testing swiss-army-knife-0.0.37 against 1.75.0 for beta-1.76-1
[INFO] extracting crate swiss-army-knife 0.0.37 into /workspace/builds/worker-3-tc1/source
[INFO] validating manifest of crates.io crate swiss-army-knife 0.0.37 on toolchain 1.75.0
[INFO] running `Command { std: CARGO_HOME="/workspace/cargo-home" RUSTUP_HOME="/workspace/rustup-home" "/workspace/cargo-home/bin/cargo" "+1.75.0" "metadata" "--manifest-path" "Cargo.toml" "--no-deps", kill_on_drop: false }`
[INFO] started tweaking crates.io crate swiss-army-knife 0.0.37
[INFO] finished tweaking crates.io crate swiss-army-knife 0.0.37
[INFO] tweaked toml for crates.io crate swiss-army-knife 0.0.37 written to /workspace/builds/worker-3-tc1/source/Cargo.toml
[INFO] running `Command { std: CARGO_HOME="/workspace/cargo-home" RUSTUP_HOME="/workspace/rustup-home" "/workspace/cargo-home/bin/cargo" "+1.75.0" "generate-lockfile" "--manifest-path" "Cargo.toml", kill_on_drop: false }`
[INFO] [stderr]     Updating crates.io index
[INFO] running `Command { std: CARGO_HOME="/workspace/cargo-home" RUSTUP_HOME="/workspace/rustup-home" "/workspace/cargo-home/bin/cargo" "+1.75.0" "fetch" "--manifest-path" "Cargo.toml", kill_on_drop: false }`
[INFO] [stderr]  Downloading crates ...
[INFO] [stderr]   Downloaded likely v0.2.0
[INFO] running `Command { std: "docker" "create" "-v" "/var/lib/crater-agent-workspace/builds/worker-3-tc1/target:/opt/rustwide/target:rw,Z" "-v" "/var/lib/crater-agent-workspace/builds/worker-3-tc1/source:/opt/rustwide/workdir:ro,Z" "-v" "/var/lib/crater-agent-workspace/cargo-home:/opt/rustwide/cargo-home:ro,Z" "-v" "/var/lib/crater-agent-workspace/rustup-home:/opt/rustwide/rustup-home:ro,Z" "-e" "SOURCE_DIR=/opt/rustwide/workdir" "-e" "CARGO_TARGET_DIR=/opt/rustwide/target" "-e" "CARGO_HOME=/opt/rustwide/cargo-home" "-e" "RUSTUP_HOME=/opt/rustwide/rustup-home" "-w" "/opt/rustwide/workdir" "-m" "1610612736" "--user" "0:0" "--network" "none" "ghcr.io/rust-lang/crates-build-env/linux@sha256:2788e3201cd34a07e3172128adcd8b3090168a8e3bcc40d7c032b9dda1df7d1c" "/opt/rustwide/cargo-home/bin/cargo" "+1.75.0" "metadata" "--no-deps" "--format-version=1", kill_on_drop: false }`
[INFO] [stdout] d41ddba5e9ce3de4fd5587573113014e43fe14386347f8e96f1f49d424a2884d
[INFO] running `Command { std: "docker" "start" "-a" "d41ddba5e9ce3de4fd5587573113014e43fe14386347f8e96f1f49d424a2884d", kill_on_drop: false }`
[INFO] running `Command { std: "docker" "inspect" "d41ddba5e9ce3de4fd5587573113014e43fe14386347f8e96f1f49d424a2884d", kill_on_drop: false }`
[INFO] running `Command { std: "docker" "rm" "-f" "d41ddba5e9ce3de4fd5587573113014e43fe14386347f8e96f1f49d424a2884d", kill_on_drop: false }`
[INFO] [stdout] d41ddba5e9ce3de4fd5587573113014e43fe14386347f8e96f1f49d424a2884d
[INFO] running `Command { std: "docker" "create" "-v" "/var/lib/crater-agent-workspace/builds/worker-3-tc1/target:/opt/rustwide/target:rw,Z" "-v" "/var/lib/crater-agent-workspace/builds/worker-3-tc1/source:/opt/rustwide/workdir:ro,Z" "-v" "/var/lib/crater-agent-workspace/cargo-home:/opt/rustwide/cargo-home:ro,Z" "-v" "/var/lib/crater-agent-workspace/rustup-home:/opt/rustwide/rustup-home:ro,Z" "-e" "SOURCE_DIR=/opt/rustwide/workdir" "-e" "CARGO_TARGET_DIR=/opt/rustwide/target" "-e" "CARGO_INCREMENTAL=0" "-e" "RUST_BACKTRACE=full" "-e" "RUSTFLAGS=--cap-lints=warn" "-e" "RUSTDOCFLAGS=--cap-lints=warn" "-e" "CARGO_HOME=/opt/rustwide/cargo-home" "-e" "RUSTUP_HOME=/opt/rustwide/rustup-home" "-w" "/opt/rustwide/workdir" "-m" "1610612736" "--user" "0:0" "--network" "none" "ghcr.io/rust-lang/crates-build-env/linux@sha256:2788e3201cd34a07e3172128adcd8b3090168a8e3bcc40d7c032b9dda1df7d1c" "/opt/rustwide/cargo-home/bin/cargo" "+1.75.0" "build" "--frozen" "--message-format=json", kill_on_drop: false }`
[INFO] [stdout] b2e0683f1f8f600a0cca6c0d61e922152a86f423f5b2f361f39348f9e1b6c9e4
[INFO] running `Command { std: "docker" "start" "-a" "b2e0683f1f8f600a0cca6c0d61e922152a86f423f5b2f361f39348f9e1b6c9e4", kill_on_drop: false }`
[INFO] [stderr]    Compiling crunchy v0.2.2
[INFO] [stderr]    Compiling tiny-keccak v2.0.2
[INFO] [stderr]    Compiling serde v1.0.194
[INFO] [stderr]    Compiling once_cell v1.19.0
[INFO] [stderr]    Compiling libc v0.2.151
[INFO] [stderr]    Compiling likely v0.2.0
[INFO] [stderr]    Compiling getrandom v0.2.11
[INFO] [stderr]    Compiling const-random-macro v0.1.16
[INFO] [stderr]    Compiling const-random v0.1.17
[INFO] [stderr]    Compiling ahash v0.4.8
[INFO] [stderr]    Compiling hashbrown v0.9.1
[INFO] [stderr]    Compiling arrayvec v0.7.4
[INFO] [stdout] error[E0554]: `#![feature]` may not be used on the stable release channel
[INFO] [stdout]   --> /opt/rustwide/cargo-home/registry/src/index.crates.io-6f17d22bba15001f/hashbrown-0.9.1/src/lib.rs:15:5
[INFO] [stdout]    |
[INFO] [stdout] 15 |     feature(test, core_intrinsics, dropck_eyepatch, min_specialization, extend_one)
[INFO] [stdout]    |     ^^^^^^^^^^^^^^^^^^^^^^^^^^^^^^^^^^^^^^^^^^^^^^^^^^^^^^^^^^^^^^^^^^^^^^^^^^^^^^^
[INFO] [stdout] 
[INFO] [stdout] 
[INFO] [stdout] error[E0554]: `#![feature]` may not be used on the stable release channel
[INFO] [stdout]   --> /opt/rustwide/cargo-home/registry/src/index.crates.io-6f17d22bba15001f/hashbrown-0.9.1/src/lib.rs:15:13
[INFO] [stdout]    |
[INFO] [stdout] 15 |     feature(test, core_intrinsics, dropck_eyepatch, min_specialization, extend_one)
[INFO] [stdout]    |             ^^^^
[INFO] [stdout] 
[INFO] [stdout] 
[INFO] [stdout] error[E0554]: `#![feature]` may not be used on the stable release channel
[INFO] [stdout]   --> /opt/rustwide/cargo-home/registry/src/index.crates.io-6f17d22bba15001f/hashbrown-0.9.1/src/lib.rs:15:19
[INFO] [stdout]    |
[INFO] [stdout] 15 |     feature(test, core_intrinsics, dropck_eyepatch, min_specialization, extend_one)
[INFO] [stdout]    |                   ^^^^^^^^^^^^^^^
[INFO] [stdout] 
[INFO] [stdout] 
[INFO] [stdout] error[E0554]: `#![feature]` may not be used on the stable release channel
[INFO] [stdout]   --> /opt/rustwide/cargo-home/registry/src/index.crates.io-6f17d22bba15001f/hashbrown-0.9.1/src/lib.rs:15:73
[INFO] [stdout]    |
[INFO] [stdout] 15 |     feature(test, core_intrinsics, dropck_eyepatch, min_specialization, extend_one)
[INFO] [stdout]    |                                                                         ^^^^^^^^^^
[INFO] [stdout] 
[INFO] [stdout] 
[INFO] [stdout] error: aborting due to 4 previous errors
[INFO] [stdout] 
[INFO] [stdout] 
[INFO] [stdout] For more information about this error, try `rustc --explain E0554`.
[INFO] [stdout] 
[INFO] [stderr] error: could not compile `hashbrown` (lib) due to 5 previous errors
[INFO] running `Command { std: "docker" "inspect" "b2e0683f1f8f600a0cca6c0d61e922152a86f423f5b2f361f39348f9e1b6c9e4", kill_on_drop: false }`
[INFO] running `Command { std: "docker" "rm" "-f" "b2e0683f1f8f600a0cca6c0d61e922152a86f423f5b2f361f39348f9e1b6c9e4", kill_on_drop: false }`
[INFO] [stdout] b2e0683f1f8f600a0cca6c0d61e922152a86f423f5b2f361f39348f9e1b6c9e4
