[INFO] fetching crate swc_ecma_parser_macros 0.4.1...
[INFO] testing swc_ecma_parser_macros-0.4.1 against 1.75.0 for beta-1.76-1
[INFO] extracting crate swc_ecma_parser_macros 0.4.1 into /workspace/builds/worker-1-tc1/source
[INFO] validating manifest of crates.io crate swc_ecma_parser_macros 0.4.1 on toolchain 1.75.0
[INFO] running `Command { std: CARGO_HOME="/workspace/cargo-home" RUSTUP_HOME="/workspace/rustup-home" "/workspace/cargo-home/bin/cargo" "+1.75.0" "metadata" "--manifest-path" "Cargo.toml" "--no-deps", kill_on_drop: false }`
[INFO] started tweaking crates.io crate swc_ecma_parser_macros 0.4.1
[INFO] finished tweaking crates.io crate swc_ecma_parser_macros 0.4.1
[INFO] tweaked toml for crates.io crate swc_ecma_parser_macros 0.4.1 written to /workspace/builds/worker-1-tc1/source/Cargo.toml
[INFO] running `Command { std: CARGO_HOME="/workspace/cargo-home" RUSTUP_HOME="/workspace/rustup-home" "/workspace/cargo-home/bin/cargo" "+1.75.0" "generate-lockfile" "--manifest-path" "Cargo.toml", kill_on_drop: false }`
[INFO] [stderr]     Updating crates.io index
[INFO] running `Command { std: CARGO_HOME="/workspace/cargo-home" RUSTUP_HOME="/workspace/rustup-home" "/workspace/cargo-home/bin/cargo" "+1.75.0" "fetch" "--manifest-path" "Cargo.toml", kill_on_drop: false }`
[INFO] running `Command { std: "docker" "create" "-v" "/var/lib/crater-agent-workspace/builds/worker-1-tc1/target:/opt/rustwide/target:rw,Z" "-v" "/var/lib/crater-agent-workspace/builds/worker-1-tc1/source:/opt/rustwide/workdir:ro,Z" "-v" "/var/lib/crater-agent-workspace/cargo-home:/opt/rustwide/cargo-home:ro,Z" "-v" "/var/lib/crater-agent-workspace/rustup-home:/opt/rustwide/rustup-home:ro,Z" "-e" "SOURCE_DIR=/opt/rustwide/workdir" "-e" "CARGO_TARGET_DIR=/opt/rustwide/target" "-e" "CARGO_HOME=/opt/rustwide/cargo-home" "-e" "RUSTUP_HOME=/opt/rustwide/rustup-home" "-w" "/opt/rustwide/workdir" "-m" "1610612736" "--user" "0:0" "--network" "none" "ghcr.io/rust-lang/crates-build-env/linux@sha256:2788e3201cd34a07e3172128adcd8b3090168a8e3bcc40d7c032b9dda1df7d1c" "/opt/rustwide/cargo-home/bin/cargo" "+1.75.0" "metadata" "--no-deps" "--format-version=1", kill_on_drop: false }`
[INFO] [stdout] 60a05be0e8c34a1c054e380f87f235121d9b177b0eda08924b0a2b2a9c031a47
[INFO] running `Command { std: "docker" "start" "-a" "60a05be0e8c34a1c054e380f87f235121d9b177b0eda08924b0a2b2a9c031a47", kill_on_drop: false }`
[INFO] running `Command { std: "docker" "inspect" "60a05be0e8c34a1c054e380f87f235121d9b177b0eda08924b0a2b2a9c031a47", kill_on_drop: false }`
[INFO] running `Command { std: "docker" "rm" "-f" "60a05be0e8c34a1c054e380f87f235121d9b177b0eda08924b0a2b2a9c031a47", kill_on_drop: false }`
[INFO] [stdout] 60a05be0e8c34a1c054e380f87f235121d9b177b0eda08924b0a2b2a9c031a47
[INFO] running `Command { std: "docker" "create" "-v" "/var/lib/crater-agent-workspace/builds/worker-1-tc1/target:/opt/rustwide/target:rw,Z" "-v" "/var/lib/crater-agent-workspace/builds/worker-1-tc1/source:/opt/rustwide/workdir:ro,Z" "-v" "/var/lib/crater-agent-workspace/cargo-home:/opt/rustwide/cargo-home:ro,Z" "-v" "/var/lib/crater-agent-workspace/rustup-home:/opt/rustwide/rustup-home:ro,Z" "-e" "SOURCE_DIR=/opt/rustwide/workdir" "-e" "CARGO_TARGET_DIR=/opt/rustwide/target" "-e" "CARGO_INCREMENTAL=0" "-e" "RUST_BACKTRACE=full" "-e" "RUSTFLAGS=--cap-lints=warn" "-e" "RUSTDOCFLAGS=--cap-lints=warn" "-e" "CARGO_HOME=/opt/rustwide/cargo-home" "-e" "RUSTUP_HOME=/opt/rustwide/rustup-home" "-w" "/opt/rustwide/workdir" "-m" "1610612736" "--user" "0:0" "--network" "none" "ghcr.io/rust-lang/crates-build-env/linux@sha256:2788e3201cd34a07e3172128adcd8b3090168a8e3bcc40d7c032b9dda1df7d1c" "/opt/rustwide/cargo-home/bin/cargo" "+1.75.0" "build" "--frozen" "--message-format=json", kill_on_drop: false }`
[INFO] [stdout] 7dcd2bae1de833590352393e8a2a609139f636d43f4df74d335da398ea86d36d
[INFO] running `Command { std: "docker" "start" "-a" "7dcd2bae1de833590352393e8a2a609139f636d43f4df74d335da398ea86d36d", kill_on_drop: false }`
[INFO] [stderr]    Compiling syn v1.0.109
[INFO] [stderr]    Compiling syn v2.0.48
[INFO] [stderr]    Compiling pmutil v0.5.3
[INFO] [stderr]    Compiling swc_macros_common v0.3.9
[INFO] [stderr]    Compiling swc_ecma_parser_macros v0.4.1 (/opt/rustwide/workdir)
[INFO] [stdout] error[E0599]: the method `parse2` exists for fn item `fn(&ParseBuffer<'a>) -> Result<Punctuated<_, _>, Error> {Punctuated::<_, _>::parse_separated_nonempty}`, but its trait bounds were not satisfied
[INFO] [stdout]   --> src/expand.rs:61:12
[INFO] [stdout]    |
[INFO] [stdout] 61 |     parser.parse2(t).expect("failed parse args")
[INFO] [stdout]    |            ^^^^^^ method cannot be called due to unsatisfied trait bounds
[INFO] [stdout]    |
[INFO] [stdout]    = note: the full type name has been written to '/opt/rustwide/target/debug/deps/swc_ecma_parser_macros-dffc5973f32bbe7a.long-type-421045993725523873.txt'
[INFO] [stdout]    = note: the following trait bounds were not satisfied:
[INFO] [stdout]            `<for<'a> fn(&'a syn::parse::ParseBuffer<'a>) -> Result<swc_macros_common::prelude::Punctuated<_, _>, syn::error::Error> {swc_macros_common::prelude::Punctuated::<_, _>::parse_separated_nonempty} as FnOnce<(&ParseBuffer<'_>,)>>::Output = Result<_, syn::Error>`
[INFO] [stdout]            which is required by `for<'a> fn(&'a syn::parse::ParseBuffer<'a>) -> Result<swc_macros_common::prelude::Punctuated<_, _>, syn::error::Error> {swc_macros_common::prelude::Punctuated::<_, _>::parse_separated_nonempty}: Parser`
[INFO] [stdout]            `for<'a> fn(&'a syn::parse::ParseBuffer<'a>) -> Result<swc_macros_common::prelude::Punctuated<_, _>, syn::error::Error> {swc_macros_common::prelude::Punctuated::<_, _>::parse_separated_nonempty}: FnOnce<(&ParseBuffer<'_>,)>`
[INFO] [stdout]            which is required by `for<'a> fn(&'a syn::parse::ParseBuffer<'a>) -> Result<swc_macros_common::prelude::Punctuated<_, _>, syn::error::Error> {swc_macros_common::prelude::Punctuated::<_, _>::parse_separated_nonempty}: Parser`
[INFO] [stdout]            `<&for<'a> fn(&'a syn::parse::ParseBuffer<'a>) -> Result<swc_macros_common::prelude::Punctuated<_, _>, syn::error::Error> {swc_macros_common::prelude::Punctuated::<_, _>::parse_separated_nonempty} as FnOnce<(&ParseBuffer<'_>,)>>::Output = Result<_, syn::Error>`
[INFO] [stdout]            which is required by `&for<'a> fn(&'a syn::parse::ParseBuffer<'a>) -> Result<swc_macros_common::prelude::Punctuated<_, _>, syn::error::Error> {swc_macros_common::prelude::Punctuated::<_, _>::parse_separated_nonempty}: Parser`
[INFO] [stdout]            `&for<'a> fn(&'a syn::parse::ParseBuffer<'a>) -> Result<swc_macros_common::prelude::Punctuated<_, _>, syn::error::Error> {swc_macros_common::prelude::Punctuated::<_, _>::parse_separated_nonempty}: FnOnce<(&ParseBuffer<'_>,)>`
[INFO] [stdout]            which is required by `&for<'a> fn(&'a syn::parse::ParseBuffer<'a>) -> Result<swc_macros_common::prelude::Punctuated<_, _>, syn::error::Error> {swc_macros_common::prelude::Punctuated::<_, _>::parse_separated_nonempty}: Parser`
[INFO] [stdout]            `<&mut for<'a> fn(&'a syn::parse::ParseBuffer<'a>) -> Result<swc_macros_common::prelude::Punctuated<_, _>, syn::error::Error> {swc_macros_common::prelude::Punctuated::<_, _>::parse_separated_nonempty} as FnOnce<(&ParseBuffer<'_>,)>>::Output = Result<_, syn::Error>`
[INFO] [stdout]            which is required by `&mut for<'a> fn(&'a syn::parse::ParseBuffer<'a>) -> Result<swc_macros_common::prelude::Punctuated<_, _>, syn::error::Error> {swc_macros_common::prelude::Punctuated::<_, _>::parse_separated_nonempty}: Parser`
[INFO] [stdout]            `&mut for<'a> fn(&'a syn::parse::ParseBuffer<'a>) -> Result<swc_macros_common::prelude::Punctuated<_, _>, syn::error::Error> {swc_macros_common::prelude::Punctuated::<_, _>::parse_separated_nonempty}: FnOnce<(&ParseBuffer<'_>,)>`
[INFO] [stdout]            which is required by `&mut for<'a> fn(&'a syn::parse::ParseBuffer<'a>) -> Result<swc_macros_common::prelude::Punctuated<_, _>, syn::error::Error> {swc_macros_common::prelude::Punctuated::<_, _>::parse_separated_nonempty}: Parser`
[INFO] [stdout]    = help: items from traits can only be used if the trait is in scope
[INFO] [stdout] help: the following trait is implemented but not in scope; perhaps add a `use` for it:
[INFO] [stdout]    |
[INFO] [stdout] 1  + use syn::parse::Parser;
[INFO] [stdout]    |
[INFO] [stdout] 
[INFO] [stdout] 
[INFO] [stdout] error[E0277]: `syn::Expr` doesn't implement `Debug`
[INFO] [stdout]   --> src/expand.rs:79:21
[INFO] [stdout]    |
[INFO] [stdout] 79 |                     expr
[INFO] [stdout]    |                     ^^^^ `syn::Expr` cannot be formatted using `{:?}` because it doesn't implement `Debug`
[INFO] [stdout]    |
[INFO] [stdout]    = help: the trait `Debug` is not implemented for `syn::Expr`
[INFO] [stdout]    = note: this error originates in the macro `$crate::const_format_args` which comes from the expansion of the macro `unreachable` (in Nightly builds, run with -Z macro-backtrace for more info)
[INFO] [stdout] 
[INFO] [stdout] 
[INFO] [stdout] error[E0277]: `syn::Pat` doesn't implement `Debug`
[INFO] [stdout]   --> src/expand.rs:88:81
[INFO] [stdout]    |
[INFO] [stdout] 88 |                     _ => unreachable!("ident: Expected (|p| {{..}})\nGot {:?}", pat),
[INFO] [stdout]    |                                                                                 ^^^ `syn::Pat` cannot be formatted using `{:?}` because it doesn't implement `Debug`
[INFO] [stdout]    |
[INFO] [stdout]    = help: the trait `Debug` is not implemented for `syn::Pat`
[INFO] [stdout]    = help: the trait `Debug` is implemented for `std::boxed::Box<T, A>`
[INFO] [stdout]    = note: this error originates in the macro `$crate::const_format_args` which comes from the expansion of the macro `unreachable` (in Nightly builds, run with -Z macro-backtrace for more info)
[INFO] [stdout] 
[INFO] [stdout] 
[INFO] [stdout] error[E0277]: `syn::Pat` doesn't implement `Debug`
[INFO] [stdout]   --> src/expand.rs:91:70
[INFO] [stdout]    |
[INFO] [stdout] 91 |                 _ => unreachable!("Expected (|p| {{..}})\nGot {:?}", p),
[INFO] [stdout]    |                                                                      ^ `syn::Pat` cannot be formatted using `{:?}` because it doesn't implement `Debug`
[INFO] [stdout]    |
[INFO] [stdout]    = help: the trait `Debug` is not implemented for `syn::Pat`
[INFO] [stdout]    = note: this error originates in the macro `$crate::const_format_args` which comes from the expansion of the macro `unreachable` (in Nightly builds, run with -Z macro-backtrace for more info)
[INFO] [stdout] 
[INFO] [stdout] 
[INFO] [stdout] error[E0277]: `syn::Macro` doesn't implement `Debug`
[INFO] [stdout]    --> src/expand.rs:210:48
[INFO] [stdout]     |
[INFO] [stdout] 210 |                 unimplemented!("Macro: {:#?}", i);
[INFO] [stdout]     |                                                ^ `syn::Macro` cannot be formatted using `{:?}` because it doesn't implement `Debug`
[INFO] [stdout]     |
[INFO] [stdout]     = help: the trait `Debug` is not implemented for `syn::Macro`
[INFO] [stdout]     = note: this error originates in the macro `$crate::const_format_args` which comes from the expansion of the macro `unimplemented` (in Nightly builds, run with -Z macro-backtrace for more info)
[INFO] [stdout] 
[INFO] [stdout] 
[INFO] [stdout] warning: unused import: `Parser`
[INFO] [stdout]  --> src/expand.rs:6:20
[INFO] [stdout]   |
[INFO] [stdout] 6 |     parse::{Parse, Parser},
[INFO] [stdout]   |                    ^^^^^^
[INFO] [stdout]   |
[INFO] [stdout]   = note: `#[warn(unused_imports)]` on by default
[INFO] [stdout] 
[INFO] [stdout] 
[INFO] [stdout] error: aborting due to 5 previous errors; 1 warning emitted
[INFO] [stdout] 
[INFO] [stdout] 
[INFO] [stdout] Some errors have detailed explanations: E0277, E0599.
[INFO] [stdout] 
[INFO] [stdout] For more information about an error, try `rustc --explain E0277`.
[INFO] [stdout] 
[INFO] [stderr] error: could not compile `swc_ecma_parser_macros` (lib) due to 6 previous errors; 1 warning emitted
[INFO] running `Command { std: "docker" "inspect" "7dcd2bae1de833590352393e8a2a609139f636d43f4df74d335da398ea86d36d", kill_on_drop: false }`
[INFO] running `Command { std: "docker" "rm" "-f" "7dcd2bae1de833590352393e8a2a609139f636d43f4df74d335da398ea86d36d", kill_on_drop: false }`
[INFO] [stdout] 7dcd2bae1de833590352393e8a2a609139f636d43f4df74d335da398ea86d36d
[INFO] testing swc_ecma_parser_macros-0.4.1 against beta-2023-12-22 for beta-1.76-1
[INFO] extracting crate swc_ecma_parser_macros 0.4.1 into /workspace/builds/worker-1-tc2/source
[INFO] validating manifest of crates.io crate swc_ecma_parser_macros 0.4.1 on toolchain beta-2023-12-22
[INFO] running `Command { std: CARGO_HOME="/workspace/cargo-home" RUSTUP_HOME="/workspace/rustup-home" "/workspace/cargo-home/bin/cargo" "+beta-2023-12-22" "metadata" "--manifest-path" "Cargo.toml" "--no-deps", kill_on_drop: false }`
[INFO] started tweaking crates.io crate swc_ecma_parser_macros 0.4.1
[INFO] finished tweaking crates.io crate swc_ecma_parser_macros 0.4.1
[INFO] tweaked toml for crates.io crate swc_ecma_parser_macros 0.4.1 written to /workspace/builds/worker-1-tc2/source/Cargo.toml
[INFO] running `Command { std: CARGO_HOME="/workspace/cargo-home" RUSTUP_HOME="/workspace/rustup-home" "/workspace/cargo-home/bin/cargo" "+beta-2023-12-22" "generate-lockfile" "--manifest-path" "Cargo.toml", kill_on_drop: false }`
[INFO] [stderr]     Updating crates.io index
[INFO] running `Command { std: CARGO_HOME="/workspace/cargo-home" RUSTUP_HOME="/workspace/rustup-home" "/workspace/cargo-home/bin/cargo" "+beta-2023-12-22" "fetch" "--manifest-path" "Cargo.toml", kill_on_drop: false }`
[INFO] running `Command { std: "docker" "create" "-v" "/var/lib/crater-agent-workspace/builds/worker-1-tc2/target:/opt/rustwide/target:rw,Z" "-v" "/var/lib/crater-agent-workspace/builds/worker-1-tc2/source:/opt/rustwide/workdir:ro,Z" "-v" "/var/lib/crater-agent-workspace/cargo-home:/opt/rustwide/cargo-home:ro,Z" "-v" "/var/lib/crater-agent-workspace/rustup-home:/opt/rustwide/rustup-home:ro,Z" "-e" "SOURCE_DIR=/opt/rustwide/workdir" "-e" "CARGO_TARGET_DIR=/opt/rustwide/target" "-e" "CARGO_HOME=/opt/rustwide/cargo-home" "-e" "RUSTUP_HOME=/opt/rustwide/rustup-home" "-w" "/opt/rustwide/workdir" "-m" "1610612736" "--user" "0:0" "--network" "none" "ghcr.io/rust-lang/crates-build-env/linux@sha256:2788e3201cd34a07e3172128adcd8b3090168a8e3bcc40d7c032b9dda1df7d1c" "/opt/rustwide/cargo-home/bin/cargo" "+beta-2023-12-22" "metadata" "--no-deps" "--format-version=1", kill_on_drop: false }`
[INFO] [stdout] 46a94bc8a62404db2c393363715f1f1ba15c3f976c7c01daa4478a09b2a2bb10
[INFO] running `Command { std: "docker" "start" "-a" "46a94bc8a62404db2c393363715f1f1ba15c3f976c7c01daa4478a09b2a2bb10", kill_on_drop: false }`
[INFO] running `Command { std: "docker" "inspect" "46a94bc8a62404db2c393363715f1f1ba15c3f976c7c01daa4478a09b2a2bb10", kill_on_drop: false }`
[INFO] running `Command { std: "docker" "rm" "-f" "46a94bc8a62404db2c393363715f1f1ba15c3f976c7c01daa4478a09b2a2bb10", kill_on_drop: false }`
[INFO] [stdout] 46a94bc8a62404db2c393363715f1f1ba15c3f976c7c01daa4478a09b2a2bb10
[INFO] running `Command { std: "docker" "create" "-v" "/var/lib/crater-agent-workspace/builds/worker-1-tc2/target:/opt/rustwide/target:rw,Z" "-v" "/var/lib/crater-agent-workspace/builds/worker-1-tc2/source:/opt/rustwide/workdir:ro,Z" "-v" "/var/lib/crater-agent-workspace/cargo-home:/opt/rustwide/cargo-home:ro,Z" "-v" "/var/lib/crater-agent-workspace/rustup-home:/opt/rustwide/rustup-home:ro,Z" "-e" "SOURCE_DIR=/opt/rustwide/workdir" "-e" "CARGO_TARGET_DIR=/opt/rustwide/target" "-e" "CARGO_INCREMENTAL=0" "-e" "RUST_BACKTRACE=full" "-e" "RUSTFLAGS=--cap-lints=warn" "-e" "RUSTDOCFLAGS=--cap-lints=warn" "-e" "CARGO_HOME=/opt/rustwide/cargo-home" "-e" "RUSTUP_HOME=/opt/rustwide/rustup-home" "-w" "/opt/rustwide/workdir" "-m" "1610612736" "--user" "0:0" "--network" "none" "ghcr.io/rust-lang/crates-build-env/linux@sha256:2788e3201cd34a07e3172128adcd8b3090168a8e3bcc40d7c032b9dda1df7d1c" "/opt/rustwide/cargo-home/bin/cargo" "+beta-2023-12-22" "build" "--frozen" "--message-format=json", kill_on_drop: false }`
[INFO] [stdout] d715bf58837f05cedeb8292b33e7c0a3beaea6900805cef3680d488bd0beb03c
[INFO] running `Command { std: "docker" "start" "-a" "d715bf58837f05cedeb8292b33e7c0a3beaea6900805cef3680d488bd0beb03c", kill_on_drop: false }`
[INFO] [stderr]    Compiling syn v1.0.109
[INFO] [stderr]    Compiling syn v2.0.48
[INFO] [stderr]    Compiling pmutil v0.5.3
[INFO] [stderr]    Compiling swc_macros_common v0.3.9
[INFO] [stderr]    Compiling swc_ecma_parser_macros v0.4.1 (/opt/rustwide/workdir)
[INFO] [stdout] error[E0599]: the method `parse2` exists for fn item `fn(&ParseBuffer<'a>) -> Result<Punctuated<_, _>, Error> {Punctuated::<_, _>::parse_separated_nonempty}`, but its trait bounds were not satisfied
[INFO] [stdout]   --> src/expand.rs:61:12
[INFO] [stdout]    |
[INFO] [stdout] 61 |     parser.parse2(t).expect("failed parse args")
[INFO] [stdout]    |            ^^^^^^ method cannot be called due to unsatisfied trait bounds
[INFO] [stdout]    |
[INFO] [stdout]    = note: the full type name has been written to '/opt/rustwide/target/debug/deps/swc_ecma_parser_macros-495e854b668497c6.long-type-6756162892783909975.txt'
[INFO] [stdout]    = note: the following trait bounds were not satisfied:
[INFO] [stdout]            `<for<'a> fn(&'a syn::parse::ParseBuffer<'a>) -> Result<swc_macros_common::prelude::Punctuated<_, _>, syn::error::Error> {swc_macros_common::prelude::Punctuated::<_, _>::parse_separated_nonempty} as FnOnce<(&ParseBuffer<'_>,)>>::Output = Result<_, syn::Error>`
[INFO] [stdout]            which is required by `for<'a> fn(&'a syn::parse::ParseBuffer<'a>) -> Result<swc_macros_common::prelude::Punctuated<_, _>, syn::error::Error> {swc_macros_common::prelude::Punctuated::<_, _>::parse_separated_nonempty}: Parser`
[INFO] [stdout]            `for<'a> fn(&'a syn::parse::ParseBuffer<'a>) -> Result<swc_macros_common::prelude::Punctuated<_, _>, syn::error::Error> {swc_macros_common::prelude::Punctuated::<_, _>::parse_separated_nonempty}: FnOnce<(&ParseBuffer<'_>,)>`
[INFO] [stdout]            which is required by `for<'a> fn(&'a syn::parse::ParseBuffer<'a>) -> Result<swc_macros_common::prelude::Punctuated<_, _>, syn::error::Error> {swc_macros_common::prelude::Punctuated::<_, _>::parse_separated_nonempty}: Parser`
[INFO] [stdout]            `<&for<'a> fn(&'a syn::parse::ParseBuffer<'a>) -> Result<swc_macros_common::prelude::Punctuated<_, _>, syn::error::Error> {swc_macros_common::prelude::Punctuated::<_, _>::parse_separated_nonempty} as FnOnce<(&ParseBuffer<'_>,)>>::Output = Result<_, syn::Error>`
[INFO] [stdout]            which is required by `&for<'a> fn(&'a syn::parse::ParseBuffer<'a>) -> Result<swc_macros_common::prelude::Punctuated<_, _>, syn::error::Error> {swc_macros_common::prelude::Punctuated::<_, _>::parse_separated_nonempty}: Parser`
[INFO] [stdout]            `&for<'a> fn(&'a syn::parse::ParseBuffer<'a>) -> Result<swc_macros_common::prelude::Punctuated<_, _>, syn::error::Error> {swc_macros_common::prelude::Punctuated::<_, _>::parse_separated_nonempty}: FnOnce<(&ParseBuffer<'_>,)>`
[INFO] [stdout]            which is required by `&for<'a> fn(&'a syn::parse::ParseBuffer<'a>) -> Result<swc_macros_common::prelude::Punctuated<_, _>, syn::error::Error> {swc_macros_common::prelude::Punctuated::<_, _>::parse_separated_nonempty}: Parser`
[INFO] [stdout]            `<&mut for<'a> fn(&'a syn::parse::ParseBuffer<'a>) -> Result<swc_macros_common::prelude::Punctuated<_, _>, syn::error::Error> {swc_macros_common::prelude::Punctuated::<_, _>::parse_separated_nonempty} as FnOnce<(&ParseBuffer<'_>,)>>::Output = Result<_, syn::Error>`
[INFO] [stdout]            which is required by `&mut for<'a> fn(&'a syn::parse::ParseBuffer<'a>) -> Result<swc_macros_common::prelude::Punctuated<_, _>, syn::error::Error> {swc_macros_common::prelude::Punctuated::<_, _>::parse_separated_nonempty}: Parser`
[INFO] [stdout]            `&mut for<'a> fn(&'a syn::parse::ParseBuffer<'a>) -> Result<swc_macros_common::prelude::Punctuated<_, _>, syn::error::Error> {swc_macros_common::prelude::Punctuated::<_, _>::parse_separated_nonempty}: FnOnce<(&ParseBuffer<'_>,)>`
[INFO] [stdout]            which is required by `&mut for<'a> fn(&'a syn::parse::ParseBuffer<'a>) -> Result<swc_macros_common::prelude::Punctuated<_, _>, syn::error::Error> {swc_macros_common::prelude::Punctuated::<_, _>::parse_separated_nonempty}: Parser`
[INFO] [stdout]    = help: items from traits can only be used if the trait is in scope
[INFO] [stdout] help: the following trait is implemented but not in scope; perhaps add a `use` for it:
[INFO] [stdout]    |
[INFO] [stdout] 1  + use syn::parse::Parser;
[INFO] [stdout]    |
[INFO] [stdout] 
[INFO] [stdout] 
[INFO] [stdout] error[E0277]: `syn::Expr` doesn't implement `Debug`
[INFO] [stdout]   --> src/expand.rs:79:21
[INFO] [stdout]    |
[INFO] [stdout] 79 |                     expr
[INFO] [stdout]    |                     ^^^^ `syn::Expr` cannot be formatted using `{:?}` because it doesn't implement `Debug`
[INFO] [stdout]    |
[INFO] [stdout]    = help: the trait `Debug` is not implemented for `syn::Expr`
[INFO] [stdout]    = note: this error originates in the macro `$crate::const_format_args` which comes from the expansion of the macro `unreachable` (in Nightly builds, run with -Z macro-backtrace for more info)
[INFO] [stdout] 
[INFO] [stdout] 
[INFO] [stdout] error[E0277]: `syn::Pat` doesn't implement `Debug`
[INFO] [stdout]   --> src/expand.rs:88:81
[INFO] [stdout]    |
[INFO] [stdout] 88 |                     _ => unreachable!("ident: Expected (|p| {{..}})\nGot {:?}", pat),
[INFO] [stdout]    |                                                                                 ^^^ `syn::Pat` cannot be formatted using `{:?}` because it doesn't implement `Debug`
[INFO] [stdout]    |
[INFO] [stdout]    = help: the trait `Debug` is not implemented for `syn::Pat`
[INFO] [stdout]    = help: the trait `Debug` is implemented for `std::boxed::Box<T, A>`
[INFO] [stdout]    = note: this error originates in the macro `$crate::const_format_args` which comes from the expansion of the macro `unreachable` (in Nightly builds, run with -Z macro-backtrace for more info)
[INFO] [stdout] 
[INFO] [stdout] 
[INFO] [stdout] error[E0277]: `syn::Pat` doesn't implement `Debug`
[INFO] [stdout]   --> src/expand.rs:91:70
[INFO] [stdout]    |
[INFO] [stdout] 91 |                 _ => unreachable!("Expected (|p| {{..}})\nGot {:?}", p),
[INFO] [stdout]    |                                                                      ^ `syn::Pat` cannot be formatted using `{:?}` because it doesn't implement `Debug`
[INFO] [stdout]    |
[INFO] [stdout]    = help: the trait `Debug` is not implemented for `syn::Pat`
[INFO] [stdout]    = note: this error originates in the macro `$crate::const_format_args` which comes from the expansion of the macro `unreachable` (in Nightly builds, run with -Z macro-backtrace for more info)
[INFO] [stdout] 
[INFO] [stdout] 
[INFO] [stdout] error[E0277]: `syn::Macro` doesn't implement `Debug`
[INFO] [stdout]    --> src/expand.rs:210:48
[INFO] [stdout]     |
[INFO] [stdout] 210 |                 unimplemented!("Macro: {:#?}", i);
[INFO] [stdout]     |                                                ^ `syn::Macro` cannot be formatted using `{:?}` because it doesn't implement `Debug`
[INFO] [stdout]     |
[INFO] [stdout]     = help: the trait `Debug` is not implemented for `syn::Macro`
[INFO] [stdout]     = note: this error originates in the macro `$crate::const_format_args` which comes from the expansion of the macro `unimplemented` (in Nightly builds, run with -Z macro-backtrace for more info)
[INFO] [stdout] 
[INFO] [stdout] 
[INFO] [stdout] warning: unused import: `Parser`
[INFO] [stdout]  --> src/expand.rs:6:20
[INFO] [stdout]   |
[INFO] [stdout] 6 |     parse::{Parse, Parser},
[INFO] [stdout]   |                    ^^^^^^
[INFO] [stdout]   |
[INFO] [stdout]   = note: `#[warn(unused_imports)]` on by default
[INFO] [stdout] 
[INFO] [stdout] 
[INFO] [stdout] error: aborting due to 5 previous errors; 1 warning emitted
[INFO] [stdout] 
[INFO] [stdout] 
[INFO] [stdout] Some errors have detailed explanations: E0277, E0599.
[INFO] [stdout] 
[INFO] [stdout] For more information about an error, try `rustc --explain E0277`.
[INFO] [stdout] 
[INFO] [stderr] error: could not compile `swc_ecma_parser_macros` (lib) due to 6 previous errors; 1 warning emitted
[INFO] running `Command { std: "docker" "inspect" "d715bf58837f05cedeb8292b33e7c0a3beaea6900805cef3680d488bd0beb03c", kill_on_drop: false }`
[INFO] running `Command { std: "docker" "rm" "-f" "d715bf58837f05cedeb8292b33e7c0a3beaea6900805cef3680d488bd0beb03c", kill_on_drop: false }`
[INFO] [stdout] d715bf58837f05cedeb8292b33e7c0a3beaea6900805cef3680d488bd0beb03c
