[INFO] fetching crate swayfmt 0.47.0...
[INFO] testing swayfmt-0.47.0 against 1.75.0 for beta-1.76-1
[INFO] extracting crate swayfmt 0.47.0 into /workspace/builds/worker-1-tc1/source
[INFO] validating manifest of crates.io crate swayfmt 0.47.0 on toolchain 1.75.0
[INFO] running `Command { std: CARGO_HOME="/workspace/cargo-home" RUSTUP_HOME="/workspace/rustup-home" "/workspace/cargo-home/bin/cargo" "+1.75.0" "metadata" "--manifest-path" "Cargo.toml" "--no-deps", kill_on_drop: false }`
[INFO] started tweaking crates.io crate swayfmt 0.47.0
[INFO] finished tweaking crates.io crate swayfmt 0.47.0
[INFO] tweaked toml for crates.io crate swayfmt 0.47.0 written to /workspace/builds/worker-1-tc1/source/Cargo.toml
[INFO] running `Command { std: CARGO_HOME="/workspace/cargo-home" RUSTUP_HOME="/workspace/rustup-home" "/workspace/cargo-home/bin/cargo" "+1.75.0" "generate-lockfile" "--manifest-path" "Cargo.toml", kill_on_drop: false }`
[INFO] [stderr]     Updating crates.io index
[INFO] running `Command { std: CARGO_HOME="/workspace/cargo-home" RUSTUP_HOME="/workspace/rustup-home" "/workspace/cargo-home/bin/cargo" "+1.75.0" "fetch" "--manifest-path" "Cargo.toml", kill_on_drop: false }`
[INFO] [stderr]  Downloading crates ...
[INFO] [stderr]   Downloaded fuel-etk-ops v0.3.1-dev
[INFO] [stderr]   Downloaded fuel-abi-types v0.1.0
[INFO] [stderr]   Downloaded forc-tracing v0.47.0
[INFO] [stderr]   Downloaded winter-utils v0.4.2
[INFO] [stderr]   Downloaded sway-ir-macros v0.47.0
[INFO] [stderr]   Downloaded str_indices v0.4.3
[INFO] [stderr]   Downloaded generational-arena v0.2.9
[INFO] [stderr]   Downloaded ropey v1.6.1
[INFO] [stderr]   Downloaded winter-crypto v0.4.2
[INFO] [stderr]   Downloaded winter-math v0.4.2
[INFO] [stderr]   Downloaded sway-core v0.47.0
[INFO] [stderr]   Downloaded prettydiff v0.6.4
[INFO] [stderr]   Downloaded sway-ir v0.47.0
[INFO] [stderr]   Downloaded filecheck v0.5.0
[INFO] [stderr]   Downloaded miden-core v0.3.0
[INFO] [stderr]   Downloaded sway-error v0.47.0
[INFO] [stderr]   Downloaded fuel-etk-asm v0.3.1-dev
[INFO] [stderr]   Downloaded fuel-etk-4byte v0.3.1-dev
[INFO] [stderr]   Downloaded sway-parse v0.47.0
[INFO] [stderr]   Downloaded sway-ast v0.47.0
[INFO] [stderr]   Downloaded extension-trait v1.0.2
[INFO] [stderr]   Downloaded sway-types v0.47.0
[INFO] [stderr]   Downloaded fuel-etk-dasm v0.3.1-dev
[INFO] [stderr]   Downloaded sway-utils v0.47.0
[INFO] [stderr]   Downloaded fuel-ethabi v18.0.0
[INFO] running `Command { std: "docker" "create" "-v" "/var/lib/crater-agent-workspace/builds/worker-1-tc1/target:/opt/rustwide/target:rw,Z" "-v" "/var/lib/crater-agent-workspace/builds/worker-1-tc1/source:/opt/rustwide/workdir:ro,Z" "-v" "/var/lib/crater-agent-workspace/cargo-home:/opt/rustwide/cargo-home:ro,Z" "-v" "/var/lib/crater-agent-workspace/rustup-home:/opt/rustwide/rustup-home:ro,Z" "-e" "SOURCE_DIR=/opt/rustwide/workdir" "-e" "CARGO_TARGET_DIR=/opt/rustwide/target" "-e" "CARGO_HOME=/opt/rustwide/cargo-home" "-e" "RUSTUP_HOME=/opt/rustwide/rustup-home" "-w" "/opt/rustwide/workdir" "-m" "1610612736" "--user" "0:0" "--network" "none" "ghcr.io/rust-lang/crates-build-env/linux@sha256:2788e3201cd34a07e3172128adcd8b3090168a8e3bcc40d7c032b9dda1df7d1c" "/opt/rustwide/cargo-home/bin/cargo" "+1.75.0" "metadata" "--no-deps" "--format-version=1", kill_on_drop: false }`
[INFO] [stdout] 88cc5df5abcd80480713a221aab113c9d9d91cb43bf50dfae919c34eb02aae17
[INFO] running `Command { std: "docker" "start" "-a" "88cc5df5abcd80480713a221aab113c9d9d91cb43bf50dfae919c34eb02aae17", kill_on_drop: false }`
[INFO] running `Command { std: "docker" "inspect" "88cc5df5abcd80480713a221aab113c9d9d91cb43bf50dfae919c34eb02aae17", kill_on_drop: false }`
[INFO] running `Command { std: "docker" "rm" "-f" "88cc5df5abcd80480713a221aab113c9d9d91cb43bf50dfae919c34eb02aae17", kill_on_drop: false }`
[INFO] [stdout] 88cc5df5abcd80480713a221aab113c9d9d91cb43bf50dfae919c34eb02aae17
[INFO] running `Command { std: "docker" "create" "-v" "/var/lib/crater-agent-workspace/builds/worker-1-tc1/target:/opt/rustwide/target:rw,Z" "-v" "/var/lib/crater-agent-workspace/builds/worker-1-tc1/source:/opt/rustwide/workdir:ro,Z" "-v" "/var/lib/crater-agent-workspace/cargo-home:/opt/rustwide/cargo-home:ro,Z" "-v" "/var/lib/crater-agent-workspace/rustup-home:/opt/rustwide/rustup-home:ro,Z" "-e" "SOURCE_DIR=/opt/rustwide/workdir" "-e" "CARGO_TARGET_DIR=/opt/rustwide/target" "-e" "CARGO_INCREMENTAL=0" "-e" "RUST_BACKTRACE=full" "-e" "RUSTFLAGS=--cap-lints=warn" "-e" "RUSTDOCFLAGS=--cap-lints=warn" "-e" "CARGO_HOME=/opt/rustwide/cargo-home" "-e" "RUSTUP_HOME=/opt/rustwide/rustup-home" "-w" "/opt/rustwide/workdir" "-m" "1610612736" "--user" "0:0" "--network" "none" "ghcr.io/rust-lang/crates-build-env/linux@sha256:2788e3201cd34a07e3172128adcd8b3090168a8e3bcc40d7c032b9dda1df7d1c" "/opt/rustwide/cargo-home/bin/cargo" "+1.75.0" "build" "--frozen" "--message-format=json", kill_on_drop: false }`
[INFO] [stdout] 3067f943d700e70c6814c28514156b49829363a2dbc1586021469eddfb6f0c60
[INFO] running `Command { std: "docker" "start" "-a" "3067f943d700e70c6814c28514156b49829363a2dbc1586021469eddfb6f0c60", kill_on_drop: false }`
[INFO] [stderr]    Compiling serde v1.0.194
[INFO] [stderr]    Compiling const-oid v0.9.6
[INFO] [stderr]    Compiling generic-array v0.14.7
[INFO] [stderr]    Compiling subtle v2.5.0
[INFO] [stderr]    Compiling libc v0.2.151
[INFO] [stderr]    Compiling syn v2.0.48
[INFO] [stderr]    Compiling syn v1.0.109
[INFO] [stderr]    Compiling once_cell v1.19.0
[INFO] [stderr]    Compiling hex v0.4.3
[INFO] [stderr]    Compiling rand v0.8.5
[INFO] [stderr]    Compiling keccak v0.1.4
[INFO] [stderr]    Compiling ff v0.13.0
[INFO] [stderr]    Compiling base16ct v0.2.0
[INFO] [stderr]    Compiling platforms v3.3.0
[INFO] [stderr]    Compiling group v0.13.0
[INFO] [stderr]    Compiling radium v0.7.0
[INFO] [stderr]    Compiling rustversion v1.0.14
[INFO] [stderr]    Compiling serde_json v1.0.111
[INFO] [stderr]    Compiling curve25519-dalek v4.1.1
[INFO] [stderr]    Compiling ahash v0.8.7
[INFO] [stderr]    Compiling bech32 v0.9.1
[INFO] [stderr]    Compiling base64 v0.21.5
[INFO] [stderr]    Compiling tap v1.0.1
[INFO] [stderr]    Compiling cc v1.0.83
[INFO] [stderr]    Compiling wyz v0.5.1
[INFO] [stderr]    Compiling funty v2.0.0
[INFO] [stderr]    Compiling zerocopy v0.7.32
[INFO] [stderr]    Compiling either v1.9.0
[INFO] [stderr]    Compiling num-bigint v0.4.4
[INFO] [stderr]    Compiling crunchy v0.2.2
[INFO] [stderr]    Compiling bitvec v1.0.1
[INFO] [stderr]    Compiling borrown v0.1.0
[INFO] [stderr]    Compiling hashbrown v0.13.2
[INFO] [stderr]    Compiling fuel-storage v0.35.4
[INFO] [stderr]    Compiling rustc-hex v2.1.0
[INFO] [stderr]    Compiling itertools v0.10.5
[INFO] [stderr]    Compiling getrandom v0.2.11
[INFO] [stderr]    Compiling secp256k1-sys v0.8.1
[INFO] [stderr]    Compiling indexmap v1.9.3
[INFO] [stderr]    Compiling byteorder v1.5.0
[INFO] [stderr]    Compiling crossbeam-utils v0.8.18
[INFO] [stderr]    Compiling unicode-segmentation v1.10.1
[INFO] [stderr]    Compiling static_assertions v1.1.0
[INFO] [stderr]    Compiling bytes v1.5.0
[INFO] [stderr]    Compiling unicode-width v0.1.11
[INFO] [stderr]    Compiling heck v0.3.3
[INFO] [stderr]    Compiling rlp v0.5.2
[INFO] [stderr]    Compiling backtrace v0.3.69
[INFO] [stderr]    Compiling rand_core v0.6.4
[INFO] [stderr]    Compiling gimli v0.28.1
[INFO] [stderr]    Compiling ucd-trie v0.1.6
[INFO] [stderr]    Compiling proc-macro-error v1.0.4
[INFO] [stderr]    Compiling rustix v0.38.28
[INFO] [stderr]    Compiling doc-comment v0.3.3
[INFO] [stderr]    Compiling siphasher v0.3.11
[INFO] [stderr]    Compiling rand_chacha v0.3.1
[INFO] [stderr]    Compiling miniz_oxide v0.7.1
[INFO] [stderr]    Compiling impl-rlp v0.3.0
[INFO] [stderr]    Compiling fixed-hash v0.8.0
[INFO] [stderr]    Compiling tracing-core v0.1.32
[INFO] [stderr]    Compiling object v0.32.2
[INFO] [stderr]    Compiling dirs-sys-next v0.1.2
[INFO] [stderr]    Compiling atty v0.2.14
[INFO] [stderr]    Compiling proc-macro-hack v0.5.20+deprecated
[INFO] [stderr]    Compiling addr2line v0.21.0
[INFO] [stderr]    Compiling alloc-no-stdlib v2.0.4
[INFO] [stderr]    Compiling tiny-keccak v2.0.2
[INFO] [stderr]    Compiling bitflags v2.4.1
[INFO] [stderr]    Compiling ansi_term v0.12.1
[INFO] [stderr]    Compiling linux-raw-sys v0.4.12
[INFO] [stderr]    Compiling rustc-demangle v0.1.23
[INFO] [stderr]    Compiling secp256k1 v0.26.0
[INFO] [stderr]    Compiling alloc-stdlib v0.2.2
[INFO] [stderr]    Compiling dirs-next v2.0.0
[INFO] [stderr]    Compiling strum_macros v0.24.3
[INFO] [stderr]    Compiling derivative v2.2.0
[INFO] [stderr]    Compiling zeroize_derive v1.4.2
[INFO] [stderr]    Compiling serde_derive v1.0.194
[INFO] [stderr]    Compiling thiserror-impl v1.0.56
[INFO] [stderr]    Compiling curve25519-dalek-derive v0.1.1
[INFO] [stderr]    Compiling zeroize v1.7.0
[INFO] [stderr]    Compiling der v0.7.8
[INFO] [stderr]    Compiling enum-ordinalize v3.1.15
[INFO] [stderr]    Compiling crypto-common v0.1.6
[INFO] [stderr]    Compiling block-buffer v0.10.4
[INFO] [stderr]    Compiling digest v0.10.7
[INFO] [stderr]    Compiling thiserror v1.0.56
[INFO] [stderr]    Compiling sha3 v0.10.8
[INFO] [stderr]    Compiling sha2 v0.10.8
[INFO] [stderr]    Compiling spki v0.7.3
[INFO] [stderr]    Compiling sec1 v0.7.3
[INFO] [stderr]    Compiling pkcs8 v0.10.2
[INFO] [stderr]    Compiling signature v2.2.0
[INFO] [stderr]    Compiling hmac v0.12.1
[INFO] [stderr]    Compiling crypto-bigint v0.5.5
[INFO] [stderr]    Compiling rfc6979 v0.4.0
[INFO] [stderr]    Compiling bs58 v0.5.0
[INFO] [stderr]    Compiling ripemd v0.1.3
[INFO] [stderr]    Compiling pbkdf2 v0.12.2
[INFO] [stderr]    Compiling ed25519 v2.2.3
[INFO] [stderr]    Compiling strum v0.24.1
[INFO] [stderr]    Compiling fuel-merkle v0.35.4
[INFO] [stderr]    Compiling pest v2.7.6
[INFO] [stderr]    Compiling snafu-derive v0.7.5
[INFO] [stderr]    Compiling ed25519-dalek v2.1.0
[INFO] [stderr]    Compiling crossbeam-epoch v0.9.17
[INFO] [stderr]    Compiling phf_shared v0.10.0
[INFO] [stderr]    Compiling textwrap v0.11.0
[INFO] [stderr]    Compiling pest_meta v2.7.6
[INFO] [stderr]    Compiling elliptic-curve v0.13.8
[INFO] [stderr]    Compiling uint v0.9.5
[INFO] [stderr]    Compiling blake3 v1.5.0
[INFO] [stderr]    Compiling csv-core v0.1.11
[INFO] [stderr]    Compiling ecdsa v0.16.9
[INFO] [stderr]    Compiling primeorder v0.13.6
[INFO] [stderr]    Compiling k256 v0.13.2
[INFO] [stderr]    Compiling equivalent v1.0.1
[INFO] [stderr]    Compiling p256 v0.13.2
[INFO] [stderr]    Compiling strsim v0.8.0
[INFO] [stderr]    Compiling hashbrown v0.14.3
[INFO] [stderr]    Compiling vec_map v0.8.2
[INFO] [stderr]    Compiling rayon-core v1.12.0
[INFO] [stderr]    Compiling clap v2.34.0
[INFO] [stderr]    Compiling indexmap v2.1.0
[INFO] [stderr]    Compiling snafu v0.7.5
[INFO] [stderr]    Compiling pest_generator v2.7.6
[INFO] [stderr]    Compiling phf_generator v0.10.0
[INFO] [stderr]    Compiling crossbeam-deque v0.8.4
[INFO] [stderr]    Compiling educe v0.4.23
[INFO] [stderr]    Compiling is-terminal v0.4.10
[INFO] [stderr]    Compiling tracing-attributes v0.1.27
[INFO] [stderr]    Compiling term v0.7.0
[INFO] [stderr]    Compiling structopt-derive v0.4.18
[INFO] [stderr]    Compiling brotli-decompressor v2.5.1
[INFO] [stderr]    Compiling coins-core v0.8.7
[INFO] [stderr]    Compiling fuel-types v0.35.4
[INFO] [stderr]    Compiling fuel-asm v0.35.4
[INFO] [stderr]    Compiling coins-bip32 v0.8.7
[INFO] [stderr]    Compiling impl-serde v0.4.0
[INFO] [stderr]    Compiling toml v0.5.11
[INFO] [stderr]    Compiling primitive-types v0.12.2
[INFO] [stderr]    Compiling csv v1.3.0
[INFO] [stderr]    Compiling coins-bip39 v0.8.7
[INFO] [stderr]    Compiling fuel-crypto v0.35.4
[INFO] [stderr]    Compiling regex-syntax v0.6.29
[INFO] [stderr]    Compiling constant_time_eq v0.3.0
[INFO] [stderr]    Compiling same-file v1.0.6
[INFO] [stderr]    Compiling anyhow v1.0.79
[INFO] [stderr]    Compiling encode_unicode v1.0.0
[INFO] [stderr]    Compiling fuel-etk-ops v0.3.1-dev
[INFO] [stderr]    Compiling arrayref v0.3.7
[INFO] [stderr]    Compiling winter-utils v0.4.2
[INFO] [stderr]    Compiling arrayvec v0.7.4
[INFO] [stderr]    Compiling peg-runtime v0.7.0
[INFO] [stderr]    Compiling fuel-tx v0.35.4
[INFO] [stderr]    Compiling peg-macros v0.7.0
[INFO] [stderr]    Compiling winter-math v0.4.2
[INFO] [stderr]    Compiling tracing v0.1.40
[INFO] [stderr]    Compiling regex-automata v0.1.10
[INFO] [stderr]    Compiling prettytable-rs v0.10.0
[INFO] [stderr]    Compiling walkdir v2.4.0
[INFO] [stderr]    Compiling ethbloom v0.13.0
[INFO] [stderr]    Compiling structopt v0.3.26
[INFO] [stderr]    Compiling phf_macros v0.10.0
[INFO] [stderr]    Compiling bincode v1.3.3
[INFO] [stderr]    Compiling brotli v3.4.0
[INFO] [stderr]    Compiling pest_derive v2.7.6
[INFO] [stderr]    Compiling extension-trait v1.0.2
[INFO] [stderr]    Compiling pad v0.1.6
[INFO] [stderr]    Compiling bitmaps v2.1.0
[INFO] [stderr]    Compiling im v15.1.0
[INFO] [stderr]    Compiling overload v0.1.1
[INFO] [stderr]    Compiling os_str_bytes v6.6.1
[INFO] [stderr]    Compiling log v0.4.20
[INFO] [stderr]    Compiling sway-types v0.47.0
[INFO] [stderr]    Compiling nu-ansi-term v0.46.0
[INFO] [stderr]    Compiling tracing-log v0.2.0
[INFO] [stderr]    Compiling clap_lex v0.2.4
[INFO] [stderr]    Compiling phf v0.10.1
[INFO] [stderr]    Compiling prettydiff v0.6.4
[INFO] [stderr]    Compiling rayon v1.8.0
[INFO] [stderr]    Compiling sway-error v0.47.0
[INFO] [stderr]    Compiling sized-chunks v0.6.5
[INFO] [stderr]    Compiling sway-ir-macros v0.47.0
[INFO] [stderr]    Compiling peg v0.7.0
[INFO] [stderr]    Compiling ethereum-types v0.14.1
[INFO] [stderr]    Compiling sway-utils v0.47.0
[INFO] [stderr]    Compiling sway-ast v0.47.0
[INFO] [stderr]    Compiling matchers v0.1.0
[INFO] [stderr]    Compiling fuel-etk-4byte v0.3.1-dev
[INFO] [stderr]    Compiling fuel-etk-asm v0.3.1-dev
[INFO] [stderr]    Compiling winter-crypto v0.4.2
[INFO] [stderr]    Compiling async-trait v0.1.77
[INFO] [stderr]    Compiling toml_datetime v0.6.5
[INFO] [stderr]    Compiling serde_spanned v0.6.5
[INFO] [stderr]    Compiling tracing-serde v0.1.3
[INFO] [stderr]    Compiling filecheck v0.5.0
[INFO] [stderr]    Compiling block-buffer v0.9.0
[INFO] [stderr]    Compiling digest v0.9.0
[INFO] [stderr]    Compiling strum_macros v0.21.1
[INFO] [stderr]    Compiling clap_derive v3.2.25
[INFO] [stderr]    Compiling sharded-slab v0.1.7
[INFO] [stderr]    Compiling thread_local v1.1.7
[INFO] [stderr]    Compiling rand_xoshiro v0.6.0
[INFO] [stderr]    Compiling generational-arena v0.2.9
[INFO] [stderr]    Compiling winnow v0.5.32
[INFO] [stderr]    Compiling opaque-debug v0.3.0
[INFO] [stderr]    Compiling termcolor v1.4.0
[INFO] [stderr]    Compiling ethnum v1.5.0
[INFO] [stderr]    Compiling fixedbitset v0.4.2
[INFO] [stderr]    Compiling rustc-hash v1.1.0
[INFO] [stderr]    Compiling unicode-xid v0.2.4
[INFO] [stderr]    Compiling unicode-bidi v0.3.14
[INFO] [stderr]    Compiling downcast-rs v1.2.0
[INFO] [stderr]    Compiling tai64 v4.0.0
[INFO] [stderr]    Compiling fuel-vm v0.35.4
[INFO] [stderr]    Compiling sway-parse v0.47.0
[INFO] [stderr]    Compiling fuel-abi-types v0.1.0
[INFO] [stderr]    Compiling sway-ir v0.47.0
[INFO] [stderr]    Compiling petgraph v0.6.4
[INFO] [stderr]    Compiling sha2 v0.9.9
[INFO] [stderr]    Compiling clap v3.2.25
[INFO] [stderr]    Compiling toml_edit v0.19.15
[INFO] [stderr]    Compiling dirs v3.0.2
[INFO] [stderr]    Compiling tracing-subscriber v0.3.18
[INFO] [stderr]    Compiling fuel-etk-dasm v0.3.1-dev
[INFO] [stderr]    Compiling miden-core v0.3.0
[INFO] [stderr]    Compiling sysinfo v0.29.11
[INFO] [stderr]    Compiling fuel-ethabi v18.0.0
[INFO] [stderr]    Compiling vec1 v1.10.1
[INFO] [stderr]    Compiling str_indices v0.4.3
[INFO] [stderr]    Compiling ropey v1.6.1
[INFO] [stderr]    Compiling sway-core v0.47.0
[INFO] [stderr]    Compiling toml v0.7.8
[INFO] [stderr]    Compiling forc-tracing v0.47.0
[INFO] [stderr]    Compiling serde_ignored v0.1.10
[INFO] [stderr]    Compiling swayfmt v0.47.0 (/opt/rustwide/workdir)
[INFO] [stderr]     Finished dev [unoptimized + debuginfo] target(s) in 1m 42s
[INFO] running `Command { std: "docker" "inspect" "3067f943d700e70c6814c28514156b49829363a2dbc1586021469eddfb6f0c60", kill_on_drop: false }`
[INFO] running `Command { std: "docker" "rm" "-f" "3067f943d700e70c6814c28514156b49829363a2dbc1586021469eddfb6f0c60", kill_on_drop: false }`
[INFO] [stdout] 3067f943d700e70c6814c28514156b49829363a2dbc1586021469eddfb6f0c60
[INFO] running `Command { std: "docker" "create" "-v" "/var/lib/crater-agent-workspace/builds/worker-1-tc1/target:/opt/rustwide/target:rw,Z" "-v" "/var/lib/crater-agent-workspace/builds/worker-1-tc1/source:/opt/rustwide/workdir:ro,Z" "-v" "/var/lib/crater-agent-workspace/cargo-home:/opt/rustwide/cargo-home:ro,Z" "-v" "/var/lib/crater-agent-workspace/rustup-home:/opt/rustwide/rustup-home:ro,Z" "-e" "SOURCE_DIR=/opt/rustwide/workdir" "-e" "CARGO_TARGET_DIR=/opt/rustwide/target" "-e" "CARGO_INCREMENTAL=0" "-e" "RUST_BACKTRACE=full" "-e" "RUSTFLAGS=--cap-lints=warn" "-e" "RUSTDOCFLAGS=--cap-lints=warn" "-e" "CARGO_HOME=/opt/rustwide/cargo-home" "-e" "RUSTUP_HOME=/opt/rustwide/rustup-home" "-w" "/opt/rustwide/workdir" "-m" "1610612736" "--user" "0:0" "--network" "none" "ghcr.io/rust-lang/crates-build-env/linux@sha256:2788e3201cd34a07e3172128adcd8b3090168a8e3bcc40d7c032b9dda1df7d1c" "/opt/rustwide/cargo-home/bin/cargo" "+1.75.0" "test" "--frozen" "--no-run" "--message-format=json", kill_on_drop: false }`
[INFO] [stdout] c7370e0843fbb2e7ce5ae84e124cb2a8c2d85a1c10cfdc50f558eee45715f47c
[INFO] running `Command { std: "docker" "start" "-a" "c7370e0843fbb2e7ce5ae84e124cb2a8c2d85a1c10cfdc50f558eee45715f47c", kill_on_drop: false }`
[INFO] [stderr]    Compiling swayfmt v0.47.0 (/opt/rustwide/workdir)
[INFO] [stdout] error[E0432]: unresolved import `test_macros`
[INFO] [stdout]  --> tests/mod.rs:3:5
[INFO] [stdout]   |
[INFO] [stdout] 3 | use test_macros::assert_eq_pretty;
[INFO] [stdout]   |     ^^^^^^^^^^^ use of undeclared crate or module `test_macros`
[INFO] [stdout] 
[INFO] [stdout] 
[INFO] [stdout] error: cannot determine resolution for the macro `assert_eq_pretty`
[INFO] [stdout]  --> tests/mod.rs:9:5
[INFO] [stdout]   |
[INFO] [stdout] 9 |     assert_eq_pretty!(first_formatted, expected);
[INFO] [stdout]   |     ^^^^^^^^^^^^^^^^
[INFO] [stdout]   |
[INFO] [stdout]   = note: import resolution is stuck, try simplifying macro imports
[INFO] [stdout] 
[INFO] [stdout] 
[INFO] [stdout] error: cannot determine resolution for the macro `assert_eq_pretty`
[INFO] [stdout]   --> tests/mod.rs:13:5
[INFO] [stdout]    |
[INFO] [stdout] 13 |     assert_eq_pretty!(second_formatted, first_formatted);
[INFO] [stdout]    |     ^^^^^^^^^^^^^^^^
[INFO] [stdout]    |
[INFO] [stdout]    = note: import resolution is stuck, try simplifying macro imports
[INFO] [stdout] 
[INFO] [stdout] 
[INFO] [stdout] error: aborting due to 3 previous errors
[INFO] [stdout] 
[INFO] [stdout] 
[INFO] [stdout] For more information about this error, try `rustc --explain E0432`.
[INFO] [stdout] 
[INFO] [stderr] error: could not compile `swayfmt` (test "mod") due to 4 previous errors
[INFO] [stderr] warning: build failed, waiting for other jobs to finish...
[INFO] [stdout] error[E0432]: unresolved import `test_macros`
[INFO] [stdout]  --> src/items/item_abi/tests.rs:4:5
[INFO] [stdout]   |
[INFO] [stdout] 4 | use test_macros::fmt_test_item;
[INFO] [stdout]   |     ^^^^^^^^^^^ use of undeclared crate or module `test_macros`
[INFO] [stdout] 
[INFO] [stdout] 
[INFO] [stdout] error[E0432]: unresolved import `test_macros`
[INFO] [stdout]  --> src/items/item_configurable/tests.rs:4:5
[INFO] [stdout]   |
[INFO] [stdout] 4 | use test_macros::fmt_test_item;
[INFO] [stdout]   |     ^^^^^^^^^^^ use of undeclared crate or module `test_macros`
[INFO] [stdout] 
[INFO] [stdout] 
[INFO] [stdout] error[E0432]: unresolved import `test_macros`
[INFO] [stdout]  --> src/items/item_enum/tests.rs:4:5
[INFO] [stdout]   |
[INFO] [stdout] 4 | use test_macros::fmt_test_item;
[INFO] [stdout]   |     ^^^^^^^^^^^ use of undeclared crate or module `test_macros`
[INFO] [stdout] 
[INFO] [stdout] 
[INFO] [stdout] error[E0432]: unresolved import `test_macros`
[INFO] [stdout]  --> src/items/item_fn/tests.rs:4:5
[INFO] [stdout]   |
[INFO] [stdout] 4 | use test_macros::fmt_test_item;
[INFO] [stdout]   |     ^^^^^^^^^^^ use of undeclared crate or module `test_macros`
[INFO] [stdout] 
[INFO] [stdout] 
[INFO] [stdout] error[E0432]: unresolved import `test_macros`
[INFO] [stdout]  --> src/items/item_impl/tests.rs:4:5
[INFO] [stdout]   |
[INFO] [stdout] 4 | use test_macros::fmt_test_item;
[INFO] [stdout]   |     ^^^^^^^^^^^ use of undeclared crate or module `test_macros`
[INFO] [stdout] 
[INFO] [stdout] 
[INFO] [stdout] error[E0432]: unresolved import `test_macros`
[INFO] [stdout]  --> src/items/item_storage/tests.rs:4:5
[INFO] [stdout]   |
[INFO] [stdout] 4 | use test_macros::fmt_test_item;
[INFO] [stdout]   |     ^^^^^^^^^^^ use of undeclared crate or module `test_macros`
[INFO] [stdout] 
[INFO] [stdout] 
[INFO] [stdout] error[E0432]: unresolved import `test_macros`
[INFO] [stdout]  --> src/items/item_struct/tests.rs:4:5
[INFO] [stdout]   |
[INFO] [stdout] 4 | use test_macros::fmt_test_item;
[INFO] [stdout]   |     ^^^^^^^^^^^ use of undeclared crate or module `test_macros`
[INFO] [stdout] 
[INFO] [stdout] 
[INFO] [stdout] error[E0432]: unresolved import `test_macros`
[INFO] [stdout]  --> src/items/item_trait/tests.rs:4:5
[INFO] [stdout]   |
[INFO] [stdout] 4 | use test_macros::fmt_test_item;
[INFO] [stdout]   |     ^^^^^^^^^^^ use of undeclared crate or module `test_macros`
[INFO] [stdout] 
[INFO] [stdout] 
[INFO] [stdout] error[E0432]: unresolved import `test_macros`
[INFO] [stdout]  --> src/items/item_use/tests.rs:4:5
[INFO] [stdout]   |
[INFO] [stdout] 4 | use test_macros::fmt_test_item;
[INFO] [stdout]   |     ^^^^^^^^^^^ use of undeclared crate or module `test_macros`
[INFO] [stdout] 
[INFO] [stdout] 
[INFO] [stdout] error[E0432]: unresolved import `test_macros`
[INFO] [stdout]  --> src/utils/language/expr/tests.rs:6:5
[INFO] [stdout]   |
[INFO] [stdout] 6 | use test_macros::fmt_test_expr;
[INFO] [stdout]   |     ^^^^^^^^^^^ use of undeclared crate or module `test_macros`
[INFO] [stdout] 
[INFO] [stdout] 
[INFO] [stdout] error: cannot determine resolution for the macro `fmt_test_item`
[INFO] [stdout]  --> src/items/item_abi/tests.rs:6:1
[INFO] [stdout]   |
[INFO] [stdout] 6 | fmt_test_item!(abi_contains_constant
[INFO] [stdout]   | ^^^^^^^^^^^^^
[INFO] [stdout]   |
[INFO] [stdout]   = note: import resolution is stuck, try simplifying macro imports
[INFO] [stdout] 
[INFO] [stdout] 
[INFO] [stdout] error: cannot determine resolution for the macro `fmt_test_item`
[INFO] [stdout]   --> src/items/item_abi/tests.rs:15:1
[INFO] [stdout]    |
[INFO] [stdout] 15 | fmt_test_item!(abi_contains_functions
[INFO] [stdout]    | ^^^^^^^^^^^^^
[INFO] [stdout]    |
[INFO] [stdout]    = note: import resolution is stuck, try simplifying macro imports
[INFO] [stdout] 
[INFO] [stdout] 
[INFO] [stdout] error: cannot determine resolution for the macro `fmt_test_item`
[INFO] [stdout]   --> src/items/item_abi/tests.rs:28:1
[INFO] [stdout]    |
[INFO] [stdout] 28 | fmt_test_item!(abi_contains_comments
[INFO] [stdout]    | ^^^^^^^^^^^^^
[INFO] [stdout]    |
[INFO] [stdout]    = note: import resolution is stuck, try simplifying macro imports
[INFO] [stdout] 
[INFO] [stdout] 
[INFO] [stdout] error: cannot determine resolution for the macro `fmt_test_item`
[INFO] [stdout]   --> src/items/item_abi/tests.rs:43:1
[INFO] [stdout]    |
[INFO] [stdout] 43 | fmt_test_item!(abi_multiline_method
[INFO] [stdout]    | ^^^^^^^^^^^^^
[INFO] [stdout]    |
[INFO] [stdout]    = note: import resolution is stuck, try simplifying macro imports
[INFO] [stdout] 
[INFO] [stdout] 
[INFO] [stdout] error: cannot determine resolution for the macro `fmt_test_item`
[INFO] [stdout]  --> src/items/item_configurable/tests.rs:6:1
[INFO] [stdout]   |
[INFO] [stdout] 6 | fmt_test_item!( configurables
[INFO] [stdout]   | ^^^^^^^^^^^^^
[INFO] [stdout]   |
[INFO] [stdout]   = note: import resolution is stuck, try simplifying macro imports
[INFO] [stdout] 
[INFO] [stdout] 
[INFO] [stdout] error: cannot determine resolution for the macro `fmt_test_item`
[INFO] [stdout]  --> src/items/item_enum/tests.rs:6:1
[INFO] [stdout]   |
[INFO] [stdout] 6 | fmt_test_item!(  annotated_enum
[INFO] [stdout]   | ^^^^^^^^^^^^^
[INFO] [stdout]   |
[INFO] [stdout]   = note: import resolution is stuck, try simplifying macro imports
[INFO] [stdout] 
[INFO] [stdout] 
[INFO] [stdout] error: cannot determine resolution for the macro `fmt_test_item`
[INFO] [stdout]  --> src/items/item_fn/tests.rs:6:1
[INFO] [stdout]   |
[INFO] [stdout] 6 | fmt_test_item!(  long_fn_name            "pub fn hello_this_is_a_really_long_fn_name_wow_so_long_ridiculous(\n    self,\n    foo: Foo,\n ...
[INFO] [stdout]   | ^^^^^^^^^^^^^
[INFO] [stdout]   |
[INFO] [stdout]   = note: import resolution is stuck, try simplifying macro imports
[INFO] [stdout] 
[INFO] [stdout] 
[INFO] [stdout] error: cannot determine resolution for the macro `fmt_test_item`
[INFO] [stdout]   --> src/items/item_fn/tests.rs:10:1
[INFO] [stdout]    |
[INFO] [stdout] 10 | fmt_test_item!(  long_fn_args            "fn foo(\n    mut self,\n    this_is_a_really_long_variable: Foo,\n    hello_im_really_long: Bar...
[INFO] [stdout]    | ^^^^^^^^^^^^^
[INFO] [stdout]    |
[INFO] [stdout]    = note: import resolution is stuck, try simplifying macro imports
[INFO] [stdout] 
[INFO] [stdout] 
[INFO] [stdout] error: cannot determine resolution for the macro `fmt_test_item`
[INFO] [stdout]   --> src/items/item_fn/tests.rs:14:1
[INFO] [stdout]    |
[INFO] [stdout] 14 | fmt_test_item!(  non_self_fn
[INFO] [stdout]    | ^^^^^^^^^^^^^
[INFO] [stdout]    |
[INFO] [stdout]    = note: import resolution is stuck, try simplifying macro imports
[INFO] [stdout] 
[INFO] [stdout] 
[INFO] [stdout] error: cannot determine resolution for the macro `fmt_test_item`
[INFO] [stdout]   --> src/items/item_fn/tests.rs:38:1
[INFO] [stdout]    |
[INFO] [stdout] 38 | fmt_test_item!(  fn_with_nested_items
[INFO] [stdout]    | ^^^^^^^^^^^^^
[INFO] [stdout]    |
[INFO] [stdout]    = note: import resolution is stuck, try simplifying macro imports
[INFO] [stdout] 
[INFO] [stdout] 
[INFO] [stdout] error: cannot determine resolution for the macro `fmt_test_item`
[INFO] [stdout]   --> src/items/item_fn/tests.rs:72:1
[INFO] [stdout]    |
[INFO] [stdout] 72 | fmt_test_item!(  fn_nested_if_lets
[INFO] [stdout]    | ^^^^^^^^^^^^^
[INFO] [stdout]    |
[INFO] [stdout]    = note: import resolution is stuck, try simplifying macro imports
[INFO] [stdout] 
[INFO] [stdout] 
[INFO] [stdout] error: cannot determine resolution for the macro `fmt_test_item`
[INFO] [stdout]   --> src/items/item_fn/tests.rs:92:1
[INFO] [stdout]    |
[INFO] [stdout] 92 | fmt_test_item!(  fn_conditional_with_comment
[INFO] [stdout]    | ^^^^^^^^^^^^^
[INFO] [stdout]    |
[INFO] [stdout]    = note: import resolution is stuck, try simplifying macro imports
[INFO] [stdout] 
[INFO] [stdout] 
[INFO] [stdout] error: cannot determine resolution for the macro `fmt_test_item`
[INFO] [stdout]    --> src/items/item_fn/tests.rs:106:1
[INFO] [stdout]     |
[INFO] [stdout] 106 | fmt_test_item!(  fn_conditional_with_comment_and_else
[INFO] [stdout]     | ^^^^^^^^^^^^^
[INFO] [stdout]     |
[INFO] [stdout]     = note: import resolution is stuck, try simplifying macro imports
[INFO] [stdout] 
[INFO] [stdout] 
[INFO] [stdout] error: cannot determine resolution for the macro `fmt_test_item`
[INFO] [stdout]    --> src/items/item_fn/tests.rs:124:1
[INFO] [stdout]     |
[INFO] [stdout] 124 | fmt_test_item!(fn_comments_special_chars
[INFO] [stdout]     | ^^^^^^^^^^^^^
[INFO] [stdout]     |
[INFO] [stdout]     = note: import resolution is stuck, try simplifying macro imports
[INFO] [stdout] 
[INFO] [stdout] 
[INFO] [stdout] error: cannot determine resolution for the macro `fmt_test_item`
[INFO] [stdout]  --> src/items/item_impl/tests.rs:6:1
[INFO] [stdout]   |
[INFO] [stdout] 6 | fmt_test_item!(  impl_with_nested_items
[INFO] [stdout]   | ^^^^^^^^^^^^^
[INFO] [stdout]   |
[INFO] [stdout]   = note: import resolution is stuck, try simplifying macro imports
[INFO] [stdout] 
[INFO] [stdout] 
[INFO] [stdout] error: cannot determine resolution for the macro `fmt_test_item`
[INFO] [stdout]   --> src/items/item_impl/tests.rs:44:1
[INFO] [stdout]    |
[INFO] [stdout] 44 | fmt_test_item!(  normal_with_generics
[INFO] [stdout]    | ^^^^^^^^^^^^^
[INFO] [stdout]    |
[INFO] [stdout]    = note: import resolution is stuck, try simplifying macro imports
[INFO] [stdout] 
[INFO] [stdout] 
[INFO] [stdout] error: cannot determine resolution for the macro `fmt_test_item`
[INFO] [stdout]   --> src/items/item_impl/tests.rs:78:1
[INFO] [stdout]    |
[INFO] [stdout] 78 | fmt_test_item!(    impl_empty_fn_args
[INFO] [stdout]    | ^^^^^^^^^^^^^
[INFO] [stdout]    |
[INFO] [stdout]    = note: import resolution is stuck, try simplifying macro imports
[INFO] [stdout] 
[INFO] [stdout] 
[INFO] [stdout] error: cannot determine resolution for the macro `fmt_test_item`
[INFO] [stdout]   --> src/items/item_impl/tests.rs:94:1
[INFO] [stdout]    |
[INFO] [stdout] 94 | fmt_test_item!(    impl_empty_fn_comment
[INFO] [stdout]    | ^^^^^^^^^^^^^
[INFO] [stdout]    |
[INFO] [stdout]    = note: import resolution is stuck, try simplifying macro imports
[INFO] [stdout] 
[INFO] [stdout] 
[INFO] [stdout] error: cannot determine resolution for the macro `fmt_test_item`
[INFO] [stdout]    --> src/items/item_impl/tests.rs:108:1
[INFO] [stdout]     |
[INFO] [stdout] 108 | fmt_test_item!(impl_contains_const
[INFO] [stdout]     | ^^^^^^^^^^^^^
[INFO] [stdout]     |
[INFO] [stdout]     = note: import resolution is stuck, try simplifying macro imports
[INFO] [stdout] 
[INFO] [stdout] 
[INFO] [stdout] error: cannot determine resolution for the macro `fmt_test_item`
[INFO] [stdout]    --> src/items/item_impl/tests.rs:118:1
[INFO] [stdout]     |
[INFO] [stdout] 118 | fmt_test_item!(impl_for_struct_where_clause
[INFO] [stdout]     | ^^^^^^^^^^^^^
[INFO] [stdout]     |
[INFO] [stdout]     = note: import resolution is stuck, try simplifying macro imports
[INFO] [stdout] 
[INFO] [stdout] 
[INFO] [stdout] error: cannot determine resolution for the macro `fmt_test_item`
[INFO] [stdout]    --> src/items/item_impl/tests.rs:130:1
[INFO] [stdout]     |
[INFO] [stdout] 130 | fmt_test_item!(impl_trait_for_struct_where_clause
[INFO] [stdout]     | ^^^^^^^^^^^^^
[INFO] [stdout]     |
[INFO] [stdout]     = note: import resolution is stuck, try simplifying macro imports
[INFO] [stdout] 
[INFO] [stdout] 
[INFO] [stdout] error: cannot determine resolution for the macro `fmt_test_item`
[INFO] [stdout]  --> src/items/item_storage/tests.rs:6:1
[INFO] [stdout]   |
[INFO] [stdout] 6 | fmt_test_item!(  storage_maps
[INFO] [stdout]   | ^^^^^^^^^^^^^
[INFO] [stdout]   |
[INFO] [stdout]   = note: import resolution is stuck, try simplifying macro imports
[INFO] [stdout] 
[INFO] [stdout] 
[INFO] [stdout] error: cannot determine resolution for the macro `fmt_test_item`
[INFO] [stdout]  --> src/items/item_struct/tests.rs:6:1
[INFO] [stdout]   |
[INFO] [stdout] 6 | fmt_test_item!(  annotated_struct
[INFO] [stdout]   | ^^^^^^^^^^^^^
[INFO] [stdout]   |
[INFO] [stdout]   = note: import resolution is stuck, try simplifying macro imports
[INFO] [stdout] 
[INFO] [stdout] 
[INFO] [stdout] error: cannot determine resolution for the macro `fmt_test_item`
[INFO] [stdout]   --> src/items/item_struct/tests.rs:22:1
[INFO] [stdout]    |
[INFO] [stdout] 22 | fmt_test_item!(  struct_with_where_clause
[INFO] [stdout]    | ^^^^^^^^^^^^^
[INFO] [stdout]    |
[INFO] [stdout]    = note: import resolution is stuck, try simplifying macro imports
[INFO] [stdout] 
[INFO] [stdout] 
[INFO] [stdout] error: cannot determine resolution for the macro `fmt_test_item`
[INFO] [stdout]  --> src/items/item_trait/tests.rs:6:1
[INFO] [stdout]   |
[INFO] [stdout] 6 | fmt_test_item!(
[INFO] [stdout]   | ^^^^^^^^^^^^^
[INFO] [stdout]   |
[INFO] [stdout]   = note: import resolution is stuck, try simplifying macro imports
[INFO] [stdout] 
[INFO] [stdout] 
[INFO] [stdout] error: cannot determine resolution for the macro `fmt_test_item`
[INFO] [stdout]   --> src/items/item_trait/tests.rs:20:1
[INFO] [stdout]    |
[INFO] [stdout] 20 | fmt_test_item!(
[INFO] [stdout]    | ^^^^^^^^^^^^^
[INFO] [stdout]    |
[INFO] [stdout]    = note: import resolution is stuck, try simplifying macro imports
[INFO] [stdout] 
[INFO] [stdout] 
[INFO] [stdout] error: cannot determine resolution for the macro `fmt_test_item`
[INFO] [stdout]   --> src/items/item_trait/tests.rs:36:1
[INFO] [stdout]    |
[INFO] [stdout] 36 | fmt_test_item!(
[INFO] [stdout]    | ^^^^^^^^^^^^^
[INFO] [stdout]    |
[INFO] [stdout]    = note: import resolution is stuck, try simplifying macro imports
[INFO] [stdout] 
[INFO] [stdout] 
[INFO] [stdout] error: cannot determine resolution for the macro `fmt_test_item`
[INFO] [stdout]   --> src/items/item_trait/tests.rs:55:1
[INFO] [stdout]    |
[INFO] [stdout] 55 | fmt_test_item!(
[INFO] [stdout]    | ^^^^^^^^^^^^^
[INFO] [stdout]    |
[INFO] [stdout]    = note: import resolution is stuck, try simplifying macro imports
[INFO] [stdout] 
[INFO] [stdout] 
[INFO] [stdout] error: cannot determine resolution for the macro `fmt_test_item`
[INFO] [stdout]   --> src/items/item_trait/tests.rs:70:1
[INFO] [stdout]    |
[INFO] [stdout] 70 | fmt_test_item!(trait_contains_const
[INFO] [stdout]    | ^^^^^^^^^^^^^
[INFO] [stdout]    |
[INFO] [stdout]    = note: import resolution is stuck, try simplifying macro imports
[INFO] [stdout] 
[INFO] [stdout] 
[INFO] [stdout] error: cannot determine resolution for the macro `fmt_test_item`
[INFO] [stdout]   --> src/items/item_trait/tests.rs:79:1
[INFO] [stdout]    |
[INFO] [stdout] 79 | fmt_test_item!(
[INFO] [stdout]    | ^^^^^^^^^^^^^
[INFO] [stdout]    |
[INFO] [stdout]    = note: import resolution is stuck, try simplifying macro imports
[INFO] [stdout] 
[INFO] [stdout] 
[INFO] [stdout] error: cannot determine resolution for the macro `fmt_test_item`
[INFO] [stdout]   --> src/items/item_trait/tests.rs:95:1
[INFO] [stdout]    |
[INFO] [stdout] 95 | fmt_test_item!(trait_multiline_method
[INFO] [stdout]    | ^^^^^^^^^^^^^
[INFO] [stdout]    |
[INFO] [stdout]    = note: import resolution is stuck, try simplifying macro imports
[INFO] [stdout] 
[INFO] [stdout] 
[INFO] [stdout] error: cannot determine resolution for the macro `fmt_test_item`
[INFO] [stdout]    --> src/items/item_trait/tests.rs:108:1
[INFO] [stdout]     |
[INFO] [stdout] 108 | fmt_test_item!(trait_with_where_clause
[INFO] [stdout]     | ^^^^^^^^^^^^^
[INFO] [stdout]     |
[INFO] [stdout]     = note: import resolution is stuck, try simplifying macro imports
[INFO] [stdout] 
[INFO] [stdout] 
[INFO] [stdout] error: cannot determine resolution for the macro `fmt_test_item`
[INFO] [stdout]  --> src/items/item_use/tests.rs:6:1
[INFO] [stdout]   |
[INFO] [stdout] 6 | fmt_test_item!(multiline     "use foo::{
[INFO] [stdout]   | ^^^^^^^^^^^^^
[INFO] [stdout]   |
[INFO] [stdout]   = note: import resolution is stuck, try simplifying macro imports
[INFO] [stdout] 
[INFO] [stdout] 
[INFO] [stdout] error: cannot determine resolution for the macro `fmt_test_item`
[INFO] [stdout]   --> src/items/item_use/tests.rs:13:1
[INFO] [stdout]    |
[INFO] [stdout] 13 | fmt_test_item!(multiline_nested      "use foo::{
[INFO] [stdout]    | ^^^^^^^^^^^^^
[INFO] [stdout]    |
[INFO] [stdout]    = note: import resolution is stuck, try simplifying macro imports
[INFO] [stdout] 
[INFO] [stdout] 
[INFO] [stdout] error: cannot determine resolution for the macro `fmt_test_item`
[INFO] [stdout]   --> src/items/item_use/tests.rs:25:1
[INFO] [stdout]    |
[INFO] [stdout] 25 | fmt_test_item!(single_line_sort  "use foo::{bar, baz, Quux::{a, b, C}};",
[INFO] [stdout]    | ^^^^^^^^^^^^^
[INFO] [stdout]    |
[INFO] [stdout]    = note: import resolution is stuck, try simplifying macro imports
[INFO] [stdout] 
[INFO] [stdout] 
[INFO] [stdout] error: cannot determine resolution for the macro `fmt_test_item`
[INFO] [stdout]   --> src/items/item_use/tests.rs:29:1
[INFO] [stdout]    |
[INFO] [stdout] 29 | fmt_test_item!(single_import_without_braces      "use std::tx::tx_id;",
[INFO] [stdout]    | ^^^^^^^^^^^^^
[INFO] [stdout]    |
[INFO] [stdout]    = note: import resolution is stuck, try simplifying macro imports
[INFO] [stdout] 
[INFO] [stdout] 
[INFO] [stdout] error: cannot determine resolution for the macro `fmt_test_expr`
[INFO] [stdout]  --> src/utils/language/expr/tests.rs:8:1
[INFO] [stdout]   |
[INFO] [stdout] 8 | fmt_test_expr!(  literal "5", extra_whitespace "  5 "
[INFO] [stdout]   | ^^^^^^^^^^^^^
[INFO] [stdout]   |
[INFO] [stdout]   = note: import resolution is stuck, try simplifying macro imports
[INFO] [stdout] 
[INFO] [stdout] 
[INFO] [stdout] error: cannot determine resolution for the macro `fmt_test_expr`
[INFO] [stdout]   --> src/utils/language/expr/tests.rs:11:1
[INFO] [stdout]    |
[INFO] [stdout] 11 | fmt_test_expr!(  path_foo_bar            "foo::bar::baz::quux::quuz",
[INFO] [stdout]    | ^^^^^^^^^^^^^
[INFO] [stdout]    |
[INFO] [stdout]    = note: import resolution is stuck, try simplifying macro imports
[INFO] [stdout] 
[INFO] [stdout] 
[INFO] [stdout] error: cannot determine resolution for the macro `fmt_test_expr`
[INFO] [stdout]   --> src/utils/language/expr/tests.rs:14:1
[INFO] [stdout]    |
[INFO] [stdout] 14 | fmt_test_expr!(  field_proj_foobar       "foo.bar.baz.quux",
[INFO] [stdout]    | ^^^^^^^^^^^^^
[INFO] [stdout]    |
[INFO] [stdout]    = note: import resolution is stuck, try simplifying macro imports
[INFO] [stdout] 
[INFO] [stdout] 
[INFO] [stdout] error: cannot determine resolution for the macro `fmt_test_expr`
[INFO] [stdout]   --> src/utils/language/expr/tests.rs:17:1
[INFO] [stdout]    |
[INFO] [stdout] 17 | fmt_test_expr!(  abi_cast                "abi(MyAbi, 0x1111111111111111111111111111111111111111111111111111111111111111)",
[INFO] [stdout]    | ^^^^^^^^^^^^^
[INFO] [stdout]    |
[INFO] [stdout]    = note: import resolution is stuck, try simplifying macro imports
[INFO] [stdout] 
[INFO] [stdout] 
[INFO] [stdout] error: cannot determine resolution for the macro `fmt_test_expr`
[INFO] [stdout]   --> src/utils/language/expr/tests.rs:25:1
[INFO] [stdout]    |
[INFO] [stdout] 25 | fmt_test_expr!(  basic_func_app          "foo()",
[INFO] [stdout]    | ^^^^^^^^^^^^^
[INFO] [stdout]    |
[INFO] [stdout]    = note: import resolution is stuck, try simplifying macro imports
[INFO] [stdout] 
[INFO] [stdout] 
[INFO] [stdout] error: cannot determine resolution for the macro `fmt_test_expr`
[INFO] [stdout]   --> src/utils/language/expr/tests.rs:31:1
[INFO] [stdout]    |
[INFO] [stdout] 31 | fmt_test_expr!(  nested_args_func_app    "foo(a_struct { hello: \"hi\" }, a_var, foo.bar.baz.quux)",
[INFO] [stdout]    | ^^^^^^^^^^^^^
[INFO] [stdout]    |
[INFO] [stdout]    = note: import resolution is stuck, try simplifying macro imports
[INFO] [stdout] 
[INFO] [stdout] 
[INFO] [stdout] error: cannot determine resolution for the macro `fmt_test_expr`
[INFO] [stdout]   --> src/utils/language/expr/tests.rs:37:1
[INFO] [stdout]    |
[INFO] [stdout] 37 | fmt_test_expr!(  multiline_tuple         "(\n    \"reallyreallylongstring\",\n    \"yetanotherreallyreallyreallylongstring\",\n    \"okay...
[INFO] [stdout]    | ^^^^^^^^^^^^^
[INFO] [stdout]    |
[INFO] [stdout]    = note: import resolution is stuck, try simplifying macro imports
[INFO] [stdout] 
[INFO] [stdout] 
[INFO] [stdout] error: cannot determine resolution for the macro `fmt_test_expr`
[INFO] [stdout]   --> src/utils/language/expr/tests.rs:42:1
[INFO] [stdout]    |
[INFO] [stdout] 42 | fmt_test_expr!(  nested_tuple
[INFO] [stdout]    | ^^^^^^^^^^^^^
[INFO] [stdout]    |
[INFO] [stdout]    = note: import resolution is stuck, try simplifying macro imports
[INFO] [stdout] 
[INFO] [stdout] 
[INFO] [stdout] error: cannot determine resolution for the macro `fmt_test_expr`
[INFO] [stdout]   --> src/utils/language/expr/tests.rs:66:1
[INFO] [stdout]    |
[INFO] [stdout] 66 | fmt_test_expr!(  multiline_match_stmt    "match foo {\n    Foo::foo => {}\n    Foo::bar => {}\n}",
[INFO] [stdout]    | ^^^^^^^^^^^^^
[INFO] [stdout]    |
[INFO] [stdout]    = note: import resolution is stuck, try simplifying macro imports
[INFO] [stdout] 
[INFO] [stdout] 
[INFO] [stdout] error: cannot determine resolution for the macro `fmt_test_expr`
[INFO] [stdout]   --> src/utils/language/expr/tests.rs:70:1
[INFO] [stdout]    |
[INFO] [stdout] 70 | fmt_test_expr!(  if_else_block           "if foo {\n    foo();\n} else if bar { bar(); } else { baz(); }",
[INFO] [stdout]    | ^^^^^^^^^^^^^
[INFO] [stdout]    |
[INFO] [stdout]    = note: import resolution is stuck, try simplifying macro imports
[INFO] [stdout] 
[INFO] [stdout] 
[INFO] [stdout] error: cannot determine resolution for the macro `fmt_test_expr`
[INFO] [stdout]   --> src/utils/language/expr/tests.rs:74:1
[INFO] [stdout]    |
[INFO] [stdout] 74 | fmt_test_expr!(  long_conditional_stmt
[INFO] [stdout]    | ^^^^^^^^^^^^^
[INFO] [stdout]    |
[INFO] [stdout]    = note: import resolution is stuck, try simplifying macro imports
[INFO] [stdout] 
[INFO] [stdout] 
[INFO] [stdout] error: cannot determine resolution for the macro `fmt_test_expr`
[INFO] [stdout]   --> src/utils/language/expr/tests.rs:90:1
[INFO] [stdout]    |
[INFO] [stdout] 90 | fmt_test_expr!(  if_else_inline_1    "if foo { break; } else { continue; }",
[INFO] [stdout]    | ^^^^^^^^^^^^^
[INFO] [stdout]    |
[INFO] [stdout]    = note: import resolution is stuck, try simplifying macro imports
[INFO] [stdout] 
[INFO] [stdout] 
[INFO] [stdout] error: cannot determine resolution for the macro `fmt_test_expr`
[INFO] [stdout]   --> src/utils/language/expr/tests.rs:93:1
[INFO] [stdout]    |
[INFO] [stdout] 93 | fmt_test_expr!(  if_else_inline_2
[INFO] [stdout]    | ^^^^^^^^^^^^^
[INFO] [stdout]    |
[INFO] [stdout]    = note: import resolution is stuck, try simplifying macro imports
[INFO] [stdout] 
[INFO] [stdout] 
[INFO] [stdout] error: cannot determine resolution for the macro `fmt_test_expr`
[INFO] [stdout]    --> src/utils/language/expr/tests.rs:104:1
[INFO] [stdout]     |
[INFO] [stdout] 104 | fmt_test_expr!(  if_else_multiline
[INFO] [stdout]     | ^^^^^^^^^^^^^
[INFO] [stdout]     |
[INFO] [stdout]     = note: import resolution is stuck, try simplifying macro imports
[INFO] [stdout] 
[INFO] [stdout] 
[INFO] [stdout] error: cannot determine resolution for the macro `fmt_test_expr`
[INFO] [stdout]    --> src/utils/language/expr/tests.rs:118:1
[INFO] [stdout]     |
[INFO] [stdout] 118 | fmt_test_expr!(  small_if_let "if let Result::Ok(x) = x { 100 } else { 1 }",
[INFO] [stdout]     | ^^^^^^^^^^^^^
[INFO] [stdout]     |
[INFO] [stdout]     = note: import resolution is stuck, try simplifying macro imports
[INFO] [stdout] 
[INFO] [stdout] 
[INFO] [stdout] error: cannot determine resolution for the macro `fmt_test_expr`
[INFO] [stdout]    --> src/utils/language/expr/tests.rs:122:1
[INFO] [stdout]     |
[INFO] [stdout] 122 | fmt_test_expr!(  match_nested_conditional
[INFO] [stdout]     | ^^^^^^^^^^^^^
[INFO] [stdout]     |
[INFO] [stdout]     = note: import resolution is stuck, try simplifying macro imports
[INFO] [stdout] 
[INFO] [stdout] 
[INFO] [stdout] error: cannot determine resolution for the macro `fmt_test_expr`
[INFO] [stdout]    --> src/utils/language/expr/tests.rs:150:1
[INFO] [stdout]     |
[INFO] [stdout] 150 | fmt_test_expr!(  match_branch_kind
[INFO] [stdout]     | ^^^^^^^^^^^^^
[INFO] [stdout]     |
[INFO] [stdout]     = note: import resolution is stuck, try simplifying macro imports
[INFO] [stdout] 
[INFO] [stdout] 
[INFO] [stdout] error: cannot determine resolution for the macro `fmt_test_expr`
[INFO] [stdout]    --> src/utils/language/expr/tests.rs:172:1
[INFO] [stdout]     |
[INFO] [stdout] 172 | fmt_test_expr!(  match_branch_kind_tuple_long
[INFO] [stdout]     | ^^^^^^^^^^^^^
[INFO] [stdout]     |
[INFO] [stdout]     = note: import resolution is stuck, try simplifying macro imports
[INFO] [stdout] 
[INFO] [stdout] 
[INFO] [stdout] error: cannot determine resolution for the macro `fmt_test_expr`
[INFO] [stdout]    --> src/utils/language/expr/tests.rs:208:1
[INFO] [stdout]     |
[INFO] [stdout] 208 | fmt_test_expr!(  basic_array             "[1, 2, 3, 4, 5]",
[INFO] [stdout]     | ^^^^^^^^^^^^^
[INFO] [stdout]     |
[INFO] [stdout]     = note: import resolution is stuck, try simplifying macro imports
[INFO] [stdout] 
[INFO] [stdout] 
[INFO] [stdout] error: cannot determine resolution for the macro `fmt_test_expr`
[INFO] [stdout]    --> src/utils/language/expr/tests.rs:212:1
[INFO] [stdout]     |
[INFO] [stdout] 212 | fmt_test_expr!(  long_array
[INFO] [stdout]     | ^^^^^^^^^^^^^
[INFO] [stdout]     |
[INFO] [stdout]     = note: import resolution is stuck, try simplifying macro imports
[INFO] [stdout] 
[INFO] [stdout] 
[INFO] [stdout] error: cannot determine resolution for the macro `fmt_test_expr`
[INFO] [stdout]    --> src/utils/language/expr/tests.rs:226:1
[INFO] [stdout]     |
[INFO] [stdout] 226 | fmt_test_expr!(  nested_array
[INFO] [stdout]     | ^^^^^^^^^^^^^
[INFO] [stdout]     |
[INFO] [stdout]     = note: import resolution is stuck, try simplifying macro imports
[INFO] [stdout] 
[INFO] [stdout] 
[INFO] [stdout] error: cannot determine resolution for the macro `fmt_test_expr`
[INFO] [stdout]    --> src/utils/language/expr/tests.rs:250:1
[INFO] [stdout]     |
[INFO] [stdout] 250 | fmt_test_expr!(basic_while_loop
[INFO] [stdout]     | ^^^^^^^^^^^^^
[INFO] [stdout]     |
[INFO] [stdout]     = note: import resolution is stuck, try simplifying macro imports
[INFO] [stdout] 
[INFO] [stdout] 
[INFO] [stdout] error: cannot determine resolution for the macro `fmt_test_expr`
[INFO] [stdout]    --> src/utils/language/expr/tests.rs:259:1
[INFO] [stdout]     |
[INFO] [stdout] 259 | fmt_test_expr!(scoped_block
[INFO] [stdout]     | ^^^^^^^^^^^^^
[INFO] [stdout]     |
[INFO] [stdout]     = note: import resolution is stuck, try simplifying macro imports
[INFO] [stdout] 
[INFO] [stdout] 
[INFO] [stdout] warning: unused imports: `println_green`, `println_red`
[INFO] [stdout]  --> src/items/item_abi/tests.rs:1:20
[INFO] [stdout]   |
[INFO] [stdout] 1 | use forc_tracing::{println_green, println_red};
[INFO] [stdout]   |                    ^^^^^^^^^^^^^  ^^^^^^^^^^^
[INFO] [stdout]   |
[INFO] [stdout]   = note: `#[warn(unused_imports)]` on by default
[INFO] [stdout] 
[INFO] [stdout] 
[INFO] [stdout] warning: unused import: `paste::paste`
[INFO] [stdout]  --> src/items/item_abi/tests.rs:2:5
[INFO] [stdout]   |
[INFO] [stdout] 2 | use paste::paste;
[INFO] [stdout]   |     ^^^^^^^^^^^^
[INFO] [stdout] 
[INFO] [stdout] 
[INFO] [stdout] warning: unused imports: `basic::DiffOp`, `diff_lines`
[INFO] [stdout]  --> src/items/item_abi/tests.rs:3:18
[INFO] [stdout]   |
[INFO] [stdout] 3 | use prettydiff::{basic::DiffOp, diff_lines};
[INFO] [stdout]   |                  ^^^^^^^^^^^^^  ^^^^^^^^^^
[INFO] [stdout] 
[INFO] [stdout] 
[INFO] [stdout] warning: unused imports: `println_green`, `println_red`
[INFO] [stdout]  --> src/items/item_configurable/tests.rs:1:20
[INFO] [stdout]   |
[INFO] [stdout] 1 | use forc_tracing::{println_green, println_red};
[INFO] [stdout]   |                    ^^^^^^^^^^^^^  ^^^^^^^^^^^
[INFO] [stdout] 
[INFO] [stdout] 
[INFO] [stdout] warning: unused import: `paste::paste`
[INFO] [stdout]  --> src/items/item_configurable/tests.rs:2:5
[INFO] [stdout]   |
[INFO] [stdout] 2 | use paste::paste;
[INFO] [stdout]   |     ^^^^^^^^^^^^
[INFO] [stdout] 
[INFO] [stdout] 
[INFO] [stdout] warning: unused imports: `basic::DiffOp`, `diff_lines`
[INFO] [stdout]  --> src/items/item_configurable/tests.rs:3:18
[INFO] [stdout]   |
[INFO] [stdout] 3 | use prettydiff::{basic::DiffOp, diff_lines};
[INFO] [stdout]   |                  ^^^^^^^^^^^^^  ^^^^^^^^^^
[INFO] [stdout] 
[INFO] [stdout] 
[INFO] [stdout] warning: unused imports: `println_green`, `println_red`
[INFO] [stdout]  --> src/items/item_enum/tests.rs:1:20
[INFO] [stdout]   |
[INFO] [stdout] 1 | use forc_tracing::{println_green, println_red};
[INFO] [stdout]   |                    ^^^^^^^^^^^^^  ^^^^^^^^^^^
[INFO] [stdout] 
[INFO] [stdout] 
[INFO] [stdout] warning: unused import: `paste::paste`
[INFO] [stdout]  --> src/items/item_enum/tests.rs:2:5
[INFO] [stdout]   |
[INFO] [stdout] 2 | use paste::paste;
[INFO] [stdout]   |     ^^^^^^^^^^^^
[INFO] [stdout] 
[INFO] [stdout] 
[INFO] [stdout] warning: unused imports: `basic::DiffOp`, `diff_lines`
[INFO] [stdout]  --> src/items/item_enum/tests.rs:3:18
[INFO] [stdout]   |
[INFO] [stdout] 3 | use prettydiff::{basic::DiffOp, diff_lines};
[INFO] [stdout]   |                  ^^^^^^^^^^^^^  ^^^^^^^^^^
[INFO] [stdout] 
[INFO] [stdout] 
[INFO] [stdout] warning: unused imports: `println_green`, `println_red`
[INFO] [stdout]  --> src/items/item_fn/tests.rs:1:20
[INFO] [stdout]   |
[INFO] [stdout] 1 | use forc_tracing::{println_green, println_red};
[INFO] [stdout]   |                    ^^^^^^^^^^^^^  ^^^^^^^^^^^
[INFO] [stdout] 
[INFO] [stdout] 
[INFO] [stdout] warning: unused import: `paste::paste`
[INFO] [stdout]  --> src/items/item_fn/tests.rs:2:5
[INFO] [stdout]   |
[INFO] [stdout] 2 | use paste::paste;
[INFO] [stdout]   |     ^^^^^^^^^^^^
[INFO] [stdout] 
[INFO] [stdout] 
[INFO] [stdout] warning: unused imports: `basic::DiffOp`, `diff_lines`
[INFO] [stdout]  --> src/items/item_fn/tests.rs:3:18
[INFO] [stdout]   |
[INFO] [stdout] 3 | use prettydiff::{basic::DiffOp, diff_lines};
[INFO] [stdout]   |                  ^^^^^^^^^^^^^  ^^^^^^^^^^
[INFO] [stdout] 
[INFO] [stdout] 
[INFO] [stdout] warning: unused imports: `println_green`, `println_red`
[INFO] [stdout]  --> src/items/item_impl/tests.rs:1:20
[INFO] [stdout]   |
[INFO] [stdout] 1 | use forc_tracing::{println_green, println_red};
[INFO] [stdout]   |                    ^^^^^^^^^^^^^  ^^^^^^^^^^^
[INFO] [stdout] 
[INFO] [stdout] 
[INFO] [stdout] warning: unused import: `paste::paste`
[INFO] [stdout]  --> src/items/item_impl/tests.rs:2:5
[INFO] [stdout]   |
[INFO] [stdout] 2 | use paste::paste;
[INFO] [stdout]   |     ^^^^^^^^^^^^
[INFO] [stdout] 
[INFO] [stdout] 
[INFO] [stdout] warning: unused imports: `basic::DiffOp`, `diff_lines`
[INFO] [stdout]  --> src/items/item_impl/tests.rs:3:18
[INFO] [stdout]   |
[INFO] [stdout] 3 | use prettydiff::{basic::DiffOp, diff_lines};
[INFO] [stdout]   |                  ^^^^^^^^^^^^^  ^^^^^^^^^^
[INFO] [stdout] 
[INFO] [stdout] 
[INFO] [stdout] warning: unused imports: `println_green`, `println_red`
[INFO] [stdout]  --> src/items/item_storage/tests.rs:1:20
[INFO] [stdout]   |
[INFO] [stdout] 1 | use forc_tracing::{println_green, println_red};
[INFO] [stdout]   |                    ^^^^^^^^^^^^^  ^^^^^^^^^^^
[INFO] [stdout] 
[INFO] [stdout] 
[INFO] [stdout] warning: unused import: `paste::paste`
[INFO] [stdout]  --> src/items/item_storage/tests.rs:2:5
[INFO] [stdout]   |
[INFO] [stdout] 2 | use paste::paste;
[INFO] [stdout]   |     ^^^^^^^^^^^^
[INFO] [stdout] 
[INFO] [stdout] 
[INFO] [stdout] warning: unused imports: `basic::DiffOp`, `diff_lines`
[INFO] [stdout]  --> src/items/item_storage/tests.rs:3:18
[INFO] [stdout]   |
[INFO] [stdout] 3 | use prettydiff::{basic::DiffOp, diff_lines};
[INFO] [stdout]   |                  ^^^^^^^^^^^^^  ^^^^^^^^^^
[INFO] [stdout] 
[INFO] [stdout] 
[INFO] [stdout] warning: unused imports: `println_green`, `println_red`
[INFO] [stdout]  --> src/items/item_struct/tests.rs:1:20
[INFO] [stdout]   |
[INFO] [stdout] 1 | use forc_tracing::{println_green, println_red};
[INFO] [stdout]   |                    ^^^^^^^^^^^^^  ^^^^^^^^^^^
[INFO] [stdout] 
[INFO] [stdout] 
[INFO] [stdout] warning: unused import: `paste::paste`
[INFO] [stdout]  --> src/items/item_struct/tests.rs:2:5
[INFO] [stdout]   |
[INFO] [stdout] 2 | use paste::paste;
[INFO] [stdout]   |     ^^^^^^^^^^^^
[INFO] [stdout] 
[INFO] [stdout] 
[INFO] [stdout] warning: unused imports: `basic::DiffOp`, `diff_lines`
[INFO] [stdout]  --> src/items/item_struct/tests.rs:3:18
[INFO] [stdout]   |
[INFO] [stdout] 3 | use prettydiff::{basic::DiffOp, diff_lines};
[INFO] [stdout]   |                  ^^^^^^^^^^^^^  ^^^^^^^^^^
[INFO] [stdout] 
[INFO] [stdout] 
[INFO] [stdout] warning: unused imports: `println_green`, `println_red`
[INFO] [stdout]  --> src/items/item_trait/tests.rs:1:20
[INFO] [stdout]   |
[INFO] [stdout] 1 | use forc_tracing::{println_green, println_red};
[INFO] [stdout]   |                    ^^^^^^^^^^^^^  ^^^^^^^^^^^
[INFO] [stdout] 
[INFO] [stdout] 
[INFO] [stdout] warning: unused import: `paste::paste`
[INFO] [stdout]  --> src/items/item_trait/tests.rs:2:5
[INFO] [stdout]   |
[INFO] [stdout] 2 | use paste::paste;
[INFO] [stdout]   |     ^^^^^^^^^^^^
[INFO] [stdout] 
[INFO] [stdout] 
[INFO] [stdout] warning: unused imports: `basic::DiffOp`, `diff_lines`
[INFO] [stdout]  --> src/items/item_trait/tests.rs:3:18
[INFO] [stdout]   |
[INFO] [stdout] 3 | use prettydiff::{basic::DiffOp, diff_lines};
[INFO] [stdout]   |                  ^^^^^^^^^^^^^  ^^^^^^^^^^
[INFO] [stdout] 
[INFO] [stdout] 
[INFO] [stdout] warning: unused imports: `println_green`, `println_red`
[INFO] [stdout]  --> src/items/item_use/tests.rs:1:20
[INFO] [stdout]   |
[INFO] [stdout] 1 | use forc_tracing::{println_green, println_red};
[INFO] [stdout]   |                    ^^^^^^^^^^^^^  ^^^^^^^^^^^
[INFO] [stdout] 
[INFO] [stdout] 
[INFO] [stdout] warning: unused import: `paste::paste`
[INFO] [stdout]  --> src/items/item_use/tests.rs:2:5
[INFO] [stdout]   |
[INFO] [stdout] 2 | use paste::paste;
[INFO] [stdout]   |     ^^^^^^^^^^^^
[INFO] [stdout] 
[INFO] [stdout] 
[INFO] [stdout] warning: unused imports: `basic::DiffOp`, `diff_lines`
[INFO] [stdout]  --> src/items/item_use/tests.rs:3:18
[INFO] [stdout]   |
[INFO] [stdout] 3 | use prettydiff::{basic::DiffOp, diff_lines};
[INFO] [stdout]   |                  ^^^^^^^^^^^^^  ^^^^^^^^^^
[INFO] [stdout] 
[INFO] [stdout] 
[INFO] [stdout] warning: unused imports: `println_green`, `println_red`
[INFO] [stdout]  --> src/utils/language/expr/tests.rs:3:20
[INFO] [stdout]   |
[INFO] [stdout] 3 | use forc_tracing::{println_green, println_red};
[INFO] [stdout]   |                    ^^^^^^^^^^^^^  ^^^^^^^^^^^
[INFO] [stdout] 
[INFO] [stdout] 
[INFO] [stdout] warning: unused import: `paste::paste`
[INFO] [stdout]  --> src/utils/language/expr/tests.rs:4:5
[INFO] [stdout]   |
[INFO] [stdout] 4 | use paste::paste;
[INFO] [stdout]   |     ^^^^^^^^^^^^
[INFO] [stdout] 
[INFO] [stdout] 
[INFO] [stdout] warning: unused imports: `basic::DiffOp`, `diff_lines`
[INFO] [stdout]  --> src/utils/language/expr/tests.rs:5:18
[INFO] [stdout]   |
[INFO] [stdout] 5 | use prettydiff::{basic::DiffOp, diff_lines};
[INFO] [stdout]   |                  ^^^^^^^^^^^^^  ^^^^^^^^^^
[INFO] [stdout] 
[INFO] [stdout] 
[INFO] [stdout] error: aborting due to 69 previous errors; 30 warnings emitted
[INFO] [stdout] 
[INFO] [stdout] 
[INFO] [stdout] For more information about this error, try `rustc --explain E0432`.
[INFO] [stdout] 
[INFO] [stderr] error: could not compile `swayfmt` (lib test) due to 70 previous errors; 30 warnings emitted
[INFO] running `Command { std: "docker" "inspect" "c7370e0843fbb2e7ce5ae84e124cb2a8c2d85a1c10cfdc50f558eee45715f47c", kill_on_drop: false }`
[INFO] running `Command { std: "docker" "rm" "-f" "c7370e0843fbb2e7ce5ae84e124cb2a8c2d85a1c10cfdc50f558eee45715f47c", kill_on_drop: false }`
[INFO] [stdout] c7370e0843fbb2e7ce5ae84e124cb2a8c2d85a1c10cfdc50f558eee45715f47c
[INFO] testing swayfmt-0.47.0 against beta-2023-12-22 for beta-1.76-1
[INFO] extracting crate swayfmt 0.47.0 into /workspace/builds/worker-1-tc2/source
[INFO] validating manifest of crates.io crate swayfmt 0.47.0 on toolchain beta-2023-12-22
[INFO] running `Command { std: CARGO_HOME="/workspace/cargo-home" RUSTUP_HOME="/workspace/rustup-home" "/workspace/cargo-home/bin/cargo" "+beta-2023-12-22" "metadata" "--manifest-path" "Cargo.toml" "--no-deps", kill_on_drop: false }`
[INFO] started tweaking crates.io crate swayfmt 0.47.0
[INFO] finished tweaking crates.io crate swayfmt 0.47.0
[INFO] tweaked toml for crates.io crate swayfmt 0.47.0 written to /workspace/builds/worker-1-tc2/source/Cargo.toml
[INFO] running `Command { std: CARGO_HOME="/workspace/cargo-home" RUSTUP_HOME="/workspace/rustup-home" "/workspace/cargo-home/bin/cargo" "+beta-2023-12-22" "generate-lockfile" "--manifest-path" "Cargo.toml", kill_on_drop: false }`
[INFO] [stderr]     Updating crates.io index
[INFO] running `Command { std: CARGO_HOME="/workspace/cargo-home" RUSTUP_HOME="/workspace/rustup-home" "/workspace/cargo-home/bin/cargo" "+beta-2023-12-22" "fetch" "--manifest-path" "Cargo.toml", kill_on_drop: false }`
[INFO] running `Command { std: "docker" "create" "-v" "/var/lib/crater-agent-workspace/builds/worker-1-tc2/target:/opt/rustwide/target:rw,Z" "-v" "/var/lib/crater-agent-workspace/builds/worker-1-tc2/source:/opt/rustwide/workdir:ro,Z" "-v" "/var/lib/crater-agent-workspace/cargo-home:/opt/rustwide/cargo-home:ro,Z" "-v" "/var/lib/crater-agent-workspace/rustup-home:/opt/rustwide/rustup-home:ro,Z" "-e" "SOURCE_DIR=/opt/rustwide/workdir" "-e" "CARGO_TARGET_DIR=/opt/rustwide/target" "-e" "CARGO_HOME=/opt/rustwide/cargo-home" "-e" "RUSTUP_HOME=/opt/rustwide/rustup-home" "-w" "/opt/rustwide/workdir" "-m" "1610612736" "--user" "0:0" "--network" "none" "ghcr.io/rust-lang/crates-build-env/linux@sha256:2788e3201cd34a07e3172128adcd8b3090168a8e3bcc40d7c032b9dda1df7d1c" "/opt/rustwide/cargo-home/bin/cargo" "+beta-2023-12-22" "metadata" "--no-deps" "--format-version=1", kill_on_drop: false }`
[INFO] [stdout] af71243ffa285681d8a3e294c376cf8f0d1ebc938914ea43476ab0c17ae523e0
[INFO] running `Command { std: "docker" "start" "-a" "af71243ffa285681d8a3e294c376cf8f0d1ebc938914ea43476ab0c17ae523e0", kill_on_drop: false }`
[INFO] running `Command { std: "docker" "inspect" "af71243ffa285681d8a3e294c376cf8f0d1ebc938914ea43476ab0c17ae523e0", kill_on_drop: false }`
[INFO] running `Command { std: "docker" "rm" "-f" "af71243ffa285681d8a3e294c376cf8f0d1ebc938914ea43476ab0c17ae523e0", kill_on_drop: false }`
[INFO] [stdout] af71243ffa285681d8a3e294c376cf8f0d1ebc938914ea43476ab0c17ae523e0
[INFO] running `Command { std: "docker" "create" "-v" "/var/lib/crater-agent-workspace/builds/worker-1-tc2/target:/opt/rustwide/target:rw,Z" "-v" "/var/lib/crater-agent-workspace/builds/worker-1-tc2/source:/opt/rustwide/workdir:ro,Z" "-v" "/var/lib/crater-agent-workspace/cargo-home:/opt/rustwide/cargo-home:ro,Z" "-v" "/var/lib/crater-agent-workspace/rustup-home:/opt/rustwide/rustup-home:ro,Z" "-e" "SOURCE_DIR=/opt/rustwide/workdir" "-e" "CARGO_TARGET_DIR=/opt/rustwide/target" "-e" "CARGO_INCREMENTAL=0" "-e" "RUST_BACKTRACE=full" "-e" "RUSTFLAGS=--cap-lints=warn" "-e" "RUSTDOCFLAGS=--cap-lints=warn" "-e" "CARGO_HOME=/opt/rustwide/cargo-home" "-e" "RUSTUP_HOME=/opt/rustwide/rustup-home" "-w" "/opt/rustwide/workdir" "-m" "1610612736" "--user" "0:0" "--network" "none" "ghcr.io/rust-lang/crates-build-env/linux@sha256:2788e3201cd34a07e3172128adcd8b3090168a8e3bcc40d7c032b9dda1df7d1c" "/opt/rustwide/cargo-home/bin/cargo" "+beta-2023-12-22" "build" "--frozen" "--message-format=json", kill_on_drop: false }`
[INFO] [stdout] 1e7039d126746a3b701050c52c526e2c07984cfdbc4bbd795a84ffc0a2d34a85
[INFO] running `Command { std: "docker" "start" "-a" "1e7039d126746a3b701050c52c526e2c07984cfdbc4bbd795a84ffc0a2d34a85", kill_on_drop: false }`
[INFO] [stderr]    Compiling serde v1.0.194
[INFO] [stderr]    Compiling subtle v2.5.0
[INFO] [stderr]    Compiling generic-array v0.14.7
[INFO] [stderr]    Compiling const-oid v0.9.6
[INFO] [stderr]    Compiling libc v0.2.151
[INFO] [stderr]    Compiling syn v2.0.48
[INFO] [stderr]    Compiling syn v1.0.109
[INFO] [stderr]    Compiling once_cell v1.19.0
[INFO] [stderr]    Compiling hex v0.4.3
[INFO] [stderr]    Compiling rand v0.8.5
[INFO] [stderr]    Compiling keccak v0.1.4
[INFO] [stderr]    Compiling ff v0.13.0
[INFO] [stderr]    Compiling base16ct v0.2.0
[INFO] [stderr]    Compiling radium v0.7.0
[INFO] [stderr]    Compiling group v0.13.0
[INFO] [stderr]    Compiling platforms v3.3.0
[INFO] [stderr]    Compiling serde_json v1.0.111
[INFO] [stderr]    Compiling rustversion v1.0.14
[INFO] [stderr]    Compiling ahash v0.8.7
[INFO] [stderr]    Compiling curve25519-dalek v4.1.1
[INFO] [stderr]    Compiling tap v1.0.1
[INFO] [stderr]    Compiling bech32 v0.9.1
[INFO] [stderr]    Compiling base64 v0.21.5
[INFO] [stderr]    Compiling wyz v0.5.1
[INFO] [stderr]    Compiling funty v2.0.0
[INFO] [stderr]    Compiling cc v1.0.83
[INFO] [stderr]    Compiling zerocopy v0.7.32
[INFO] [stderr]    Compiling either v1.9.0
[INFO] [stderr]    Compiling num-bigint v0.4.4
[INFO] [stderr]    Compiling crunchy v0.2.2
[INFO] [stderr]    Compiling bitvec v1.0.1
[INFO] [stderr]    Compiling rustc-hex v2.1.0
[INFO] [stderr]    Compiling hashbrown v0.13.2
[INFO] [stderr]    Compiling borrown v0.1.0
[INFO] [stderr]    Compiling fuel-storage v0.35.4
[INFO] [stderr]    Compiling itertools v0.10.5
[INFO] [stderr]    Compiling getrandom v0.2.11
[INFO] [stderr]    Compiling indexmap v1.9.3
[INFO] [stderr]    Compiling byteorder v1.5.0
[INFO] [stderr]    Compiling unicode-width v0.1.11
[INFO] [stderr]    Compiling static_assertions v1.1.0
[INFO] [stderr]    Compiling unicode-segmentation v1.10.1
[INFO] [stderr]    Compiling crossbeam-utils v0.8.18
[INFO] [stderr]    Compiling bytes v1.5.0
[INFO] [stderr]    Compiling secp256k1-sys v0.8.1
[INFO] [stderr]    Compiling rlp v0.5.2
[INFO] [stderr]    Compiling heck v0.3.3
[INFO] [stderr]    Compiling backtrace v0.3.69
[INFO] [stderr]    Compiling rand_core v0.6.4
[INFO] [stderr]    Compiling gimli v0.28.1
[INFO] [stderr]    Compiling doc-comment v0.3.3
[INFO] [stderr]    Compiling siphasher v0.3.11
[INFO] [stderr]    Compiling rustix v0.38.28
[INFO] [stderr]    Compiling ucd-trie v0.1.6
[INFO] [stderr]    Compiling miniz_oxide v0.7.1
[INFO] [stderr]    Compiling rand_chacha v0.3.1
[INFO] [stderr]    Compiling impl-rlp v0.3.0
[INFO] [stderr]    Compiling fixed-hash v0.8.0
[INFO] [stderr]    Compiling tracing-core v0.1.32
[INFO] [stderr]    Compiling proc-macro-error v1.0.4
[INFO] [stderr]    Compiling object v0.32.2
[INFO] [stderr]    Compiling dirs-sys-next v0.1.2
[INFO] [stderr]    Compiling atty v0.2.14
[INFO] [stderr]    Compiling ansi_term v0.12.1
[INFO] [stderr]    Compiling tiny-keccak v2.0.2
[INFO] [stderr]    Compiling linux-raw-sys v0.4.12
[INFO] [stderr]    Compiling rustc-demangle v0.1.23
[INFO] [stderr]    Compiling bitflags v2.4.1
[INFO] [stderr]    Compiling proc-macro-hack v0.5.20+deprecated
[INFO] [stderr]    Compiling zeroize_derive v1.4.2
[INFO] [stderr]    Compiling serde_derive v1.0.194
[INFO] [stderr]    Compiling thiserror-impl v1.0.56
[INFO] [stderr]    Compiling curve25519-dalek-derive v0.1.1
[INFO] [stderr]    Compiling secp256k1 v0.26.0
[INFO] [stderr]    Compiling addr2line v0.21.0
[INFO] [stderr]    Compiling alloc-no-stdlib v2.0.4
[INFO] [stderr]    Compiling zeroize v1.7.0
[INFO] [stderr]    Compiling alloc-stdlib v0.2.2
[INFO] [stderr]    Compiling enum-ordinalize v3.1.15
[INFO] [stderr]    Compiling der v0.7.8
[INFO] [stderr]    Compiling strum_macros v0.24.3
[INFO] [stderr]    Compiling block-buffer v0.10.4
[INFO] [stderr]    Compiling crypto-common v0.1.6
[INFO] [stderr]    Compiling thiserror v1.0.56
[INFO] [stderr]    Compiling digest v0.10.7
[INFO] [stderr]    Compiling crypto-bigint v0.5.5
[INFO] [stderr]    Compiling sha3 v0.10.8
[INFO] [stderr]    Compiling sha2 v0.10.8
[INFO] [stderr]    Compiling signature v2.2.0
[INFO] [stderr]    Compiling hmac v0.12.1
[INFO] [stderr]    Compiling spki v0.7.3
[INFO] [stderr]    Compiling sec1 v0.7.3
[INFO] [stderr]    Compiling rfc6979 v0.4.0
[INFO] [stderr]    Compiling pkcs8 v0.10.2
[INFO] [stderr]    Compiling bs58 v0.5.0
[INFO] [stderr]    Compiling ripemd v0.1.3
[INFO] [stderr]    Compiling ed25519 v2.2.3
[INFO] [stderr]    Compiling pbkdf2 v0.12.2
[INFO] [stderr]    Compiling fuel-merkle v0.35.4
[INFO] [stderr]    Compiling derivative v2.2.0
[INFO] [stderr]    Compiling pest v2.7.6
[INFO] [stderr]    Compiling elliptic-curve v0.13.8
[INFO] [stderr]    Compiling strum v0.24.1
[INFO] [stderr]    Compiling ed25519-dalek v2.1.0
[INFO] [stderr]    Compiling snafu-derive v0.7.5
[INFO] [stderr]    Compiling dirs-next v2.0.0
[INFO] [stderr]    Compiling ecdsa v0.16.9
[INFO] [stderr]    Compiling primeorder v0.13.6
[INFO] [stderr]    Compiling pest_meta v2.7.6
[INFO] [stderr]    Compiling k256 v0.13.2
[INFO] [stderr]    Compiling p256 v0.13.2
[INFO] [stderr]    Compiling crossbeam-epoch v0.9.17
[INFO] [stderr]    Compiling phf_shared v0.10.0
[INFO] [stderr]    Compiling blake3 v1.5.0
[INFO] [stderr]    Compiling uint v0.9.5
[INFO] [stderr]    Compiling textwrap v0.11.0
[INFO] [stderr]    Compiling csv-core v0.1.11
[INFO] [stderr]    Compiling strsim v0.8.0
[INFO] [stderr]    Compiling hashbrown v0.14.3
[INFO] [stderr]    Compiling rayon-core v1.12.0
[INFO] [stderr]    Compiling vec_map v0.8.2
[INFO] [stderr]    Compiling equivalent v1.0.1
[INFO] [stderr]    Compiling clap v2.34.0
[INFO] [stderr]    Compiling phf_generator v0.10.0
[INFO] [stderr]    Compiling crossbeam-deque v0.8.4
[INFO] [stderr]    Compiling snafu v0.7.5
[INFO] [stderr]    Compiling coins-core v0.8.7
[INFO] [stderr]    Compiling fuel-types v0.35.4
[INFO] [stderr]    Compiling fuel-asm v0.35.4
[INFO] [stderr]    Compiling coins-bip32 v0.8.7
[INFO] [stderr]    Compiling toml v0.5.11
[INFO] [stderr]    Compiling coins-bip39 v0.8.7
[INFO] [stderr]    Compiling impl-serde v0.4.0
[INFO] [stderr]    Compiling primitive-types v0.12.2
[INFO] [stderr]    Compiling indexmap v2.1.0
[INFO] [stderr]    Compiling fuel-crypto v0.35.4
[INFO] [stderr]    Compiling csv v1.3.0
[INFO] [stderr]    Compiling pest_generator v2.7.6
[INFO] [stderr]    Compiling term v0.7.0
[INFO] [stderr]    Compiling fuel-etk-ops v0.3.1-dev
[INFO] [stderr]    Compiling fuel-tx v0.35.4
[INFO] [stderr]    Compiling educe v0.4.23
[INFO] [stderr]    Compiling is-terminal v0.4.10
[INFO] [stderr]    Compiling structopt-derive v0.4.18
[INFO] [stderr]    Compiling brotli-decompressor v2.5.1
[INFO] [stderr]    Compiling tracing-attributes v0.1.27
[INFO] [stderr]    Compiling same-file v1.0.6
[INFO] [stderr]    Compiling peg-runtime v0.7.0
[INFO] [stderr]    Compiling winter-utils v0.4.2
[INFO] [stderr]    Compiling anyhow v1.0.79
[INFO] [stderr]    Compiling arrayref v0.3.7
[INFO] [stderr]    Compiling encode_unicode v1.0.0
[INFO] [stderr]    Compiling regex-syntax v0.6.29
[INFO] [stderr]    Compiling constant_time_eq v0.3.0
[INFO] [stderr]    Compiling arrayvec v0.7.4
[INFO] [stderr]    Compiling peg-macros v0.7.0
[INFO] [stderr]    Compiling prettytable-rs v0.10.0
[INFO] [stderr]    Compiling sway-types v0.47.0
[INFO] [stderr]    Compiling tracing v0.1.40
[INFO] [stderr]    Compiling sway-error v0.47.0
[INFO] [stderr]    Compiling structopt v0.3.26
[INFO] [stderr]    Compiling winter-math v0.4.2
[INFO] [stderr]    Compiling regex-automata v0.1.10
[INFO] [stderr]    Compiling walkdir v2.4.0
[INFO] [stderr]    Compiling phf_macros v0.10.0
[INFO] [stderr]    Compiling brotli v3.4.0
[INFO] [stderr]    Compiling ethbloom v0.13.0
[INFO] [stderr]    Compiling pest_derive v2.7.6
[INFO] [stderr]    Compiling bincode v1.3.3
[INFO] [stderr]    Compiling extension-trait v1.0.2
[INFO] [stderr]    Compiling pad v0.1.6
[INFO] [stderr]    Compiling bitmaps v2.1.0
[INFO] [stderr]    Compiling im v15.1.0
[INFO] [stderr]    Compiling os_str_bytes v6.6.1
[INFO] [stderr]    Compiling log v0.4.20
[INFO] [stderr]    Compiling overload v0.1.1
[INFO] [stderr]    Compiling sway-ast v0.47.0
[INFO] [stderr]    Compiling nu-ansi-term v0.46.0
[INFO] [stderr]    Compiling tracing-log v0.2.0
[INFO] [stderr]    Compiling clap_lex v0.2.4
[INFO] [stderr]    Compiling phf v0.10.1
[INFO] [stderr]    Compiling fuel-etk-asm v0.3.1-dev
[INFO] [stderr]    Compiling prettydiff v0.6.4
[INFO] [stderr]    Compiling sized-chunks v0.6.5
[INFO] [stderr]    Compiling rayon v1.8.0
[INFO] [stderr]    Compiling ethereum-types v0.14.1
[INFO] [stderr]    Compiling sway-ir-macros v0.47.0
[INFO] [stderr]    Compiling matchers v0.1.0
[INFO] [stderr]    Compiling peg v0.7.0
[INFO] [stderr]    Compiling sway-utils v0.47.0
[INFO] [stderr]    Compiling async-trait v0.1.77
[INFO] [stderr]    Compiling winter-crypto v0.4.2
[INFO] [stderr]    Compiling serde_spanned v0.6.5
[INFO] [stderr]    Compiling tracing-serde v0.1.3
[INFO] [stderr]    Compiling toml_datetime v0.6.5
[INFO] [stderr]    Compiling filecheck v0.5.0
[INFO] [stderr]    Compiling fuel-etk-4byte v0.3.1-dev
[INFO] [stderr]    Compiling digest v0.9.0
[INFO] [stderr]    Compiling block-buffer v0.9.0
[INFO] [stderr]    Compiling clap_derive v3.2.25
[INFO] [stderr]    Compiling strum_macros v0.21.1
[INFO] [stderr]    Compiling sharded-slab v0.1.7
[INFO] [stderr]    Compiling thread_local v1.1.7
[INFO] [stderr]    Compiling rand_xoshiro v0.6.0
[INFO] [stderr]    Compiling generational-arena v0.2.9
[INFO] [stderr]    Compiling rustc-hash v1.1.0
[INFO] [stderr]    Compiling opaque-debug v0.3.0
[INFO] [stderr]    Compiling winnow v0.5.32
[INFO] [stderr]    Compiling ethnum v1.5.0
[INFO] [stderr]    Compiling fixedbitset v0.4.2
[INFO] [stderr]    Compiling termcolor v1.4.0
[INFO] [stderr]    Compiling downcast-rs v1.2.0
[INFO] [stderr]    Compiling unicode-bidi v0.3.14
[INFO] [stderr]    Compiling unicode-xid v0.2.4
[INFO] [stderr]    Compiling tai64 v4.0.0
[INFO] [stderr]    Compiling fuel-vm v0.35.4
[INFO] [stderr]    Compiling sway-parse v0.47.0
[INFO] [stderr]    Compiling sway-ir v0.47.0
[INFO] [stderr]    Compiling petgraph v0.6.4
[INFO] [stderr]    Compiling fuel-abi-types v0.1.0
[INFO] [stderr]    Compiling toml_edit v0.19.15
[INFO] [stderr]    Compiling tracing-subscriber v0.3.18
[INFO] [stderr]    Compiling clap v3.2.25
[INFO] [stderr]    Compiling sha2 v0.9.9
[INFO] [stderr]    Compiling dirs v3.0.2
[INFO] [stderr]    Compiling fuel-etk-dasm v0.3.1-dev
[INFO] [stderr]    Compiling sysinfo v0.29.11
[INFO] [stderr]    Compiling miden-core v0.3.0
[INFO] [stderr]    Compiling fuel-ethabi v18.0.0
[INFO] [stderr]    Compiling str_indices v0.4.3
[INFO] [stderr]    Compiling vec1 v1.10.1
[INFO] [stderr]    Compiling ropey v1.6.1
[INFO] [stderr]    Compiling sway-core v0.47.0
[INFO] [stderr]    Compiling toml v0.7.8
[INFO] [stderr]    Compiling forc-tracing v0.47.0
[INFO] [stderr]    Compiling serde_ignored v0.1.10
[INFO] [stderr]    Compiling swayfmt v0.47.0 (/opt/rustwide/workdir)
[INFO] [stderr]     Finished dev [unoptimized + debuginfo] target(s) in 57.30s
[INFO] running `Command { std: "docker" "inspect" "1e7039d126746a3b701050c52c526e2c07984cfdbc4bbd795a84ffc0a2d34a85", kill_on_drop: false }`
[INFO] running `Command { std: "docker" "rm" "-f" "1e7039d126746a3b701050c52c526e2c07984cfdbc4bbd795a84ffc0a2d34a85", kill_on_drop: false }`
[INFO] [stdout] 1e7039d126746a3b701050c52c526e2c07984cfdbc4bbd795a84ffc0a2d34a85
[INFO] running `Command { std: "docker" "create" "-v" "/var/lib/crater-agent-workspace/builds/worker-1-tc2/target:/opt/rustwide/target:rw,Z" "-v" "/var/lib/crater-agent-workspace/builds/worker-1-tc2/source:/opt/rustwide/workdir:ro,Z" "-v" "/var/lib/crater-agent-workspace/cargo-home:/opt/rustwide/cargo-home:ro,Z" "-v" "/var/lib/crater-agent-workspace/rustup-home:/opt/rustwide/rustup-home:ro,Z" "-e" "SOURCE_DIR=/opt/rustwide/workdir" "-e" "CARGO_TARGET_DIR=/opt/rustwide/target" "-e" "CARGO_INCREMENTAL=0" "-e" "RUST_BACKTRACE=full" "-e" "RUSTFLAGS=--cap-lints=warn" "-e" "RUSTDOCFLAGS=--cap-lints=warn" "-e" "CARGO_HOME=/opt/rustwide/cargo-home" "-e" "RUSTUP_HOME=/opt/rustwide/rustup-home" "-w" "/opt/rustwide/workdir" "-m" "1610612736" "--user" "0:0" "--network" "none" "ghcr.io/rust-lang/crates-build-env/linux@sha256:2788e3201cd34a07e3172128adcd8b3090168a8e3bcc40d7c032b9dda1df7d1c" "/opt/rustwide/cargo-home/bin/cargo" "+beta-2023-12-22" "test" "--frozen" "--no-run" "--message-format=json", kill_on_drop: false }`
[INFO] [stdout] ea6c768ba088aff2c92b0ac8ca04e33baebcfc391c918efdb2d6730946606b7a
[INFO] running `Command { std: "docker" "start" "-a" "ea6c768ba088aff2c92b0ac8ca04e33baebcfc391c918efdb2d6730946606b7a", kill_on_drop: false }`
[INFO] [stderr]    Compiling swayfmt v0.47.0 (/opt/rustwide/workdir)
[INFO] [stdout] error[E0432]: unresolved import `test_macros`
[INFO] [stdout]  --> tests/mod.rs:3:5
[INFO] [stdout]   |
[INFO] [stdout] 3 | use test_macros::assert_eq_pretty;
[INFO] [stdout]   |     ^^^^^^^^^^^ use of undeclared crate or module `test_macros`
[INFO] [stdout] 
[INFO] [stdout] 
[INFO] [stdout] error: cannot determine resolution for the macro `assert_eq_pretty`
[INFO] [stdout]  --> tests/mod.rs:9:5
[INFO] [stdout]   |
[INFO] [stdout] 9 |     assert_eq_pretty!(first_formatted, expected);
[INFO] [stdout]   |     ^^^^^^^^^^^^^^^^
[INFO] [stdout]   |
[INFO] [stdout]   = note: import resolution is stuck, try simplifying macro imports
[INFO] [stdout] 
[INFO] [stdout] 
[INFO] [stdout] error: cannot determine resolution for the macro `assert_eq_pretty`
[INFO] [stdout]   --> tests/mod.rs:13:5
[INFO] [stdout]    |
[INFO] [stdout] 13 |     assert_eq_pretty!(second_formatted, first_formatted);
[INFO] [stdout]    |     ^^^^^^^^^^^^^^^^
[INFO] [stdout]    |
[INFO] [stdout]    = note: import resolution is stuck, try simplifying macro imports
[INFO] [stdout] 
[INFO] [stdout] 
[INFO] [stdout] error: aborting due to 3 previous errors
[INFO] [stdout] 
[INFO] [stdout] 
[INFO] [stdout] For more information about this error, try `rustc --explain E0432`.
[INFO] [stdout] 
[INFO] [stderr] error: could not compile `swayfmt` (test "mod") due to 4 previous errors
[INFO] [stderr] warning: build failed, waiting for other jobs to finish...
[INFO] [stdout] error[E0432]: unresolved import `test_macros`
[INFO] [stdout]  --> src/items/item_abi/tests.rs:4:5
[INFO] [stdout]   |
[INFO] [stdout] 4 | use test_macros::fmt_test_item;
[INFO] [stdout]   |     ^^^^^^^^^^^ use of undeclared crate or module `test_macros`
[INFO] [stdout] 
[INFO] [stdout] 
[INFO] [stdout] error[E0432]: unresolved import `test_macros`
[INFO] [stdout]  --> src/items/item_configurable/tests.rs:4:5
[INFO] [stdout]   |
[INFO] [stdout] 4 | use test_macros::fmt_test_item;
[INFO] [stdout]   |     ^^^^^^^^^^^ use of undeclared crate or module `test_macros`
[INFO] [stdout] 
[INFO] [stdout] 
[INFO] [stdout] error[E0432]: unresolved import `test_macros`
[INFO] [stdout]  --> src/items/item_enum/tests.rs:4:5
[INFO] [stdout]   |
[INFO] [stdout] 4 | use test_macros::fmt_test_item;
[INFO] [stdout]   |     ^^^^^^^^^^^ use of undeclared crate or module `test_macros`
[INFO] [stdout] 
[INFO] [stdout] 
[INFO] [stdout] error[E0432]: unresolved import `test_macros`
[INFO] [stdout]  --> src/items/item_fn/tests.rs:4:5
[INFO] [stdout]   |
[INFO] [stdout] 4 | use test_macros::fmt_test_item;
[INFO] [stdout]   |     ^^^^^^^^^^^ use of undeclared crate or module `test_macros`
[INFO] [stdout] 
[INFO] [stdout] 
[INFO] [stdout] error[E0432]: unresolved import `test_macros`
[INFO] [stdout]  --> src/items/item_impl/tests.rs:4:5
[INFO] [stdout]   |
[INFO] [stdout] 4 | use test_macros::fmt_test_item;
[INFO] [stdout]   |     ^^^^^^^^^^^ use of undeclared crate or module `test_macros`
[INFO] [stdout] 
[INFO] [stdout] 
[INFO] [stdout] error[E0432]: unresolved import `test_macros`
[INFO] [stdout]  --> src/items/item_storage/tests.rs:4:5
[INFO] [stdout]   |
[INFO] [stdout] 4 | use test_macros::fmt_test_item;
[INFO] [stdout]   |     ^^^^^^^^^^^ use of undeclared crate or module `test_macros`
[INFO] [stdout] 
[INFO] [stdout] 
[INFO] [stdout] error[E0432]: unresolved import `test_macros`
[INFO] [stdout]  --> src/items/item_struct/tests.rs:4:5
[INFO] [stdout]   |
[INFO] [stdout] 4 | use test_macros::fmt_test_item;
[INFO] [stdout]   |     ^^^^^^^^^^^ use of undeclared crate or module `test_macros`
[INFO] [stdout] 
[INFO] [stdout] 
[INFO] [stdout] error[E0432]: unresolved import `test_macros`
[INFO] [stdout]  --> src/items/item_trait/tests.rs:4:5
[INFO] [stdout]   |
[INFO] [stdout] 4 | use test_macros::fmt_test_item;
[INFO] [stdout]   |     ^^^^^^^^^^^ use of undeclared crate or module `test_macros`
[INFO] [stdout] 
[INFO] [stdout] 
[INFO] [stdout] error[E0432]: unresolved import `test_macros`
[INFO] [stdout]  --> src/items/item_use/tests.rs:4:5
[INFO] [stdout]   |
[INFO] [stdout] 4 | use test_macros::fmt_test_item;
[INFO] [stdout]   |     ^^^^^^^^^^^ use of undeclared crate or module `test_macros`
[INFO] [stdout] 
[INFO] [stdout] 
[INFO] [stdout] error[E0432]: unresolved import `test_macros`
[INFO] [stdout]  --> src/utils/language/expr/tests.rs:6:5
[INFO] [stdout]   |
[INFO] [stdout] 6 | use test_macros::fmt_test_expr;
[INFO] [stdout]   |     ^^^^^^^^^^^ use of undeclared crate or module `test_macros`
[INFO] [stdout] 
[INFO] [stdout] 
[INFO] [stdout] error: cannot determine resolution for the macro `fmt_test_item`
[INFO] [stdout]  --> src/items/item_abi/tests.rs:6:1
[INFO] [stdout]   |
[INFO] [stdout] 6 | fmt_test_item!(abi_contains_constant
[INFO] [stdout]   | ^^^^^^^^^^^^^
[INFO] [stdout]   |
[INFO] [stdout]   = note: import resolution is stuck, try simplifying macro imports
[INFO] [stdout] 
[INFO] [stdout] 
[INFO] [stdout] error: cannot determine resolution for the macro `fmt_test_item`
[INFO] [stdout]   --> src/items/item_abi/tests.rs:15:1
[INFO] [stdout]    |
[INFO] [stdout] 15 | fmt_test_item!(abi_contains_functions
[INFO] [stdout]    | ^^^^^^^^^^^^^
[INFO] [stdout]    |
[INFO] [stdout]    = note: import resolution is stuck, try simplifying macro imports
[INFO] [stdout] 
[INFO] [stdout] 
[INFO] [stdout] error: cannot determine resolution for the macro `fmt_test_item`
[INFO] [stdout]   --> src/items/item_abi/tests.rs:28:1
[INFO] [stdout]    |
[INFO] [stdout] 28 | fmt_test_item!(abi_contains_comments
[INFO] [stdout]    | ^^^^^^^^^^^^^
[INFO] [stdout]    |
[INFO] [stdout]    = note: import resolution is stuck, try simplifying macro imports
[INFO] [stdout] 
[INFO] [stdout] 
[INFO] [stdout] error: cannot determine resolution for the macro `fmt_test_item`
[INFO] [stdout]   --> src/items/item_abi/tests.rs:43:1
[INFO] [stdout]    |
[INFO] [stdout] 43 | fmt_test_item!(abi_multiline_method
[INFO] [stdout]    | ^^^^^^^^^^^^^
[INFO] [stdout]    |
[INFO] [stdout]    = note: import resolution is stuck, try simplifying macro imports
[INFO] [stdout] 
[INFO] [stdout] 
[INFO] [stdout] error: cannot determine resolution for the macro `fmt_test_item`
[INFO] [stdout]  --> src/items/item_configurable/tests.rs:6:1
[INFO] [stdout]   |
[INFO] [stdout] 6 | fmt_test_item!( configurables
[INFO] [stdout]   | ^^^^^^^^^^^^^
[INFO] [stdout]   |
[INFO] [stdout]   = note: import resolution is stuck, try simplifying macro imports
[INFO] [stdout] 
[INFO] [stdout] 
[INFO] [stdout] error: cannot determine resolution for the macro `fmt_test_item`
[INFO] [stdout]  --> src/items/item_enum/tests.rs:6:1
[INFO] [stdout]   |
[INFO] [stdout] 6 | fmt_test_item!(  annotated_enum
[INFO] [stdout]   | ^^^^^^^^^^^^^
[INFO] [stdout]   |
[INFO] [stdout]   = note: import resolution is stuck, try simplifying macro imports
[INFO] [stdout] 
[INFO] [stdout] 
[INFO] [stdout] error: cannot determine resolution for the macro `fmt_test_item`
[INFO] [stdout]  --> src/items/item_fn/tests.rs:6:1
[INFO] [stdout]   |
[INFO] [stdout] 6 | fmt_test_item!(  long_fn_name            "pub fn hello_this_is_a_really_long_fn_name_wow_so_long_ridiculous(\n    self,\n    foo: Foo,\n ...
[INFO] [stdout]   | ^^^^^^^^^^^^^
[INFO] [stdout]   |
[INFO] [stdout]   = note: import resolution is stuck, try simplifying macro imports
[INFO] [stdout] 
[INFO] [stdout] 
[INFO] [stdout] error: cannot determine resolution for the macro `fmt_test_item`
[INFO] [stdout]   --> src/items/item_fn/tests.rs:10:1
[INFO] [stdout]    |
[INFO] [stdout] 10 | fmt_test_item!(  long_fn_args            "fn foo(\n    mut self,\n    this_is_a_really_long_variable: Foo,\n    hello_im_really_long: Bar...
[INFO] [stdout]    | ^^^^^^^^^^^^^
[INFO] [stdout]    |
[INFO] [stdout]    = note: import resolution is stuck, try simplifying macro imports
[INFO] [stdout] 
[INFO] [stdout] 
[INFO] [stdout] error: cannot determine resolution for the macro `fmt_test_item`
[INFO] [stdout]   --> src/items/item_fn/tests.rs:14:1
[INFO] [stdout]    |
[INFO] [stdout] 14 | fmt_test_item!(  non_self_fn
[INFO] [stdout]    | ^^^^^^^^^^^^^
[INFO] [stdout]    |
[INFO] [stdout]    = note: import resolution is stuck, try simplifying macro imports
[INFO] [stdout] 
[INFO] [stdout] 
[INFO] [stdout] error: cannot determine resolution for the macro `fmt_test_item`
[INFO] [stdout]   --> src/items/item_fn/tests.rs:38:1
[INFO] [stdout]    |
[INFO] [stdout] 38 | fmt_test_item!(  fn_with_nested_items
[INFO] [stdout]    | ^^^^^^^^^^^^^
[INFO] [stdout]    |
[INFO] [stdout]    = note: import resolution is stuck, try simplifying macro imports
[INFO] [stdout] 
[INFO] [stdout] 
[INFO] [stdout] error: cannot determine resolution for the macro `fmt_test_item`
[INFO] [stdout]   --> src/items/item_fn/tests.rs:72:1
[INFO] [stdout]    |
[INFO] [stdout] 72 | fmt_test_item!(  fn_nested_if_lets
[INFO] [stdout]    | ^^^^^^^^^^^^^
[INFO] [stdout]    |
[INFO] [stdout]    = note: import resolution is stuck, try simplifying macro imports
[INFO] [stdout] 
[INFO] [stdout] 
[INFO] [stdout] error: cannot determine resolution for the macro `fmt_test_item`
[INFO] [stdout]   --> src/items/item_fn/tests.rs:92:1
[INFO] [stdout]    |
[INFO] [stdout] 92 | fmt_test_item!(  fn_conditional_with_comment
[INFO] [stdout]    | ^^^^^^^^^^^^^
[INFO] [stdout]    |
[INFO] [stdout]    = note: import resolution is stuck, try simplifying macro imports
[INFO] [stdout] 
[INFO] [stdout] 
[INFO] [stdout] error: cannot determine resolution for the macro `fmt_test_item`
[INFO] [stdout]    --> src/items/item_fn/tests.rs:106:1
[INFO] [stdout]     |
[INFO] [stdout] 106 | fmt_test_item!(  fn_conditional_with_comment_and_else
[INFO] [stdout]     | ^^^^^^^^^^^^^
[INFO] [stdout]     |
[INFO] [stdout]     = note: import resolution is stuck, try simplifying macro imports
[INFO] [stdout] 
[INFO] [stdout] 
[INFO] [stdout] error: cannot determine resolution for the macro `fmt_test_item`
[INFO] [stdout]    --> src/items/item_fn/tests.rs:124:1
[INFO] [stdout]     |
[INFO] [stdout] 124 | fmt_test_item!(fn_comments_special_chars
[INFO] [stdout]     | ^^^^^^^^^^^^^
[INFO] [stdout]     |
[INFO] [stdout]     = note: import resolution is stuck, try simplifying macro imports
[INFO] [stdout] 
[INFO] [stdout] 
[INFO] [stdout] error: cannot determine resolution for the macro `fmt_test_item`
[INFO] [stdout]  --> src/items/item_impl/tests.rs:6:1
[INFO] [stdout]   |
[INFO] [stdout] 6 | fmt_test_item!(  impl_with_nested_items
[INFO] [stdout]   | ^^^^^^^^^^^^^
[INFO] [stdout]   |
[INFO] [stdout]   = note: import resolution is stuck, try simplifying macro imports
[INFO] [stdout] 
[INFO] [stdout] 
[INFO] [stdout] error: cannot determine resolution for the macro `fmt_test_item`
[INFO] [stdout]   --> src/items/item_impl/tests.rs:44:1
[INFO] [stdout]    |
[INFO] [stdout] 44 | fmt_test_item!(  normal_with_generics
[INFO] [stdout]    | ^^^^^^^^^^^^^
[INFO] [stdout]    |
[INFO] [stdout]    = note: import resolution is stuck, try simplifying macro imports
[INFO] [stdout] 
[INFO] [stdout] 
[INFO] [stdout] error: cannot determine resolution for the macro `fmt_test_item`
[INFO] [stdout]   --> src/items/item_impl/tests.rs:78:1
[INFO] [stdout]    |
[INFO] [stdout] 78 | fmt_test_item!(    impl_empty_fn_args
[INFO] [stdout]    | ^^^^^^^^^^^^^
[INFO] [stdout]    |
[INFO] [stdout]    = note: import resolution is stuck, try simplifying macro imports
[INFO] [stdout] 
[INFO] [stdout] 
[INFO] [stdout] error: cannot determine resolution for the macro `fmt_test_item`
[INFO] [stdout]   --> src/items/item_impl/tests.rs:94:1
[INFO] [stdout]    |
[INFO] [stdout] 94 | fmt_test_item!(    impl_empty_fn_comment
[INFO] [stdout]    | ^^^^^^^^^^^^^
[INFO] [stdout]    |
[INFO] [stdout]    = note: import resolution is stuck, try simplifying macro imports
[INFO] [stdout] 
[INFO] [stdout] 
[INFO] [stdout] error: cannot determine resolution for the macro `fmt_test_item`
[INFO] [stdout]    --> src/items/item_impl/tests.rs:108:1
[INFO] [stdout]     |
[INFO] [stdout] 108 | fmt_test_item!(impl_contains_const
[INFO] [stdout]     | ^^^^^^^^^^^^^
[INFO] [stdout]     |
[INFO] [stdout]     = note: import resolution is stuck, try simplifying macro imports
[INFO] [stdout] 
[INFO] [stdout] 
[INFO] [stdout] error: cannot determine resolution for the macro `fmt_test_item`
[INFO] [stdout]    --> src/items/item_impl/tests.rs:118:1
[INFO] [stdout]     |
[INFO] [stdout] 118 | fmt_test_item!(impl_for_struct_where_clause
[INFO] [stdout]     | ^^^^^^^^^^^^^
[INFO] [stdout]     |
[INFO] [stdout]     = note: import resolution is stuck, try simplifying macro imports
[INFO] [stdout] 
[INFO] [stdout] 
[INFO] [stdout] error: cannot determine resolution for the macro `fmt_test_item`
[INFO] [stdout]    --> src/items/item_impl/tests.rs:130:1
[INFO] [stdout]     |
[INFO] [stdout] 130 | fmt_test_item!(impl_trait_for_struct_where_clause
[INFO] [stdout]     | ^^^^^^^^^^^^^
[INFO] [stdout]     |
[INFO] [stdout]     = note: import resolution is stuck, try simplifying macro imports
[INFO] [stdout] 
[INFO] [stdout] 
[INFO] [stdout] error: cannot determine resolution for the macro `fmt_test_item`
[INFO] [stdout]  --> src/items/item_storage/tests.rs:6:1
[INFO] [stdout]   |
[INFO] [stdout] 6 | fmt_test_item!(  storage_maps
[INFO] [stdout]   | ^^^^^^^^^^^^^
[INFO] [stdout]   |
[INFO] [stdout]   = note: import resolution is stuck, try simplifying macro imports
[INFO] [stdout] 
[INFO] [stdout] 
[INFO] [stdout] error: cannot determine resolution for the macro `fmt_test_item`
[INFO] [stdout]  --> src/items/item_struct/tests.rs:6:1
[INFO] [stdout]   |
[INFO] [stdout] 6 | fmt_test_item!(  annotated_struct
[INFO] [stdout]   | ^^^^^^^^^^^^^
[INFO] [stdout]   |
[INFO] [stdout]   = note: import resolution is stuck, try simplifying macro imports
[INFO] [stdout] 
[INFO] [stdout] 
[INFO] [stdout] error: cannot determine resolution for the macro `fmt_test_item`
[INFO] [stdout]   --> src/items/item_struct/tests.rs:22:1
[INFO] [stdout]    |
[INFO] [stdout] 22 | fmt_test_item!(  struct_with_where_clause
[INFO] [stdout]    | ^^^^^^^^^^^^^
[INFO] [stdout]    |
[INFO] [stdout]    = note: import resolution is stuck, try simplifying macro imports
[INFO] [stdout] 
[INFO] [stdout] 
[INFO] [stdout] error: cannot determine resolution for the macro `fmt_test_item`
[INFO] [stdout]  --> src/items/item_trait/tests.rs:6:1
[INFO] [stdout]   |
[INFO] [stdout] 6 | fmt_test_item!(
[INFO] [stdout]   | ^^^^^^^^^^^^^
[INFO] [stdout]   |
[INFO] [stdout]   = note: import resolution is stuck, try simplifying macro imports
[INFO] [stdout] 
[INFO] [stdout] 
[INFO] [stdout] error: cannot determine resolution for the macro `fmt_test_item`
[INFO] [stdout]   --> src/items/item_trait/tests.rs:20:1
[INFO] [stdout]    |
[INFO] [stdout] 20 | fmt_test_item!(
[INFO] [stdout]    | ^^^^^^^^^^^^^
[INFO] [stdout]    |
[INFO] [stdout]    = note: import resolution is stuck, try simplifying macro imports
[INFO] [stdout] 
[INFO] [stdout] 
[INFO] [stdout] error: cannot determine resolution for the macro `fmt_test_item`
[INFO] [stdout]   --> src/items/item_trait/tests.rs:36:1
[INFO] [stdout]    |
[INFO] [stdout] 36 | fmt_test_item!(
[INFO] [stdout]    | ^^^^^^^^^^^^^
[INFO] [stdout]    |
[INFO] [stdout]    = note: import resolution is stuck, try simplifying macro imports
[INFO] [stdout] 
[INFO] [stdout] 
[INFO] [stdout] error: cannot determine resolution for the macro `fmt_test_item`
[INFO] [stdout]   --> src/items/item_trait/tests.rs:55:1
[INFO] [stdout]    |
[INFO] [stdout] 55 | fmt_test_item!(
[INFO] [stdout]    | ^^^^^^^^^^^^^
[INFO] [stdout]    |
[INFO] [stdout]    = note: import resolution is stuck, try simplifying macro imports
[INFO] [stdout] 
[INFO] [stdout] 
[INFO] [stdout] error: cannot determine resolution for the macro `fmt_test_item`
[INFO] [stdout]   --> src/items/item_trait/tests.rs:70:1
[INFO] [stdout]    |
[INFO] [stdout] 70 | fmt_test_item!(trait_contains_const
[INFO] [stdout]    | ^^^^^^^^^^^^^
[INFO] [stdout]    |
[INFO] [stdout]    = note: import resolution is stuck, try simplifying macro imports
[INFO] [stdout] 
[INFO] [stdout] 
[INFO] [stdout] error: cannot determine resolution for the macro `fmt_test_item`
[INFO] [stdout]   --> src/items/item_trait/tests.rs:79:1
[INFO] [stdout]    |
[INFO] [stdout] 79 | fmt_test_item!(
[INFO] [stdout]    | ^^^^^^^^^^^^^
[INFO] [stdout]    |
[INFO] [stdout]    = note: import resolution is stuck, try simplifying macro imports
[INFO] [stdout] 
[INFO] [stdout] 
[INFO] [stdout] error: cannot determine resolution for the macro `fmt_test_item`
[INFO] [stdout]   --> src/items/item_trait/tests.rs:95:1
[INFO] [stdout]    |
[INFO] [stdout] 95 | fmt_test_item!(trait_multiline_method
[INFO] [stdout]    | ^^^^^^^^^^^^^
[INFO] [stdout]    |
[INFO] [stdout]    = note: import resolution is stuck, try simplifying macro imports
[INFO] [stdout] 
[INFO] [stdout] 
[INFO] [stdout] error: cannot determine resolution for the macro `fmt_test_item`
[INFO] [stdout]    --> src/items/item_trait/tests.rs:108:1
[INFO] [stdout]     |
[INFO] [stdout] 108 | fmt_test_item!(trait_with_where_clause
[INFO] [stdout]     | ^^^^^^^^^^^^^
[INFO] [stdout]     |
[INFO] [stdout]     = note: import resolution is stuck, try simplifying macro imports
[INFO] [stdout] 
[INFO] [stdout] 
[INFO] [stdout] error: cannot determine resolution for the macro `fmt_test_item`
[INFO] [stdout]  --> src/items/item_use/tests.rs:6:1
[INFO] [stdout]   |
[INFO] [stdout] 6 | fmt_test_item!(multiline     "use foo::{
[INFO] [stdout]   | ^^^^^^^^^^^^^
[INFO] [stdout]   |
[INFO] [stdout]   = note: import resolution is stuck, try simplifying macro imports
[INFO] [stdout] 
[INFO] [stdout] 
[INFO] [stdout] error: cannot determine resolution for the macro `fmt_test_item`
[INFO] [stdout]   --> src/items/item_use/tests.rs:13:1
[INFO] [stdout]    |
[INFO] [stdout] 13 | fmt_test_item!(multiline_nested      "use foo::{
[INFO] [stdout]    | ^^^^^^^^^^^^^
[INFO] [stdout]    |
[INFO] [stdout]    = note: import resolution is stuck, try simplifying macro imports
[INFO] [stdout] 
[INFO] [stdout] 
[INFO] [stdout] error: cannot determine resolution for the macro `fmt_test_item`
[INFO] [stdout]   --> src/items/item_use/tests.rs:25:1
[INFO] [stdout]    |
[INFO] [stdout] 25 | fmt_test_item!(single_line_sort  "use foo::{bar, baz, Quux::{a, b, C}};",
[INFO] [stdout]    | ^^^^^^^^^^^^^
[INFO] [stdout]    |
[INFO] [stdout]    = note: import resolution is stuck, try simplifying macro imports
[INFO] [stdout] 
[INFO] [stdout] 
[INFO] [stdout] error: cannot determine resolution for the macro `fmt_test_item`
[INFO] [stdout]   --> src/items/item_use/tests.rs:29:1
[INFO] [stdout]    |
[INFO] [stdout] 29 | fmt_test_item!(single_import_without_braces      "use std::tx::tx_id;",
[INFO] [stdout]    | ^^^^^^^^^^^^^
[INFO] [stdout]    |
[INFO] [stdout]    = note: import resolution is stuck, try simplifying macro imports
[INFO] [stdout] 
[INFO] [stdout] 
[INFO] [stdout] error: cannot determine resolution for the macro `fmt_test_expr`
[INFO] [stdout]  --> src/utils/language/expr/tests.rs:8:1
[INFO] [stdout]   |
[INFO] [stdout] 8 | fmt_test_expr!(  literal "5", extra_whitespace "  5 "
[INFO] [stdout]   | ^^^^^^^^^^^^^
[INFO] [stdout]   |
[INFO] [stdout]   = note: import resolution is stuck, try simplifying macro imports
[INFO] [stdout] 
[INFO] [stdout] 
[INFO] [stdout] error: cannot determine resolution for the macro `fmt_test_expr`
[INFO] [stdout]   --> src/utils/language/expr/tests.rs:11:1
[INFO] [stdout]    |
[INFO] [stdout] 11 | fmt_test_expr!(  path_foo_bar            "foo::bar::baz::quux::quuz",
[INFO] [stdout]    | ^^^^^^^^^^^^^
[INFO] [stdout]    |
[INFO] [stdout]    = note: import resolution is stuck, try simplifying macro imports
[INFO] [stdout] 
[INFO] [stdout] 
[INFO] [stdout] error: cannot determine resolution for the macro `fmt_test_expr`
[INFO] [stdout]   --> src/utils/language/expr/tests.rs:14:1
[INFO] [stdout]    |
[INFO] [stdout] 14 | fmt_test_expr!(  field_proj_foobar       "foo.bar.baz.quux",
[INFO] [stdout]    | ^^^^^^^^^^^^^
[INFO] [stdout]    |
[INFO] [stdout]    = note: import resolution is stuck, try simplifying macro imports
[INFO] [stdout] 
[INFO] [stdout] 
[INFO] [stdout] error: cannot determine resolution for the macro `fmt_test_expr`
[INFO] [stdout]   --> src/utils/language/expr/tests.rs:17:1
[INFO] [stdout]    |
[INFO] [stdout] 17 | fmt_test_expr!(  abi_cast                "abi(MyAbi, 0x1111111111111111111111111111111111111111111111111111111111111111)",
[INFO] [stdout]    | ^^^^^^^^^^^^^
[INFO] [stdout]    |
[INFO] [stdout]    = note: import resolution is stuck, try simplifying macro imports
[INFO] [stdout] 
[INFO] [stdout] 
[INFO] [stdout] error: cannot determine resolution for the macro `fmt_test_expr`
[INFO] [stdout]   --> src/utils/language/expr/tests.rs:25:1
[INFO] [stdout]    |
[INFO] [stdout] 25 | fmt_test_expr!(  basic_func_app          "foo()",
[INFO] [stdout]    | ^^^^^^^^^^^^^
[INFO] [stdout]    |
[INFO] [stdout]    = note: import resolution is stuck, try simplifying macro imports
[INFO] [stdout] 
[INFO] [stdout] 
[INFO] [stdout] error: cannot determine resolution for the macro `fmt_test_expr`
[INFO] [stdout]   --> src/utils/language/expr/tests.rs:31:1
[INFO] [stdout]    |
[INFO] [stdout] 31 | fmt_test_expr!(  nested_args_func_app    "foo(a_struct { hello: \"hi\" }, a_var, foo.bar.baz.quux)",
[INFO] [stdout]    | ^^^^^^^^^^^^^
[INFO] [stdout]    |
[INFO] [stdout]    = note: import resolution is stuck, try simplifying macro imports
[INFO] [stdout] 
[INFO] [stdout] 
[INFO] [stdout] error: cannot determine resolution for the macro `fmt_test_expr`
[INFO] [stdout]   --> src/utils/language/expr/tests.rs:37:1
[INFO] [stdout]    |
[INFO] [stdout] 37 | fmt_test_expr!(  multiline_tuple         "(\n    \"reallyreallylongstring\",\n    \"yetanotherreallyreallyreallylongstring\",\n    \"okay...
[INFO] [stdout]    | ^^^^^^^^^^^^^
[INFO] [stdout]    |
[INFO] [stdout]    = note: import resolution is stuck, try simplifying macro imports
[INFO] [stdout] 
[INFO] [stdout] 
[INFO] [stdout] error: cannot determine resolution for the macro `fmt_test_expr`
[INFO] [stdout]   --> src/utils/language/expr/tests.rs:42:1
[INFO] [stdout]    |
[INFO] [stdout] 42 | fmt_test_expr!(  nested_tuple
[INFO] [stdout]    | ^^^^^^^^^^^^^
[INFO] [stdout]    |
[INFO] [stdout]    = note: import resolution is stuck, try simplifying macro imports
[INFO] [stdout] 
[INFO] [stdout] 
[INFO] [stdout] error: cannot determine resolution for the macro `fmt_test_expr`
[INFO] [stdout]   --> src/utils/language/expr/tests.rs:66:1
[INFO] [stdout]    |
[INFO] [stdout] 66 | fmt_test_expr!(  multiline_match_stmt    "match foo {\n    Foo::foo => {}\n    Foo::bar => {}\n}",
[INFO] [stdout]    | ^^^^^^^^^^^^^
[INFO] [stdout]    |
[INFO] [stdout]    = note: import resolution is stuck, try simplifying macro imports
[INFO] [stdout] 
[INFO] [stdout] 
[INFO] [stdout] error: cannot determine resolution for the macro `fmt_test_expr`
[INFO] [stdout]   --> src/utils/language/expr/tests.rs:70:1
[INFO] [stdout]    |
[INFO] [stdout] 70 | fmt_test_expr!(  if_else_block           "if foo {\n    foo();\n} else if bar { bar(); } else { baz(); }",
[INFO] [stdout]    | ^^^^^^^^^^^^^
[INFO] [stdout]    |
[INFO] [stdout]    = note: import resolution is stuck, try simplifying macro imports
[INFO] [stdout] 
[INFO] [stdout] 
[INFO] [stdout] error: cannot determine resolution for the macro `fmt_test_expr`
[INFO] [stdout]   --> src/utils/language/expr/tests.rs:74:1
[INFO] [stdout]    |
[INFO] [stdout] 74 | fmt_test_expr!(  long_conditional_stmt
[INFO] [stdout]    | ^^^^^^^^^^^^^
[INFO] [stdout]    |
[INFO] [stdout]    = note: import resolution is stuck, try simplifying macro imports
[INFO] [stdout] 
[INFO] [stdout] 
[INFO] [stdout] error: cannot determine resolution for the macro `fmt_test_expr`
[INFO] [stdout]   --> src/utils/language/expr/tests.rs:90:1
[INFO] [stdout]    |
[INFO] [stdout] 90 | fmt_test_expr!(  if_else_inline_1    "if foo { break; } else { continue; }",
[INFO] [stdout]    | ^^^^^^^^^^^^^
[INFO] [stdout]    |
[INFO] [stdout]    = note: import resolution is stuck, try simplifying macro imports
[INFO] [stdout] 
[INFO] [stdout] 
[INFO] [stdout] error: cannot determine resolution for the macro `fmt_test_expr`
[INFO] [stdout]   --> src/utils/language/expr/tests.rs:93:1
[INFO] [stdout]    |
[INFO] [stdout] 93 | fmt_test_expr!(  if_else_inline_2
[INFO] [stdout]    | ^^^^^^^^^^^^^
[INFO] [stdout]    |
[INFO] [stdout]    = note: import resolution is stuck, try simplifying macro imports
[INFO] [stdout] 
[INFO] [stdout] 
[INFO] [stdout] error: cannot determine resolution for the macro `fmt_test_expr`
[INFO] [stdout]    --> src/utils/language/expr/tests.rs:104:1
[INFO] [stdout]     |
[INFO] [stdout] 104 | fmt_test_expr!(  if_else_multiline
[INFO] [stdout]     | ^^^^^^^^^^^^^
[INFO] [stdout]     |
[INFO] [stdout]     = note: import resolution is stuck, try simplifying macro imports
[INFO] [stdout] 
[INFO] [stdout] 
[INFO] [stdout] error: cannot determine resolution for the macro `fmt_test_expr`
[INFO] [stdout]    --> src/utils/language/expr/tests.rs:118:1
[INFO] [stdout]     |
[INFO] [stdout] 118 | fmt_test_expr!(  small_if_let "if let Result::Ok(x) = x { 100 } else { 1 }",
[INFO] [stdout]     | ^^^^^^^^^^^^^
[INFO] [stdout]     |
[INFO] [stdout]     = note: import resolution is stuck, try simplifying macro imports
[INFO] [stdout] 
[INFO] [stdout] 
[INFO] [stdout] error: cannot determine resolution for the macro `fmt_test_expr`
[INFO] [stdout]    --> src/utils/language/expr/tests.rs:122:1
[INFO] [stdout]     |
[INFO] [stdout] 122 | fmt_test_expr!(  match_nested_conditional
[INFO] [stdout]     | ^^^^^^^^^^^^^
[INFO] [stdout]     |
[INFO] [stdout]     = note: import resolution is stuck, try simplifying macro imports
[INFO] [stdout] 
[INFO] [stdout] 
[INFO] [stdout] error: cannot determine resolution for the macro `fmt_test_expr`
[INFO] [stdout]    --> src/utils/language/expr/tests.rs:150:1
[INFO] [stdout]     |
[INFO] [stdout] 150 | fmt_test_expr!(  match_branch_kind
[INFO] [stdout]     | ^^^^^^^^^^^^^
[INFO] [stdout]     |
[INFO] [stdout]     = note: import resolution is stuck, try simplifying macro imports
[INFO] [stdout] 
[INFO] [stdout] 
[INFO] [stdout] error: cannot determine resolution for the macro `fmt_test_expr`
[INFO] [stdout]    --> src/utils/language/expr/tests.rs:172:1
[INFO] [stdout]     |
[INFO] [stdout] 172 | fmt_test_expr!(  match_branch_kind_tuple_long
[INFO] [stdout]     | ^^^^^^^^^^^^^
[INFO] [stdout]     |
[INFO] [stdout]     = note: import resolution is stuck, try simplifying macro imports
[INFO] [stdout] 
[INFO] [stdout] 
[INFO] [stdout] error: cannot determine resolution for the macro `fmt_test_expr`
[INFO] [stdout]    --> src/utils/language/expr/tests.rs:208:1
[INFO] [stdout]     |
[INFO] [stdout] 208 | fmt_test_expr!(  basic_array             "[1, 2, 3, 4, 5]",
[INFO] [stdout]     | ^^^^^^^^^^^^^
[INFO] [stdout]     |
[INFO] [stdout]     = note: import resolution is stuck, try simplifying macro imports
[INFO] [stdout] 
[INFO] [stdout] 
[INFO] [stdout] error: cannot determine resolution for the macro `fmt_test_expr`
[INFO] [stdout]    --> src/utils/language/expr/tests.rs:212:1
[INFO] [stdout]     |
[INFO] [stdout] 212 | fmt_test_expr!(  long_array
[INFO] [stdout]     | ^^^^^^^^^^^^^
[INFO] [stdout]     |
[INFO] [stdout]     = note: import resolution is stuck, try simplifying macro imports
[INFO] [stdout] 
[INFO] [stdout] 
[INFO] [stdout] error: cannot determine resolution for the macro `fmt_test_expr`
[INFO] [stdout]    --> src/utils/language/expr/tests.rs:226:1
[INFO] [stdout]     |
[INFO] [stdout] 226 | fmt_test_expr!(  nested_array
[INFO] [stdout]     | ^^^^^^^^^^^^^
[INFO] [stdout]     |
[INFO] [stdout]     = note: import resolution is stuck, try simplifying macro imports
[INFO] [stdout] 
[INFO] [stdout] 
[INFO] [stdout] error: cannot determine resolution for the macro `fmt_test_expr`
[INFO] [stdout]    --> src/utils/language/expr/tests.rs:250:1
[INFO] [stdout]     |
[INFO] [stdout] 250 | fmt_test_expr!(basic_while_loop
[INFO] [stdout]     | ^^^^^^^^^^^^^
[INFO] [stdout]     |
[INFO] [stdout]     = note: import resolution is stuck, try simplifying macro imports
[INFO] [stdout] 
[INFO] [stdout] 
[INFO] [stdout] error: cannot determine resolution for the macro `fmt_test_expr`
[INFO] [stdout]    --> src/utils/language/expr/tests.rs:259:1
[INFO] [stdout]     |
[INFO] [stdout] 259 | fmt_test_expr!(scoped_block
[INFO] [stdout]     | ^^^^^^^^^^^^^
[INFO] [stdout]     |
[INFO] [stdout]     = note: import resolution is stuck, try simplifying macro imports
[INFO] [stdout] 
[INFO] [stdout] 
[INFO] [stdout] warning: unused imports: `println_green`, `println_red`
[INFO] [stdout]  --> src/items/item_abi/tests.rs:1:20
[INFO] [stdout]   |
[INFO] [stdout] 1 | use forc_tracing::{println_green, println_red};
[INFO] [stdout]   |                    ^^^^^^^^^^^^^  ^^^^^^^^^^^
[INFO] [stdout]   |
[INFO] [stdout]   = note: `#[warn(unused_imports)]` on by default
[INFO] [stdout] 
[INFO] [stdout] 
[INFO] [stdout] warning: unused import: `paste::paste`
[INFO] [stdout]  --> src/items/item_abi/tests.rs:2:5
[INFO] [stdout]   |
[INFO] [stdout] 2 | use paste::paste;
[INFO] [stdout]   |     ^^^^^^^^^^^^
[INFO] [stdout] 
[INFO] [stdout] 
[INFO] [stdout] warning: unused imports: `basic::DiffOp`, `diff_lines`
[INFO] [stdout]  --> src/items/item_abi/tests.rs:3:18
[INFO] [stdout]   |
[INFO] [stdout] 3 | use prettydiff::{basic::DiffOp, diff_lines};
[INFO] [stdout]   |                  ^^^^^^^^^^^^^  ^^^^^^^^^^
[INFO] [stdout] 
[INFO] [stdout] 
[INFO] [stdout] warning: unused imports: `println_green`, `println_red`
[INFO] [stdout]  --> src/items/item_configurable/tests.rs:1:20
[INFO] [stdout]   |
[INFO] [stdout] 1 | use forc_tracing::{println_green, println_red};
[INFO] [stdout]   |                    ^^^^^^^^^^^^^  ^^^^^^^^^^^
[INFO] [stdout] 
[INFO] [stdout] 
[INFO] [stdout] warning: unused import: `paste::paste`
[INFO] [stdout]  --> src/items/item_configurable/tests.rs:2:5
[INFO] [stdout]   |
[INFO] [stdout] 2 | use paste::paste;
[INFO] [stdout]   |     ^^^^^^^^^^^^
[INFO] [stdout] 
[INFO] [stdout] 
[INFO] [stdout] warning: unused imports: `basic::DiffOp`, `diff_lines`
[INFO] [stdout]  --> src/items/item_configurable/tests.rs:3:18
[INFO] [stdout]   |
[INFO] [stdout] 3 | use prettydiff::{basic::DiffOp, diff_lines};
[INFO] [stdout]   |                  ^^^^^^^^^^^^^  ^^^^^^^^^^
[INFO] [stdout] 
[INFO] [stdout] 
[INFO] [stdout] warning: unused imports: `println_green`, `println_red`
[INFO] [stdout]  --> src/items/item_enum/tests.rs:1:20
[INFO] [stdout]   |
[INFO] [stdout] 1 | use forc_tracing::{println_green, println_red};
[INFO] [stdout]   |                    ^^^^^^^^^^^^^  ^^^^^^^^^^^
[INFO] [stdout] 
[INFO] [stdout] 
[INFO] [stdout] warning: unused import: `paste::paste`
[INFO] [stdout]  --> src/items/item_enum/tests.rs:2:5
[INFO] [stdout]   |
[INFO] [stdout] 2 | use paste::paste;
[INFO] [stdout]   |     ^^^^^^^^^^^^
[INFO] [stdout] 
[INFO] [stdout] 
[INFO] [stdout] warning: unused imports: `basic::DiffOp`, `diff_lines`
[INFO] [stdout]  --> src/items/item_enum/tests.rs:3:18
[INFO] [stdout]   |
[INFO] [stdout] 3 | use prettydiff::{basic::DiffOp, diff_lines};
[INFO] [stdout]   |                  ^^^^^^^^^^^^^  ^^^^^^^^^^
[INFO] [stdout] 
[INFO] [stdout] 
[INFO] [stdout] warning: unused imports: `println_green`, `println_red`
[INFO] [stdout]  --> src/items/item_fn/tests.rs:1:20
[INFO] [stdout]   |
[INFO] [stdout] 1 | use forc_tracing::{println_green, println_red};
[INFO] [stdout]   |                    ^^^^^^^^^^^^^  ^^^^^^^^^^^
[INFO] [stdout] 
[INFO] [stdout] 
[INFO] [stdout] warning: unused import: `paste::paste`
[INFO] [stdout]  --> src/items/item_fn/tests.rs:2:5
[INFO] [stdout]   |
[INFO] [stdout] 2 | use paste::paste;
[INFO] [stdout]   |     ^^^^^^^^^^^^
[INFO] [stdout] 
[INFO] [stdout] 
[INFO] [stdout] warning: unused imports: `basic::DiffOp`, `diff_lines`
[INFO] [stdout]  --> src/items/item_fn/tests.rs:3:18
[INFO] [stdout]   |
[INFO] [stdout] 3 | use prettydiff::{basic::DiffOp, diff_lines};
[INFO] [stdout]   |                  ^^^^^^^^^^^^^  ^^^^^^^^^^
[INFO] [stdout] 
[INFO] [stdout] 
[INFO] [stdout] warning: unused imports: `println_green`, `println_red`
[INFO] [stdout]  --> src/items/item_impl/tests.rs:1:20
[INFO] [stdout]   |
[INFO] [stdout] 1 | use forc_tracing::{println_green, println_red};
[INFO] [stdout]   |                    ^^^^^^^^^^^^^  ^^^^^^^^^^^
[INFO] [stdout] 
[INFO] [stdout] 
[INFO] [stdout] warning: unused import: `paste::paste`
[INFO] [stdout]  --> src/items/item_impl/tests.rs:2:5
[INFO] [stdout]   |
[INFO] [stdout] 2 | use paste::paste;
[INFO] [stdout]   |     ^^^^^^^^^^^^
[INFO] [stdout] 
[INFO] [stdout] 
[INFO] [stdout] warning: unused imports: `basic::DiffOp`, `diff_lines`
[INFO] [stdout]  --> src/items/item_impl/tests.rs:3:18
[INFO] [stdout]   |
[INFO] [stdout] 3 | use prettydiff::{basic::DiffOp, diff_lines};
[INFO] [stdout]   |                  ^^^^^^^^^^^^^  ^^^^^^^^^^
[INFO] [stdout] 
[INFO] [stdout] 
[INFO] [stdout] warning: unused imports: `println_green`, `println_red`
[INFO] [stdout]  --> src/items/item_storage/tests.rs:1:20
[INFO] [stdout]   |
[INFO] [stdout] 1 | use forc_tracing::{println_green, println_red};
[INFO] [stdout]   |                    ^^^^^^^^^^^^^  ^^^^^^^^^^^
[INFO] [stdout] 
[INFO] [stdout] 
[INFO] [stdout] warning: unused import: `paste::paste`
[INFO] [stdout]  --> src/items/item_storage/tests.rs:2:5
[INFO] [stdout]   |
[INFO] [stdout] 2 | use paste::paste;
[INFO] [stdout]   |     ^^^^^^^^^^^^
[INFO] [stdout] 
[INFO] [stdout] 
[INFO] [stdout] warning: unused imports: `basic::DiffOp`, `diff_lines`
[INFO] [stdout]  --> src/items/item_storage/tests.rs:3:18
[INFO] [stdout]   |
[INFO] [stdout] 3 | use prettydiff::{basic::DiffOp, diff_lines};
[INFO] [stdout]   |                  ^^^^^^^^^^^^^  ^^^^^^^^^^
[INFO] [stdout] 
[INFO] [stdout] 
[INFO] [stdout] warning: unused imports: `println_green`, `println_red`
[INFO] [stdout]  --> src/items/item_struct/tests.rs:1:20
[INFO] [stdout]   |
[INFO] [stdout] 1 | use forc_tracing::{println_green, println_red};
[INFO] [stdout]   |                    ^^^^^^^^^^^^^  ^^^^^^^^^^^
[INFO] [stdout] 
[INFO] [stdout] 
[INFO] [stdout] warning: unused import: `paste::paste`
[INFO] [stdout]  --> src/items/item_struct/tests.rs:2:5
[INFO] [stdout]   |
[INFO] [stdout] 2 | use paste::paste;
[INFO] [stdout]   |     ^^^^^^^^^^^^
[INFO] [stdout] 
[INFO] [stdout] 
[INFO] [stdout] warning: unused imports: `basic::DiffOp`, `diff_lines`
[INFO] [stdout]  --> src/items/item_struct/tests.rs:3:18
[INFO] [stdout]   |
[INFO] [stdout] 3 | use prettydiff::{basic::DiffOp, diff_lines};
[INFO] [stdout]   |                  ^^^^^^^^^^^^^  ^^^^^^^^^^
[INFO] [stdout] 
[INFO] [stdout] 
[INFO] [stdout] warning: unused imports: `println_green`, `println_red`
[INFO] [stdout]  --> src/items/item_trait/tests.rs:1:20
[INFO] [stdout]   |
[INFO] [stdout] 1 | use forc_tracing::{println_green, println_red};
[INFO] [stdout]   |                    ^^^^^^^^^^^^^  ^^^^^^^^^^^
[INFO] [stdout] 
[INFO] [stdout] 
[INFO] [stdout] warning: unused import: `paste::paste`
[INFO] [stdout]  --> src/items/item_trait/tests.rs:2:5
[INFO] [stdout]   |
[INFO] [stdout] 2 | use paste::paste;
[INFO] [stdout]   |     ^^^^^^^^^^^^
[INFO] [stdout] 
[INFO] [stdout] 
[INFO] [stdout] warning: unused imports: `basic::DiffOp`, `diff_lines`
[INFO] [stdout]  --> src/items/item_trait/tests.rs:3:18
[INFO] [stdout]   |
[INFO] [stdout] 3 | use prettydiff::{basic::DiffOp, diff_lines};
[INFO] [stdout]   |                  ^^^^^^^^^^^^^  ^^^^^^^^^^
[INFO] [stdout] 
[INFO] [stdout] 
[INFO] [stdout] warning: unused imports: `println_green`, `println_red`
[INFO] [stdout]  --> src/items/item_use/tests.rs:1:20
[INFO] [stdout]   |
[INFO] [stdout] 1 | use forc_tracing::{println_green, println_red};
[INFO] [stdout]   |                    ^^^^^^^^^^^^^  ^^^^^^^^^^^
[INFO] [stdout] 
[INFO] [stdout] 
[INFO] [stdout] warning: unused import: `paste::paste`
[INFO] [stdout]  --> src/items/item_use/tests.rs:2:5
[INFO] [stdout]   |
[INFO] [stdout] 2 | use paste::paste;
[INFO] [stdout]   |     ^^^^^^^^^^^^
[INFO] [stdout] 
[INFO] [stdout] 
[INFO] [stdout] warning: unused imports: `basic::DiffOp`, `diff_lines`
[INFO] [stdout]  --> src/items/item_use/tests.rs:3:18
[INFO] [stdout]   |
[INFO] [stdout] 3 | use prettydiff::{basic::DiffOp, diff_lines};
[INFO] [stdout]   |                  ^^^^^^^^^^^^^  ^^^^^^^^^^
[INFO] [stdout] 
[INFO] [stdout] 
[INFO] [stdout] warning: unused imports: `println_green`, `println_red`
[INFO] [stdout]  --> src/utils/language/expr/tests.rs:3:20
[INFO] [stdout]   |
[INFO] [stdout] 3 | use forc_tracing::{println_green, println_red};
[INFO] [stdout]   |                    ^^^^^^^^^^^^^  ^^^^^^^^^^^
[INFO] [stdout] 
[INFO] [stdout] 
[INFO] [stdout] warning: unused import: `paste::paste`
[INFO] [stdout]  --> src/utils/language/expr/tests.rs:4:5
[INFO] [stdout]   |
[INFO] [stdout] 4 | use paste::paste;
[INFO] [stdout]   |     ^^^^^^^^^^^^
[INFO] [stdout] 
[INFO] [stdout] 
[INFO] [stdout] warning: unused imports: `basic::DiffOp`, `diff_lines`
[INFO] [stdout]  --> src/utils/language/expr/tests.rs:5:18
[INFO] [stdout]   |
[INFO] [stdout] 5 | use prettydiff::{basic::DiffOp, diff_lines};
[INFO] [stdout]   |                  ^^^^^^^^^^^^^  ^^^^^^^^^^
[INFO] [stdout] 
[INFO] [stdout] 
[INFO] [stdout] error: aborting due to 69 previous errors; 30 warnings emitted
[INFO] [stdout] 
[INFO] [stdout] 
[INFO] [stdout] For more information about this error, try `rustc --explain E0432`.
[INFO] [stdout] 
[INFO] [stderr] error: could not compile `swayfmt` (lib test) due to 70 previous errors; 30 warnings emitted
[INFO] running `Command { std: "docker" "inspect" "ea6c768ba088aff2c92b0ac8ca04e33baebcfc391c918efdb2d6730946606b7a", kill_on_drop: false }`
[INFO] running `Command { std: "docker" "rm" "-f" "ea6c768ba088aff2c92b0ac8ca04e33baebcfc391c918efdb2d6730946606b7a", kill_on_drop: false }`
[INFO] [stdout] ea6c768ba088aff2c92b0ac8ca04e33baebcfc391c918efdb2d6730946606b7a
