[INFO] fetching crate swarm-ssh 0.1.2...
[INFO] testing swarm-ssh-0.1.2 against 1.75.0 for beta-1.76-1
[INFO] extracting crate swarm-ssh 0.1.2 into /workspace/builds/worker-2-tc1/source
[INFO] validating manifest of crates.io crate swarm-ssh 0.1.2 on toolchain 1.75.0
[INFO] running `Command { std: CARGO_HOME="/workspace/cargo-home" RUSTUP_HOME="/workspace/rustup-home" "/workspace/cargo-home/bin/cargo" "+1.75.0" "metadata" "--manifest-path" "Cargo.toml" "--no-deps", kill_on_drop: false }`
[INFO] started tweaking crates.io crate swarm-ssh 0.1.2
[INFO] finished tweaking crates.io crate swarm-ssh 0.1.2
[INFO] tweaked toml for crates.io crate swarm-ssh 0.1.2 written to /workspace/builds/worker-2-tc1/source/Cargo.toml
[INFO] running `Command { std: CARGO_HOME="/workspace/cargo-home" RUSTUP_HOME="/workspace/rustup-home" "/workspace/cargo-home/bin/cargo" "+1.75.0" "generate-lockfile" "--manifest-path" "Cargo.toml", kill_on_drop: false }`
[INFO] [stderr]     Updating crates.io index
[INFO] running `Command { std: CARGO_HOME="/workspace/cargo-home" RUSTUP_HOME="/workspace/rustup-home" "/workspace/cargo-home/bin/cargo" "+1.75.0" "fetch" "--manifest-path" "Cargo.toml", kill_on_drop: false }`
[INFO] [stderr]  Downloading crates ...
[INFO] [stderr]   Downloaded diagnostic-quick v0.3.6
[INFO] [stderr]   Downloaded ssh2 v0.9.4
[INFO] [stderr]   Downloaded diagnostic v0.5.10
[INFO] running `Command { std: "docker" "create" "-v" "/var/lib/crater-agent-workspace/builds/worker-2-tc1/target:/opt/rustwide/target:rw,Z" "-v" "/var/lib/crater-agent-workspace/builds/worker-2-tc1/source:/opt/rustwide/workdir:ro,Z" "-v" "/var/lib/crater-agent-workspace/cargo-home:/opt/rustwide/cargo-home:ro,Z" "-v" "/var/lib/crater-agent-workspace/rustup-home:/opt/rustwide/rustup-home:ro,Z" "-e" "SOURCE_DIR=/opt/rustwide/workdir" "-e" "CARGO_TARGET_DIR=/opt/rustwide/target" "-e" "CARGO_HOME=/opt/rustwide/cargo-home" "-e" "RUSTUP_HOME=/opt/rustwide/rustup-home" "-w" "/opt/rustwide/workdir" "-m" "1610612736" "--user" "0:0" "--network" "none" "ghcr.io/rust-lang/crates-build-env/linux@sha256:2788e3201cd34a07e3172128adcd8b3090168a8e3bcc40d7c032b9dda1df7d1c" "/opt/rustwide/cargo-home/bin/cargo" "+1.75.0" "metadata" "--no-deps" "--format-version=1", kill_on_drop: false }`
[INFO] [stdout] 248c09cfff3928214a1f22ecf4c52b6c3d45de2436254589c5a0be1f6cc642e0
[INFO] running `Command { std: "docker" "start" "-a" "248c09cfff3928214a1f22ecf4c52b6c3d45de2436254589c5a0be1f6cc642e0", kill_on_drop: false }`
[INFO] running `Command { std: "docker" "inspect" "248c09cfff3928214a1f22ecf4c52b6c3d45de2436254589c5a0be1f6cc642e0", kill_on_drop: false }`
[INFO] running `Command { std: "docker" "rm" "-f" "248c09cfff3928214a1f22ecf4c52b6c3d45de2436254589c5a0be1f6cc642e0", kill_on_drop: false }`
[INFO] [stdout] 248c09cfff3928214a1f22ecf4c52b6c3d45de2436254589c5a0be1f6cc642e0
[INFO] running `Command { std: "docker" "create" "-v" "/var/lib/crater-agent-workspace/builds/worker-2-tc1/target:/opt/rustwide/target:rw,Z" "-v" "/var/lib/crater-agent-workspace/builds/worker-2-tc1/source:/opt/rustwide/workdir:ro,Z" "-v" "/var/lib/crater-agent-workspace/cargo-home:/opt/rustwide/cargo-home:ro,Z" "-v" "/var/lib/crater-agent-workspace/rustup-home:/opt/rustwide/rustup-home:ro,Z" "-e" "SOURCE_DIR=/opt/rustwide/workdir" "-e" "CARGO_TARGET_DIR=/opt/rustwide/target" "-e" "CARGO_INCREMENTAL=0" "-e" "RUST_BACKTRACE=full" "-e" "RUSTFLAGS=--cap-lints=warn" "-e" "RUSTDOCFLAGS=--cap-lints=warn" "-e" "CARGO_HOME=/opt/rustwide/cargo-home" "-e" "RUSTUP_HOME=/opt/rustwide/rustup-home" "-w" "/opt/rustwide/workdir" "-m" "1610612736" "--user" "0:0" "--network" "none" "ghcr.io/rust-lang/crates-build-env/linux@sha256:2788e3201cd34a07e3172128adcd8b3090168a8e3bcc40d7c032b9dda1df7d1c" "/opt/rustwide/cargo-home/bin/cargo" "+1.75.0" "build" "--frozen" "--message-format=json", kill_on_drop: false }`
[INFO] [stdout] 9192b6e4405ed4840f0ab65d333669cb5ba5d89bfabc9c552aeaf0a39470260e
[INFO] running `Command { std: "docker" "start" "-a" "9192b6e4405ed4840f0ab65d333669cb5ba5d89bfabc9c552aeaf0a39470260e", kill_on_drop: false }`
[INFO] [stderr]    Compiling libc v0.2.151
[INFO] [stderr]    Compiling pkg-config v0.3.28
[INFO] [stderr]    Compiling vcpkg v0.2.15
[INFO] [stderr]    Compiling proc-macro2 v1.0.75
[INFO] [stderr]    Compiling autocfg v1.1.0
[INFO] [stderr]    Compiling unicode-ident v1.0.12
[INFO] [stderr]    Compiling parking_lot_core v0.8.6
[INFO] [stderr]    Compiling instant v0.1.12
[INFO] [stderr]    Compiling scopeguard v1.2.0
[INFO] [stderr]    Compiling smallvec v1.11.2
[INFO] [stderr]    Compiling serde v1.0.194
[INFO] [stderr]    Compiling unicode-width v0.1.11
[INFO] [stderr]    Compiling diagnostic v0.5.10
[INFO] [stderr]    Compiling lock_api v0.4.11
[INFO] [stderr]    Compiling quote v1.0.35
[INFO] [stderr]    Compiling syn v2.0.48
[INFO] [stderr]    Compiling cc v1.0.83
[INFO] [stderr]    Compiling parking_lot v0.11.2
[INFO] [stderr]    Compiling openssl-sys v0.9.98
[INFO] [stderr]    Compiling libz-sys v1.1.12
[INFO] [stderr]    Compiling libssh2-sys v0.3.0
[INFO] [stderr]    Compiling serde_derive v1.0.194
[INFO] [stderr]    Compiling ssh2 v0.9.4
[INFO] [stderr]    Compiling diagnostic-quick v0.3.6
[INFO] [stdout] error[E0432]: unresolved imports `diagnostic::DiagnosticLevel`, `diagnostic::Span`, `diagnostic::TextStorage`, `diagnostic::Validation`
[INFO] [stdout]  --> /opt/rustwide/cargo-home/registry/src/index.crates.io-6f17d22bba15001f/diagnostic-quick-0.3.6/src/lib.rs:5:5
[INFO] [stdout]   |
[INFO] [stdout] 5 |     DiagnosticLevel, FileID, Span, TextStorage,
[INFO] [stdout]   |     ^^^^^^^^^^^^^^^          ^^^^  ^^^^^^^^^^^ no `TextStorage` in the root
[INFO] [stdout]   |     |                        |
[INFO] [stdout]   |     |                        no `Span` in the root
[INFO] [stdout]   |     no `DiagnosticLevel` in the root
[INFO] [stdout]   |     help: a similar name exists in the module: `Diagnostic`
[INFO] [stdout] 6 |     Validation::{Failure, Success},
[INFO] [stdout]   |     ^^^^^^^^^^ could not find `Validation` in `diagnostic`
[INFO] [stdout] 
[INFO] [stdout] 
[INFO] [stdout] error[E0433]: failed to resolve: could not find `term` in `diagnostic`
[INFO] [stdout]  --> /opt/rustwide/cargo-home/registry/src/index.crates.io-6f17d22bba15001f/diagnostic-quick-0.3.6/src/errors/mod.rs:8:5
[INFO] [stdout]   |
[INFO] [stdout] 8 |     term::{
[INFO] [stdout]   |     ^^^^ could not find `term` in `diagnostic`
[INFO] [stdout] 
[INFO] [stdout] 
[INFO] [stdout] error[E0432]: unresolved imports `diagnostic::term`, `diagnostic::DiagnosticLevel`, `diagnostic::Span`, `diagnostic::TextStorage`
[INFO] [stdout]   --> /opt/rustwide/cargo-home/registry/src/index.crates.io-6f17d22bba15001f/diagnostic-quick-0.3.6/src/errors/mod.rs:8:5
[INFO] [stdout]    |
[INFO] [stdout] 8  |     term::{
[INFO] [stdout]    |     ^^^^ could not find `term` in `diagnostic`
[INFO] [stdout] ...
[INFO] [stdout] 13 |     DiagnosticLevel, FileID, Span, TextStorage,
[INFO] [stdout]    |     ^^^^^^^^^^^^^^^          ^^^^  ^^^^^^^^^^^ no `TextStorage` in the root
[INFO] [stdout]    |     |                        |
[INFO] [stdout]    |     |                        no `Span` in the root
[INFO] [stdout]    |     no `DiagnosticLevel` in the root
[INFO] [stdout]    |     help: a similar name exists in the module: `Diagnostic`
[INFO] [stdout]    |
[INFO] [stdout]    = help: consider importing this unresolved item through its public re-export instead:
[INFO] [stdout]            crate::DiagnosticLevel
[INFO] [stdout]    = help: consider importing this unresolved item through its public re-export instead:
[INFO] [stdout]            crate::Span
[INFO] [stdout]    = help: consider importing this unresolved item through its public re-export instead:
[INFO] [stdout]            crate::TextStorage
[INFO] [stdout] 
[INFO] [stdout] 
[INFO] [stdout] error[E0432]: unresolved import `diagnostic::DiagnosticError`
[INFO] [stdout]  --> /opt/rustwide/cargo-home/registry/src/index.crates.io-6f17d22bba15001f/diagnostic-quick-0.3.6/src/errors/display.rs:1:30
[INFO] [stdout]   |
[INFO] [stdout] 1 | use diagnostic::{Diagnostic, DiagnosticError};
[INFO] [stdout]   |                              ^^^^^^^^^^^^^^^
[INFO] [stdout]   |                              |
[INFO] [stdout]   |                              no `DiagnosticError` in the root
[INFO] [stdout]   |                              help: a similar name exists in the module: `Diagnostic`
[INFO] [stdout] 
[INFO] [stdout] 
[INFO] [stdout] error[E0432]: unresolved import `diagnostic::DiagnosticLevel`
[INFO] [stdout]  --> /opt/rustwide/cargo-home/registry/src/index.crates.io-6f17d22bba15001f/diagnostic-quick-0.3.6/src/errors/error_runtime.rs:3:5
[INFO] [stdout]   |
[INFO] [stdout] 3 | use diagnostic::DiagnosticLevel;
[INFO] [stdout]   |     ^^^^^^^^^^^^^^^^^^^^^^^^^^^ no `DiagnosticLevel` in the root
[INFO] [stdout]   |
[INFO] [stdout] help: a similar name exists in the module
[INFO] [stdout]   |
[INFO] [stdout] 3 | use diagnostic::Diagnostic;
[INFO] [stdout]   |                 ~~~~~~~~~~
[INFO] [stdout] help: consider importing this unresolved item through its public re-export instead
[INFO] [stdout]   |
[INFO] [stdout] 3 | use crate::DiagnosticLevel;
[INFO] [stdout]   |     ~~~~~~~~~~~~~~~~~~~~~~
[INFO] [stdout] 
[INFO] [stdout] 
[INFO] [stdout] error[E0432]: unresolved import `diagnostic::DiagnosticLevel`
[INFO] [stdout]  --> /opt/rustwide/cargo-home/registry/src/index.crates.io-6f17d22bba15001f/diagnostic-quick-0.3.6/src/errors/error_syntax.rs:7:5
[INFO] [stdout]   |
[INFO] [stdout] 7 | use diagnostic::DiagnosticLevel;
[INFO] [stdout]   |     ^^^^^^^^^^^^^^^^^^^^^^^^^^^ no `DiagnosticLevel` in the root
[INFO] [stdout]   |
[INFO] [stdout] help: a similar name exists in the module
[INFO] [stdout]   |
[INFO] [stdout] 7 | use diagnostic::Diagnostic;
[INFO] [stdout]   |                 ~~~~~~~~~~
[INFO] [stdout] help: consider importing this unresolved item through its public re-export instead
[INFO] [stdout]   |
[INFO] [stdout] 7 | use crate::DiagnosticLevel;
[INFO] [stdout]   |     ~~~~~~~~~~~~~~~~~~~~~~
[INFO] [stdout] 
[INFO] [stdout] 
[INFO] [stdout] error[E0412]: cannot find type `Validation` in crate `diagnostic`
[INFO] [stdout]   --> /opt/rustwide/cargo-home/registry/src/index.crates.io-6f17d22bba15001f/diagnostic-quick-0.3.6/src/errors/mod.rs:23:38
[INFO] [stdout]    |
[INFO] [stdout] 23 | pub type Validation<T> = diagnostic::Validation<T, QError>;
[INFO] [stdout]    |                                      ^^^^^^^^^^ not found in `diagnostic`
[INFO] [stdout]    |
[INFO] [stdout] help: consider importing this type alias through its public re-export
[INFO] [stdout]    |
[INFO] [stdout] 1  + use crate::Validation;
[INFO] [stdout]    |
[INFO] [stdout] help: if you import `Validation`, refer to it directly
[INFO] [stdout]    |
[INFO] [stdout] 23 - pub type Validation<T> = diagnostic::Validation<T, QError>;
[INFO] [stdout] 23 + pub type Validation<T> = Validation<T, QError>;
[INFO] [stdout]    |
[INFO] [stdout] 
[INFO] [stdout] 
[INFO] [stderr] error: could not compile `diagnostic-quick` (lib) due to 8 previous errors
[INFO] [stdout] error: aborting due to 7 previous errors
[INFO] [stdout] 
[INFO] [stdout] 
[INFO] [stderr] warning: build failed, waiting for other jobs to finish...
[INFO] [stdout] Some errors have detailed explanations: E0412, E0432, E0433.
[INFO] [stdout] 
[INFO] [stdout] For more information about an error, try `rustc --explain E0412`.
[INFO] [stdout] 
[INFO] running `Command { std: "docker" "inspect" "9192b6e4405ed4840f0ab65d333669cb5ba5d89bfabc9c552aeaf0a39470260e", kill_on_drop: false }`
[INFO] running `Command { std: "docker" "rm" "-f" "9192b6e4405ed4840f0ab65d333669cb5ba5d89bfabc9c552aeaf0a39470260e", kill_on_drop: false }`
[INFO] [stdout] 9192b6e4405ed4840f0ab65d333669cb5ba5d89bfabc9c552aeaf0a39470260e
