[INFO] fetching crate surrealdb_functions 0.0.4...
[INFO] testing surrealdb_functions-0.0.4 against 1.75.0 for beta-1.76-1
[INFO] extracting crate surrealdb_functions 0.0.4 into /workspace/builds/worker-5-tc1/source
[INFO] validating manifest of crates.io crate surrealdb_functions 0.0.4 on toolchain 1.75.0
[INFO] running `Command { std: CARGO_HOME="/workspace/cargo-home" RUSTUP_HOME="/workspace/rustup-home" "/workspace/cargo-home/bin/cargo" "+1.75.0" "metadata" "--manifest-path" "Cargo.toml" "--no-deps", kill_on_drop: false }`
[INFO] removed /workspace/builds/worker-5-tc1/source/.cargo/config.toml
[INFO] started tweaking crates.io crate surrealdb_functions 0.0.4
[INFO] finished tweaking crates.io crate surrealdb_functions 0.0.4
[INFO] tweaked toml for crates.io crate surrealdb_functions 0.0.4 written to /workspace/builds/worker-5-tc1/source/Cargo.toml
[INFO] crate crates.io crate surrealdb_functions 0.0.4 already has a lockfile, it will not be regenerated
[INFO] running `Command { std: CARGO_HOME="/workspace/cargo-home" RUSTUP_HOME="/workspace/rustup-home" "/workspace/cargo-home/bin/cargo" "+1.75.0" "fetch" "--manifest-path" "Cargo.toml", kill_on_drop: false }`
[INFO] running `Command { std: "docker" "create" "-v" "/var/lib/crater-agent-workspace/builds/worker-5-tc1/target:/opt/rustwide/target:rw,Z" "-v" "/var/lib/crater-agent-workspace/builds/worker-5-tc1/source:/opt/rustwide/workdir:ro,Z" "-v" "/var/lib/crater-agent-workspace/cargo-home:/opt/rustwide/cargo-home:ro,Z" "-v" "/var/lib/crater-agent-workspace/rustup-home:/opt/rustwide/rustup-home:ro,Z" "-e" "SOURCE_DIR=/opt/rustwide/workdir" "-e" "CARGO_TARGET_DIR=/opt/rustwide/target" "-e" "CARGO_HOME=/opt/rustwide/cargo-home" "-e" "RUSTUP_HOME=/opt/rustwide/rustup-home" "-w" "/opt/rustwide/workdir" "-m" "1610612736" "--user" "0:0" "--network" "none" "ghcr.io/rust-lang/crates-build-env/linux@sha256:2788e3201cd34a07e3172128adcd8b3090168a8e3bcc40d7c032b9dda1df7d1c" "/opt/rustwide/cargo-home/bin/cargo" "+1.75.0" "metadata" "--no-deps" "--format-version=1", kill_on_drop: false }`
[INFO] [stdout] 75e9eb574da331626f807536dc5691b8cffad66e54f5df3d586cd877fdddb5ff
[INFO] running `Command { std: "docker" "start" "-a" "75e9eb574da331626f807536dc5691b8cffad66e54f5df3d586cd877fdddb5ff", kill_on_drop: false }`
[INFO] running `Command { std: "docker" "inspect" "75e9eb574da331626f807536dc5691b8cffad66e54f5df3d586cd877fdddb5ff", kill_on_drop: false }`
[INFO] running `Command { std: "docker" "rm" "-f" "75e9eb574da331626f807536dc5691b8cffad66e54f5df3d586cd877fdddb5ff", kill_on_drop: false }`
[INFO] [stdout] 75e9eb574da331626f807536dc5691b8cffad66e54f5df3d586cd877fdddb5ff
[INFO] running `Command { std: "docker" "create" "-v" "/var/lib/crater-agent-workspace/builds/worker-5-tc1/target:/opt/rustwide/target:rw,Z" "-v" "/var/lib/crater-agent-workspace/builds/worker-5-tc1/source:/opt/rustwide/workdir:ro,Z" "-v" "/var/lib/crater-agent-workspace/cargo-home:/opt/rustwide/cargo-home:ro,Z" "-v" "/var/lib/crater-agent-workspace/rustup-home:/opt/rustwide/rustup-home:ro,Z" "-e" "SOURCE_DIR=/opt/rustwide/workdir" "-e" "CARGO_TARGET_DIR=/opt/rustwide/target" "-e" "CARGO_INCREMENTAL=0" "-e" "RUST_BACKTRACE=full" "-e" "RUSTFLAGS=--cap-lints=warn" "-e" "RUSTDOCFLAGS=--cap-lints=warn" "-e" "CARGO_HOME=/opt/rustwide/cargo-home" "-e" "RUSTUP_HOME=/opt/rustwide/rustup-home" "-w" "/opt/rustwide/workdir" "-m" "1610612736" "--user" "0:0" "--network" "none" "ghcr.io/rust-lang/crates-build-env/linux@sha256:2788e3201cd34a07e3172128adcd8b3090168a8e3bcc40d7c032b9dda1df7d1c" "/opt/rustwide/cargo-home/bin/cargo" "+1.75.0" "build" "--frozen" "--message-format=json", kill_on_drop: false }`
[INFO] [stdout] 50e28eaa363f9cc69267d4cfb22dc9b5c14177da7e671d69d1057ac76abbbb32
[INFO] running `Command { std: "docker" "start" "-a" "50e28eaa363f9cc69267d4cfb22dc9b5c14177da7e671d69d1057ac76abbbb32", kill_on_drop: false }`
[INFO] [stderr]    Compiling syn v1.0.109
[INFO] [stderr]    Compiling memchr v2.5.0
[INFO] [stderr]    Compiling proc-macro-error-attr v1.0.4
[INFO] [stderr]    Compiling proc-macro-error v1.0.4
[INFO] [stderr]    Compiling quote v1.0.32
[INFO] [stderr]    Compiling syn v2.0.27
[INFO] [stderr]    Compiling nom v7.1.3
[INFO] [stderr]    Compiling surrealdb_functions v0.0.4 (/opt/rustwide/workdir)
[INFO] [stderr]     Finished dev [unoptimized + debuginfo] target(s) in 2.49s
[INFO] running `Command { std: "docker" "inspect" "50e28eaa363f9cc69267d4cfb22dc9b5c14177da7e671d69d1057ac76abbbb32", kill_on_drop: false }`
[INFO] running `Command { std: "docker" "rm" "-f" "50e28eaa363f9cc69267d4cfb22dc9b5c14177da7e671d69d1057ac76abbbb32", kill_on_drop: false }`
[INFO] [stdout] 50e28eaa363f9cc69267d4cfb22dc9b5c14177da7e671d69d1057ac76abbbb32
[INFO] running `Command { std: "docker" "create" "-v" "/var/lib/crater-agent-workspace/builds/worker-5-tc1/target:/opt/rustwide/target:rw,Z" "-v" "/var/lib/crater-agent-workspace/builds/worker-5-tc1/source:/opt/rustwide/workdir:ro,Z" "-v" "/var/lib/crater-agent-workspace/cargo-home:/opt/rustwide/cargo-home:ro,Z" "-v" "/var/lib/crater-agent-workspace/rustup-home:/opt/rustwide/rustup-home:ro,Z" "-e" "SOURCE_DIR=/opt/rustwide/workdir" "-e" "CARGO_TARGET_DIR=/opt/rustwide/target" "-e" "CARGO_INCREMENTAL=0" "-e" "RUST_BACKTRACE=full" "-e" "RUSTFLAGS=--cap-lints=warn" "-e" "RUSTDOCFLAGS=--cap-lints=warn" "-e" "CARGO_HOME=/opt/rustwide/cargo-home" "-e" "RUSTUP_HOME=/opt/rustwide/rustup-home" "-w" "/opt/rustwide/workdir" "-m" "1610612736" "--user" "0:0" "--network" "none" "ghcr.io/rust-lang/crates-build-env/linux@sha256:2788e3201cd34a07e3172128adcd8b3090168a8e3bcc40d7c032b9dda1df7d1c" "/opt/rustwide/cargo-home/bin/cargo" "+1.75.0" "test" "--frozen" "--no-run" "--message-format=json", kill_on_drop: false }`
[INFO] [stdout] 52770d069522c92dbc453014ec3951d4cc24fa43f68e5b63f41a4122d8cc1097
[INFO] running `Command { std: "docker" "start" "-a" "52770d069522c92dbc453014ec3951d4cc24fa43f68e5b63f41a4122d8cc1097", kill_on_drop: false }`
[INFO] [stderr]    Compiling proc-macro2 v1.0.66
[INFO] [stderr]    Compiling unicode-ident v1.0.11
[INFO] [stderr]    Compiling libc v0.2.147
[INFO] [stderr]    Compiling num-traits v0.2.16
[INFO] [stderr]    Compiling memchr v2.5.0
[INFO] [stderr]    Compiling syn v1.0.109
[INFO] [stderr]    Compiling proc-macro-error v1.0.4
[INFO] [stderr]    Compiling tokio v1.29.1
[INFO] [stderr]    Compiling minimal-lexical v0.2.1
[INFO] [stderr]    Compiling iana-time-zone v0.1.57
[INFO] [stderr]    Compiling pin-project-lite v0.2.10
[INFO] [stderr]    Compiling uuid v1.4.1
[INFO] [stderr]    Compiling quote v1.0.32
[INFO] [stderr]    Compiling nom v7.1.3
[INFO] [stderr]    Compiling syn v2.0.27
[INFO] [stderr]    Compiling proc-macro-error-attr v1.0.4
[INFO] [stderr]    Compiling time v0.1.45
[INFO] [stderr]    Compiling chrono v0.4.26
[INFO] [stderr]    Compiling tokio-macros v2.1.0
[INFO] [stderr]    Compiling surrealdb_functions v0.0.4 (/opt/rustwide/workdir)
[INFO] [stdout] error: The default runtime flavor is `multi_thread`, but the `rt-multi-thread` feature is disabled.
[INFO] [stdout]   --> examples/main.rs:11:1
[INFO] [stdout]    |
[INFO] [stdout] 11 | #[tokio::main]
[INFO] [stdout]    | ^^^^^^^^^^^^^^
[INFO] [stdout]    |
[INFO] [stdout]    = note: this error originates in the attribute macro `tokio::main` (in Nightly builds, run with -Z macro-backtrace for more info)
[INFO] [stdout] 
[INFO] [stdout] 
[INFO] [stdout] error: The default runtime flavor is `multi_thread`, but the `rt-multi-thread` feature is disabled.
[INFO] [stdout]   --> examples/bindings.rs:21:1
[INFO] [stdout]    |
[INFO] [stdout] 21 | #[tokio::main]
[INFO] [stdout]    | ^^^^^^^^^^^^^^
[INFO] [stdout]    |
[INFO] [stdout]    = note: this error originates in the attribute macro `tokio::main` (in Nightly builds, run with -Z macro-backtrace for more info)
[INFO] [stdout] 
[INFO] [stdout] 
[INFO] [stdout] error[E0433]: failed to resolve: use of undeclared crate or module `surrealdb`
[INFO] [stdout]  --> examples/bindings.rs:3:5
[INFO] [stdout]   |
[INFO] [stdout] 3 | use surrealdb::{engine::local::Mem, Surreal, sql::{Value, value, Bytes, Array, thing}};
[INFO] [stdout]   |     ^^^^^^^^^ use of undeclared crate or module `surrealdb`
[INFO] [stdout] 
[INFO] [stdout] 
[INFO] [stdout] error[E0432]: unresolved import `surrealdb`
[INFO] [stdout]  --> examples/bindings.rs:3:5
[INFO] [stdout]   |
[INFO] [stdout] 3 | use surrealdb::{engine::local::Mem, Surreal, sql::{Value, value, Bytes, Array, thing}};
[INFO] [stdout]   |     ^^^^^^^^^ use of undeclared crate or module `surrealdb`
[INFO] [stdout] 
[INFO] [stdout] 
[INFO] [stdout] error[E0433]: failed to resolve: use of undeclared crate or module `surrealdb`
[INFO] [stdout]  --> examples/main.rs:1:5
[INFO] [stdout]   |
[INFO] [stdout] 1 | use surrealdb::{engine::local::Mem, Surreal, kvs::Datastore, dbs::Session};
[INFO] [stdout]   |     ^^^^^^^^^ use of undeclared crate or module `surrealdb`
[INFO] [stdout] 
[INFO] [stdout] 
[INFO] [stdout] error[E0432]: unresolved import `surrealdb`
[INFO] [stdout]  --> examples/main.rs:1:5
[INFO] [stdout]   |
[INFO] [stdout] 1 | use surrealdb::{engine::local::Mem, Surreal, kvs::Datastore, dbs::Session};
[INFO] [stdout]   |     ^^^^^^^^^ use of undeclared crate or module `surrealdb`
[INFO] [stdout] 
[INFO] [stdout] 
[INFO] [stdout] error[E0433]: failed to resolve: could not find `surrealdb` in the list of imported crates
[INFO] [stdout]  --> examples/bindings.rs:6:1
[INFO] [stdout]   |
[INFO] [stdout] 6 | / include_fn!{
[INFO] [stdout] 7 | |     driver as gen_$;
[INFO] [stdout] 8 | |     "$CARGO_MANIFEST_DIR/tests/bindings.surql"
[INFO] [stdout] 9 | | }
[INFO] [stdout]   | |_^ could not find `surrealdb` in the list of imported crates
[INFO] [stdout]   |
[INFO] [stdout]   = note: this error originates in the macro `include_fn` (in Nightly builds, run with -Z macro-backtrace for more info)
[INFO] [stdout] 
[INFO] [stdout] 
[INFO] [stdout] error[E0433]: failed to resolve: could not find `surrealdb` in the list of imported crates
[INFO] [stdout]  --> examples/main.rs:4:1
[INFO] [stdout]   |
[INFO] [stdout] 4 | / include_fn!{
[INFO] [stdout] 5 | |     driver as is;
[INFO] [stdout] 6 | |     datastore as ds_$;
[INFO] [stdout] 7 | |     "$CARGO_MANIFEST_DIR/tests/main.surql";
[INFO] [stdout] 8 | |     "$CARGO_MANIFEST_DIR/tests/main.surql"
[INFO] [stdout] 9 | | }
[INFO] [stdout]   | |_^ could not find `surrealdb` in the list of imported crates
[INFO] [stdout]   |
[INFO] [stdout]   = note: this error originates in the macro `include_fn` (in Nightly builds, run with -Z macro-backtrace for more info)
[INFO] [stdout] 
[INFO] [stdout] 
[INFO] [stdout] error[E0433]: failed to resolve: use of undeclared crate or module `surrealdb`
[INFO] [stdout]   --> examples/main.rs:12:20
[INFO] [stdout]    |
[INFO] [stdout] 12 | async fn main() -> surrealdb::Result<()> {
[INFO] [stdout]    |                    ^^^^^^^^^ use of undeclared crate or module `surrealdb`
[INFO] [stdout] 
[INFO] [stdout] 
[INFO] [stdout] error: aborting due to 5 previous errors
[INFO] [stdout] 
[INFO] [stdout] 
[INFO] [stdout] Some errors have detailed explanations: E0432, E0433.
[INFO] [stdout] 
[INFO] [stdout] For more information about an error, try `rustc --explain E0432`.
[INFO] [stdout] 
[INFO] [stderr] error: could not compile `surrealdb_functions` (example "main") due to 6 previous errors
[INFO] [stderr] warning: build failed, waiting for other jobs to finish...
[INFO] [stdout] error[E0433]: failed to resolve: use of undeclared crate or module `surrealdb`
[INFO] [stdout]   --> examples/bindings.rs:12:35
[INFO] [stdout]    |
[INFO] [stdout] 12 | type FnType = dyn Future<Output = surrealdb::Result<surrealdb::Response>>; 
[INFO] [stdout]    |                                   ^^^^^^^^^ use of undeclared crate or module `surrealdb`
[INFO] [stdout] 
[INFO] [stdout] 
[INFO] [stdout] error[E0433]: failed to resolve: use of undeclared crate or module `surrealdb`
[INFO] [stdout]   --> examples/bindings.rs:12:53
[INFO] [stdout]    |
[INFO] [stdout] 12 | type FnType = dyn Future<Output = surrealdb::Result<surrealdb::Response>>; 
[INFO] [stdout]    |                                                     ^^^^^^^^^ use of undeclared crate or module `surrealdb`
[INFO] [stdout] 
[INFO] [stdout] 
[INFO] [stdout] error[E0433]: failed to resolve: use of undeclared crate or module `surrealdb`
[INFO] [stdout]   --> examples/bindings.rs:22:20
[INFO] [stdout]    |
[INFO] [stdout] 22 | async fn main() -> surrealdb::Result<()> {
[INFO] [stdout]    |                    ^^^^^^^^^ use of undeclared crate or module `surrealdb`
[INFO] [stdout] 
[INFO] [stdout] 
[INFO] [stdout] error: aborting due to 7 previous errors
[INFO] [stdout] 
[INFO] [stdout] 
[INFO] [stdout] Some errors have detailed explanations: E0432, E0433.
[INFO] [stdout] 
[INFO] [stdout] For more information about an error, try `rustc --explain E0432`.
[INFO] [stdout] 
[INFO] [stderr] error: could not compile `surrealdb_functions` (example "bindings") due to 8 previous errors
[INFO] running `Command { std: "docker" "inspect" "52770d069522c92dbc453014ec3951d4cc24fa43f68e5b63f41a4122d8cc1097", kill_on_drop: false }`
[INFO] running `Command { std: "docker" "rm" "-f" "52770d069522c92dbc453014ec3951d4cc24fa43f68e5b63f41a4122d8cc1097", kill_on_drop: false }`
[INFO] [stdout] 52770d069522c92dbc453014ec3951d4cc24fa43f68e5b63f41a4122d8cc1097
[INFO] testing surrealdb_functions-0.0.4 against beta-2023-12-22 for beta-1.76-1
[INFO] extracting crate surrealdb_functions 0.0.4 into /workspace/builds/worker-5-tc2/source
[INFO] validating manifest of crates.io crate surrealdb_functions 0.0.4 on toolchain beta-2023-12-22
[INFO] running `Command { std: CARGO_HOME="/workspace/cargo-home" RUSTUP_HOME="/workspace/rustup-home" "/workspace/cargo-home/bin/cargo" "+beta-2023-12-22" "metadata" "--manifest-path" "Cargo.toml" "--no-deps", kill_on_drop: false }`
[INFO] removed /workspace/builds/worker-5-tc2/source/.cargo/config.toml
[INFO] started tweaking crates.io crate surrealdb_functions 0.0.4
[INFO] finished tweaking crates.io crate surrealdb_functions 0.0.4
[INFO] tweaked toml for crates.io crate surrealdb_functions 0.0.4 written to /workspace/builds/worker-5-tc2/source/Cargo.toml
[INFO] crate crates.io crate surrealdb_functions 0.0.4 already has a lockfile, it will not be regenerated
[INFO] running `Command { std: CARGO_HOME="/workspace/cargo-home" RUSTUP_HOME="/workspace/rustup-home" "/workspace/cargo-home/bin/cargo" "+beta-2023-12-22" "fetch" "--manifest-path" "Cargo.toml", kill_on_drop: false }`
[INFO] running `Command { std: "docker" "create" "-v" "/var/lib/crater-agent-workspace/builds/worker-5-tc2/target:/opt/rustwide/target:rw,Z" "-v" "/var/lib/crater-agent-workspace/builds/worker-5-tc2/source:/opt/rustwide/workdir:ro,Z" "-v" "/var/lib/crater-agent-workspace/cargo-home:/opt/rustwide/cargo-home:ro,Z" "-v" "/var/lib/crater-agent-workspace/rustup-home:/opt/rustwide/rustup-home:ro,Z" "-e" "SOURCE_DIR=/opt/rustwide/workdir" "-e" "CARGO_TARGET_DIR=/opt/rustwide/target" "-e" "CARGO_HOME=/opt/rustwide/cargo-home" "-e" "RUSTUP_HOME=/opt/rustwide/rustup-home" "-w" "/opt/rustwide/workdir" "-m" "1610612736" "--user" "0:0" "--network" "none" "ghcr.io/rust-lang/crates-build-env/linux@sha256:2788e3201cd34a07e3172128adcd8b3090168a8e3bcc40d7c032b9dda1df7d1c" "/opt/rustwide/cargo-home/bin/cargo" "+beta-2023-12-22" "metadata" "--no-deps" "--format-version=1", kill_on_drop: false }`
[INFO] [stdout] 7ea0348b788a012dacd1f5d5269a9a4276cddcf0132fc58fef19a8c18547888e
[INFO] running `Command { std: "docker" "start" "-a" "7ea0348b788a012dacd1f5d5269a9a4276cddcf0132fc58fef19a8c18547888e", kill_on_drop: false }`
[INFO] running `Command { std: "docker" "inspect" "7ea0348b788a012dacd1f5d5269a9a4276cddcf0132fc58fef19a8c18547888e", kill_on_drop: false }`
[INFO] running `Command { std: "docker" "rm" "-f" "7ea0348b788a012dacd1f5d5269a9a4276cddcf0132fc58fef19a8c18547888e", kill_on_drop: false }`
[INFO] [stdout] 7ea0348b788a012dacd1f5d5269a9a4276cddcf0132fc58fef19a8c18547888e
[INFO] running `Command { std: "docker" "create" "-v" "/var/lib/crater-agent-workspace/builds/worker-5-tc2/target:/opt/rustwide/target:rw,Z" "-v" "/var/lib/crater-agent-workspace/builds/worker-5-tc2/source:/opt/rustwide/workdir:ro,Z" "-v" "/var/lib/crater-agent-workspace/cargo-home:/opt/rustwide/cargo-home:ro,Z" "-v" "/var/lib/crater-agent-workspace/rustup-home:/opt/rustwide/rustup-home:ro,Z" "-e" "SOURCE_DIR=/opt/rustwide/workdir" "-e" "CARGO_TARGET_DIR=/opt/rustwide/target" "-e" "CARGO_INCREMENTAL=0" "-e" "RUST_BACKTRACE=full" "-e" "RUSTFLAGS=--cap-lints=warn" "-e" "RUSTDOCFLAGS=--cap-lints=warn" "-e" "CARGO_HOME=/opt/rustwide/cargo-home" "-e" "RUSTUP_HOME=/opt/rustwide/rustup-home" "-w" "/opt/rustwide/workdir" "-m" "1610612736" "--user" "0:0" "--network" "none" "ghcr.io/rust-lang/crates-build-env/linux@sha256:2788e3201cd34a07e3172128adcd8b3090168a8e3bcc40d7c032b9dda1df7d1c" "/opt/rustwide/cargo-home/bin/cargo" "+beta-2023-12-22" "build" "--frozen" "--message-format=json", kill_on_drop: false }`
[INFO] [stdout] 5c24918e985414c3011021811f567018196875f1f95f7b9622a245046b9ab659
[INFO] running `Command { std: "docker" "start" "-a" "5c24918e985414c3011021811f567018196875f1f95f7b9622a245046b9ab659", kill_on_drop: false }`
[INFO] [stderr]    Compiling syn v1.0.109
[INFO] [stderr]    Compiling memchr v2.5.0
[INFO] [stderr]    Compiling proc-macro-error-attr v1.0.4
[INFO] [stderr]    Compiling proc-macro-error v1.0.4
[INFO] [stderr]    Compiling quote v1.0.32
[INFO] [stderr]    Compiling syn v2.0.27
[INFO] [stderr]    Compiling nom v7.1.3
[INFO] [stderr]    Compiling surrealdb_functions v0.0.4 (/opt/rustwide/workdir)
[INFO] [stderr]     Finished dev [unoptimized + debuginfo] target(s) in 6.50s
[INFO] running `Command { std: "docker" "inspect" "5c24918e985414c3011021811f567018196875f1f95f7b9622a245046b9ab659", kill_on_drop: false }`
[INFO] running `Command { std: "docker" "rm" "-f" "5c24918e985414c3011021811f567018196875f1f95f7b9622a245046b9ab659", kill_on_drop: false }`
[INFO] [stdout] 5c24918e985414c3011021811f567018196875f1f95f7b9622a245046b9ab659
[INFO] running `Command { std: "docker" "create" "-v" "/var/lib/crater-agent-workspace/builds/worker-5-tc2/target:/opt/rustwide/target:rw,Z" "-v" "/var/lib/crater-agent-workspace/builds/worker-5-tc2/source:/opt/rustwide/workdir:ro,Z" "-v" "/var/lib/crater-agent-workspace/cargo-home:/opt/rustwide/cargo-home:ro,Z" "-v" "/var/lib/crater-agent-workspace/rustup-home:/opt/rustwide/rustup-home:ro,Z" "-e" "SOURCE_DIR=/opt/rustwide/workdir" "-e" "CARGO_TARGET_DIR=/opt/rustwide/target" "-e" "CARGO_INCREMENTAL=0" "-e" "RUST_BACKTRACE=full" "-e" "RUSTFLAGS=--cap-lints=warn" "-e" "RUSTDOCFLAGS=--cap-lints=warn" "-e" "CARGO_HOME=/opt/rustwide/cargo-home" "-e" "RUSTUP_HOME=/opt/rustwide/rustup-home" "-w" "/opt/rustwide/workdir" "-m" "1610612736" "--user" "0:0" "--network" "none" "ghcr.io/rust-lang/crates-build-env/linux@sha256:2788e3201cd34a07e3172128adcd8b3090168a8e3bcc40d7c032b9dda1df7d1c" "/opt/rustwide/cargo-home/bin/cargo" "+beta-2023-12-22" "test" "--frozen" "--no-run" "--message-format=json", kill_on_drop: false }`
[INFO] [stdout] 276f25af7be41825c9d7d9cf0928524b0f946e4913614991fa5f4d34a10b2b2d
[INFO] running `Command { std: "docker" "start" "-a" "276f25af7be41825c9d7d9cf0928524b0f946e4913614991fa5f4d34a10b2b2d", kill_on_drop: false }`
[INFO] [stderr]    Compiling proc-macro2 v1.0.66
[INFO] [stderr]    Compiling unicode-ident v1.0.11
[INFO] [stderr]    Compiling libc v0.2.147
[INFO] [stderr]    Compiling minimal-lexical v0.2.1
[INFO] [stderr]    Compiling syn v1.0.109
[INFO] [stderr]    Compiling memchr v2.5.0
[INFO] [stderr]    Compiling num-traits v0.2.16
[INFO] [stderr]    Compiling proc-macro-error v1.0.4
[INFO] [stderr]    Compiling tokio v1.29.1
[INFO] [stderr]    Compiling pin-project-lite v0.2.10
[INFO] [stderr]    Compiling iana-time-zone v0.1.57
[INFO] [stderr]    Compiling uuid v1.4.1
[INFO] [stderr]    Compiling quote v1.0.32
[INFO] [stderr]    Compiling nom v7.1.3
[INFO] [stderr]    Compiling syn v2.0.27
[INFO] [stderr]    Compiling proc-macro-error-attr v1.0.4
[INFO] [stderr]    Compiling time v0.1.45
[INFO] [stderr]    Compiling chrono v0.4.26
[INFO] [stderr]    Compiling tokio-macros v2.1.0
[INFO] [stderr]    Compiling surrealdb_functions v0.0.4 (/opt/rustwide/workdir)
[INFO] [stdout] error: The default runtime flavor is `multi_thread`, but the `rt-multi-thread` feature is disabled.
[INFO] [stdout]   --> examples/main.rs:11:1
[INFO] [stdout]    |
[INFO] [stdout] 11 | #[tokio::main]
[INFO] [stdout]    | ^^^^^^^^^^^^^^
[INFO] [stdout]    |
[INFO] [stdout]    = note: this error originates in the attribute macro `tokio::main` (in Nightly builds, run with -Z macro-backtrace for more info)
[INFO] [stdout] 
[INFO] [stdout] 
[INFO] [stdout] error[E0433]: failed to resolve: use of undeclared crate or module `surrealdb`
[INFO] [stdout]  --> examples/main.rs:1:5
[INFO] [stdout]   |
[INFO] [stdout] 1 | use surrealdb::{engine::local::Mem, Surreal, kvs::Datastore, dbs::Session};
[INFO] [stdout]   |     ^^^^^^^^^ use of undeclared crate or module `surrealdb`
[INFO] [stdout] 
[INFO] [stdout] 
[INFO] [stdout] error[E0432]: unresolved import `surrealdb`
[INFO] [stdout]  --> examples/main.rs:1:5
[INFO] [stdout]   |
[INFO] [stdout] 1 | use surrealdb::{engine::local::Mem, Surreal, kvs::Datastore, dbs::Session};
[INFO] [stdout]   |     ^^^^^^^^^ use of undeclared crate or module `surrealdb`
[INFO] [stdout] 
[INFO] [stdout] 
[INFO] [stdout] error: The default runtime flavor is `multi_thread`, but the `rt-multi-thread` feature is disabled.
[INFO] [stdout]   --> examples/bindings.rs:21:1
[INFO] [stdout]    |
[INFO] [stdout] 21 | #[tokio::main]
[INFO] [stdout]    | ^^^^^^^^^^^^^^
[INFO] [stdout]    |
[INFO] [stdout]    = note: this error originates in the attribute macro `tokio::main` (in Nightly builds, run with -Z macro-backtrace for more info)
[INFO] [stdout] 
[INFO] [stdout] 
[INFO] [stdout] error[E0433]: failed to resolve: use of undeclared crate or module `surrealdb`
[INFO] [stdout]  --> examples/bindings.rs:3:5
[INFO] [stdout]   |
[INFO] [stdout] 3 | use surrealdb::{engine::local::Mem, Surreal, sql::{Value, value, Bytes, Array, thing}};
[INFO] [stdout]   |     ^^^^^^^^^ use of undeclared crate or module `surrealdb`
[INFO] [stdout] 
[INFO] [stdout] 
[INFO] [stdout] error[E0433]: failed to resolve: could not find `surrealdb` in the list of imported crates
[INFO] [stdout]  --> examples/main.rs:4:1
[INFO] [stdout]   |
[INFO] [stdout] 4 | / include_fn!{
[INFO] [stdout] 5 | |     driver as is;
[INFO] [stdout] 6 | |     datastore as ds_$;
[INFO] [stdout] 7 | |     "$CARGO_MANIFEST_DIR/tests/main.surql";
[INFO] [stdout] 8 | |     "$CARGO_MANIFEST_DIR/tests/main.surql"
[INFO] [stdout] 9 | | }
[INFO] [stdout]   | |_^ could not find `surrealdb` in the list of imported crates
[INFO] [stdout]   |
[INFO] [stdout]   = note: this error originates in the macro `include_fn` (in Nightly builds, run with -Z macro-backtrace for more info)
[INFO] [stdout] 
[INFO] [stdout] 
[INFO] [stdout] error[E0432]: unresolved import `surrealdb`
[INFO] [stdout]  --> examples/bindings.rs:3:5
[INFO] [stdout]   |
[INFO] [stdout] 3 | use surrealdb::{engine::local::Mem, Surreal, sql::{Value, value, Bytes, Array, thing}};
[INFO] [stdout]   |     ^^^^^^^^^ use of undeclared crate or module `surrealdb`
[INFO] [stdout] 
[INFO] [stdout] 
[INFO] [stdout] error[E0433]: failed to resolve: could not find `surrealdb` in the list of imported crates
[INFO] [stdout]  --> examples/bindings.rs:6:1
[INFO] [stdout]   |
[INFO] [stdout] 6 | / include_fn!{
[INFO] [stdout] 7 | |     driver as gen_$;
[INFO] [stdout] 8 | |     "$CARGO_MANIFEST_DIR/tests/bindings.surql"
[INFO] [stdout] 9 | | }
[INFO] [stdout]   | |_^ could not find `surrealdb` in the list of imported crates
[INFO] [stdout]   |
[INFO] [stdout]   = note: this error originates in the macro `include_fn` (in Nightly builds, run with -Z macro-backtrace for more info)
[INFO] [stdout] 
[INFO] [stdout] 
[INFO] [stdout] error[E0433]: failed to resolve: use of undeclared crate or module `surrealdb`
[INFO] [stdout]   --> examples/main.rs:12:20
[INFO] [stdout]    |
[INFO] [stdout] 12 | async fn main() -> surrealdb::Result<()> {
[INFO] [stdout]    |                    ^^^^^^^^^ use of undeclared crate or module `surrealdb`
[INFO] [stdout] 
[INFO] [stdout] 
[INFO] [stdout] error: aborting due to 5 previous errors
[INFO] [stdout] 
[INFO] [stdout] 
[INFO] [stdout] Some errors have detailed explanations: E0432, E0433.
[INFO] [stdout] 
[INFO] [stdout] For more information about an error, try `rustc --explain E0432`.
[INFO] [stdout] 
[INFO] [stderr] error: could not compile `surrealdb_functions` (example "main") due to 6 previous errors
[INFO] [stderr] warning: build failed, waiting for other jobs to finish...
[INFO] [stdout] error[E0433]: failed to resolve: use of undeclared crate or module `surrealdb`
[INFO] [stdout]   --> examples/bindings.rs:12:35
[INFO] [stdout]    |
[INFO] [stdout] 12 | type FnType = dyn Future<Output = surrealdb::Result<surrealdb::Response>>; 
[INFO] [stdout]    |                                   ^^^^^^^^^ use of undeclared crate or module `surrealdb`
[INFO] [stdout] 
[INFO] [stdout] 
[INFO] [stdout] error[E0433]: failed to resolve: use of undeclared crate or module `surrealdb`
[INFO] [stdout]   --> examples/bindings.rs:12:53
[INFO] [stdout]    |
[INFO] [stdout] 12 | type FnType = dyn Future<Output = surrealdb::Result<surrealdb::Response>>; 
[INFO] [stdout]    |                                                     ^^^^^^^^^ use of undeclared crate or module `surrealdb`
[INFO] [stdout] 
[INFO] [stdout] 
[INFO] [stdout] error[E0433]: failed to resolve: use of undeclared crate or module `surrealdb`
[INFO] [stdout]   --> examples/bindings.rs:22:20
[INFO] [stdout]    |
[INFO] [stdout] 22 | async fn main() -> surrealdb::Result<()> {
[INFO] [stdout]    |                    ^^^^^^^^^ use of undeclared crate or module `surrealdb`
[INFO] [stdout] 
[INFO] [stdout] 
[INFO] [stdout] error: aborting due to 7 previous errors
[INFO] [stdout] 
[INFO] [stdout] 
[INFO] [stdout] Some errors have detailed explanations: E0432, E0433.
[INFO] [stdout] 
[INFO] [stdout] For more information about an error, try `rustc --explain E0432`.
[INFO] [stdout] 
[INFO] [stderr] error: could not compile `surrealdb_functions` (example "bindings") due to 8 previous errors
[INFO] running `Command { std: "docker" "inspect" "276f25af7be41825c9d7d9cf0928524b0f946e4913614991fa5f4d34a10b2b2d", kill_on_drop: false }`
[INFO] running `Command { std: "docker" "rm" "-f" "276f25af7be41825c9d7d9cf0928524b0f946e4913614991fa5f4d34a10b2b2d", kill_on_drop: false }`
[INFO] [stdout] 276f25af7be41825c9d7d9cf0928524b0f946e4913614991fa5f4d34a10b2b2d
