[INFO] fetching crate surrealdb-jsonwebtoken 8.3.0-surreal.1...
[INFO] testing surrealdb-jsonwebtoken-8.3.0-surreal.1 against 1.75.0 for beta-1.76-1
[INFO] extracting crate surrealdb-jsonwebtoken 8.3.0-surreal.1 into /workspace/builds/worker-2-tc1/source
[INFO] validating manifest of crates.io crate surrealdb-jsonwebtoken 8.3.0-surreal.1 on toolchain 1.75.0
[INFO] running `Command { std: CARGO_HOME="/workspace/cargo-home" RUSTUP_HOME="/workspace/rustup-home" "/workspace/cargo-home/bin/cargo" "+1.75.0" "metadata" "--manifest-path" "Cargo.toml" "--no-deps", kill_on_drop: false }`
[INFO] started tweaking crates.io crate surrealdb-jsonwebtoken 8.3.0-surreal.1
[INFO] finished tweaking crates.io crate surrealdb-jsonwebtoken 8.3.0-surreal.1
[INFO] tweaked toml for crates.io crate surrealdb-jsonwebtoken 8.3.0-surreal.1 written to /workspace/builds/worker-2-tc1/source/Cargo.toml
[INFO] crate crates.io crate surrealdb-jsonwebtoken 8.3.0-surreal.1 already has a lockfile, it will not be regenerated
[INFO] running `Command { std: CARGO_HOME="/workspace/cargo-home" RUSTUP_HOME="/workspace/rustup-home" "/workspace/cargo-home/bin/cargo" "+1.75.0" "fetch" "--manifest-path" "Cargo.toml", kill_on_drop: false }`
[INFO] [stderr]  Downloading crates ...
[INFO] [stderr]   Downloaded rsa v0.9.2
[INFO] running `Command { std: "docker" "create" "-v" "/var/lib/crater-agent-workspace/builds/worker-2-tc1/target:/opt/rustwide/target:rw,Z" "-v" "/var/lib/crater-agent-workspace/builds/worker-2-tc1/source:/opt/rustwide/workdir:ro,Z" "-v" "/var/lib/crater-agent-workspace/cargo-home:/opt/rustwide/cargo-home:ro,Z" "-v" "/var/lib/crater-agent-workspace/rustup-home:/opt/rustwide/rustup-home:ro,Z" "-e" "SOURCE_DIR=/opt/rustwide/workdir" "-e" "CARGO_TARGET_DIR=/opt/rustwide/target" "-e" "CARGO_HOME=/opt/rustwide/cargo-home" "-e" "RUSTUP_HOME=/opt/rustwide/rustup-home" "-w" "/opt/rustwide/workdir" "-m" "1610612736" "--user" "0:0" "--network" "none" "ghcr.io/rust-lang/crates-build-env/linux@sha256:2788e3201cd34a07e3172128adcd8b3090168a8e3bcc40d7c032b9dda1df7d1c" "/opt/rustwide/cargo-home/bin/cargo" "+1.75.0" "metadata" "--no-deps" "--format-version=1", kill_on_drop: false }`
[INFO] [stdout] 35a1cadf87ab53ca386a74132c7ff073fe86aea22f5bbbaa629cb2a6108a9f81
[INFO] running `Command { std: "docker" "start" "-a" "35a1cadf87ab53ca386a74132c7ff073fe86aea22f5bbbaa629cb2a6108a9f81", kill_on_drop: false }`
[INFO] running `Command { std: "docker" "inspect" "35a1cadf87ab53ca386a74132c7ff073fe86aea22f5bbbaa629cb2a6108a9f81", kill_on_drop: false }`
[INFO] running `Command { std: "docker" "rm" "-f" "35a1cadf87ab53ca386a74132c7ff073fe86aea22f5bbbaa629cb2a6108a9f81", kill_on_drop: false }`
[INFO] [stdout] 35a1cadf87ab53ca386a74132c7ff073fe86aea22f5bbbaa629cb2a6108a9f81
[INFO] running `Command { std: "docker" "create" "-v" "/var/lib/crater-agent-workspace/builds/worker-2-tc1/target:/opt/rustwide/target:rw,Z" "-v" "/var/lib/crater-agent-workspace/builds/worker-2-tc1/source:/opt/rustwide/workdir:ro,Z" "-v" "/var/lib/crater-agent-workspace/cargo-home:/opt/rustwide/cargo-home:ro,Z" "-v" "/var/lib/crater-agent-workspace/rustup-home:/opt/rustwide/rustup-home:ro,Z" "-e" "SOURCE_DIR=/opt/rustwide/workdir" "-e" "CARGO_TARGET_DIR=/opt/rustwide/target" "-e" "CARGO_INCREMENTAL=0" "-e" "RUST_BACKTRACE=full" "-e" "RUSTFLAGS=--cap-lints=warn" "-e" "RUSTDOCFLAGS=--cap-lints=warn" "-e" "CARGO_HOME=/opt/rustwide/cargo-home" "-e" "RUSTUP_HOME=/opt/rustwide/rustup-home" "-w" "/opt/rustwide/workdir" "-m" "1610612736" "--user" "0:0" "--network" "none" "ghcr.io/rust-lang/crates-build-env/linux@sha256:2788e3201cd34a07e3172128adcd8b3090168a8e3bcc40d7c032b9dda1df7d1c" "/opt/rustwide/cargo-home/bin/cargo" "+1.75.0" "build" "--frozen" "--message-format=json", kill_on_drop: false }`
[INFO] [stdout] 518901a1825b845d21d1f9c2e63efd49141fa417e4a469d94b489afff6fc0a49
[INFO] running `Command { std: "docker" "start" "-a" "518901a1825b845d21d1f9c2e63efd49141fa417e4a469d94b489afff6fc0a49", kill_on_drop: false }`
[INFO] [stderr]    Compiling proc-macro2 v1.0.66
[INFO] [stderr]    Compiling autocfg v1.1.0
[INFO] [stderr]    Compiling unicode-ident v1.0.11
[INFO] [stderr]    Compiling libc v0.2.147
[INFO] [stderr]    Compiling serde v1.0.188
[INFO] [stderr]    Compiling itoa v1.0.9
[INFO] [stderr]    Compiling time-core v0.1.1
[INFO] [stderr]    Compiling thiserror v1.0.47
[INFO] [stderr]    Compiling serde_json v1.0.105
[INFO] [stderr]    Compiling deranged v0.3.8
[INFO] [stderr]    Compiling base64 v0.21.3
[INFO] [stderr]    Compiling ryu v1.0.15
[INFO] [stderr]    Compiling untrusted v0.7.1
[INFO] [stderr]    Compiling once_cell v1.18.0
[INFO] [stderr]    Compiling spin v0.5.2
[INFO] [stderr]    Compiling time-macros v0.2.14
[INFO] [stderr]    Compiling num-traits v0.2.16
[INFO] [stderr]    Compiling num-integer v0.1.45
[INFO] [stderr]    Compiling num-bigint v0.4.4
[INFO] [stderr]    Compiling pem v2.0.1
[INFO] [stderr]    Compiling quote v1.0.33
[INFO] [stderr]    Compiling cc v1.0.83
[INFO] [stderr]    Compiling syn v2.0.29
[INFO] [stderr]    Compiling time v0.3.28
[INFO] [stderr]    Compiling ring v0.16.20
[INFO] [stderr]    Compiling serde_derive v1.0.188
[INFO] [stderr]    Compiling thiserror-impl v1.0.47
[INFO] [stderr]    Compiling simple_asn1 v0.6.2
[INFO] [stderr]    Compiling surrealdb-jsonwebtoken v8.3.0-surreal.1 (/opt/rustwide/workdir)
[INFO] [stdout] warning: unused import: `new_error`
[INFO] [stdout]  --> src/crypto/rsa.rs:9:40
[INFO] [stdout]   |
[INFO] [stdout] 9 | use crate::errors::{ErrorKind, Result, new_error};
[INFO] [stdout]   |                                        ^^^^^^^^^
[INFO] [stdout]   |
[INFO] [stdout]   = note: `#[warn(unused_imports)]` on by default
[INFO] [stdout] 
[INFO] [stdout] 
[INFO] [stdout] warning: unnecessary parentheses around `if` condition
[INFO] [stdout]    --> src/validation.rs:231:8
[INFO] [stdout]     |
[INFO] [stdout] 231 |     if (options.validate_exp || options.validate_nbf) {
[INFO] [stdout]     |        ^                                            ^
[INFO] [stdout]     |
[INFO] [stdout]     = note: `#[warn(unused_parens)]` on by default
[INFO] [stdout] help: remove these parentheses
[INFO] [stdout]     |
[INFO] [stdout] 231 -     if (options.validate_exp || options.validate_nbf) {
[INFO] [stdout] 231 +     if options.validate_exp || options.validate_nbf {
[INFO] [stdout]     |
[INFO] [stdout] 
[INFO] [stdout] 
[INFO] [stdout] warning: 2 warnings emitted
[INFO] [stdout] 
[INFO] [stdout] 
[INFO] [stderr]     Finished dev [unoptimized + debuginfo] target(s) in 10.94s
[INFO] running `Command { std: "docker" "inspect" "518901a1825b845d21d1f9c2e63efd49141fa417e4a469d94b489afff6fc0a49", kill_on_drop: false }`
[INFO] running `Command { std: "docker" "rm" "-f" "518901a1825b845d21d1f9c2e63efd49141fa417e4a469d94b489afff6fc0a49", kill_on_drop: false }`
[INFO] [stdout] 518901a1825b845d21d1f9c2e63efd49141fa417e4a469d94b489afff6fc0a49
[INFO] running `Command { std: "docker" "create" "-v" "/var/lib/crater-agent-workspace/builds/worker-2-tc1/target:/opt/rustwide/target:rw,Z" "-v" "/var/lib/crater-agent-workspace/builds/worker-2-tc1/source:/opt/rustwide/workdir:ro,Z" "-v" "/var/lib/crater-agent-workspace/cargo-home:/opt/rustwide/cargo-home:ro,Z" "-v" "/var/lib/crater-agent-workspace/rustup-home:/opt/rustwide/rustup-home:ro,Z" "-e" "SOURCE_DIR=/opt/rustwide/workdir" "-e" "CARGO_TARGET_DIR=/opt/rustwide/target" "-e" "CARGO_INCREMENTAL=0" "-e" "RUST_BACKTRACE=full" "-e" "RUSTFLAGS=--cap-lints=warn" "-e" "RUSTDOCFLAGS=--cap-lints=warn" "-e" "CARGO_HOME=/opt/rustwide/cargo-home" "-e" "RUSTUP_HOME=/opt/rustwide/rustup-home" "-w" "/opt/rustwide/workdir" "-m" "1610612736" "--user" "0:0" "--network" "none" "ghcr.io/rust-lang/crates-build-env/linux@sha256:2788e3201cd34a07e3172128adcd8b3090168a8e3bcc40d7c032b9dda1df7d1c" "/opt/rustwide/cargo-home/bin/cargo" "+1.75.0" "test" "--frozen" "--no-run" "--message-format=json", kill_on_drop: false }`
[INFO] [stdout] e421807b913ed28e285a7b133ed5907f8994bf1e1e3b12e7f6c6a35b307918f6
[INFO] running `Command { std: "docker" "start" "-a" "e421807b913ed28e285a7b133ed5907f8994bf1e1e3b12e7f6c6a35b307918f6", kill_on_drop: false }`
[INFO] [stderr]    Compiling libc v0.2.147
[INFO] [stderr]    Compiling num-traits v0.2.16
[INFO] [stderr]    Compiling crossbeam-utils v0.8.16
[INFO] [stderr]    Compiling memoffset v0.9.0
[INFO] [stderr]    Compiling cfg-if v1.0.0
[INFO] [stderr]    Compiling serde v1.0.188
[INFO] [stderr]    Compiling crossbeam-epoch v0.9.15
[INFO] [stderr]    Compiling scopeguard v1.2.0
[INFO] [stderr]    Compiling indexmap v1.9.3
[INFO] [stderr]    Compiling either v1.9.0
[INFO] [stderr]    Compiling rayon-core v1.11.0
[INFO] [stderr]    Compiling half v1.8.2
[INFO] [stderr]    Compiling hashbrown v0.12.3
[INFO] [stderr]    Compiling ciborium-io v0.2.1
[INFO] [stderr]    Compiling os_str_bytes v6.5.1
[INFO] [stderr]    Compiling plotters-backend v0.3.5
[INFO] [stderr]    Compiling regex-syntax v0.7.5
[INFO] [stderr]    Compiling time v0.3.28
[INFO] [stderr]    Compiling ciborium-ll v0.2.1
[INFO] [stderr]    Compiling itertools v0.10.5
[INFO] [stderr]    Compiling cast v0.3.0
[INFO] [stderr]    Compiling clap_lex v0.2.4
[INFO] [stderr]    Compiling plotters-svg v0.3.5
[INFO] [stderr]    Compiling same-file v1.0.6
[INFO] [stderr]    Compiling bitflags v1.3.2
[INFO] [stderr]    Compiling textwrap v0.16.0
[INFO] [stderr]    Compiling oorandom v11.1.3
[INFO] [stderr]    Compiling lazy_static v1.4.0
[INFO] [stderr]    Compiling walkdir v2.3.3
[INFO] [stderr]    Compiling anes v0.1.6
[INFO] [stderr]    Compiling crossbeam-channel v0.5.8
[INFO] [stderr]    Compiling cc v1.0.83
[INFO] [stderr]    Compiling crossbeam-deque v0.8.3
[INFO] [stderr]    Compiling clap v3.2.25
[INFO] [stderr]    Compiling num_cpus v1.16.0
[INFO] [stderr]    Compiling atty v0.2.14
[INFO] [stderr]    Compiling regex-automata v0.3.7
[INFO] [stderr]    Compiling criterion-plot v0.5.0
[INFO] [stderr]    Compiling ring v0.16.20
[INFO] [stderr]    Compiling num-integer v0.1.45
[INFO] [stderr]    Compiling plotters v0.3.5
[INFO] [stderr]    Compiling num-bigint v0.4.4
[INFO] [stderr]    Compiling rayon v1.7.0
[INFO] [stderr]    Compiling regex v1.9.4
[INFO] [stderr]    Compiling simple_asn1 v0.6.2
[INFO] [stderr]    Compiling serde_json v1.0.105
[INFO] [stderr]    Compiling ciborium v0.2.1
[INFO] [stderr]    Compiling tinytemplate v1.2.1
[INFO] [stderr]    Compiling criterion v0.4.0
[INFO] [stderr]    Compiling surrealdb-jsonwebtoken v8.3.0-surreal.1 (/opt/rustwide/workdir)
[INFO] [stdout] warning: unused import: `new_error`
[INFO] [stdout]  --> src/crypto/rsa.rs:9:40
[INFO] [stdout]   |
[INFO] [stdout] 9 | use crate::errors::{ErrorKind, Result, new_error};
[INFO] [stdout]   |                                        ^^^^^^^^^
[INFO] [stdout]   |
[INFO] [stdout]   = note: `#[warn(unused_imports)]` on by default
[INFO] [stdout] 
[INFO] [stdout] 
[INFO] [stdout] warning: unnecessary parentheses around `if` condition
[INFO] [stdout]    --> src/validation.rs:231:8
[INFO] [stdout]     |
[INFO] [stdout] 231 |     if (options.validate_exp || options.validate_nbf) {
[INFO] [stdout]     |        ^                                            ^
[INFO] [stdout]     |
[INFO] [stdout]     = note: `#[warn(unused_parens)]` on by default
[INFO] [stdout] help: remove these parentheses
[INFO] [stdout]     |
[INFO] [stdout] 231 -     if (options.validate_exp || options.validate_nbf) {
[INFO] [stdout] 231 +     if options.validate_exp || options.validate_nbf {
[INFO] [stdout]     |
[INFO] [stdout] 
[INFO] [stdout] 
[INFO] [stdout] warning: 2 warnings emitted
[INFO] [stdout] 
[INFO] [stdout] 
[INFO] [stdout] error[E0433]: failed to resolve: use of undeclared crate or module `jsonwebtoken`
[INFO] [stdout]  --> tests/ecdsa/mod.rs:1:5
[INFO] [stdout]   |
[INFO] [stdout] 1 | use jsonwebtoken::{
[INFO] [stdout]   |     ^^^^^^^^^^^^ use of undeclared crate or module `jsonwebtoken`
[INFO] [stdout] 
[INFO] [stdout] 
[INFO] [stdout] error[E0433]: failed to resolve: use of undeclared crate or module `jsonwebtoken`
[INFO] [stdout]  --> tests/hmac.rs:1:5
[INFO] [stdout]   |
[INFO] [stdout] 1 | use jsonwebtoken::errors::ErrorKind;
[INFO] [stdout]   |     ^^^^^^^^^^^^ use of undeclared crate or module `jsonwebtoken`
[INFO] [stdout] 
[INFO] [stdout] 
[INFO] [stdout] error[E0433]: failed to resolve: use of undeclared crate or module `jsonwebtoken`
[INFO] [stdout]  --> tests/hmac.rs:2:5
[INFO] [stdout]   |
[INFO] [stdout] 2 | use jsonwebtoken::jwk::Jwk;
[INFO] [stdout]   |     ^^^^^^^^^^^^ use of undeclared crate or module `jsonwebtoken`
[INFO] [stdout] 
[INFO] [stdout] 
[INFO] [stdout] error[E0433]: failed to resolve: use of undeclared crate or module `jsonwebtoken`
[INFO] [stdout]  --> tests/hmac.rs:3:5
[INFO] [stdout]   |
[INFO] [stdout] 3 | use jsonwebtoken::{
[INFO] [stdout]   |     ^^^^^^^^^^^^ use of undeclared crate or module `jsonwebtoken`
[INFO] [stdout] 
[INFO] [stdout] 
[INFO] [stdout] warning: unused import: `new_error`
[INFO] [stdout]  --> src/crypto/rsa.rs:9:40
[INFO] [stdout]   |
[INFO] [stdout] 9 | use crate::errors::{ErrorKind, Result, new_error};
[INFO] [stdout]   |                                        ^^^^^^^^^
[INFO] [stdout]   |
[INFO] [stdout]   = note: `#[warn(unused_imports)]` on by default
[INFO] [stdout] 
[INFO] [stdout] 
[INFO] [stdout] warning: unnecessary parentheses around `if` condition
[INFO] [stdout]    --> src/validation.rs:231:8
[INFO] [stdout]     |
[INFO] [stdout] 231 |     if (options.validate_exp || options.validate_nbf) {
[INFO] [stdout]     |        ^                                            ^
[INFO] [stdout]     |
[INFO] [stdout]     = note: `#[warn(unused_parens)]` on by default
[INFO] [stdout] help: remove these parentheses
[INFO] [stdout]     |
[INFO] [stdout] 231 -     if (options.validate_exp || options.validate_nbf) {
[INFO] [stdout] 231 +     if options.validate_exp || options.validate_nbf {
[INFO] [stdout]     |
[INFO] [stdout] 
[INFO] [stdout] 
[INFO] [stdout] error[E0432]: unresolved import `jsonwebtoken`
[INFO] [stdout]  --> tests/ecdsa/mod.rs:1:5
[INFO] [stdout]   |
[INFO] [stdout] 1 | use jsonwebtoken::{
[INFO] [stdout]   |     ^^^^^^^^^^^^ use of undeclared crate or module `jsonwebtoken`
[INFO] [stdout] 
[INFO] [stdout] 
[INFO] [stdout] error[E0432]: unresolved import `jsonwebtoken`
[INFO] [stdout]  --> tests/hmac.rs:3:5
[INFO] [stdout]   |
[INFO] [stdout] 3 | use jsonwebtoken::{
[INFO] [stdout]   |     ^^^^^^^^^^^^ use of undeclared crate or module `jsonwebtoken`
[INFO] [stdout] 
[INFO] [stdout] 
[INFO] [stdout] error[E0433]: failed to resolve: use of undeclared crate or module `jsonwebtoken`
[INFO] [stdout]  --> tests/eddsa/mod.rs:1:5
[INFO] [stdout]   |
[INFO] [stdout] 1 | use jsonwebtoken::{
[INFO] [stdout]   |     ^^^^^^^^^^^^ use of undeclared crate or module `jsonwebtoken`
[INFO] [stdout] 
[INFO] [stdout] 
[INFO] [stdout] error[E0432]: unresolved import `jsonwebtoken`
[INFO] [stdout]  --> tests/ecdsa/mod.rs:8:5
[INFO] [stdout]   |
[INFO] [stdout] 8 | use jsonwebtoken::{decode, encode, Header, Validation};
[INFO] [stdout]   |     ^^^^^^^^^^^^ use of undeclared crate or module `jsonwebtoken`
[INFO] [stdout] 
[INFO] [stdout] 
[INFO] [stdout] error[E0432]: unresolved import `jsonwebtoken`
[INFO] [stdout]  --> tests/eddsa/mod.rs:1:5
[INFO] [stdout]   |
[INFO] [stdout] 1 | use jsonwebtoken::{
[INFO] [stdout]   |     ^^^^^^^^^^^^ use of undeclared crate or module `jsonwebtoken`
[INFO] [stdout] 
[INFO] [stdout] 
[INFO] [stdout] error[E0432]: unresolved import `jsonwebtoken`
[INFO] [stdout]  --> tests/eddsa/mod.rs:8:5
[INFO] [stdout]   |
[INFO] [stdout] 8 | use jsonwebtoken::{decode, encode, Header, Validation};
[INFO] [stdout]   |     ^^^^^^^^^^^^ use of undeclared crate or module `jsonwebtoken`
[INFO] [stdout] 
[INFO] [stdout] 
[INFO] [stdout] error[E0433]: failed to resolve: use of undeclared crate or module `jsonwebtoken`
[INFO] [stdout]  --> tests/rsa/mod.rs:1:5
[INFO] [stdout]   |
[INFO] [stdout] 1 | use jsonwebtoken::{
[INFO] [stdout]   |     ^^^^^^^^^^^^ use of undeclared crate or module `jsonwebtoken`
[INFO] [stdout] 
[INFO] [stdout] 
[INFO] [stdout] error[E0432]: unresolved import `jsonwebtoken`
[INFO] [stdout]  --> tests/header/mod.rs:2:5
[INFO] [stdout]   |
[INFO] [stdout] 2 | use jsonwebtoken::Header;
[INFO] [stdout]   |     ^^^^^^^^^^^^ use of undeclared crate or module `jsonwebtoken`
[INFO] [stdout] 
[INFO] [stdout] 
[INFO] [stdout] error[E0432]: unresolved import `jsonwebtoken`
[INFO] [stdout]  --> tests/rsa/mod.rs:1:5
[INFO] [stdout]   |
[INFO] [stdout] 1 | use jsonwebtoken::{
[INFO] [stdout]   |     ^^^^^^^^^^^^ use of undeclared crate or module `jsonwebtoken`
[INFO] [stdout] 
[INFO] [stdout] 
[INFO] [stdout] error[E0433]: failed to resolve: use of undeclared crate or module `jsonwebtoken`
[INFO] [stdout]    --> tests/ecdsa/mod.rs:104:9
[INFO] [stdout]     |
[INFO] [stdout] 104 |     use jsonwebtoken::jwk::Jwk;
[INFO] [stdout]     |         ^^^^^^^^^^^^ use of undeclared crate or module `jsonwebtoken`
[INFO] [stdout] 
[INFO] [stdout] 
[INFO] [stdout] error[E0433]: failed to resolve: use of undeclared crate or module `jsonwebtoken`
[INFO] [stdout]    --> tests/eddsa/mod.rs:103:9
[INFO] [stdout]     |
[INFO] [stdout] 103 |     use jsonwebtoken::jwk::Jwk;
[INFO] [stdout]     |         ^^^^^^^^^^^^ use of undeclared crate or module `jsonwebtoken`
[INFO] [stdout] 
[INFO] [stdout] 
[INFO] [stdout] error[E0433]: failed to resolve: use of undeclared crate or module `jsonwebtoken`
[INFO] [stdout]    --> tests/rsa/mod.rs:169:9
[INFO] [stdout]     |
[INFO] [stdout] 169 |     use jsonwebtoken::jwk::Jwk;
[INFO] [stdout]     |         ^^^^^^^^^^^^ use of undeclared crate or module `jsonwebtoken`
[INFO] [stdout] 
[INFO] [stdout] 
[INFO] [stdout] error[E0432]: unresolved import `jsonwebtoken`
[INFO] [stdout]  --> tests/rsa/mod.rs:8:5
[INFO] [stdout]   |
[INFO] [stdout] 8 | use jsonwebtoken::{decode, encode, Header, Validation};
[INFO] [stdout]   |     ^^^^^^^^^^^^ use of undeclared crate or module `jsonwebtoken`
[INFO] [stdout] 
[INFO] [stdout] 
[INFO] [stdout] error: aborting due to 4 previous errors
[INFO] [stdout] 
[INFO] [stdout] 
[INFO] [stdout] Some errors have detailed explanations: E0432, E0433.
[INFO] [stdout] 
[INFO] [stdout] For more information about an error, try `rustc --explain E0432`.
[INFO] [stdout] 
[INFO] [stderr] error: could not compile `surrealdb-jsonwebtoken` (test "hmac") due to 5 previous errors
[INFO] [stderr] warning: build failed, waiting for other jobs to finish...
[INFO] [stdout] error: aborting due to 13 previous errors
[INFO] [stdout] 
[INFO] [stdout] 
[INFO] [stdout] Some errors have detailed explanations: E0432, E0433.
[INFO] [stdout] 
[INFO] [stdout] For more information about an error, try `rustc --explain E0432`.
[INFO] [stdout] 
[INFO] [stderr] error: could not compile `surrealdb-jsonwebtoken` (test "lib") due to 14 previous errors
[INFO] [stdout] warning: 2 warnings emitted
[INFO] [stdout] 
[INFO] [stdout] 
[INFO] running `Command { std: "docker" "inspect" "e421807b913ed28e285a7b133ed5907f8994bf1e1e3b12e7f6c6a35b307918f6", kill_on_drop: false }`
[INFO] running `Command { std: "docker" "rm" "-f" "e421807b913ed28e285a7b133ed5907f8994bf1e1e3b12e7f6c6a35b307918f6", kill_on_drop: false }`
[INFO] [stdout] e421807b913ed28e285a7b133ed5907f8994bf1e1e3b12e7f6c6a35b307918f6
