[INFO] fetching crate surge-math 0.2.12-alpha.0...
[INFO] testing surge-math-0.2.12-alpha.0 against 1.75.0 for beta-1.76-1
[INFO] extracting crate surge-math 0.2.12-alpha.0 into /workspace/builds/worker-1-tc1/source
[INFO] validating manifest of crates.io crate surge-math 0.2.12-alpha.0 on toolchain 1.75.0
[INFO] running `Command { std: CARGO_HOME="/workspace/cargo-home" RUSTUP_HOME="/workspace/rustup-home" "/workspace/cargo-home/bin/cargo" "+1.75.0" "metadata" "--manifest-path" "Cargo.toml" "--no-deps", kill_on_drop: false }`
[INFO] started tweaking crates.io crate surge-math 0.2.12-alpha.0
[INFO] finished tweaking crates.io crate surge-math 0.2.12-alpha.0
[INFO] tweaked toml for crates.io crate surge-math 0.2.12-alpha.0 written to /workspace/builds/worker-1-tc1/source/Cargo.toml
[INFO] running `Command { std: CARGO_HOME="/workspace/cargo-home" RUSTUP_HOME="/workspace/rustup-home" "/workspace/cargo-home/bin/cargo" "+1.75.0" "generate-lockfile" "--manifest-path" "Cargo.toml", kill_on_drop: false }`
[INFO] [stderr]     Updating crates.io index
[INFO] running `Command { std: CARGO_HOME="/workspace/cargo-home" RUSTUP_HOME="/workspace/rustup-home" "/workspace/cargo-home/bin/cargo" "+1.75.0" "fetch" "--manifest-path" "Cargo.toml", kill_on_drop: false }`
[INFO] running `Command { std: "docker" "create" "-v" "/var/lib/crater-agent-workspace/builds/worker-1-tc1/target:/opt/rustwide/target:rw,Z" "-v" "/var/lib/crater-agent-workspace/builds/worker-1-tc1/source:/opt/rustwide/workdir:ro,Z" "-v" "/var/lib/crater-agent-workspace/cargo-home:/opt/rustwide/cargo-home:ro,Z" "-v" "/var/lib/crater-agent-workspace/rustup-home:/opt/rustwide/rustup-home:ro,Z" "-e" "SOURCE_DIR=/opt/rustwide/workdir" "-e" "CARGO_TARGET_DIR=/opt/rustwide/target" "-e" "CARGO_HOME=/opt/rustwide/cargo-home" "-e" "RUSTUP_HOME=/opt/rustwide/rustup-home" "-w" "/opt/rustwide/workdir" "-m" "1610612736" "--user" "0:0" "--network" "none" "ghcr.io/rust-lang/crates-build-env/linux@sha256:2788e3201cd34a07e3172128adcd8b3090168a8e3bcc40d7c032b9dda1df7d1c" "/opt/rustwide/cargo-home/bin/cargo" "+1.75.0" "metadata" "--no-deps" "--format-version=1", kill_on_drop: false }`
[INFO] [stdout] 8e2537be67210f961935dcc4348d3a958636385c5a371be0406b693328aaf674
[INFO] running `Command { std: "docker" "start" "-a" "8e2537be67210f961935dcc4348d3a958636385c5a371be0406b693328aaf674", kill_on_drop: false }`
[INFO] running `Command { std: "docker" "inspect" "8e2537be67210f961935dcc4348d3a958636385c5a371be0406b693328aaf674", kill_on_drop: false }`
[INFO] running `Command { std: "docker" "rm" "-f" "8e2537be67210f961935dcc4348d3a958636385c5a371be0406b693328aaf674", kill_on_drop: false }`
[INFO] [stdout] 8e2537be67210f961935dcc4348d3a958636385c5a371be0406b693328aaf674
[INFO] running `Command { std: "docker" "create" "-v" "/var/lib/crater-agent-workspace/builds/worker-1-tc1/target:/opt/rustwide/target:rw,Z" "-v" "/var/lib/crater-agent-workspace/builds/worker-1-tc1/source:/opt/rustwide/workdir:ro,Z" "-v" "/var/lib/crater-agent-workspace/cargo-home:/opt/rustwide/cargo-home:ro,Z" "-v" "/var/lib/crater-agent-workspace/rustup-home:/opt/rustwide/rustup-home:ro,Z" "-e" "SOURCE_DIR=/opt/rustwide/workdir" "-e" "CARGO_TARGET_DIR=/opt/rustwide/target" "-e" "CARGO_INCREMENTAL=0" "-e" "RUST_BACKTRACE=full" "-e" "RUSTFLAGS=--cap-lints=warn" "-e" "RUSTDOCFLAGS=--cap-lints=warn" "-e" "CARGO_HOME=/opt/rustwide/cargo-home" "-e" "RUSTUP_HOME=/opt/rustwide/rustup-home" "-w" "/opt/rustwide/workdir" "-m" "1610612736" "--user" "0:0" "--network" "none" "ghcr.io/rust-lang/crates-build-env/linux@sha256:2788e3201cd34a07e3172128adcd8b3090168a8e3bcc40d7c032b9dda1df7d1c" "/opt/rustwide/cargo-home/bin/cargo" "+1.75.0" "build" "--frozen" "--message-format=json", kill_on_drop: false }`
[INFO] [stdout] 170e16a699219844a2608f93cca6c794004cd2c1c7dd0da839b875a16ad7b485
[INFO] running `Command { std: "docker" "start" "-a" "170e16a699219844a2608f93cca6c794004cd2c1c7dd0da839b875a16ad7b485", kill_on_drop: false }`
[INFO] [stderr]    Compiling unicode-ident v1.0.12
[INFO] [stderr]    Compiling num-traits v0.2.17
[INFO] [stderr]    Compiling glob v0.3.1
[INFO] [stderr]    Compiling minimal-lexical v0.2.1
[INFO] [stderr]    Compiling pkg-config v0.3.28
[INFO] [stderr]    Compiling bindgen v0.69.1
[INFO] [stderr]    Compiling rustc-hash v1.1.0
[INFO] [stderr]    Compiling proc-macro2 v1.0.75
[INFO] [stderr]    Compiling libloading v0.8.1
[INFO] [stderr]    Compiling lazycell v1.3.0
[INFO] [stderr]    Compiling shlex v1.2.0
[INFO] [stderr]    Compiling bitflags v2.4.1
[INFO] [stderr]    Compiling peeking_take_while v0.1.2
[INFO] [stderr]    Compiling lock_api v0.4.11
[INFO] [stderr]    Compiling parking_lot_core v0.9.9
[INFO] [stderr]    Compiling paste v1.0.14
[INFO] [stderr]    Compiling libm v0.1.4
[INFO] [stderr]    Compiling libloading v0.5.2
[INFO] [stderr]    Compiling getrandom v0.2.11
[INFO] [stderr]    Compiling matrixmultiply v0.3.8
[INFO] [stderr]    Compiling serde v1.0.194
[INFO] [stderr]    Compiling protobuf v2.28.0
[INFO] [stderr]    Compiling packed_simd_2 v0.3.8
[INFO] [stderr]    Compiling smallvec v1.11.2
[INFO] [stderr]    Compiling thiserror v1.0.56
[INFO] [stderr]    Compiling nom v7.1.3
[INFO] [stderr]    Compiling bytemuck v1.14.0
[INFO] [stderr]    Compiling rand_core v0.6.4
[INFO] [stderr]    Compiling libloading v0.6.7
[INFO] [stderr]    Compiling clang-sys v1.7.0
[INFO] [stderr]    Compiling jack-sys v0.2.3
[INFO] [stderr]    Compiling libxml v0.3.3
[INFO] [stderr]    Compiling prometheus v0.13.3
[INFO] [stderr]    Compiling safe_arch v0.7.1
[INFO] [stderr]    Compiling log v0.4.20
[INFO] [stderr]    Compiling ppv-lite86 v0.2.17
[INFO] [stderr]    Compiling rawpointer v0.2.1
[INFO] [stderr]    Compiling quote v1.0.35
[INFO] [stderr]    Compiling parking_lot v0.12.1
[INFO] [stderr]    Compiling dirs-sys v0.3.7
[INFO] [stderr]    Compiling convert_case v0.4.0
[INFO] [stderr]    Compiling rand_chacha v0.3.1
[INFO] [stderr]    Compiling once_cell v1.19.0
[INFO] [stderr]    Compiling syn v2.0.48
[INFO] [stderr]    Compiling syn v1.0.109
[INFO] [stderr]    Compiling wide v0.7.13
[INFO] [stderr]    Compiling owned-alloc v0.2.0
[INFO] [stderr]    Compiling byteorder v0.5.3
[INFO] [stderr]    Compiling rand v0.8.5
[INFO] [stderr]    Compiling lockfree v0.5.1
[INFO] [stderr]    Compiling riff-wave v0.1.3
[INFO] [stderr]    Compiling enhanced_enum v0.2.2
[INFO] [stderr]    Compiling dirs v4.0.0
[INFO] [stderr]    Compiling proc-macro-error-attr v1.0.4
[INFO] [stderr]    Compiling jack v0.7.3
[INFO] [stderr]    Compiling bencher v0.1.5
[INFO] [stderr]    Compiling atomic_float v0.1.0
[INFO] [stderr]    Compiling num-integer v0.1.45
[INFO] [stderr]    Compiling num-complex v0.4.4
[INFO] [stderr]    Compiling num-complex v0.1.43
[INFO] [stderr]    Compiling num-bigint v0.4.4
[INFO] [stderr]    Compiling num-iter v0.1.43
[INFO] [stderr]    Compiling approx v0.5.1
[INFO] [stderr]    Compiling num-traits v0.1.43
[INFO] [stderr]    Compiling vst v0.2.1
[INFO] [stderr]    Compiling float-cmp v0.9.0
[INFO] [stderr]    Compiling mopa v0.2.2
[INFO] [stderr]    Compiling dft v0.5.5
[INFO] [stderr]    Compiling approx_eq v0.1.8
[INFO] [stderr]    Compiling indoc v1.0.9
[INFO] [stderr]    Compiling downcast-rs v1.2.0
[INFO] [stderr]    Compiling uuid v0.8.2
[INFO] [stderr]    Compiling float-ord v0.3.2
[INFO] [stderr]    Compiling half v1.8.2
[INFO] [stderr]    Compiling cexpr v0.6.0
[INFO] [stderr]    Compiling ndarray v0.15.6
[INFO] [stderr]    Compiling xml-rs v0.8.19
[INFO] [stdout] error[E0554]: `#![feature]` may not be used on the stable release channel
[INFO] [stdout]    --> /opt/rustwide/cargo-home/registry/src/index.crates.io-6f17d22bba15001f/packed_simd_2-0.3.8/src/lib.rs:214:1
[INFO] [stdout]     |
[INFO] [stdout] 214 | / #![feature(
[INFO] [stdout] 215 | |     adt_const_params,
[INFO] [stdout] 216 | |     repr_simd,
[INFO] [stdout] 217 | |     rustc_attrs,
[INFO] [stdout] ...   |
[INFO] [stdout] 224 | |     custom_inner_attributes,
[INFO] [stdout] 225 | | )]
[INFO] [stdout]     | |__^
[INFO] [stdout] 
[INFO] [stdout] 
[INFO] [stdout] error[E0554]: `#![feature]` may not be used on the stable release channel
[INFO] [stdout]    --> /opt/rustwide/cargo-home/registry/src/index.crates.io-6f17d22bba15001f/packed_simd_2-0.3.8/src/lib.rs:219:5
[INFO] [stdout]     |
[INFO] [stdout] 219 |     stdsimd,
[INFO] [stdout]     |     ^^^^^^^
[INFO] [stdout] 
[INFO] [stdout] 
[INFO] [stdout] error[E0554]: `#![feature]` may not be used on the stable release channel
[INFO] [stdout]    --> /opt/rustwide/cargo-home/registry/src/index.crates.io-6f17d22bba15001f/packed_simd_2-0.3.8/src/lib.rs:222:5
[INFO] [stdout]     |
[INFO] [stdout] 222 |     core_intrinsics,
[INFO] [stdout]     |     ^^^^^^^^^^^^^^^
[INFO] [stdout] 
[INFO] [stdout] 
[INFO] [stderr]    Compiling num-rational v0.4.1
[INFO] [stdout] error: unrecognized platform-specific intrinsic function: `simd_shuffle2`
[INFO] [stdout]   --> /opt/rustwide/cargo-home/registry/src/index.crates.io-6f17d22bba15001f/packed_simd_2-0.3.8/src/codegen/llvm.rs:10:5
[INFO] [stdout]    |
[INFO] [stdout] 10 |     pub fn simd_shuffle2<T, U>(x: T, y: T, idx: [u32; 2]) -> U;
[INFO] [stdout]    |     ^^^^^^^^^^^^^^^^^^^^^^^^^^^^^^^^^^^^^^^^^^^^^^^^^^^^^^^^^^^
[INFO] [stdout] 
[INFO] [stdout] 
[INFO] [stdout] error: unrecognized platform-specific intrinsic function: `simd_shuffle4`
[INFO] [stdout]   --> /opt/rustwide/cargo-home/registry/src/index.crates.io-6f17d22bba15001f/packed_simd_2-0.3.8/src/codegen/llvm.rs:11:5
[INFO] [stdout]    |
[INFO] [stdout] 11 |     pub fn simd_shuffle4<T, U>(x: T, y: T, idx: [u32; 4]) -> U;
[INFO] [stdout]    |     ^^^^^^^^^^^^^^^^^^^^^^^^^^^^^^^^^^^^^^^^^^^^^^^^^^^^^^^^^^^
[INFO] [stdout] 
[INFO] [stdout] 
[INFO] [stdout] error: unrecognized platform-specific intrinsic function: `simd_shuffle8`
[INFO] [stdout]   --> /opt/rustwide/cargo-home/registry/src/index.crates.io-6f17d22bba15001f/packed_simd_2-0.3.8/src/codegen/llvm.rs:12:5
[INFO] [stdout]    |
[INFO] [stdout] 12 |     pub fn simd_shuffle8<T, U>(x: T, y: T, idx: [u32; 8]) -> U;
[INFO] [stdout]    |     ^^^^^^^^^^^^^^^^^^^^^^^^^^^^^^^^^^^^^^^^^^^^^^^^^^^^^^^^^^^
[INFO] [stdout] 
[INFO] [stdout] 
[INFO] [stdout] error: unrecognized platform-specific intrinsic function: `simd_shuffle16`
[INFO] [stdout]   --> /opt/rustwide/cargo-home/registry/src/index.crates.io-6f17d22bba15001f/packed_simd_2-0.3.8/src/codegen/llvm.rs:13:5
[INFO] [stdout]    |
[INFO] [stdout] 13 |     pub fn simd_shuffle16<T, U>(x: T, y: T, idx: [u32; 16]) -> U;
[INFO] [stdout]    |     ^^^^^^^^^^^^^^^^^^^^^^^^^^^^^^^^^^^^^^^^^^^^^^^^^^^^^^^^^^^^^
[INFO] [stdout] 
[INFO] [stdout] 
[INFO] [stdout] error: unrecognized platform-specific intrinsic function: `simd_shuffle32`
[INFO] [stdout]   --> /opt/rustwide/cargo-home/registry/src/index.crates.io-6f17d22bba15001f/packed_simd_2-0.3.8/src/codegen/llvm.rs:14:5
[INFO] [stdout]    |
[INFO] [stdout] 14 |     pub fn simd_shuffle32<T, U>(x: T, y: T, idx: [u32; 32]) -> U;
[INFO] [stdout]    |     ^^^^^^^^^^^^^^^^^^^^^^^^^^^^^^^^^^^^^^^^^^^^^^^^^^^^^^^^^^^^^
[INFO] [stdout] 
[INFO] [stdout] 
[INFO] [stdout] error: unrecognized platform-specific intrinsic function: `simd_shuffle64`
[INFO] [stdout]   --> /opt/rustwide/cargo-home/registry/src/index.crates.io-6f17d22bba15001f/packed_simd_2-0.3.8/src/codegen/llvm.rs:15:5
[INFO] [stdout]    |
[INFO] [stdout] 15 |     pub fn simd_shuffle64<T, U>(x: T, y: T, idx: [u32; 64]) -> U;
[INFO] [stdout]    |     ^^^^^^^^^^^^^^^^^^^^^^^^^^^^^^^^^^^^^^^^^^^^^^^^^^^^^^^^^^^^^
[INFO] [stdout] 
[INFO] [stdout] 
[INFO] [stderr]    Compiling num v0.4.1
[INFO] [stderr]    Compiling proc-macro-error v1.0.4
[INFO] [stderr]    Compiling serde_derive v1.0.194
[INFO] [stderr]    Compiling thiserror-impl v1.0.56
[INFO] [stderr]    Compiling enum_dispatch v0.3.12
[INFO] [stderr]    Compiling automod v1.0.14
[INFO] [stderr]    Compiling auto_impl v0.4.1
[INFO] [stderr]    Compiling derive_more v0.99.17
[INFO] [stderr]    Compiling getset v0.1.2
[INFO] [stderr]    Compiling derivative v2.2.0
[INFO] [stdout] error: aborting due to 9 previous errors
[INFO] [stdout] 
[INFO] [stdout] 
[INFO] [stdout] For more information about this error, try `rustc --explain E0554`.
[INFO] [stdout] 
[INFO] [stderr] error: could not compile `packed_simd_2` (lib) due to 10 previous errors
[INFO] [stderr] warning: build failed, waiting for other jobs to finish...
[INFO] running `Command { std: "docker" "inspect" "170e16a699219844a2608f93cca6c794004cd2c1c7dd0da839b875a16ad7b485", kill_on_drop: false }`
[INFO] running `Command { std: "docker" "rm" "-f" "170e16a699219844a2608f93cca6c794004cd2c1c7dd0da839b875a16ad7b485", kill_on_drop: false }`
[INFO] [stdout] 170e16a699219844a2608f93cca6c794004cd2c1c7dd0da839b875a16ad7b485
