[INFO] fetching crate surf 2.3.2...
[INFO] testing surf-2.3.2 against 1.75.0 for beta-1.76-1
[INFO] extracting crate surf 2.3.2 into /workspace/builds/worker-7-tc1/source
[INFO] validating manifest of crates.io crate surf 2.3.2 on toolchain 1.75.0
[INFO] running `Command { std: CARGO_HOME="/workspace/cargo-home" RUSTUP_HOME="/workspace/rustup-home" "/workspace/cargo-home/bin/cargo" "+1.75.0" "metadata" "--manifest-path" "Cargo.toml" "--no-deps", kill_on_drop: false }`
[INFO] started tweaking crates.io crate surf 2.3.2
[INFO] finished tweaking crates.io crate surf 2.3.2
[INFO] tweaked toml for crates.io crate surf 2.3.2 written to /workspace/builds/worker-7-tc1/source/Cargo.toml
[INFO] crate crates.io crate surf 2.3.2 already has a lockfile, it will not be regenerated
[INFO] running `Command { std: CARGO_HOME="/workspace/cargo-home" RUSTUP_HOME="/workspace/rustup-home" "/workspace/cargo-home/bin/cargo" "+1.75.0" "fetch" "--manifest-path" "Cargo.toml", kill_on_drop: false }`
[INFO] [stderr]     Updating crates.io index
[INFO] [stderr]  Downloading crates ...
[INFO] [stderr]   Downloaded async-process v1.2.0
[INFO] [stderr]   Downloaded async-log-attributes v1.0.1
[INFO] [stderr]   Downloaded async-log v1.1.0
[INFO] [stderr]   Downloaded pkg-config v0.3.22
[INFO] [stderr]   Downloaded femme v1.3.0
[INFO] [stderr]   Downloaded byte-pool v0.2.3
[INFO] [stderr]   Downloaded async-h1 v2.3.2
[INFO] [stderr]   Downloaded libc v0.2.106
[INFO] [stderr]   Downloaded sval v1.0.0-alpha.5
[INFO] [stderr]   Downloaded femme v2.1.1
[INFO] [stderr]   Downloaded async-sse v4.1.0
[INFO] [stderr]   Downloaded route-recognizer v0.2.0
[INFO] [stderr]   Downloaded async-session v2.0.1
[INFO] [stderr]   Downloaded tokio v1.13.0
[INFO] [stderr]   Downloaded curl v0.4.39
[INFO] [stderr]   Downloaded curl-sys v0.4.49+curl-7.79.1
[INFO] [stderr]   Downloaded gimli v0.26.0
[INFO] [stderr]   Downloaded value-bag v1.0.0-alpha.8
[INFO] [stderr]   Downloaded openssl-sys v0.9.70
[INFO] [stderr]   Downloaded mockito v0.23.3
[INFO] [stderr]   Downloaded http-client v6.5.1
[INFO] [stderr]   Downloaded tide v0.16.0
[INFO] [stderr]   Downloaded tinyvec v1.5.0
[INFO] running `Command { std: "docker" "create" "-v" "/var/lib/crater-agent-workspace/builds/worker-7-tc1/target:/opt/rustwide/target:rw,Z" "-v" "/var/lib/crater-agent-workspace/builds/worker-7-tc1/source:/opt/rustwide/workdir:ro,Z" "-v" "/var/lib/crater-agent-workspace/cargo-home:/opt/rustwide/cargo-home:ro,Z" "-v" "/var/lib/crater-agent-workspace/rustup-home:/opt/rustwide/rustup-home:ro,Z" "-e" "SOURCE_DIR=/opt/rustwide/workdir" "-e" "CARGO_TARGET_DIR=/opt/rustwide/target" "-e" "CARGO_HOME=/opt/rustwide/cargo-home" "-e" "RUSTUP_HOME=/opt/rustwide/rustup-home" "-w" "/opt/rustwide/workdir" "-m" "1610612736" "--user" "0:0" "--network" "none" "ghcr.io/rust-lang/crates-build-env/linux@sha256:2788e3201cd34a07e3172128adcd8b3090168a8e3bcc40d7c032b9dda1df7d1c" "/opt/rustwide/cargo-home/bin/cargo" "+1.75.0" "metadata" "--no-deps" "--format-version=1", kill_on_drop: false }`
[INFO] [stdout] 3e0fffac5bf25da2538c692d6f23a1002b807d858cfa6d44f99272b62c95ff85
[INFO] running `Command { std: "docker" "start" "-a" "3e0fffac5bf25da2538c692d6f23a1002b807d858cfa6d44f99272b62c95ff85", kill_on_drop: false }`
[INFO] running `Command { std: "docker" "inspect" "3e0fffac5bf25da2538c692d6f23a1002b807d858cfa6d44f99272b62c95ff85", kill_on_drop: false }`
[INFO] running `Command { std: "docker" "rm" "-f" "3e0fffac5bf25da2538c692d6f23a1002b807d858cfa6d44f99272b62c95ff85", kill_on_drop: false }`
[INFO] [stdout] 3e0fffac5bf25da2538c692d6f23a1002b807d858cfa6d44f99272b62c95ff85
[INFO] running `Command { std: "docker" "create" "-v" "/var/lib/crater-agent-workspace/builds/worker-7-tc1/target:/opt/rustwide/target:rw,Z" "-v" "/var/lib/crater-agent-workspace/builds/worker-7-tc1/source:/opt/rustwide/workdir:ro,Z" "-v" "/var/lib/crater-agent-workspace/cargo-home:/opt/rustwide/cargo-home:ro,Z" "-v" "/var/lib/crater-agent-workspace/rustup-home:/opt/rustwide/rustup-home:ro,Z" "-e" "SOURCE_DIR=/opt/rustwide/workdir" "-e" "CARGO_TARGET_DIR=/opt/rustwide/target" "-e" "CARGO_INCREMENTAL=0" "-e" "RUST_BACKTRACE=full" "-e" "RUSTFLAGS=--cap-lints=warn" "-e" "RUSTDOCFLAGS=--cap-lints=warn" "-e" "CARGO_HOME=/opt/rustwide/cargo-home" "-e" "RUSTUP_HOME=/opt/rustwide/rustup-home" "-w" "/opt/rustwide/workdir" "-m" "1610612736" "--user" "0:0" "--network" "none" "ghcr.io/rust-lang/crates-build-env/linux@sha256:2788e3201cd34a07e3172128adcd8b3090168a8e3bcc40d7c032b9dda1df7d1c" "/opt/rustwide/cargo-home/bin/cargo" "+1.75.0" "build" "--frozen" "--message-format=json", kill_on_drop: false }`
[INFO] [stdout] f106e27deb759db4ec8045c7852868b5a6b525cb05ef45f18992dce21f0bc952
[INFO] running `Command { std: "docker" "start" "-a" "f106e27deb759db4ec8045c7852868b5a6b525cb05ef45f18992dce21f0bc952", kill_on_drop: false }`
[INFO] [stderr]    Compiling version_check v0.9.3
[INFO] [stderr]    Compiling proc-macro2 v1.0.32
[INFO] [stderr]    Compiling unicode-xid v0.2.2
[INFO] [stderr]    Compiling syn v1.0.81
[INFO] [stderr]    Compiling libc v0.2.106
[INFO] [stderr]    Compiling typenum v1.14.0
[INFO] [stderr]    Compiling sval v1.0.0-alpha.5
[INFO] [stderr]    Compiling log v0.4.14
[INFO] [stderr]    Compiling cc v1.0.71
[INFO] [stderr]    Compiling futures-core v0.3.17
[INFO] [stderr]    Compiling generic-array v0.14.4
[INFO] [stderr]    Compiling value-bag v1.0.0-alpha.8
[INFO] [stderr]    Compiling pkg-config v0.3.22
[INFO] [stderr]    Compiling memchr v2.4.1
[INFO] [stderr]    Compiling serde_derive v1.0.130
[INFO] [stderr]    Compiling quote v1.0.10
[INFO] [stderr]    Compiling pin-project-lite v0.2.7
[INFO] [stderr]    Compiling futures-io v0.3.17
[INFO] [stderr]    Compiling cache-padded v1.1.1
[INFO] [stderr]    Compiling serde v1.0.130
[INFO] [stderr]    Compiling event-listener v2.5.1
[INFO] [stderr]    Compiling concurrent-queue v1.2.2
[INFO] [stderr]    Compiling subtle v2.4.1
[INFO] [stderr]    Compiling waker-fn v1.1.0
[INFO] [stderr]    Compiling fastrand v1.5.0
[INFO] [stderr]    Compiling parking v2.0.0
[INFO] [stderr]    Compiling proc-macro-hack v0.5.19
[INFO] [stderr]    Compiling openssl-sys v0.9.70
[INFO] [stderr]    Compiling libz-sys v1.1.3
[INFO] [stderr]    Compiling libnghttp2-sys v0.1.7+1.45.0
[INFO] [stderr]    Compiling opaque-debug v0.3.0
[INFO] [stderr]    Compiling futures-lite v1.12.0
[INFO] [stderr]    Compiling once_cell v1.8.0
[INFO] [stderr]    Compiling slab v0.4.5
[INFO] [stderr]    Compiling socket2 v0.4.2
[INFO] [stderr]    Compiling standback v0.2.17
[INFO] [stderr]    Compiling wasm-bindgen-shared v0.2.78
[INFO] [stderr]    Compiling cipher v0.2.5
[INFO] [stderr]    Compiling async-channel v1.6.1
[INFO] [stderr]    Compiling curl-sys v0.4.49+curl-7.79.1
[INFO] [stderr]    Compiling matches v0.1.9
[INFO] [stderr]    Compiling ppv-lite86 v0.2.15
[INFO] [stderr]    Compiling getrandom v0.1.16
[INFO] [stderr]    Compiling serde_json v1.0.68
[INFO] [stderr]    Compiling tinyvec v1.5.0
[INFO] [stderr]    Compiling digest v0.9.0
[INFO] [stderr]    Compiling universal-hash v0.4.1
[INFO] [stderr]    Compiling getrandom v0.2.3
[INFO] [stderr]    Compiling crossbeam-utils v0.8.5
[INFO] [stderr]    Compiling const_fn v0.4.8
[INFO] [stderr]    Compiling cpuid-bool v0.2.0
[INFO] [stderr]    Compiling signal-hook v0.3.10
[INFO] [stderr]    Compiling bumpalo v3.8.0
[INFO] [stderr]    Compiling async-task v4.0.3
[INFO] [stderr]    Compiling polyval v0.4.5
[INFO] [stderr]    Compiling rand_core v0.6.3
[INFO] [stderr]    Compiling form_urlencoded v1.0.1
[INFO] [stderr]    Compiling aes-soft v0.6.4
[INFO] [stderr]    Compiling unicode-normalization v0.1.19
[INFO] [stderr]    Compiling crypto-mac v0.10.1
[INFO] [stderr]    Compiling signal-hook-registry v1.4.0
[INFO] [stderr]    Compiling num_cpus v1.13.0
[INFO] [stderr]    Compiling time v0.2.27
[INFO] [stderr]    Compiling unicase v2.6.0
[INFO] [stderr]    Compiling atomic-waker v1.0.0
[INFO] [stderr]    Compiling unicode-bidi v0.3.7
[INFO] [stderr]    Compiling lock_api v0.4.5
[INFO] [stderr]    Compiling blocking v1.0.2
[INFO] [stderr]    Compiling aes v0.6.0
[INFO] [stderr]    Compiling hmac v0.10.1
[INFO] [stderr]    Compiling idna v0.2.3
[INFO] [stderr]    Compiling rand_chacha v0.3.1
[INFO] [stderr]    Compiling ghash v0.3.1
[INFO] [stderr]    Compiling rand_core v0.5.1
[INFO] [stderr]    Compiling async-executor v1.4.1
[INFO] [stderr]    Compiling ctr v0.6.0
[INFO] [stderr]    Compiling aead v0.3.2
[INFO] [stderr]    Compiling block-buffer v0.9.0
[INFO] [stderr]    Compiling async-mutex v1.4.0
[INFO] [stderr]    Compiling tracing-core v0.1.21
[INFO] [stderr]    Compiling cookie v0.14.4
[INFO] [stderr]    Compiling cpufeatures v0.2.1
[INFO] [stderr]    Compiling anyhow v1.0.44
[INFO] [stderr]    Compiling curl v0.4.39
[INFO] [stderr]    Compiling wasm-bindgen v0.2.78
[INFO] [stderr]    Compiling sha2 v0.9.8
[INFO] [stderr]    Compiling aes-gcm v0.8.0
[INFO] [stderr]    Compiling rand_chacha v0.2.2
[INFO] [stderr]    Compiling rand v0.8.4
[INFO] [stderr]    Compiling hkdf v0.10.0
[INFO] [stderr]    Compiling spinning_top v0.2.4
[INFO] [stderr]    Compiling async-lock v2.4.0
[INFO] [stderr]    Compiling futures-macro v0.3.17
[INFO] [stderr]    Compiling openssl-probe v0.1.4
[INFO] [stderr]    Compiling http-types v2.12.0
[INFO] [stderr]    Compiling futures-sink v0.3.17
[INFO] [stderr]    Compiling isahc v0.9.14
[INFO] [stderr]    Compiling proc-macro-nested v0.1.7
[INFO] [stderr]    Compiling bytes v1.1.0
[INFO] [stderr]    Compiling async-trait v0.1.51
[INFO] [stderr]    Compiling base64 v0.13.0
[INFO] [stderr]    Compiling futures-task v0.3.17
[INFO] [stderr]    Compiling flume v0.9.2
[INFO] [stderr]    Compiling rand v0.7.3
[INFO] [stderr]    Compiling mime_guess v2.0.3
[INFO] [stderr]    Compiling http v0.2.5
[INFO] [stderr]    Compiling sluice v0.5.5
[INFO] [stderr]    Compiling futures-util v0.3.17
[INFO] [stderr]    Compiling bytes v0.5.6
[INFO] [stderr]    Compiling infer v0.2.3
[INFO] [stderr]    Compiling encoding_rs v0.8.29
[INFO] [stderr]    Compiling dashmap v4.0.2
[INFO] [stderr]    Compiling ctor v0.1.21
[INFO] [stderr]    Compiling time-macros-impl v0.1.2
[INFO] [stderr]    Compiling pin-project-internal v1.0.8
[INFO] [stderr]    Compiling tracing-attributes v0.1.18
[INFO] [stderr]    Compiling thiserror-impl v1.0.30
[INFO] [stderr]    Compiling time-macros v0.1.1
[INFO] [stderr]    Compiling polling v2.1.0
[INFO] [stderr]    Compiling wasm-bindgen-backend v0.2.78
[INFO] [stderr]    Compiling async-io v1.6.0
[INFO] [stderr]    Compiling tracing v0.1.29
[INFO] [stderr]    Compiling pin-project v1.0.8
[INFO] [stderr]    Compiling async-process v1.2.0
[INFO] [stderr]    Compiling thiserror v1.0.30
[INFO] [stderr]    Compiling async-global-executor v2.0.2
[INFO] [stderr]    Compiling wasm-bindgen-macro-support v0.2.78
[INFO] [stderr]    Compiling kv-log-macro v1.0.7
[INFO] [stderr]    Compiling async-attributes v1.1.2
[INFO] [stderr]    Compiling tracing-futures v0.2.5
[INFO] [stderr]    Compiling async-std v1.10.0
[INFO] [stderr]    Compiling wasm-bindgen-macro v0.2.78
[INFO] [stderr]    Compiling url v2.2.2
[INFO] [stderr]    Compiling serde_urlencoded v0.7.0
[INFO] [stderr]    Compiling serde_qs v0.8.5
[INFO] [stderr]    Compiling js-sys v0.3.55
[INFO] [stderr]    Compiling http-client v6.5.1
[INFO] [stderr]    Compiling web-sys v0.3.55
[INFO] [stderr]    Compiling surf v2.3.2 (/opt/rustwide/workdir)
[INFO] [stderr]     Finished dev [unoptimized + debuginfo] target(s) in 33.35s
[INFO] running `Command { std: "docker" "inspect" "f106e27deb759db4ec8045c7852868b5a6b525cb05ef45f18992dce21f0bc952", kill_on_drop: false }`
[INFO] running `Command { std: "docker" "rm" "-f" "f106e27deb759db4ec8045c7852868b5a6b525cb05ef45f18992dce21f0bc952", kill_on_drop: false }`
[INFO] [stdout] f106e27deb759db4ec8045c7852868b5a6b525cb05ef45f18992dce21f0bc952
[INFO] running `Command { std: "docker" "create" "-v" "/var/lib/crater-agent-workspace/builds/worker-7-tc1/target:/opt/rustwide/target:rw,Z" "-v" "/var/lib/crater-agent-workspace/builds/worker-7-tc1/source:/opt/rustwide/workdir:ro,Z" "-v" "/var/lib/crater-agent-workspace/cargo-home:/opt/rustwide/cargo-home:ro,Z" "-v" "/var/lib/crater-agent-workspace/rustup-home:/opt/rustwide/rustup-home:ro,Z" "-e" "SOURCE_DIR=/opt/rustwide/workdir" "-e" "CARGO_TARGET_DIR=/opt/rustwide/target" "-e" "CARGO_INCREMENTAL=0" "-e" "RUST_BACKTRACE=full" "-e" "RUSTFLAGS=--cap-lints=warn" "-e" "RUSTDOCFLAGS=--cap-lints=warn" "-e" "CARGO_HOME=/opt/rustwide/cargo-home" "-e" "RUSTUP_HOME=/opt/rustwide/rustup-home" "-w" "/opt/rustwide/workdir" "-m" "1610612736" "--user" "0:0" "--network" "none" "ghcr.io/rust-lang/crates-build-env/linux@sha256:2788e3201cd34a07e3172128adcd8b3090168a8e3bcc40d7c032b9dda1df7d1c" "/opt/rustwide/cargo-home/bin/cargo" "+1.75.0" "test" "--frozen" "--no-run" "--message-format=json", kill_on_drop: false }`
[INFO] [stdout] f3e1fb45d405cd34f26206d3220c9a5fc556104111a42a4d40f90a93dde5c9c7
[INFO] running `Command { std: "docker" "start" "-a" "f3e1fb45d405cd34f26206d3220c9a5fc556104111a42a4d40f90a93dde5c9c7", kill_on_drop: false }`
[INFO] [stderr]    Compiling proc-macro2 v0.4.30
[INFO] [stderr]    Compiling num-traits v0.2.14
[INFO] [stderr]    Compiling proc-macro-error-attr v1.0.4
[INFO] [stderr]    Compiling unicode-xid v0.1.0
[INFO] [stderr]    Compiling num-integer v0.1.44
[INFO] [stderr]    Compiling miniz_oxide v0.4.4
[INFO] [stderr]    Compiling proc-macro-error v1.0.4
[INFO] [stderr]    Compiling httparse v1.5.1
[INFO] [stderr]    Compiling parking_lot_core v0.8.5
[INFO] [stderr]    Compiling syn v0.15.44
[INFO] [stderr]    Compiling crossbeam-queue v0.3.2
[INFO] [stderr]    Compiling crypto-mac v0.8.0
[INFO] [stderr]    Compiling aho-corasick v0.7.18
[INFO] [stderr]    Compiling backtrace v0.3.63
[INFO] [stderr]    Compiling atty v0.2.14
[INFO] [stderr]    Compiling blake3 v0.3.8
[INFO] [stderr]    Compiling instant v0.1.12
[INFO] [stderr]    Compiling smallvec v1.7.0
[INFO] [stderr]    Compiling gimli v0.26.0
[INFO] [stderr]    Compiling regex-syntax v0.6.25
[INFO] [stderr]    Compiling quote v0.6.13
[INFO] [stderr]    Compiling simple-mutex v1.1.5
[INFO] [stderr]    Compiling object v0.27.1
[INFO] [stderr]    Compiling time v0.1.43
[INFO] [stderr]    Compiling arrayref v0.3.6
[INFO] [stderr]    Compiling arrayvec v0.5.2
[INFO] [stderr]    Compiling rustc-demangle v0.1.21
[INFO] [stderr]    Compiling constant_time_eq v0.1.5
[INFO] [stderr]    Compiling stable_deref_trait v1.2.0
[INFO] [stderr]    Compiling chrono v0.4.19
[INFO] [stderr]    Compiling byte-pool v0.2.3
[INFO] [stderr]    Compiling async-dup v1.2.2
[INFO] [stderr]    Compiling parking_lot v0.11.2
[INFO] [stderr]    Compiling extend v0.1.2
[INFO] [stderr]    Compiling regex v1.5.4
[INFO] [stderr]    Compiling addr2line v0.17.0
[INFO] [stderr]    Compiling hmac v0.8.1
[INFO] [stderr]    Compiling bincode v1.3.3
[INFO] [stderr]    Compiling clicolors-control v1.0.1
[INFO] [stderr]    Compiling termios v0.3.3
[INFO] [stderr]    Compiling base64 v0.12.3
[INFO] [stderr]    Compiling unicode-width v0.1.9
[INFO] [stderr]    Compiling pin-project-lite v0.1.12
[INFO] [stderr]    Compiling assert-json-diff v1.1.0
[INFO] [stderr]    Compiling async-sse v4.1.0
[INFO] [stderr]    Compiling async-session v2.0.1
[INFO] [stderr]    Compiling async-h1 v2.3.2
[INFO] [stderr]    Compiling colored v1.9.3
[INFO] [stderr]    Compiling console v0.7.7
[INFO] [stderr]    Compiling femme v2.1.1
[INFO] [stderr]    Compiling route-recognizer v0.2.0
[INFO] [stderr]    Compiling mockito v0.23.3
[INFO] [stderr]    Compiling tide v0.16.0
[INFO] [stderr]    Compiling async-log-attributes v1.0.1
[INFO] [stderr]    Compiling async-log v1.1.0
[INFO] [stderr]    Compiling femme v1.3.0
[INFO] [stderr]    Compiling surf v2.3.2 (/opt/rustwide/workdir)
[INFO] [stdout] error: linking with `cc` failed: exit status: 1
[INFO] [stdout]   |
[INFO] [stdout]   = note: LC_ALL="C" PATH="/opt/rustwide/rustup-home/toolchains/1.75.0-x86_64-unknown-linux-gnu/lib/rustlib/x86_64-unknown-linux-gnu/bin:/opt/rustwide/cargo-home/bin:/usr/local/sbin:/usr/local/bin:/usr/sbin:/usr/bin:/sbin:/bin" VSLANG="1033" "cc" "-m64" "/tmp/rustceUBjPF/symbols.o" "/opt/rustwide/target/debug/examples/next_reuse-bb1656067723a243.next_reuse.4ff2156fd79f3c2b-cgu.0.rcgu.o" "/opt/rustwide/target/debug/examples/next_reuse-bb1656067723a243.next_reuse.4ff2156fd79f3c2b-cgu.1.rcgu.o" "/opt/rustwide/target/debug/examples/next_reuse-bb1656067723a243.4xq944u4fc64e2kf.rcgu.o" "-Wl,--as-needed" "-L" "/opt/rustwide/target/debug/deps" "-L" "/usr/lib/x86_64-linux-gnu" "-L" "/opt/rustwide/target/debug/build/libnghttp2-sys-431968b9a4e35622/out/i/lib" "-L" "/opt/rustwide/target/debug/build/blake3-1e05148c15ae53d6/out" "-L" "/opt/rustwide/target/debug/build/blake3-1e05148c15ae53d6/out" "-L" "/opt/rustwide/rustup-home/toolchains/1.75.0-x86_64-unknown-linux-gnu/lib/rustlib/x86_64-unknown-linux-gnu/lib" "-Wl,-Bstatic" "/opt/rustwide/target/debug/deps/libfemme-e9017cbff5ea6ebd.rlib" "/opt/rustwide/target/debug/deps/libconsole-a117ce2d8e3a0acb.rlib" "/opt/rustwide/target/debug/deps/libunicode_width-fc780abc67002227.rlib" "/opt/rustwide/target/debug/deps/libregex-930036e353b5683d.rlib" "/opt/rustwide/target/debug/deps/libaho_corasick-4efc27b8b413d73f.rlib" "/opt/rustwide/target/debug/deps/libregex_syntax-df051bb3664d7987.rlib" "/opt/rustwide/target/debug/deps/libparking_lot-b663eb2c411476f2.rlib" "/opt/rustwide/target/debug/deps/libparking_lot_core-ff11ebea6f2c93ff.rlib" "/opt/rustwide/target/debug/deps/libsmallvec-d559a48e3940c1f0.rlib" "/opt/rustwide/target/debug/deps/libinstant-65b44248b363c7fa.rlib" "/opt/rustwide/target/debug/deps/libclicolors_control-a43944476ac90929.rlib" "/opt/rustwide/target/debug/deps/libatty-32e6842fd14a36c1.rlib" "/opt/rustwide/target/debug/deps/libtermios-239ceae86b923a84.rlib" "/opt/rustwide/target/debug/deps/libsurf-41af0a948302f151.rlib" "/opt/rustwide/target/debug/deps/libmime_guess-72c260b23a97d743.rlib" "/opt/rustwide/target/debug/deps/libunicase-f9a503671a3990dc.rlib" "/opt/rustwide/target/debug/deps/libmime-450b243d21db2a61.rlib" "/opt/rustwide/target/debug/deps/libencoding_rs-b6fae1d903f5f1ab.rlib" "/opt/rustwide/target/debug/deps/libhttp_client-c65d7129f11382f8.rlib" "/opt/rustwide/target/debug/deps/libhttp_types-9475b0b92f2694bd.rlib" "/opt/rustwide/target/debug/deps/libserde_qs-1b66f8ead15b15be.rlib" "/opt/rustwide/target/debug/deps/libthiserror-49f8f3b3bec10201.rlib" "/opt/rustwide/target/debug/deps/libanyhow-51a8871a10332037.rlib" "/opt/rustwide/target/debug/deps/libserde_urlencoded-ec05d175de6d7450.rlib" "/opt/rustwide/target/debug/deps/libserde_json-cc466e2b20be9915.rlib" "/opt/rustwide/target/debug/deps/libryu-aa04a306730705ee.rlib" "/opt/rustwide/target/debug/deps/librand-d0cdbbe0c565d8c9.rlib" "/opt/rustwide/target/debug/deps/librand_chacha-8246e3eb39cdce17.rlib" "/opt/rustwide/target/debug/deps/librand_core-cf5151fdd267dc1f.rlib" "/opt/rustwide/target/debug/deps/libgetrandom-c3274c6cd7a7b485.rlib" "/opt/rustwide/target/debug/deps/libinfer-d29f706886c878be.rlib" "/opt/rustwide/target/debug/deps/libcookie-98946a1b701d794e.rlib" "/opt/rustwide/target/debug/deps/libhkdf-d7940fea93dc05c5.rlib" "/opt/rustwide/target/debug/deps/libhmac-d10f0729dc14d885.rlib" "/opt/rustwide/target/debug/deps/libcrypto_mac-fc8b621570550bb5.rlib" "/opt/rustwide/target/debug/deps/libsha2-981e46332c0d0892.rlib" "/opt/rustwide/target/debug/deps/libcpufeatures-568e5c51194b9ef5.rlib" "/opt/rustwide/target/debug/deps/libdigest-44781c79ee17fa87.rlib" "/opt/rustwide/target/debug/deps/libblock_buffer-27189272b6410e59.rlib" "/opt/rustwide/target/debug/deps/libaes_gcm-a9a2c4ff6ea9e027.rlib" "/opt/rustwide/target/debug/deps/libghash-803fbb3ec31a2034.rlib" "/opt/rustwide/target/debug/deps/libpolyval-e54b9ca89d76a654.rlib" "/opt/rustwide/target/debug/deps/libcpuid_bool-cf8bb3cd14290955.rlib" "/opt/rustwide/target/debug/deps/libuniversal_hash-a3ca1c2e1e46b140.rlib" "/opt/rustwide/target/debug/deps/libsubtle-4dc33cdd307ea15e.rlib" "/opt/rustwide/target/debug/deps/libctr-bb3cf72b21525224.rlib" "/opt/rustwide/target/debug/deps/libaes-6cbda2d8bdf0b310.rlib" "/opt/rustwide/target/debug/deps/libaes_soft-d4a0c133eb004bb9.rlib" "/opt/rustwide/target/debug/deps/libopaque_debug-15273823c1ba1453.rlib" "/opt/rustwide/target/debug/deps/libcipher-80c582377a5436a0.rlib" "/opt/rustwide/target/debug/deps/libaead-1489d8654f5a6e1f.rlib" "/opt/rustwide/target/debug/deps/libgeneric_array-b731eb36b4697639.rlib" "/opt/rustwide/target/debug/deps/libtypenum-4b247780d87be374.rlib" "/opt/rustwide/target/debug/deps/libbase64-8ea64d3566a9d67e.rlib" "/opt/rustwide/target/debug/deps/librand-9d3acae314ffcb4e.rlib" "/opt/rustwide/target/debug/deps/librand_chacha-d87962c731cca4aa.rlib" "/opt/rustwide/target/debug/deps/libppv_lite86-170061c62a7a96f6.rlib" "/opt/rustwide/target/debug/deps/librand_core-73d983cae1a7b4a6.rlib" "/opt/rustwide/target/debug/deps/libgetrandom-3e6661f5758fbe0c.rlib" "/opt/rustwide/target/debug/deps/libtime-37265a462ad8d884.rlib" "/opt/rustwide/target/debug/deps/libtime_macros-1ae1070302103e9a.rlib" "/opt/rustwide/target/debug/deps/libstandback-86778b4e1bdcda31.rlib" "/opt/rustwide/target/debug/deps/libisahc-946e232bfcb663ad.rlib" "/opt/rustwide/target/debug/deps/liburl-f78cdeb8cb44549e.rlib" "/opt/rustwide/target/debug/deps/libidna-1490133ec5a74fd6.rlib" "/opt/rustwide/target/debug/deps/libunicode_normalization-89a4ae126b277b3c.rlib" "/opt/rustwide/target/debug/deps/libtinyvec-6885cdf29ec8b58c.rlib" "/opt/rustwide/target/debug/deps/libtinyvec_macros-bfeb7a087f0273ce.rlib" "/opt/rustwide/target/debug/deps/libunicode_bidi-d3ecfe40977b4a59.rlib" "/opt/rustwide/target/debug/deps/libform_urlencoded-74b1dcad9e8d80e6.rlib" "/opt/rustwide/target/debug/deps/libpercent_encoding-526c9d71c02fb5bb.rlib" "/opt/rustwide/target/debug/deps/libserde-fbf322940c833785.rlib" "/opt/rustwide/target/debug/deps/libmatches-e0861c3f10bd1789.rlib" "/opt/rustwide/target/debug/deps/libsluice-1783af629ac03f1d.rlib" "/opt/rustwide/target/debug/deps/libtracing_futures-91dab9a604013732.rlib" "/opt/rustwide/target/debug/deps/libtracing-8cec0a3c0a95e7b6.rlib" "/opt/rustwide/target/debug/deps/libtracing_core-e3dfcfb003507087.rlib" "/opt/rustwide/target/debug/deps/libpin_project-a14003a7af823304.rlib" "/opt/rustwide/target/debug/deps/libhttp-3a2b80210ca166d7.rlib" "/opt/rustwide/target/debug/deps/libitoa-88dc5e7d606068cc.rlib" "/opt/rustwide/target/debug/deps/libbytes-55e4baa7bb335bc7.rlib" "/opt/rustwide/target/debug/deps/libfnv-18bf5144d055e772.rlib" "/opt/rustwide/target/debug/deps/libbytes-b61f00db724d2015.rlib" "/opt/rustwide/target/debug/deps/libflume-c0b852f38150f9bd.rlib" "/opt/rustwide/target/debug/deps/libspinning_top-90c2b148a21a1052.rlib" "/opt/rustwide/target/debug/deps/liblock_api-63022c77c59bbfcc.rlib" "/opt/rustwide/target/debug/deps/libscopeguard-b35f5c652940acc2.rlib" "/opt/rustwide/target/debug/deps/libfutures_sink-1231d072cbb7a337.rlib" "/opt/rustwide/target/debug/deps/libcurl-015f92889781b77a.rlib" "/opt/rustwide/target/debug/deps/libcurl_sys-6d2aece99a0bf52a.rlib" "/opt/rustwide/target/debug/deps/libasync_std-9bc72f55f573e1e6.rlib" "/opt/rustwide/target/debug/deps/libasync_global_executor-6ee8ae3bf777b175.rlib" "/opt/rustwide/target/debug/deps/libblocking-cae2e8150676dfd2.rlib" "/opt/rustwide/target/debug/deps/libatomic_waker-4bfa0033227293d4.rlib" "/opt/rustwide/target/debug/deps/libasync_mutex-e925545f5fcf9b82.rlib" "/opt/rustwide/target/debug/deps/libasync_executor-19bb7b3a87ddb92e.rlib" "/opt/rustwide/target/debug/deps/libasync_task-59e08b0db937919c.rlib" "/opt/rustwide/target/debug/deps/libnum_cpus-14832d30b6179859.rlib" "/opt/rustwide/target/debug/deps/libcrossbeam_utils-bf8ae1909b23e097.rlib" "/opt/rustwide/target/debug/deps/liblazy_static-591486ebcb9a7ead.rlib" "/opt/rustwide/target/debug/deps/libasync_process-86e3a9069b946eea.rlib" "/opt/rustwide/target/debug/deps/libsignal_hook-823389d9c5dbeff0.rlib" "/opt/rustwide/target/debug/deps/libsignal_hook_registry-1831dfc47346fee3.rlib" "/opt/rustwide/target/debug/deps/libasync_io-c03872552d72b5b4.rlib" "/opt/rustwide/target/debug/deps/libpolling-4db53780f3f1fa7c.rlib" "/opt/rustwide/target/debug/deps/libonce_cell-5e1d6083c59d0e91.rlib" "/opt/rustwide/target/debug/deps/libsocket2-b7597134122bf590.rlib" "/opt/rustwide/target/debug/deps/liblibc-00eea81a100e9efe.rlib" "/opt/rustwide/target/debug/deps/libfutures_lite-933f751793a296d9.rlib" "/opt/rustwide/target/debug/deps/libfastrand-92bc9144d34db899.rlib" "/opt/rustwide/target/debug/deps/libwaker_fn-22984b605b7992c0.rlib" "/opt/rustwide/target/debug/deps/libparking-a64765005b191951.rlib" "/opt/rustwide/target/debug/deps/libasync_channel-6678d85ebaf30c35.rlib" "/opt/rustwide/target/debug/deps/libconcurrent_queue-d1f360b30c887998.rlib" "/opt/rustwide/target/debug/deps/libcache_padded-92726bcff2e9102c.rlib" "/opt/rustwide/target/debug/deps/libasync_lock-e9d635df84e0a0f7.rlib" "/opt/rustwide/target/debug/deps/libevent_listener-a00bf73acc37862a.rlib" "/opt/rustwide/target/debug/deps/libkv_log_macro-b6d741e969b2ee06.rlib" "/opt/rustwide/target/debug/deps/liblog-1a8d6027a3ff4dc9.rlib" "/opt/rustwide/target/debug/deps/libvalue_bag-7baca611e126a5eb.rlib" "/opt/rustwide/target/debug/deps/libcfg_if-61dc7a6799e72b18.rlib" "/opt/rustwide/target/debug/deps/libfutures_util-ad45626d5fc42817.rlib" "/opt/rustwide/target/debug/deps/libmemchr-651b9a52835bc194.rlib" "/opt/rustwide/target/debug/deps/libfutures_io-0f33a42c787b6576.rlib" "/opt/rustwide/target/debug/deps/libslab-3fdda774eccf4f9f.rlib" "/opt/rustwide/target/debug/deps/libpin_project_lite-c675bd61a64207ec.rlib" "/opt/rustwide/target/debug/deps/libfutures_task-e322d68ab8685525.rlib" "/opt/rustwide/target/debug/deps/libpin_utils-741f7d9d160e4a16.rlib" "/opt/rustwide/target/debug/deps/libfutures_core-bdee8c5affbdd6a8.rlib" "/opt/rustwide/rustup-home/toolchains/1.75.0-x86_64-unknown-linux-gnu/lib/rustlib/x86_64-unknown-linux-gnu/lib/libstd-90f6ddbf82de36ec.rlib" "/opt/rustwide/rustup-home/toolchains/1.75.0-x86_64-unknown-linux-gnu/lib/rustlib/x86_64-unknown-linux-gnu/lib/libpanic_unwind-480c41e9d4e1f677.rlib" "/opt/rustwide/rustup-home/toolchains/1.75.0-x86_64-unknown-linux-gnu/lib/rustlib/x86_64-unknown-linux-gnu/lib/libobject-db744c0ca03eed1d.rlib" "/opt/rustwide/rustup-home/toolchains/1.75.0-x86_64-unknown-linux-gnu/lib/rustlib/x86_64-unknown-linux-gnu/lib/libmemchr-8ba652dc7d4b285a.rlib" "/opt/rustwide/rustup-home/toolchains/1.75.0-x86_64-unknown-linux-gnu/lib/rustlib/x86_64-unknown-linux-gnu/lib/libaddr2line-d5f4520a9ebc0d58.rlib" "/opt/rustwide/rustup-home/toolchains/1.75.0-x86_64-unknown-linux-gnu/lib/rustlib/x86_64-unknown-linux-gnu/lib/libgimli-4ad84de58f0cb463.rlib" "/opt/rustwide/rustup-home/toolchains/1.75.0-x86_64-unknown-linux-gnu/lib/rustlib/x86_64-unknown-linux-gnu/lib/librustc_demangle-0d10aae2e0f38735.rlib" "/opt/rustwide/rustup-home/toolchains/1.75.0-x86_64-unknown-linux-gnu/lib/rustlib/x86_64-unknown-linux-gnu/lib/libstd_detect-0c17cff739e6745b.rlib" "/opt/rustwide/rustup-home/toolchains/1.75.0-x86_64-unknown-linux-gnu/lib/rustlib/x86_64-unknown-linux-gnu/lib/libhashbrown-b29e17139dde1aa8.rlib" "/opt/rustwide/rustup-home/toolchains/1.75.0-x86_64-unknown-linux-gnu/lib/rustlib/x86_64-unknown-linux-gnu/lib/librustc_std_workspace_alloc-1f975299829cc7bd.rlib" "/opt/rustwide/rustup-home/toolchains/1.75.0-x86_64-unknown-linux-gnu/lib/rustlib/x86_64-unknown-linux-gnu/lib/libminiz_oxide-86bae3bc3079f89b.rlib" "/opt/rustwide/rustup-home/toolchains/1.75.0-x86_64-unknown-linux-gnu/lib/rustlib/x86_64-unknown-linux-gnu/lib/libadler-321b82c30dffdf5f.rlib" "/opt/rustwide/rustup-home/toolchains/1.75.0-x86_64-unknown-linux-gnu/lib/rustlib/x86_64-unknown-linux-gnu/lib/libunwind-3dd8a6810a0bdfef.rlib" "/opt/rustwide/rustup-home/toolchains/1.75.0-x86_64-unknown-linux-gnu/lib/rustlib/x86_64-unknown-linux-gnu/lib/libcfg_if-eb39a61c0c879984.rlib" "/opt/rustwide/rustup-home/toolchains/1.75.0-x86_64-unknown-linux-gnu/lib/rustlib/x86_64-unknown-linux-gnu/lib/liblibc-aa769569f91c3548.rlib" "/opt/rustwide/rustup-home/toolchains/1.75.0-x86_64-unknown-linux-gnu/lib/rustlib/x86_64-unknown-linux-gnu/lib/liballoc-510a192a50a983ed.rlib" "/opt/rustwide/rustup-home/toolchains/1.75.0-x86_64-unknown-linux-gnu/lib/rustlib/x86_64-unknown-linux-gnu/lib/librustc_std_workspace_core-0577018320f99037.rlib" "/opt/rustwide/rustup-home/toolchains/1.75.0-x86_64-unknown-linux-gnu/lib/rustlib/x86_64-unknown-linux-gnu/lib/libcore-193cf992125ccd4c.rlib" "/opt/rustwide/rustup-home/toolchains/1.75.0-x86_64-unknown-linux-gnu/lib/rustlib/x86_64-unknown-linux-gnu/lib/libcompiler_builtins-8e138eaf26ebb4a8.rlib" "-Wl,-Bdynamic" "-lc" "-lcurl" "-lgcc_s" "-lutil" "-lrt" "-lpthread" "-lm" "-ldl" "-lc" "-Wl,--eh-frame-hdr" "-Wl,-z,noexecstack" "-L" "/opt/rustwide/rustup-home/toolchains/1.75.0-x86_64-unknown-linux-gnu/lib/rustlib/x86_64-unknown-linux-gnu/lib" "-o" "/opt/rustwide/target/debug/examples/next_reuse-bb1656067723a243" "-Wl,--gc-sections" "-pie" "-Wl,-z,relro,-z,now" "-nodefaultlibs"
[INFO] [stdout]   = note: collect2: fatal error: ld terminated with signal 9 [Killed]
[INFO] [stdout]           compilation terminated.
[INFO] [stdout]           
[INFO] [stdout] 
[INFO] [stdout] 
[INFO] [stdout] error: aborting due to previous error
[INFO] [stdout] 
[INFO] [stdout] 
[INFO] [stderr] error: could not compile `surf` (example "next_reuse") due to 2 previous errors
[INFO] [stderr] warning: build failed, waiting for other jobs to finish...
[INFO] [stdout] error: linking with `cc` failed: exit status: 1
[INFO] [stdout]   |
[INFO] [stdout]   = note: LC_ALL="C" PATH="/opt/rustwide/rustup-home/toolchains/1.75.0-x86_64-unknown-linux-gnu/lib/rustlib/x86_64-unknown-linux-gnu/bin:/opt/rustwide/cargo-home/bin:/usr/local/sbin:/usr/local/bin:/usr/sbin:/usr/bin:/sbin:/bin" VSLANG="1033" "cc" "-m64" "/tmp/rustcCO8YaW/symbols.o" "/opt/rustwide/target/debug/examples/persistent-2bb9f4dd861af974.persistent.fb95372fbc8e78b1-cgu.0.rcgu.o" "/opt/rustwide/target/debug/examples/persistent-2bb9f4dd861af974.persistent.fb95372fbc8e78b1-cgu.1.rcgu.o" "/opt/rustwide/target/debug/examples/persistent-2bb9f4dd861af974.1p12ct3gc3lyxjl.rcgu.o" "-Wl,--as-needed" "-L" "/opt/rustwide/target/debug/deps" "-L" "/usr/lib/x86_64-linux-gnu" "-L" "/opt/rustwide/target/debug/build/libnghttp2-sys-431968b9a4e35622/out/i/lib" "-L" "/opt/rustwide/target/debug/build/blake3-1e05148c15ae53d6/out" "-L" "/opt/rustwide/target/debug/build/blake3-1e05148c15ae53d6/out" "-L" "/opt/rustwide/rustup-home/toolchains/1.75.0-x86_64-unknown-linux-gnu/lib/rustlib/x86_64-unknown-linux-gnu/lib" "-Wl,-Bstatic" "/opt/rustwide/target/debug/deps/libsurf-41af0a948302f151.rlib" "/opt/rustwide/target/debug/deps/libmime_guess-72c260b23a97d743.rlib" "/opt/rustwide/target/debug/deps/libunicase-f9a503671a3990dc.rlib" "/opt/rustwide/target/debug/deps/libmime-450b243d21db2a61.rlib" "/opt/rustwide/target/debug/deps/libencoding_rs-b6fae1d903f5f1ab.rlib" "/opt/rustwide/target/debug/deps/libfutures_util-ad45626d5fc42817.rlib" "/opt/rustwide/target/debug/deps/libfutures_task-e322d68ab8685525.rlib" "/opt/rustwide/target/debug/deps/libhttp_client-c65d7129f11382f8.rlib" "/opt/rustwide/target/debug/deps/libisahc-946e232bfcb663ad.rlib" "/opt/rustwide/target/debug/deps/libsluice-1783af629ac03f1d.rlib" "/opt/rustwide/target/debug/deps/libtracing_futures-91dab9a604013732.rlib" "/opt/rustwide/target/debug/deps/libtracing-8cec0a3c0a95e7b6.rlib" "/opt/rustwide/target/debug/deps/libtracing_core-e3dfcfb003507087.rlib" "/opt/rustwide/target/debug/deps/libpin_project-a14003a7af823304.rlib" "/opt/rustwide/target/debug/deps/libhttp-3a2b80210ca166d7.rlib" "/opt/rustwide/target/debug/deps/libbytes-55e4baa7bb335bc7.rlib" "/opt/rustwide/target/debug/deps/libfnv-18bf5144d055e772.rlib" "/opt/rustwide/target/debug/deps/libbytes-b61f00db724d2015.rlib" "/opt/rustwide/target/debug/deps/libflume-c0b852f38150f9bd.rlib" "/opt/rustwide/target/debug/deps/libspinning_top-90c2b148a21a1052.rlib" "/opt/rustwide/target/debug/deps/libfutures_sink-1231d072cbb7a337.rlib" "/opt/rustwide/target/debug/deps/libcurl-015f92889781b77a.rlib" "/opt/rustwide/target/debug/deps/libcurl_sys-6d2aece99a0bf52a.rlib" "/opt/rustwide/target/debug/deps/libfemme-e9017cbff5ea6ebd.rlib" "/opt/rustwide/target/debug/deps/libconsole-a117ce2d8e3a0acb.rlib" "/opt/rustwide/target/debug/deps/libunicode_width-fc780abc67002227.rlib" "/opt/rustwide/target/debug/deps/libregex-930036e353b5683d.rlib" "/opt/rustwide/target/debug/deps/libaho_corasick-4efc27b8b413d73f.rlib" "/opt/rustwide/target/debug/deps/libregex_syntax-df051bb3664d7987.rlib" "/opt/rustwide/target/debug/deps/libparking_lot-b663eb2c411476f2.rlib" "/opt/rustwide/target/debug/deps/libparking_lot_core-ff11ebea6f2c93ff.rlib" "/opt/rustwide/target/debug/deps/libsmallvec-d559a48e3940c1f0.rlib" "/opt/rustwide/target/debug/deps/liblock_api-63022c77c59bbfcc.rlib" "/opt/rustwide/target/debug/deps/libscopeguard-b35f5c652940acc2.rlib" "/opt/rustwide/target/debug/deps/libinstant-65b44248b363c7fa.rlib" "/opt/rustwide/target/debug/deps/libclicolors_control-a43944476ac90929.rlib" "/opt/rustwide/target/debug/deps/libatty-32e6842fd14a36c1.rlib" "/opt/rustwide/target/debug/deps/libtermios-239ceae86b923a84.rlib" "/opt/rustwide/target/debug/deps/libhttp_types-9475b0b92f2694bd.rlib" "/opt/rustwide/target/debug/deps/libserde_qs-1b66f8ead15b15be.rlib" "/opt/rustwide/target/debug/deps/libthiserror-49f8f3b3bec10201.rlib" "/opt/rustwide/target/debug/deps/libanyhow-51a8871a10332037.rlib" "/opt/rustwide/target/debug/deps/libserde_urlencoded-ec05d175de6d7450.rlib" "/opt/rustwide/target/debug/deps/libserde_json-cc466e2b20be9915.rlib" "/opt/rustwide/target/debug/deps/libryu-aa04a306730705ee.rlib" "/opt/rustwide/target/debug/deps/libitoa-88dc5e7d606068cc.rlib" "/opt/rustwide/target/debug/deps/librand-d0cdbbe0c565d8c9.rlib" "/opt/rustwide/target/debug/deps/librand_chacha-8246e3eb39cdce17.rlib" "/opt/rustwide/target/debug/deps/librand_core-cf5151fdd267dc1f.rlib" "/opt/rustwide/target/debug/deps/libgetrandom-c3274c6cd7a7b485.rlib" "/opt/rustwide/target/debug/deps/libinfer-d29f706886c878be.rlib" "/opt/rustwide/target/debug/deps/liburl-f78cdeb8cb44549e.rlib" "/opt/rustwide/target/debug/deps/libidna-1490133ec5a74fd6.rlib" "/opt/rustwide/target/debug/deps/libunicode_normalization-89a4ae126b277b3c.rlib" "/opt/rustwide/target/debug/deps/libtinyvec-6885cdf29ec8b58c.rlib" "/opt/rustwide/target/debug/deps/libtinyvec_macros-bfeb7a087f0273ce.rlib" "/opt/rustwide/target/debug/deps/libunicode_bidi-d3ecfe40977b4a59.rlib" "/opt/rustwide/target/debug/deps/libform_urlencoded-74b1dcad9e8d80e6.rlib" "/opt/rustwide/target/debug/deps/libserde-fbf322940c833785.rlib" "/opt/rustwide/target/debug/deps/libmatches-e0861c3f10bd1789.rlib" "/opt/rustwide/target/debug/deps/libcookie-98946a1b701d794e.rlib" "/opt/rustwide/target/debug/deps/libhkdf-d7940fea93dc05c5.rlib" "/opt/rustwide/target/debug/deps/libhmac-d10f0729dc14d885.rlib" "/opt/rustwide/target/debug/deps/libcrypto_mac-fc8b621570550bb5.rlib" "/opt/rustwide/target/debug/deps/libsha2-981e46332c0d0892.rlib" "/opt/rustwide/target/debug/deps/libcpufeatures-568e5c51194b9ef5.rlib" "/opt/rustwide/target/debug/deps/libdigest-44781c79ee17fa87.rlib" "/opt/rustwide/target/debug/deps/libblock_buffer-27189272b6410e59.rlib" "/opt/rustwide/target/debug/deps/libaes_gcm-a9a2c4ff6ea9e027.rlib" "/opt/rustwide/target/debug/deps/libghash-803fbb3ec31a2034.rlib" "/opt/rustwide/target/debug/deps/libpolyval-e54b9ca89d76a654.rlib" "/opt/rustwide/target/debug/deps/libcpuid_bool-cf8bb3cd14290955.rlib" "/opt/rustwide/target/debug/deps/libuniversal_hash-a3ca1c2e1e46b140.rlib" "/opt/rustwide/target/debug/deps/libsubtle-4dc33cdd307ea15e.rlib" "/opt/rustwide/target/debug/deps/libctr-bb3cf72b21525224.rlib" "/opt/rustwide/target/debug/deps/libaes-6cbda2d8bdf0b310.rlib" "/opt/rustwide/target/debug/deps/libaes_soft-d4a0c133eb004bb9.rlib" "/opt/rustwide/target/debug/deps/libopaque_debug-15273823c1ba1453.rlib" "/opt/rustwide/target/debug/deps/libcipher-80c582377a5436a0.rlib" "/opt/rustwide/target/debug/deps/libaead-1489d8654f5a6e1f.rlib" "/opt/rustwide/target/debug/deps/libgeneric_array-b731eb36b4697639.rlib" "/opt/rustwide/target/debug/deps/libtypenum-4b247780d87be374.rlib" "/opt/rustwide/target/debug/deps/libbase64-8ea64d3566a9d67e.rlib" "/opt/rustwide/target/debug/deps/librand-9d3acae314ffcb4e.rlib" "/opt/rustwide/target/debug/deps/librand_chacha-d87962c731cca4aa.rlib" "/opt/rustwide/target/debug/deps/libppv_lite86-170061c62a7a96f6.rlib" "/opt/rustwide/target/debug/deps/librand_core-73d983cae1a7b4a6.rlib" "/opt/rustwide/target/debug/deps/libgetrandom-3e6661f5758fbe0c.rlib" "/opt/rustwide/target/debug/deps/libtime-37265a462ad8d884.rlib" "/opt/rustwide/target/debug/deps/libtime_macros-1ae1070302103e9a.rlib" "/opt/rustwide/target/debug/deps/libstandback-86778b4e1bdcda31.rlib" "/opt/rustwide/target/debug/deps/libpercent_encoding-526c9d71c02fb5bb.rlib" "/opt/rustwide/target/debug/deps/libasync_std-9bc72f55f573e1e6.rlib" "/opt/rustwide/target/debug/deps/libasync_global_executor-6ee8ae3bf777b175.rlib" "/opt/rustwide/target/debug/deps/libblocking-cae2e8150676dfd2.rlib" "/opt/rustwide/target/debug/deps/libatomic_waker-4bfa0033227293d4.rlib" "/opt/rustwide/target/debug/deps/libasync_mutex-e925545f5fcf9b82.rlib" "/opt/rustwide/target/debug/deps/libasync_executor-19bb7b3a87ddb92e.rlib" "/opt/rustwide/target/debug/deps/libasync_task-59e08b0db937919c.rlib" "/opt/rustwide/target/debug/deps/libnum_cpus-14832d30b6179859.rlib" "/opt/rustwide/target/debug/deps/libcrossbeam_utils-bf8ae1909b23e097.rlib" "/opt/rustwide/target/debug/deps/liblazy_static-591486ebcb9a7ead.rlib" "/opt/rustwide/target/debug/deps/libasync_process-86e3a9069b946eea.rlib" "/opt/rustwide/target/debug/deps/libsignal_hook-823389d9c5dbeff0.rlib" "/opt/rustwide/target/debug/deps/libsignal_hook_registry-1831dfc47346fee3.rlib" "/opt/rustwide/target/debug/deps/libasync_io-c03872552d72b5b4.rlib" "/opt/rustwide/target/debug/deps/libslab-3fdda774eccf4f9f.rlib" "/opt/rustwide/target/debug/deps/libpolling-4db53780f3f1fa7c.rlib" "/opt/rustwide/target/debug/deps/libonce_cell-5e1d6083c59d0e91.rlib" "/opt/rustwide/target/debug/deps/libsocket2-b7597134122bf590.rlib" "/opt/rustwide/target/debug/deps/liblibc-00eea81a100e9efe.rlib" "/opt/rustwide/target/debug/deps/libfutures_lite-933f751793a296d9.rlib" "/opt/rustwide/target/debug/deps/libmemchr-651b9a52835bc194.rlib" "/opt/rustwide/target/debug/deps/libfastrand-92bc9144d34db899.rlib" "/opt/rustwide/target/debug/deps/libwaker_fn-22984b605b7992c0.rlib" "/opt/rustwide/target/debug/deps/libparking-a64765005b191951.rlib" "/opt/rustwide/target/debug/deps/libfutures_io-0f33a42c787b6576.rlib" "/opt/rustwide/target/debug/deps/libasync_channel-6678d85ebaf30c35.rlib" "/opt/rustwide/target/debug/deps/libconcurrent_queue-d1f360b30c887998.rlib" "/opt/rustwide/target/debug/deps/libcache_padded-92726bcff2e9102c.rlib" "/opt/rustwide/target/debug/deps/libasync_lock-e9d635df84e0a0f7.rlib" "/opt/rustwide/target/debug/deps/libevent_listener-a00bf73acc37862a.rlib" "/opt/rustwide/target/debug/deps/libpin_project_lite-c675bd61a64207ec.rlib" "/opt/rustwide/target/debug/deps/libpin_utils-741f7d9d160e4a16.rlib" "/opt/rustwide/target/debug/deps/libfutures_core-bdee8c5affbdd6a8.rlib" "/opt/rustwide/target/debug/deps/libkv_log_macro-b6d741e969b2ee06.rlib" "/opt/rustwide/target/debug/deps/liblog-1a8d6027a3ff4dc9.rlib" "/opt/rustwide/target/debug/deps/libvalue_bag-7baca611e126a5eb.rlib" "/opt/rustwide/target/debug/deps/libcfg_if-61dc7a6799e72b18.rlib" "/opt/rustwide/rustup-home/toolchains/1.75.0-x86_64-unknown-linux-gnu/lib/rustlib/x86_64-unknown-linux-gnu/lib/libstd-90f6ddbf82de36ec.rlib" "/opt/rustwide/rustup-home/toolchains/1.75.0-x86_64-unknown-linux-gnu/lib/rustlib/x86_64-unknown-linux-gnu/lib/libpanic_unwind-480c41e9d4e1f677.rlib" "/opt/rustwide/rustup-home/toolchains/1.75.0-x86_64-unknown-linux-gnu/lib/rustlib/x86_64-unknown-linux-gnu/lib/libobject-db744c0ca03eed1d.rlib" "/opt/rustwide/rustup-home/toolchains/1.75.0-x86_64-unknown-linux-gnu/lib/rustlib/x86_64-unknown-linux-gnu/lib/libmemchr-8ba652dc7d4b285a.rlib" "/opt/rustwide/rustup-home/toolchains/1.75.0-x86_64-unknown-linux-gnu/lib/rustlib/x86_64-unknown-linux-gnu/lib/libaddr2line-d5f4520a9ebc0d58.rlib" "/opt/rustwide/rustup-home/toolchains/1.75.0-x86_64-unknown-linux-gnu/lib/rustlib/x86_64-unknown-linux-gnu/lib/libgimli-4ad84de58f0cb463.rlib" "/opt/rustwide/rustup-home/toolchains/1.75.0-x86_64-unknown-linux-gnu/lib/rustlib/x86_64-unknown-linux-gnu/lib/librustc_demangle-0d10aae2e0f38735.rlib" "/opt/rustwide/rustup-home/toolchains/1.75.0-x86_64-unknown-linux-gnu/lib/rustlib/x86_64-unknown-linux-gnu/lib/libstd_detect-0c17cff739e6745b.rlib" "/opt/rustwide/rustup-home/toolchains/1.75.0-x86_64-unknown-linux-gnu/lib/rustlib/x86_64-unknown-linux-gnu/lib/libhashbrown-b29e17139dde1aa8.rlib" "/opt/rustwide/rustup-home/toolchains/1.75.0-x86_64-unknown-linux-gnu/lib/rustlib/x86_64-unknown-linux-gnu/lib/librustc_std_workspace_alloc-1f975299829cc7bd.rlib" "/opt/rustwide/rustup-home/toolchains/1.75.0-x86_64-unknown-linux-gnu/lib/rustlib/x86_64-unknown-linux-gnu/lib/libminiz_oxide-86bae3bc3079f89b.rlib" "/opt/rustwide/rustup-home/toolchains/1.75.0-x86_64-unknown-linux-gnu/lib/rustlib/x86_64-unknown-linux-gnu/lib/libadler-321b82c30dffdf5f.rlib" "/opt/rustwide/rustup-home/toolchains/1.75.0-x86_64-unknown-linux-gnu/lib/rustlib/x86_64-unknown-linux-gnu/lib/libunwind-3dd8a6810a0bdfef.rlib" "/opt/rustwide/rustup-home/toolchains/1.75.0-x86_64-unknown-linux-gnu/lib/rustlib/x86_64-unknown-linux-gnu/lib/libcfg_if-eb39a61c0c879984.rlib" "/opt/rustwide/rustup-home/toolchains/1.75.0-x86_64-unknown-linux-gnu/lib/rustlib/x86_64-unknown-linux-gnu/lib/liblibc-aa769569f91c3548.rlib" "/opt/rustwide/rustup-home/toolchains/1.75.0-x86_64-unknown-linux-gnu/lib/rustlib/x86_64-unknown-linux-gnu/lib/liballoc-510a192a50a983ed.rlib" "/opt/rustwide/rustup-home/toolchains/1.75.0-x86_64-unknown-linux-gnu/lib/rustlib/x86_64-unknown-linux-gnu/lib/librustc_std_workspace_core-0577018320f99037.rlib" "/opt/rustwide/rustup-home/toolchains/1.75.0-x86_64-unknown-linux-gnu/lib/rustlib/x86_64-unknown-linux-gnu/lib/libcore-193cf992125ccd4c.rlib" "/opt/rustwide/rustup-home/toolchains/1.75.0-x86_64-unknown-linux-gnu/lib/rustlib/x86_64-unknown-linux-gnu/lib/libcompiler_builtins-8e138eaf26ebb4a8.rlib" "-Wl,-Bdynamic" "-lcurl" "-lc" "-lgcc_s" "-lutil" "-lrt" "-lpthread" "-lm" "-ldl" "-lc" "-Wl,--eh-frame-hdr" "-Wl,-z,noexecstack" "-L" "/opt/rustwide/rustup-home/toolchains/1.75.0-x86_64-unknown-linux-gnu/lib/rustlib/x86_64-unknown-linux-gnu/lib" "-o" "/opt/rustwide/target/debug/examples/persistent-2bb9f4dd861af974" "-Wl,--gc-sections" "-pie" "-Wl,-z,relro,-z,now" "-nodefaultlibs"
[INFO] [stdout]   = note: collect2: fatal error: ld terminated with signal 9 [Killed]
[INFO] [stdout]           compilation terminated.
[INFO] [stdout]           
[INFO] [stdout] 
[INFO] [stdout] 
[INFO] [stdout] error: aborting due to previous error
[INFO] [stdout] 
[INFO] [stdout] 
[INFO] [stderr] error: could not compile `surf` (example "persistent") due to 2 previous errors
[INFO] running `Command { std: "docker" "inspect" "f3e1fb45d405cd34f26206d3220c9a5fc556104111a42a4d40f90a93dde5c9c7", kill_on_drop: false }`
[INFO] running `Command { std: "docker" "rm" "-f" "f3e1fb45d405cd34f26206d3220c9a5fc556104111a42a4d40f90a93dde5c9c7", kill_on_drop: false }`
[INFO] [stdout] f3e1fb45d405cd34f26206d3220c9a5fc556104111a42a4d40f90a93dde5c9c7
[INFO] testing surf-2.3.2 against beta-2023-12-22 for beta-1.76-1
[INFO] extracting crate surf 2.3.2 into /workspace/builds/worker-7-tc2/source
[INFO] validating manifest of crates.io crate surf 2.3.2 on toolchain beta-2023-12-22
[INFO] running `Command { std: CARGO_HOME="/workspace/cargo-home" RUSTUP_HOME="/workspace/rustup-home" "/workspace/cargo-home/bin/cargo" "+beta-2023-12-22" "metadata" "--manifest-path" "Cargo.toml" "--no-deps", kill_on_drop: false }`
[INFO] started tweaking crates.io crate surf 2.3.2
[INFO] finished tweaking crates.io crate surf 2.3.2
[INFO] tweaked toml for crates.io crate surf 2.3.2 written to /workspace/builds/worker-7-tc2/source/Cargo.toml
[INFO] crate crates.io crate surf 2.3.2 already has a lockfile, it will not be regenerated
[INFO] running `Command { std: CARGO_HOME="/workspace/cargo-home" RUSTUP_HOME="/workspace/rustup-home" "/workspace/cargo-home/bin/cargo" "+beta-2023-12-22" "fetch" "--manifest-path" "Cargo.toml", kill_on_drop: false }`
[INFO] [stderr]     Blocking waiting for file lock on package cache
[INFO] running `Command { std: "docker" "create" "-v" "/var/lib/crater-agent-workspace/builds/worker-7-tc2/target:/opt/rustwide/target:rw,Z" "-v" "/var/lib/crater-agent-workspace/builds/worker-7-tc2/source:/opt/rustwide/workdir:ro,Z" "-v" "/var/lib/crater-agent-workspace/cargo-home:/opt/rustwide/cargo-home:ro,Z" "-v" "/var/lib/crater-agent-workspace/rustup-home:/opt/rustwide/rustup-home:ro,Z" "-e" "SOURCE_DIR=/opt/rustwide/workdir" "-e" "CARGO_TARGET_DIR=/opt/rustwide/target" "-e" "CARGO_HOME=/opt/rustwide/cargo-home" "-e" "RUSTUP_HOME=/opt/rustwide/rustup-home" "-w" "/opt/rustwide/workdir" "-m" "1610612736" "--user" "0:0" "--network" "none" "ghcr.io/rust-lang/crates-build-env/linux@sha256:2788e3201cd34a07e3172128adcd8b3090168a8e3bcc40d7c032b9dda1df7d1c" "/opt/rustwide/cargo-home/bin/cargo" "+beta-2023-12-22" "metadata" "--no-deps" "--format-version=1", kill_on_drop: false }`
[INFO] [stdout] cd93162c36250f8f496341b7cf4da8a0be71c4e8ea3f63089cf90bfe2f2f04c3
[INFO] running `Command { std: "docker" "start" "-a" "cd93162c36250f8f496341b7cf4da8a0be71c4e8ea3f63089cf90bfe2f2f04c3", kill_on_drop: false }`
[INFO] running `Command { std: "docker" "inspect" "cd93162c36250f8f496341b7cf4da8a0be71c4e8ea3f63089cf90bfe2f2f04c3", kill_on_drop: false }`
[INFO] running `Command { std: "docker" "rm" "-f" "cd93162c36250f8f496341b7cf4da8a0be71c4e8ea3f63089cf90bfe2f2f04c3", kill_on_drop: false }`
[INFO] [stdout] cd93162c36250f8f496341b7cf4da8a0be71c4e8ea3f63089cf90bfe2f2f04c3
[INFO] running `Command { std: "docker" "create" "-v" "/var/lib/crater-agent-workspace/builds/worker-7-tc2/target:/opt/rustwide/target:rw,Z" "-v" "/var/lib/crater-agent-workspace/builds/worker-7-tc2/source:/opt/rustwide/workdir:ro,Z" "-v" "/var/lib/crater-agent-workspace/cargo-home:/opt/rustwide/cargo-home:ro,Z" "-v" "/var/lib/crater-agent-workspace/rustup-home:/opt/rustwide/rustup-home:ro,Z" "-e" "SOURCE_DIR=/opt/rustwide/workdir" "-e" "CARGO_TARGET_DIR=/opt/rustwide/target" "-e" "CARGO_INCREMENTAL=0" "-e" "RUST_BACKTRACE=full" "-e" "RUSTFLAGS=--cap-lints=warn" "-e" "RUSTDOCFLAGS=--cap-lints=warn" "-e" "CARGO_HOME=/opt/rustwide/cargo-home" "-e" "RUSTUP_HOME=/opt/rustwide/rustup-home" "-w" "/opt/rustwide/workdir" "-m" "1610612736" "--user" "0:0" "--network" "none" "ghcr.io/rust-lang/crates-build-env/linux@sha256:2788e3201cd34a07e3172128adcd8b3090168a8e3bcc40d7c032b9dda1df7d1c" "/opt/rustwide/cargo-home/bin/cargo" "+beta-2023-12-22" "build" "--frozen" "--message-format=json", kill_on_drop: false }`
[INFO] [stdout] 5d1ee80168ae363381a7200406b41f8eb882cd803e64a96313f1ba7862f79eee
[INFO] running `Command { std: "docker" "start" "-a" "5d1ee80168ae363381a7200406b41f8eb882cd803e64a96313f1ba7862f79eee", kill_on_drop: false }`
[INFO] [stderr]    Compiling version_check v0.9.3
[INFO] [stderr]    Compiling proc-macro2 v1.0.32
[INFO] [stderr]    Compiling unicode-xid v0.2.2
[INFO] [stderr]    Compiling syn v1.0.81
[INFO] [stderr]    Compiling libc v0.2.106
[INFO] [stderr]    Compiling typenum v1.14.0
[INFO] [stderr]    Compiling log v0.4.14
[INFO] [stderr]    Compiling sval v1.0.0-alpha.5
[INFO] [stderr]    Compiling cc v1.0.71
[INFO] [stderr]    Compiling futures-core v0.3.17
[INFO] [stderr]    Compiling value-bag v1.0.0-alpha.8
[INFO] [stderr]    Compiling generic-array v0.14.4
[INFO] [stderr]    Compiling pkg-config v0.3.22
[INFO] [stderr]    Compiling serde_derive v1.0.130
[INFO] [stderr]    Compiling quote v1.0.10
[INFO] [stderr]    Compiling memchr v2.4.1
[INFO] [stderr]    Compiling pin-project-lite v0.2.7
[INFO] [stderr]    Compiling futures-io v0.3.17
[INFO] [stderr]    Compiling cache-padded v1.1.1
[INFO] [stderr]    Compiling serde v1.0.130
[INFO] [stderr]    Compiling event-listener v2.5.1
[INFO] [stderr]    Compiling concurrent-queue v1.2.2
[INFO] [stderr]    Compiling proc-macro-hack v0.5.19
[INFO] [stderr]    Compiling subtle v2.4.1
[INFO] [stderr]    Compiling parking v2.0.0
[INFO] [stderr]    Compiling waker-fn v1.1.0
[INFO] [stderr]    Compiling fastrand v1.5.0
[INFO] [stderr]    Compiling libnghttp2-sys v0.1.7+1.45.0
[INFO] [stderr]    Compiling openssl-sys v0.9.70
[INFO] [stderr]    Compiling libz-sys v1.1.3
[INFO] [stderr]    Compiling slab v0.4.5
[INFO] [stderr]    Compiling opaque-debug v0.3.0
[INFO] [stderr]    Compiling once_cell v1.8.0
[INFO] [stderr]    Compiling futures-lite v1.12.0
[INFO] [stderr]    Compiling socket2 v0.4.2
[INFO] [stderr]    Compiling standback v0.2.17
[INFO] [stderr]    Compiling wasm-bindgen-shared v0.2.78
[INFO] [stderr]    Compiling cipher v0.2.5
[INFO] [stderr]    Compiling curl-sys v0.4.49+curl-7.79.1
[INFO] [stderr]    Compiling async-channel v1.6.1
[INFO] [stderr]    Compiling matches v0.1.9
[INFO] [stderr]    Compiling serde_json v1.0.68
[INFO] [stderr]    Compiling getrandom v0.1.16
[INFO] [stderr]    Compiling ppv-lite86 v0.2.15
[INFO] [stderr]    Compiling tinyvec v1.5.0
[INFO] [stderr]    Compiling universal-hash v0.4.1
[INFO] [stderr]    Compiling digest v0.9.0
[INFO] [stderr]    Compiling getrandom v0.2.3
[INFO] [stderr]    Compiling cpuid-bool v0.2.0
[INFO] [stderr]    Compiling bumpalo v3.8.0
[INFO] [stderr]    Compiling const_fn v0.4.8
[INFO] [stderr]    Compiling async-task v4.0.3
[INFO] [stderr]    Compiling signal-hook v0.3.10
[INFO] [stderr]    Compiling crossbeam-utils v0.8.5
[INFO] [stderr]    Compiling rand_core v0.6.3
[INFO] [stderr]    Compiling polyval v0.4.5
[INFO] [stderr]    Compiling form_urlencoded v1.0.1
[INFO] [stderr]    Compiling aes-soft v0.6.4
[INFO] [stderr]    Compiling crypto-mac v0.10.1
[INFO] [stderr]    Compiling signal-hook-registry v1.4.0
[INFO] [stderr]    Compiling num_cpus v1.13.0
[INFO] [stderr]    Compiling time v0.2.27
[INFO] [stderr]    Compiling unicase v2.6.0
[INFO] [stderr]    Compiling unicode-bidi v0.3.7
[INFO] [stderr]    Compiling atomic-waker v1.0.0
[INFO] [stderr]    Compiling lock_api v0.4.5
[INFO] [stderr]    Compiling unicode-normalization v0.1.19
[INFO] [stderr]    Compiling blocking v1.0.2
[INFO] [stderr]    Compiling aes v0.6.0
[INFO] [stderr]    Compiling hmac v0.10.1
[INFO] [stderr]    Compiling ghash v0.3.1
[INFO] [stderr]    Compiling rand_core v0.5.1
[INFO] [stderr]    Compiling rand_chacha v0.3.1
[INFO] [stderr]    Compiling async-executor v1.4.1
[INFO] [stderr]    Compiling ctr v0.6.0
[INFO] [stderr]    Compiling aead v0.3.2
[INFO] [stderr]    Compiling idna v0.2.3
[INFO] [stderr]    Compiling block-buffer v0.9.0
[INFO] [stderr]    Compiling async-mutex v1.4.0
[INFO] [stderr]    Compiling tracing-core v0.1.21
[INFO] [stderr]    Compiling cookie v0.14.4
[INFO] [stderr]    Compiling anyhow v1.0.44
[INFO] [stderr]    Compiling curl v0.4.39
[INFO] [stderr]    Compiling wasm-bindgen v0.2.78
[INFO] [stderr]    Compiling cpufeatures v0.2.1
[INFO] [stderr]    Compiling sha2 v0.9.8
[INFO] [stderr]    Compiling aes-gcm v0.8.0
[INFO] [stderr]    Compiling rand v0.8.4
[INFO] [stderr]    Compiling rand_chacha v0.2.2
[INFO] [stderr]    Compiling hkdf v0.10.0
[INFO] [stderr]    Compiling spinning_top v0.2.4
[INFO] [stderr]    Compiling async-lock v2.4.0
[INFO] [stderr]    Compiling futures-macro v0.3.17
[INFO] [stderr]    Compiling futures-sink v0.3.17
[INFO] [stderr]    Compiling base64 v0.13.0
[INFO] [stderr]    Compiling futures-task v0.3.17
[INFO] [stderr]    Compiling openssl-probe v0.1.4
[INFO] [stderr]    Compiling bytes v1.1.0
[INFO] [stderr]    Compiling http-types v2.12.0
[INFO] [stderr]    Compiling isahc v0.9.14
[INFO] [stderr]    Compiling proc-macro-nested v0.1.7
[INFO] [stderr]    Compiling async-trait v0.1.51
[INFO] [stderr]    Compiling flume v0.9.2
[INFO] [stderr]    Compiling http v0.2.5
[INFO] [stderr]    Compiling mime_guess v2.0.3
[INFO] [stderr]    Compiling rand v0.7.3
[INFO] [stderr]    Compiling sluice v0.5.5
[INFO] [stderr]    Compiling futures-util v0.3.17
[INFO] [stderr]    Compiling infer v0.2.3
[INFO] [stderr]    Compiling encoding_rs v0.8.29
[INFO] [stderr]    Compiling bytes v0.5.6
[INFO] [stderr]    Compiling dashmap v4.0.2
[INFO] [stderr]    Compiling ctor v0.1.21
[INFO] [stderr]    Compiling time-macros-impl v0.1.2
[INFO] [stderr]    Compiling tracing-attributes v0.1.18
[INFO] [stderr]    Compiling pin-project-internal v1.0.8
[INFO] [stderr]    Compiling thiserror-impl v1.0.30
[INFO] [stderr]    Compiling time-macros v0.1.1
[INFO] [stderr]    Compiling async-attributes v1.1.2
[INFO] [stderr]    Compiling pin-project v1.0.8
[INFO] [stderr]    Compiling polling v2.1.0
[INFO] [stderr]    Compiling wasm-bindgen-backend v0.2.78
[INFO] [stderr]    Compiling tracing v0.1.29
[INFO] [stderr]    Compiling async-io v1.6.0
[INFO] [stderr]    Compiling thiserror v1.0.30
[INFO] [stderr]    Compiling kv-log-macro v1.0.7
[INFO] [stderr]    Compiling tracing-futures v0.2.5
[INFO] [stderr]    Compiling wasm-bindgen-macro-support v0.2.78
[INFO] [stderr]    Compiling async-global-executor v2.0.2
[INFO] [stderr]    Compiling async-process v1.2.0
[INFO] [stderr]    Compiling async-std v1.10.0
[INFO] [stderr]    Compiling wasm-bindgen-macro v0.2.78
[INFO] [stderr]    Compiling url v2.2.2
[INFO] [stderr]    Compiling serde_qs v0.8.5
[INFO] [stderr]    Compiling serde_urlencoded v0.7.0
[INFO] [stderr]    Compiling js-sys v0.3.55
[INFO] [stderr]    Compiling http-client v6.5.1
[INFO] [stderr]    Compiling web-sys v0.3.55
[INFO] [stderr]    Compiling surf v2.3.2 (/opt/rustwide/workdir)
[INFO] [stderr]     Finished dev [unoptimized + debuginfo] target(s) in 42.34s
[INFO] running `Command { std: "docker" "inspect" "5d1ee80168ae363381a7200406b41f8eb882cd803e64a96313f1ba7862f79eee", kill_on_drop: false }`
[INFO] running `Command { std: "docker" "rm" "-f" "5d1ee80168ae363381a7200406b41f8eb882cd803e64a96313f1ba7862f79eee", kill_on_drop: false }`
[INFO] [stdout] 5d1ee80168ae363381a7200406b41f8eb882cd803e64a96313f1ba7862f79eee
[INFO] running `Command { std: "docker" "create" "-v" "/var/lib/crater-agent-workspace/builds/worker-7-tc2/target:/opt/rustwide/target:rw,Z" "-v" "/var/lib/crater-agent-workspace/builds/worker-7-tc2/source:/opt/rustwide/workdir:ro,Z" "-v" "/var/lib/crater-agent-workspace/cargo-home:/opt/rustwide/cargo-home:ro,Z" "-v" "/var/lib/crater-agent-workspace/rustup-home:/opt/rustwide/rustup-home:ro,Z" "-e" "SOURCE_DIR=/opt/rustwide/workdir" "-e" "CARGO_TARGET_DIR=/opt/rustwide/target" "-e" "CARGO_INCREMENTAL=0" "-e" "RUST_BACKTRACE=full" "-e" "RUSTFLAGS=--cap-lints=warn" "-e" "RUSTDOCFLAGS=--cap-lints=warn" "-e" "CARGO_HOME=/opt/rustwide/cargo-home" "-e" "RUSTUP_HOME=/opt/rustwide/rustup-home" "-w" "/opt/rustwide/workdir" "-m" "1610612736" "--user" "0:0" "--network" "none" "ghcr.io/rust-lang/crates-build-env/linux@sha256:2788e3201cd34a07e3172128adcd8b3090168a8e3bcc40d7c032b9dda1df7d1c" "/opt/rustwide/cargo-home/bin/cargo" "+beta-2023-12-22" "test" "--frozen" "--no-run" "--message-format=json", kill_on_drop: false }`
[INFO] [stdout] 3843b930ac4ad5c93ac4afac2dacc2f130f56ab8345322857701fd4e68799e34
[INFO] running `Command { std: "docker" "start" "-a" "3843b930ac4ad5c93ac4afac2dacc2f130f56ab8345322857701fd4e68799e34", kill_on_drop: false }`
[INFO] [stderr]    Compiling proc-macro2 v0.4.30
[INFO] [stderr]    Compiling num-traits v0.2.14
[INFO] [stderr]    Compiling proc-macro-error-attr v1.0.4
[INFO] [stderr]    Compiling unicode-xid v0.1.0
[INFO] [stderr]    Compiling miniz_oxide v0.4.4
[INFO] [stderr]    Compiling num-integer v0.1.44
[INFO] [stderr]    Compiling proc-macro-error v1.0.4
[INFO] [stderr]    Compiling parking_lot_core v0.8.5
[INFO] [stderr]    Compiling httparse v1.5.1
[INFO] [stderr]    Compiling syn v0.15.44
[INFO] [stderr]    Compiling crossbeam-queue v0.3.2
[INFO] [stderr]    Compiling aho-corasick v0.7.18
[INFO] [stderr]    Compiling crypto-mac v0.8.0
[INFO] [stderr]    Compiling atty v0.2.14
[INFO] [stderr]    Compiling blake3 v0.3.8
[INFO] [stderr]    Compiling quote v0.6.13
[INFO] [stderr]    Compiling backtrace v0.3.63
[INFO] [stderr]    Compiling instant v0.1.12
[INFO] [stderr]    Compiling smallvec v1.7.0
[INFO] [stderr]    Compiling regex-syntax v0.6.25
[INFO] [stderr]    Compiling gimli v0.26.0
[INFO] [stderr]    Compiling object v0.27.1
[INFO] [stderr]    Compiling simple-mutex v1.1.5
[INFO] [stderr]    Compiling time v0.1.43
[INFO] [stderr]    Compiling rustc-demangle v0.1.21
[INFO] [stderr]    Compiling stable_deref_trait v1.2.0
[INFO] [stderr]    Compiling constant_time_eq v0.1.5
[INFO] [stderr]    Compiling arrayref v0.3.6
[INFO] [stderr]    Compiling arrayvec v0.5.2
[INFO] [stderr]    Compiling byte-pool v0.2.3
[INFO] [stderr]    Compiling chrono v0.4.19
[INFO] [stderr]    Compiling async-dup v1.2.2
[INFO] [stderr]    Compiling extend v0.1.2
[INFO] [stderr]    Compiling regex v1.5.4
[INFO] [stderr]    Compiling addr2line v0.17.0
[INFO] [stderr]    Compiling parking_lot v0.11.2
[INFO] [stderr]    Compiling hmac v0.8.1
[INFO] [stderr]    Compiling bincode v1.3.3
[INFO] [stderr]    Compiling clicolors-control v1.0.1
[INFO] [stderr]    Compiling termios v0.3.3
[INFO] [stderr]    Compiling base64 v0.12.3
[INFO] [stderr]    Compiling unicode-width v0.1.9
[INFO] [stderr]    Compiling pin-project-lite v0.1.12
[INFO] [stderr]    Compiling console v0.7.7
[INFO] [stderr]    Compiling async-sse v4.1.0
[INFO] [stderr]    Compiling async-session v2.0.1
[INFO] [stderr]    Compiling assert-json-diff v1.1.0
[INFO] [stderr]    Compiling async-h1 v2.3.2
[INFO] [stderr]    Compiling colored v1.9.3
[INFO] [stderr]    Compiling femme v2.1.1
[INFO] [stderr]    Compiling route-recognizer v0.2.0
[INFO] [stderr]    Compiling mockito v0.23.3
[INFO] [stderr]    Compiling tide v0.16.0
[INFO] [stderr]    Compiling async-log-attributes v1.0.1
[INFO] [stderr]    Compiling async-log v1.1.0
[INFO] [stderr]    Compiling femme v1.3.0
[INFO] [stderr]    Compiling surf v2.3.2 (/opt/rustwide/workdir)
[INFO] [stdout] error: linking with `cc` failed: exit status: 1
[INFO] [stdout]   |
[INFO] [stdout]   = note: LC_ALL="C" PATH="/opt/rustwide/rustup-home/toolchains/beta-2023-12-22-x86_64-unknown-linux-gnu/lib/rustlib/x86_64-unknown-linux-gnu/bin:/opt/rustwide/cargo-home/bin:/usr/local/sbin:/usr/local/bin:/usr/sbin:/usr/bin:/sbin:/bin" VSLANG="1033" "cc" "-m64" "/tmp/rustcBVCZRF/symbols.o" "/opt/rustwide/target/debug/examples/post-1b8938bc805de7bf.post.11dfbb23ac177a39-cgu.0.rcgu.o" "/opt/rustwide/target/debug/examples/post-1b8938bc805de7bf.o88tgxtesdxcapi.rcgu.o" "-Wl,--as-needed" "-L" "/opt/rustwide/target/debug/deps" "-L" "/usr/lib/x86_64-linux-gnu" "-L" "/opt/rustwide/target/debug/build/libnghttp2-sys-dc87f328127fb9e4/out/i/lib" "-L" "/opt/rustwide/target/debug/build/blake3-766e182f7c5da11d/out" "-L" "/opt/rustwide/target/debug/build/blake3-766e182f7c5da11d/out" "-L" "/opt/rustwide/rustup-home/toolchains/beta-2023-12-22-x86_64-unknown-linux-gnu/lib/rustlib/x86_64-unknown-linux-gnu/lib" "-Wl,-Bstatic" "/opt/rustwide/target/debug/deps/libsurf-f203125cefab683b.rlib" "/opt/rustwide/target/debug/deps/libmime_guess-b172641c22bea03f.rlib" "/opt/rustwide/target/debug/deps/libunicase-16cee196be35f81e.rlib" "/opt/rustwide/target/debug/deps/libmime-d5b83fc07afe1071.rlib" "/opt/rustwide/target/debug/deps/libencoding_rs-888568047644999e.rlib" "/opt/rustwide/target/debug/deps/libfutures_util-22c7bf9e66ff63ec.rlib" "/opt/rustwide/target/debug/deps/libfutures_task-6895abb517026daf.rlib" "/opt/rustwide/target/debug/deps/libhttp_client-0adfb1ba551c01c7.rlib" "/opt/rustwide/target/debug/deps/libisahc-4815571decc9195a.rlib" "/opt/rustwide/target/debug/deps/libsluice-ff400734c138a0e2.rlib" "/opt/rustwide/target/debug/deps/libtracing_futures-5aff0aa56183b163.rlib" "/opt/rustwide/target/debug/deps/libtracing-704c1b0aea9b7829.rlib" "/opt/rustwide/target/debug/deps/libtracing_core-667a4df523144730.rlib" "/opt/rustwide/target/debug/deps/libpin_project-9c165478a20218d1.rlib" "/opt/rustwide/target/debug/deps/libhttp-6dd80f6549c192fb.rlib" "/opt/rustwide/target/debug/deps/libbytes-cc9c49d7958180b3.rlib" "/opt/rustwide/target/debug/deps/libfnv-953831fe314029b4.rlib" "/opt/rustwide/target/debug/deps/libbytes-de5719fbf9674f6a.rlib" "/opt/rustwide/target/debug/deps/libflume-c09b74da51350c31.rlib" "/opt/rustwide/target/debug/deps/libspinning_top-d56ff4d74d0b1439.rlib" "/opt/rustwide/target/debug/deps/libfutures_sink-75c946aff888f158.rlib" "/opt/rustwide/target/debug/deps/libcurl-0b54bb0285b92ce6.rlib" "/opt/rustwide/target/debug/deps/libcurl_sys-08eec7effeea98db.rlib" "/opt/rustwide/target/debug/deps/libfemme-38a3a3f9c3638d5f.rlib" "/opt/rustwide/target/debug/deps/libconsole-92d186d7680c520a.rlib" "/opt/rustwide/target/debug/deps/libunicode_width-1ea9e5aafc4aa3f4.rlib" "/opt/rustwide/target/debug/deps/libregex-cbf51bee11e8baa7.rlib" "/opt/rustwide/target/debug/deps/libaho_corasick-568b0d6cd2919161.rlib" "/opt/rustwide/target/debug/deps/libregex_syntax-4577c841cfe0367b.rlib" "/opt/rustwide/target/debug/deps/libparking_lot-83b407fe7061d6ee.rlib" "/opt/rustwide/target/debug/deps/libparking_lot_core-c88d51c579ea407e.rlib" "/opt/rustwide/target/debug/deps/libsmallvec-2009b1c4d251fbd1.rlib" "/opt/rustwide/target/debug/deps/liblock_api-92cbc39673177ee5.rlib" "/opt/rustwide/target/debug/deps/libscopeguard-31f1b56a39f2a372.rlib" "/opt/rustwide/target/debug/deps/libinstant-3aa96c1efb8242b8.rlib" "/opt/rustwide/target/debug/deps/libclicolors_control-576156905148ac82.rlib" "/opt/rustwide/target/debug/deps/libatty-88ba073e73540468.rlib" "/opt/rustwide/target/debug/deps/libtermios-78434a4de3832ac9.rlib" "/opt/rustwide/target/debug/deps/libhttp_types-bd3f9d38871c2fe0.rlib" "/opt/rustwide/target/debug/deps/libserde_qs-0e82322d257ca6f1.rlib" "/opt/rustwide/target/debug/deps/libthiserror-a1c3f99e4ba786c7.rlib" "/opt/rustwide/target/debug/deps/libanyhow-b972be3d89cde466.rlib" "/opt/rustwide/target/debug/deps/libserde_urlencoded-f0ff8fa62f63644a.rlib" "/opt/rustwide/target/debug/deps/librand-4740c852d7ed57e5.rlib" "/opt/rustwide/target/debug/deps/librand_chacha-81f7dd9842c9b64f.rlib" "/opt/rustwide/target/debug/deps/librand_core-49fcd58854d7152c.rlib" "/opt/rustwide/target/debug/deps/libgetrandom-2ed6cffd8be16d7b.rlib" "/opt/rustwide/target/debug/deps/libinfer-e19e0e58bffc2c58.rlib" "/opt/rustwide/target/debug/deps/liburl-36ddd0cc7f172e34.rlib" "/opt/rustwide/target/debug/deps/libidna-b728a5a06ebf16a2.rlib" "/opt/rustwide/target/debug/deps/libunicode_normalization-1d9fe17dc5a42454.rlib" "/opt/rustwide/target/debug/deps/libtinyvec-e94a52927b06b2ed.rlib" "/opt/rustwide/target/debug/deps/libtinyvec_macros-2b90caf71be257df.rlib" "/opt/rustwide/target/debug/deps/libunicode_bidi-9e22f06d2a04cff1.rlib" "/opt/rustwide/target/debug/deps/libform_urlencoded-ae8f37993c92f9fc.rlib" "/opt/rustwide/target/debug/deps/libmatches-7dacc739f2471d9d.rlib" "/opt/rustwide/target/debug/deps/libcookie-8ca75bb18e51a768.rlib" "/opt/rustwide/target/debug/deps/libhkdf-2c438f8cc2ed2652.rlib" "/opt/rustwide/target/debug/deps/libhmac-219876f8da76fa08.rlib" "/opt/rustwide/target/debug/deps/libcrypto_mac-0bb8d4859838e558.rlib" "/opt/rustwide/target/debug/deps/libsha2-3b6eda37e2e8547a.rlib" "/opt/rustwide/target/debug/deps/libcpufeatures-9a6b0d33d2e85a8b.rlib" "/opt/rustwide/target/debug/deps/libdigest-dfe153c9a72ce0db.rlib" "/opt/rustwide/target/debug/deps/libblock_buffer-a53e1eeee4b352b4.rlib" "/opt/rustwide/target/debug/deps/libaes_gcm-1a01f102481af72b.rlib" "/opt/rustwide/target/debug/deps/libghash-f9e2dfed4130fdb3.rlib" "/opt/rustwide/target/debug/deps/libpolyval-202bfabb06925b5f.rlib" "/opt/rustwide/target/debug/deps/libcpuid_bool-12485a1b0d66042a.rlib" "/opt/rustwide/target/debug/deps/libuniversal_hash-8b6c7ef25bf6e9b7.rlib" "/opt/rustwide/target/debug/deps/libsubtle-7a0923624edc433d.rlib" "/opt/rustwide/target/debug/deps/libctr-5cb67dddbbc49052.rlib" "/opt/rustwide/target/debug/deps/libaes-b688728bb277925d.rlib" "/opt/rustwide/target/debug/deps/libaes_soft-0074a400d015719b.rlib" "/opt/rustwide/target/debug/deps/libopaque_debug-75789ad55cd94475.rlib" "/opt/rustwide/target/debug/deps/libcipher-3424acc75c9a2dfb.rlib" "/opt/rustwide/target/debug/deps/libaead-7bd94783393cb01a.rlib" "/opt/rustwide/target/debug/deps/libgeneric_array-afc952d990b520bd.rlib" "/opt/rustwide/target/debug/deps/libtypenum-b3ac8b304d2ff271.rlib" "/opt/rustwide/target/debug/deps/libbase64-450a6d9dcba13b9b.rlib" "/opt/rustwide/target/debug/deps/librand-a1cad703a40cf774.rlib" "/opt/rustwide/target/debug/deps/librand_chacha-ce96c83c93a60437.rlib" "/opt/rustwide/target/debug/deps/libppv_lite86-3672980f5b34fb58.rlib" "/opt/rustwide/target/debug/deps/librand_core-6f7efd05fdea0970.rlib" "/opt/rustwide/target/debug/deps/libgetrandom-2fdf916a549f7a77.rlib" "/opt/rustwide/target/debug/deps/libtime-992d48ac38f52e8f.rlib" "/opt/rustwide/target/debug/deps/libtime_macros-a515732d2223b5b7.rlib" "/opt/rustwide/target/debug/deps/libstandback-2cc08a4914d3165a.rlib" "/opt/rustwide/target/debug/deps/libpercent_encoding-3da2a87a41f86eb7.rlib" "/opt/rustwide/target/debug/deps/libserde_json-d56315f9824c2f51.rlib" "/opt/rustwide/target/debug/deps/libryu-98249992139dd95c.rlib" "/opt/rustwide/target/debug/deps/libitoa-a2832f2392deebad.rlib" "/opt/rustwide/target/debug/deps/libserde-62a7792fa1e8f772.rlib" "/opt/rustwide/target/debug/deps/libasync_std-1c76c66e0636b6d0.rlib" "/opt/rustwide/target/debug/deps/libasync_global_executor-5856ca20d4d768c0.rlib" "/opt/rustwide/target/debug/deps/libblocking-2b2d9f36f50cd842.rlib" "/opt/rustwide/target/debug/deps/libatomic_waker-953cfe5ba4622762.rlib" "/opt/rustwide/target/debug/deps/libasync_mutex-c09a24d998cadb26.rlib" "/opt/rustwide/target/debug/deps/libasync_executor-a6496a848efe4321.rlib" "/opt/rustwide/target/debug/deps/libasync_task-2cf0aff2ed9033be.rlib" "/opt/rustwide/target/debug/deps/libnum_cpus-bab803289e008e64.rlib" "/opt/rustwide/target/debug/deps/libcrossbeam_utils-1cfb0ae0f52d8d9f.rlib" "/opt/rustwide/target/debug/deps/liblazy_static-efa3519517df6cf0.rlib" "/opt/rustwide/target/debug/deps/libasync_process-190744f43f4e67d7.rlib" "/opt/rustwide/target/debug/deps/libsignal_hook-8a6b55309c2bb5e7.rlib" "/opt/rustwide/target/debug/deps/libsignal_hook_registry-b039d9fd720b0679.rlib" "/opt/rustwide/target/debug/deps/libasync_io-af5c26f3a8e9d764.rlib" "/opt/rustwide/target/debug/deps/libslab-e5442f48fd9b849e.rlib" "/opt/rustwide/target/debug/deps/libpolling-541fd36016c2bdce.rlib" "/opt/rustwide/target/debug/deps/libonce_cell-1fc356a87167a13f.rlib" "/opt/rustwide/target/debug/deps/libsocket2-14c5775772e861ad.rlib" "/opt/rustwide/target/debug/deps/liblibc-5357f07e5dcae82b.rlib" "/opt/rustwide/target/debug/deps/libfutures_lite-84ceb4aa3c8294e7.rlib" "/opt/rustwide/target/debug/deps/libmemchr-6f62f415054b7720.rlib" "/opt/rustwide/target/debug/deps/libfastrand-e1216b5240078e94.rlib" "/opt/rustwide/target/debug/deps/libwaker_fn-c70ff5f06f747f8a.rlib" "/opt/rustwide/target/debug/deps/libparking-558a8ab41cbf63b8.rlib" "/opt/rustwide/target/debug/deps/libfutures_io-724448f3a3d7d4da.rlib" "/opt/rustwide/target/debug/deps/libasync_channel-d2ad301865a57c66.rlib" "/opt/rustwide/target/debug/deps/libconcurrent_queue-cebd582b4e0f7946.rlib" "/opt/rustwide/target/debug/deps/libcache_padded-2d0ffeda0c368c51.rlib" "/opt/rustwide/target/debug/deps/libasync_lock-1f1c913912633b55.rlib" "/opt/rustwide/target/debug/deps/libevent_listener-a3a5716128a8dcf5.rlib" "/opt/rustwide/target/debug/deps/libpin_project_lite-255ea0676d5807d3.rlib" "/opt/rustwide/target/debug/deps/libpin_utils-9c5dcf17efb91bff.rlib" "/opt/rustwide/target/debug/deps/libfutures_core-461607c04f2e0425.rlib" "/opt/rustwide/target/debug/deps/libkv_log_macro-72f31fd4ee178847.rlib" "/opt/rustwide/target/debug/deps/liblog-374e9f791bfe68c4.rlib" "/opt/rustwide/target/debug/deps/libvalue_bag-59b3178d2318f480.rlib" "/opt/rustwide/target/debug/deps/libcfg_if-e7002d307f97bc56.rlib" "/opt/rustwide/rustup-home/toolchains/beta-2023-12-22-x86_64-unknown-linux-gnu/lib/rustlib/x86_64-unknown-linux-gnu/lib/libstd-0672489a78b613de.rlib" "/opt/rustwide/rustup-home/toolchains/beta-2023-12-22-x86_64-unknown-linux-gnu/lib/rustlib/x86_64-unknown-linux-gnu/lib/libpanic_unwind-7eb3ffc34a49f675.rlib" "/opt/rustwide/rustup-home/toolchains/beta-2023-12-22-x86_64-unknown-linux-gnu/lib/rustlib/x86_64-unknown-linux-gnu/lib/libobject-6478a9daa4bee8e2.rlib" "/opt/rustwide/rustup-home/toolchains/beta-2023-12-22-x86_64-unknown-linux-gnu/lib/rustlib/x86_64-unknown-linux-gnu/lib/libmemchr-0c75d871a5c3923d.rlib" "/opt/rustwide/rustup-home/toolchains/beta-2023-12-22-x86_64-unknown-linux-gnu/lib/rustlib/x86_64-unknown-linux-gnu/lib/libaddr2line-d163ef63ad37bb71.rlib" "/opt/rustwide/rustup-home/toolchains/beta-2023-12-22-x86_64-unknown-linux-gnu/lib/rustlib/x86_64-unknown-linux-gnu/lib/libgimli-8a3fd810a85b9f4c.rlib" "/opt/rustwide/rustup-home/toolchains/beta-2023-12-22-x86_64-unknown-linux-gnu/lib/rustlib/x86_64-unknown-linux-gnu/lib/librustc_demangle-462a2cde8c5dfc10.rlib" "/opt/rustwide/rustup-home/toolchains/beta-2023-12-22-x86_64-unknown-linux-gnu/lib/rustlib/x86_64-unknown-linux-gnu/lib/libstd_detect-cb06ac9f54713f71.rlib" "/opt/rustwide/rustup-home/toolchains/beta-2023-12-22-x86_64-unknown-linux-gnu/lib/rustlib/x86_64-unknown-linux-gnu/lib/libhashbrown-f20bfd1f8e59b393.rlib" "/opt/rustwide/rustup-home/toolchains/beta-2023-12-22-x86_64-unknown-linux-gnu/lib/rustlib/x86_64-unknown-linux-gnu/lib/librustc_std_workspace_alloc-1ef460949b49da4b.rlib" "/opt/rustwide/rustup-home/toolchains/beta-2023-12-22-x86_64-unknown-linux-gnu/lib/rustlib/x86_64-unknown-linux-gnu/lib/libminiz_oxide-2cb0c0ffe4f87514.rlib" "/opt/rustwide/rustup-home/toolchains/beta-2023-12-22-x86_64-unknown-linux-gnu/lib/rustlib/x86_64-unknown-linux-gnu/lib/libadler-58d841eb322a11a2.rlib" "/opt/rustwide/rustup-home/toolchains/beta-2023-12-22-x86_64-unknown-linux-gnu/lib/rustlib/x86_64-unknown-linux-gnu/lib/libunwind-aa2ae0b0a9d11533.rlib" "/opt/rustwide/rustup-home/toolchains/beta-2023-12-22-x86_64-unknown-linux-gnu/lib/rustlib/x86_64-unknown-linux-gnu/lib/libcfg_if-23874e15830ed336.rlib" "/opt/rustwide/rustup-home/toolchains/beta-2023-12-22-x86_64-unknown-linux-gnu/lib/rustlib/x86_64-unknown-linux-gnu/lib/liblibc-e47cddc003bce885.rlib" "/opt/rustwide/rustup-home/toolchains/beta-2023-12-22-x86_64-unknown-linux-gnu/lib/rustlib/x86_64-unknown-linux-gnu/lib/liballoc-c22b13b48a8f128e.rlib" "/opt/rustwide/rustup-home/toolchains/beta-2023-12-22-x86_64-unknown-linux-gnu/lib/rustlib/x86_64-unknown-linux-gnu/lib/librustc_std_workspace_core-e46bc3da6d7c462f.rlib" "/opt/rustwide/rustup-home/toolchains/beta-2023-12-22-x86_64-unknown-linux-gnu/lib/rustlib/x86_64-unknown-linux-gnu/lib/libcore-8d1ac131d3cb2645.rlib" "/opt/rustwide/rustup-home/toolchains/beta-2023-12-22-x86_64-unknown-linux-gnu/lib/rustlib/x86_64-unknown-linux-gnu/lib/libcompiler_builtins-a1b43df8c6899c1f.rlib" "-Wl,-Bdynamic" "-lcurl" "-lc" "-lgcc_s" "-lutil" "-lrt" "-lpthread" "-lm" "-ldl" "-lc" "-Wl,--eh-frame-hdr" "-Wl,-z,noexecstack" "-L" "/opt/rustwide/rustup-home/toolchains/beta-2023-12-22-x86_64-unknown-linux-gnu/lib/rustlib/x86_64-unknown-linux-gnu/lib" "-o" "/opt/rustwide/target/debug/examples/post-1b8938bc805de7bf" "-Wl,--gc-sections" "-pie" "-Wl,-z,relro,-z,now" "-nodefaultlibs"
[INFO] [stdout]   = note: collect2: fatal error: ld terminated with signal 9 [Killed]
[INFO] [stdout]           compilation terminated.
[INFO] [stdout]           
[INFO] [stdout] 
[INFO] [stdout] 
[INFO] [stdout] error: aborting due to 1 previous error
[INFO] [stdout] 
[INFO] [stdout] 
[INFO] [stderr] error: could not compile `surf` (example "post") due to 2 previous errors
[INFO] [stderr] warning: build failed, waiting for other jobs to finish...
[INFO] [stdout] error: linking with `cc` failed: exit status: 1
[INFO] [stdout]   |
[INFO] [stdout]   = note: LC_ALL="C" PATH="/opt/rustwide/rustup-home/toolchains/beta-2023-12-22-x86_64-unknown-linux-gnu/lib/rustlib/x86_64-unknown-linux-gnu/bin:/opt/rustwide/cargo-home/bin:/usr/local/sbin:/usr/local/bin:/usr/sbin:/usr/bin:/sbin:/bin" VSLANG="1033" "cc" "-m64" "/tmp/rustc5fxpNl/symbols.o" "/opt/rustwide/target/debug/examples/next_reuse-50fb3af02dd1c9b5.next_reuse.2b190a04dacd0b14-cgu.0.rcgu.o" "/opt/rustwide/target/debug/examples/next_reuse-50fb3af02dd1c9b5.next_reuse.2b190a04dacd0b14-cgu.1.rcgu.o" "/opt/rustwide/target/debug/examples/next_reuse-50fb3af02dd1c9b5.1v28l859ivdayqmk.rcgu.o" "-Wl,--as-needed" "-L" "/opt/rustwide/target/debug/deps" "-L" "/usr/lib/x86_64-linux-gnu" "-L" "/opt/rustwide/target/debug/build/libnghttp2-sys-dc87f328127fb9e4/out/i/lib" "-L" "/opt/rustwide/target/debug/build/blake3-766e182f7c5da11d/out" "-L" "/opt/rustwide/target/debug/build/blake3-766e182f7c5da11d/out" "-L" "/opt/rustwide/rustup-home/toolchains/beta-2023-12-22-x86_64-unknown-linux-gnu/lib/rustlib/x86_64-unknown-linux-gnu/lib" "-Wl,-Bstatic" "/opt/rustwide/target/debug/deps/libfemme-38a3a3f9c3638d5f.rlib" "/opt/rustwide/target/debug/deps/libconsole-92d186d7680c520a.rlib" "/opt/rustwide/target/debug/deps/libunicode_width-1ea9e5aafc4aa3f4.rlib" "/opt/rustwide/target/debug/deps/libregex-cbf51bee11e8baa7.rlib" "/opt/rustwide/target/debug/deps/libaho_corasick-568b0d6cd2919161.rlib" "/opt/rustwide/target/debug/deps/libregex_syntax-4577c841cfe0367b.rlib" "/opt/rustwide/target/debug/deps/libparking_lot-83b407fe7061d6ee.rlib" "/opt/rustwide/target/debug/deps/libparking_lot_core-c88d51c579ea407e.rlib" "/opt/rustwide/target/debug/deps/libsmallvec-2009b1c4d251fbd1.rlib" "/opt/rustwide/target/debug/deps/libinstant-3aa96c1efb8242b8.rlib" "/opt/rustwide/target/debug/deps/libclicolors_control-576156905148ac82.rlib" "/opt/rustwide/target/debug/deps/libatty-88ba073e73540468.rlib" "/opt/rustwide/target/debug/deps/libtermios-78434a4de3832ac9.rlib" "/opt/rustwide/target/debug/deps/libsurf-f203125cefab683b.rlib" "/opt/rustwide/target/debug/deps/libmime_guess-b172641c22bea03f.rlib" "/opt/rustwide/target/debug/deps/libunicase-16cee196be35f81e.rlib" "/opt/rustwide/target/debug/deps/libmime-d5b83fc07afe1071.rlib" "/opt/rustwide/target/debug/deps/libencoding_rs-888568047644999e.rlib" "/opt/rustwide/target/debug/deps/libhttp_client-0adfb1ba551c01c7.rlib" "/opt/rustwide/target/debug/deps/libhttp_types-bd3f9d38871c2fe0.rlib" "/opt/rustwide/target/debug/deps/libserde_qs-0e82322d257ca6f1.rlib" "/opt/rustwide/target/debug/deps/libthiserror-a1c3f99e4ba786c7.rlib" "/opt/rustwide/target/debug/deps/libanyhow-b972be3d89cde466.rlib" "/opt/rustwide/target/debug/deps/libserde_urlencoded-f0ff8fa62f63644a.rlib" "/opt/rustwide/target/debug/deps/libserde_json-d56315f9824c2f51.rlib" "/opt/rustwide/target/debug/deps/libryu-98249992139dd95c.rlib" "/opt/rustwide/target/debug/deps/librand-4740c852d7ed57e5.rlib" "/opt/rustwide/target/debug/deps/librand_chacha-81f7dd9842c9b64f.rlib" "/opt/rustwide/target/debug/deps/librand_core-49fcd58854d7152c.rlib" "/opt/rustwide/target/debug/deps/libgetrandom-2ed6cffd8be16d7b.rlib" "/opt/rustwide/target/debug/deps/libinfer-e19e0e58bffc2c58.rlib" "/opt/rustwide/target/debug/deps/libcookie-8ca75bb18e51a768.rlib" "/opt/rustwide/target/debug/deps/libhkdf-2c438f8cc2ed2652.rlib" "/opt/rustwide/target/debug/deps/libhmac-219876f8da76fa08.rlib" "/opt/rustwide/target/debug/deps/libcrypto_mac-0bb8d4859838e558.rlib" "/opt/rustwide/target/debug/deps/libsha2-3b6eda37e2e8547a.rlib" "/opt/rustwide/target/debug/deps/libcpufeatures-9a6b0d33d2e85a8b.rlib" "/opt/rustwide/target/debug/deps/libdigest-dfe153c9a72ce0db.rlib" "/opt/rustwide/target/debug/deps/libblock_buffer-a53e1eeee4b352b4.rlib" "/opt/rustwide/target/debug/deps/libaes_gcm-1a01f102481af72b.rlib" "/opt/rustwide/target/debug/deps/libghash-f9e2dfed4130fdb3.rlib" "/opt/rustwide/target/debug/deps/libpolyval-202bfabb06925b5f.rlib" "/opt/rustwide/target/debug/deps/libcpuid_bool-12485a1b0d66042a.rlib" "/opt/rustwide/target/debug/deps/libuniversal_hash-8b6c7ef25bf6e9b7.rlib" "/opt/rustwide/target/debug/deps/libsubtle-7a0923624edc433d.rlib" "/opt/rustwide/target/debug/deps/libctr-5cb67dddbbc49052.rlib" "/opt/rustwide/target/debug/deps/libaes-b688728bb277925d.rlib" "/opt/rustwide/target/debug/deps/libaes_soft-0074a400d015719b.rlib" "/opt/rustwide/target/debug/deps/libopaque_debug-75789ad55cd94475.rlib" "/opt/rustwide/target/debug/deps/libcipher-3424acc75c9a2dfb.rlib" "/opt/rustwide/target/debug/deps/libaead-7bd94783393cb01a.rlib" "/opt/rustwide/target/debug/deps/libgeneric_array-afc952d990b520bd.rlib" "/opt/rustwide/target/debug/deps/libtypenum-b3ac8b304d2ff271.rlib" "/opt/rustwide/target/debug/deps/libbase64-450a6d9dcba13b9b.rlib" "/opt/rustwide/target/debug/deps/librand-a1cad703a40cf774.rlib" "/opt/rustwide/target/debug/deps/librand_chacha-ce96c83c93a60437.rlib" "/opt/rustwide/target/debug/deps/libppv_lite86-3672980f5b34fb58.rlib" "/opt/rustwide/target/debug/deps/librand_core-6f7efd05fdea0970.rlib" "/opt/rustwide/target/debug/deps/libgetrandom-2fdf916a549f7a77.rlib" "/opt/rustwide/target/debug/deps/libtime-992d48ac38f52e8f.rlib" "/opt/rustwide/target/debug/deps/libtime_macros-a515732d2223b5b7.rlib" "/opt/rustwide/target/debug/deps/libstandback-2cc08a4914d3165a.rlib" "/opt/rustwide/target/debug/deps/libisahc-4815571decc9195a.rlib" "/opt/rustwide/target/debug/deps/liburl-36ddd0cc7f172e34.rlib" "/opt/rustwide/target/debug/deps/libidna-b728a5a06ebf16a2.rlib" "/opt/rustwide/target/debug/deps/libunicode_normalization-1d9fe17dc5a42454.rlib" "/opt/rustwide/target/debug/deps/libtinyvec-e94a52927b06b2ed.rlib" "/opt/rustwide/target/debug/deps/libtinyvec_macros-2b90caf71be257df.rlib" "/opt/rustwide/target/debug/deps/libunicode_bidi-9e22f06d2a04cff1.rlib" "/opt/rustwide/target/debug/deps/libform_urlencoded-ae8f37993c92f9fc.rlib" "/opt/rustwide/target/debug/deps/libpercent_encoding-3da2a87a41f86eb7.rlib" "/opt/rustwide/target/debug/deps/libserde-62a7792fa1e8f772.rlib" "/opt/rustwide/target/debug/deps/libmatches-7dacc739f2471d9d.rlib" "/opt/rustwide/target/debug/deps/libsluice-ff400734c138a0e2.rlib" "/opt/rustwide/target/debug/deps/libtracing_futures-5aff0aa56183b163.rlib" "/opt/rustwide/target/debug/deps/libtracing-704c1b0aea9b7829.rlib" "/opt/rustwide/target/debug/deps/libtracing_core-667a4df523144730.rlib" "/opt/rustwide/target/debug/deps/libpin_project-9c165478a20218d1.rlib" "/opt/rustwide/target/debug/deps/libhttp-6dd80f6549c192fb.rlib" "/opt/rustwide/target/debug/deps/libitoa-a2832f2392deebad.rlib" "/opt/rustwide/target/debug/deps/libbytes-cc9c49d7958180b3.rlib" "/opt/rustwide/target/debug/deps/libfnv-953831fe314029b4.rlib" "/opt/rustwide/target/debug/deps/libbytes-de5719fbf9674f6a.rlib" "/opt/rustwide/target/debug/deps/libflume-c09b74da51350c31.rlib" "/opt/rustwide/target/debug/deps/libspinning_top-d56ff4d74d0b1439.rlib" "/opt/rustwide/target/debug/deps/liblock_api-92cbc39673177ee5.rlib" "/opt/rustwide/target/debug/deps/libscopeguard-31f1b56a39f2a372.rlib" "/opt/rustwide/target/debug/deps/libfutures_sink-75c946aff888f158.rlib" "/opt/rustwide/target/debug/deps/libcurl-0b54bb0285b92ce6.rlib" "/opt/rustwide/target/debug/deps/libcurl_sys-08eec7effeea98db.rlib" "/opt/rustwide/target/debug/deps/libasync_std-1c76c66e0636b6d0.rlib" "/opt/rustwide/target/debug/deps/libasync_global_executor-5856ca20d4d768c0.rlib" "/opt/rustwide/target/debug/deps/libblocking-2b2d9f36f50cd842.rlib" "/opt/rustwide/target/debug/deps/libatomic_waker-953cfe5ba4622762.rlib" "/opt/rustwide/target/debug/deps/libasync_mutex-c09a24d998cadb26.rlib" "/opt/rustwide/target/debug/deps/libasync_executor-a6496a848efe4321.rlib" "/opt/rustwide/target/debug/deps/libasync_task-2cf0aff2ed9033be.rlib" "/opt/rustwide/target/debug/deps/libnum_cpus-bab803289e008e64.rlib" "/opt/rustwide/target/debug/deps/libcrossbeam_utils-1cfb0ae0f52d8d9f.rlib" "/opt/rustwide/target/debug/deps/liblazy_static-efa3519517df6cf0.rlib" "/opt/rustwide/target/debug/deps/libasync_process-190744f43f4e67d7.rlib" "/opt/rustwide/target/debug/deps/libsignal_hook-8a6b55309c2bb5e7.rlib" "/opt/rustwide/target/debug/deps/libsignal_hook_registry-b039d9fd720b0679.rlib" "/opt/rustwide/target/debug/deps/libasync_io-af5c26f3a8e9d764.rlib" "/opt/rustwide/target/debug/deps/libpolling-541fd36016c2bdce.rlib" "/opt/rustwide/target/debug/deps/libonce_cell-1fc356a87167a13f.rlib" "/opt/rustwide/target/debug/deps/libsocket2-14c5775772e861ad.rlib" "/opt/rustwide/target/debug/deps/liblibc-5357f07e5dcae82b.rlib" "/opt/rustwide/target/debug/deps/libfutures_lite-84ceb4aa3c8294e7.rlib" "/opt/rustwide/target/debug/deps/libfastrand-e1216b5240078e94.rlib" "/opt/rustwide/target/debug/deps/libwaker_fn-c70ff5f06f747f8a.rlib" "/opt/rustwide/target/debug/deps/libparking-558a8ab41cbf63b8.rlib" "/opt/rustwide/target/debug/deps/libasync_channel-d2ad301865a57c66.rlib" "/opt/rustwide/target/debug/deps/libconcurrent_queue-cebd582b4e0f7946.rlib" "/opt/rustwide/target/debug/deps/libcache_padded-2d0ffeda0c368c51.rlib" "/opt/rustwide/target/debug/deps/libasync_lock-1f1c913912633b55.rlib" "/opt/rustwide/target/debug/deps/libevent_listener-a3a5716128a8dcf5.rlib" "/opt/rustwide/target/debug/deps/libkv_log_macro-72f31fd4ee178847.rlib" "/opt/rustwide/target/debug/deps/liblog-374e9f791bfe68c4.rlib" "/opt/rustwide/target/debug/deps/libvalue_bag-59b3178d2318f480.rlib" "/opt/rustwide/target/debug/deps/libcfg_if-e7002d307f97bc56.rlib" "/opt/rustwide/target/debug/deps/libfutures_util-22c7bf9e66ff63ec.rlib" "/opt/rustwide/target/debug/deps/libmemchr-6f62f415054b7720.rlib" "/opt/rustwide/target/debug/deps/libfutures_io-724448f3a3d7d4da.rlib" "/opt/rustwide/target/debug/deps/libslab-e5442f48fd9b849e.rlib" "/opt/rustwide/target/debug/deps/libpin_project_lite-255ea0676d5807d3.rlib" "/opt/rustwide/target/debug/deps/libfutures_task-6895abb517026daf.rlib" "/opt/rustwide/target/debug/deps/libpin_utils-9c5dcf17efb91bff.rlib" "/opt/rustwide/target/debug/deps/libfutures_core-461607c04f2e0425.rlib" "/opt/rustwide/rustup-home/toolchains/beta-2023-12-22-x86_64-unknown-linux-gnu/lib/rustlib/x86_64-unknown-linux-gnu/lib/libstd-0672489a78b613de.rlib" "/opt/rustwide/rustup-home/toolchains/beta-2023-12-22-x86_64-unknown-linux-gnu/lib/rustlib/x86_64-unknown-linux-gnu/lib/libpanic_unwind-7eb3ffc34a49f675.rlib" "/opt/rustwide/rustup-home/toolchains/beta-2023-12-22-x86_64-unknown-linux-gnu/lib/rustlib/x86_64-unknown-linux-gnu/lib/libobject-6478a9daa4bee8e2.rlib" "/opt/rustwide/rustup-home/toolchains/beta-2023-12-22-x86_64-unknown-linux-gnu/lib/rustlib/x86_64-unknown-linux-gnu/lib/libmemchr-0c75d871a5c3923d.rlib" "/opt/rustwide/rustup-home/toolchains/beta-2023-12-22-x86_64-unknown-linux-gnu/lib/rustlib/x86_64-unknown-linux-gnu/lib/libaddr2line-d163ef63ad37bb71.rlib" "/opt/rustwide/rustup-home/toolchains/beta-2023-12-22-x86_64-unknown-linux-gnu/lib/rustlib/x86_64-unknown-linux-gnu/lib/libgimli-8a3fd810a85b9f4c.rlib" "/opt/rustwide/rustup-home/toolchains/beta-2023-12-22-x86_64-unknown-linux-gnu/lib/rustlib/x86_64-unknown-linux-gnu/lib/librustc_demangle-462a2cde8c5dfc10.rlib" "/opt/rustwide/rustup-home/toolchains/beta-2023-12-22-x86_64-unknown-linux-gnu/lib/rustlib/x86_64-unknown-linux-gnu/lib/libstd_detect-cb06ac9f54713f71.rlib" "/opt/rustwide/rustup-home/toolchains/beta-2023-12-22-x86_64-unknown-linux-gnu/lib/rustlib/x86_64-unknown-linux-gnu/lib/libhashbrown-f20bfd1f8e59b393.rlib" "/opt/rustwide/rustup-home/toolchains/beta-2023-12-22-x86_64-unknown-linux-gnu/lib/rustlib/x86_64-unknown-linux-gnu/lib/librustc_std_workspace_alloc-1ef460949b49da4b.rlib" "/opt/rustwide/rustup-home/toolchains/beta-2023-12-22-x86_64-unknown-linux-gnu/lib/rustlib/x86_64-unknown-linux-gnu/lib/libminiz_oxide-2cb0c0ffe4f87514.rlib" "/opt/rustwide/rustup-home/toolchains/beta-2023-12-22-x86_64-unknown-linux-gnu/lib/rustlib/x86_64-unknown-linux-gnu/lib/libadler-58d841eb322a11a2.rlib" "/opt/rustwide/rustup-home/toolchains/beta-2023-12-22-x86_64-unknown-linux-gnu/lib/rustlib/x86_64-unknown-linux-gnu/lib/libunwind-aa2ae0b0a9d11533.rlib" "/opt/rustwide/rustup-home/toolchains/beta-2023-12-22-x86_64-unknown-linux-gnu/lib/rustlib/x86_64-unknown-linux-gnu/lib/libcfg_if-23874e15830ed336.rlib" "/opt/rustwide/rustup-home/toolchains/beta-2023-12-22-x86_64-unknown-linux-gnu/lib/rustlib/x86_64-unknown-linux-gnu/lib/liblibc-e47cddc003bce885.rlib" "/opt/rustwide/rustup-home/toolchains/beta-2023-12-22-x86_64-unknown-linux-gnu/lib/rustlib/x86_64-unknown-linux-gnu/lib/liballoc-c22b13b48a8f128e.rlib" "/opt/rustwide/rustup-home/toolchains/beta-2023-12-22-x86_64-unknown-linux-gnu/lib/rustlib/x86_64-unknown-linux-gnu/lib/librustc_std_workspace_core-e46bc3da6d7c462f.rlib" "/opt/rustwide/rustup-home/toolchains/beta-2023-12-22-x86_64-unknown-linux-gnu/lib/rustlib/x86_64-unknown-linux-gnu/lib/libcore-8d1ac131d3cb2645.rlib" "/opt/rustwide/rustup-home/toolchains/beta-2023-12-22-x86_64-unknown-linux-gnu/lib/rustlib/x86_64-unknown-linux-gnu/lib/libcompiler_builtins-a1b43df8c6899c1f.rlib" "-Wl,-Bdynamic" "-lc" "-lcurl" "-lgcc_s" "-lutil" "-lrt" "-lpthread" "-lm" "-ldl" "-lc" "-Wl,--eh-frame-hdr" "-Wl,-z,noexecstack" "-L" "/opt/rustwide/rustup-home/toolchains/beta-2023-12-22-x86_64-unknown-linux-gnu/lib/rustlib/x86_64-unknown-linux-gnu/lib" "-o" "/opt/rustwide/target/debug/examples/next_reuse-50fb3af02dd1c9b5" "-Wl,--gc-sections" "-pie" "-Wl,-z,relro,-z,now" "-nodefaultlibs"
[INFO] [stdout]   = note: collect2: fatal error: ld terminated with signal 9 [Killed]
[INFO] [stdout]           compilation terminated.
[INFO] [stdout]           
[INFO] [stdout] 
[INFO] [stdout] 
[INFO] [stdout] error: aborting due to 1 previous error
[INFO] [stdout] 
[INFO] [stdout] 
[INFO] [stderr] error: could not compile `surf` (example "next_reuse") due to 2 previous errors
[INFO] running `Command { std: "docker" "inspect" "3843b930ac4ad5c93ac4afac2dacc2f130f56ab8345322857701fd4e68799e34", kill_on_drop: false }`
[INFO] running `Command { std: "docker" "rm" "-f" "3843b930ac4ad5c93ac4afac2dacc2f130f56ab8345322857701fd4e68799e34", kill_on_drop: false }`
[INFO] [stdout] 3843b930ac4ad5c93ac4afac2dacc2f130f56ab8345322857701fd4e68799e34
