[INFO] fetching crate sunshine-identity-ffi 0.2.3...
[INFO] testing sunshine-identity-ffi-0.2.3 against 1.75.0 for beta-1.76-1
[INFO] extracting crate sunshine-identity-ffi 0.2.3 into /workspace/builds/worker-0-tc1/source
[INFO] validating manifest of crates.io crate sunshine-identity-ffi 0.2.3 on toolchain 1.75.0
[INFO] running `Command { std: CARGO_HOME="/workspace/cargo-home" RUSTUP_HOME="/workspace/rustup-home" "/workspace/cargo-home/bin/cargo" "+1.75.0" "metadata" "--manifest-path" "Cargo.toml" "--no-deps", kill_on_drop: false }`
[INFO] started tweaking crates.io crate sunshine-identity-ffi 0.2.3
[INFO] finished tweaking crates.io crate sunshine-identity-ffi 0.2.3
[INFO] tweaked toml for crates.io crate sunshine-identity-ffi 0.2.3 written to /workspace/builds/worker-0-tc1/source/Cargo.toml
[INFO] running `Command { std: CARGO_HOME="/workspace/cargo-home" RUSTUP_HOME="/workspace/rustup-home" "/workspace/cargo-home/bin/cargo" "+1.75.0" "generate-lockfile" "--manifest-path" "Cargo.toml", kill_on_drop: false }`
[INFO] [stderr]     Updating crates.io index
[INFO] running `Command { std: CARGO_HOME="/workspace/cargo-home" RUSTUP_HOME="/workspace/rustup-home" "/workspace/cargo-home/bin/cargo" "+1.75.0" "fetch" "--manifest-path" "Cargo.toml", kill_on_drop: false }`
[INFO] [stderr]  Downloading crates ...
[INFO] [stderr]   Downloaded sp-inherents v2.0.0-rc4
[INFO] [stderr]   Downloaded sp-block-builder v2.0.0-rc4
[INFO] [stderr]   Downloaded ureq v1.5.5
[INFO] [stderr]   Downloaded sp-version v2.0.0-rc4
[INFO] [stderr]   Downloaded sp-api v2.0.0-rc4
[INFO] [stderr]   Downloaded jsonrpc-pubsub v14.2.0
[INFO] [stderr]   Downloaded unsigned-varint v0.4.0
[INFO] [stderr]   Downloaded webpki-roots v0.21.1
[INFO] [stderr]   Downloaded async-tls v0.6.0
[INFO] [stderr]   Downloaded soketto v0.3.2
[INFO] [stderr]   Downloaded frame-system v2.0.0-rc4
[INFO] [stderr]   Downloaded bip39 v0.6.0-beta.1
[INFO] [stderr]   Downloaded allo-isolate v0.1.22
[INFO] [stderr]   Downloaded ipld-block-builder v0.4.1
[INFO] [stderr]   Downloaded keybase-keystore v0.2.0
[INFO] [stderr]   Downloaded libipld-core v0.3.1
[INFO] [stderr]   Downloaded jsonrpsee v0.1.0
[INFO] [stderr]   Downloaded strum_macros v0.16.0
[INFO] [stderr]   Downloaded strum v0.16.0
[INFO] [stderr]   Downloaded libp2p v0.19.1
[INFO] [stderr]   Downloaded sp-trie v2.0.0-rc4
[INFO] [stderr]   Downloaded pallet-indices v2.0.0-rc4
[INFO] [stderr]   Downloaded sc-rpc-api v0.8.0-rc4
[INFO] [stderr]   Downloaded sp-core v2.0.0-rc4
[INFO] [stderr]   Downloaded substrate-prometheus-endpoint v0.8.0-rc4
[INFO] [stderr]   Downloaded memory-db v0.21.0
[INFO] [stderr]   Downloaded sunshine-faucet-client v0.2.0
[INFO] [stderr]   Downloaded substrate-subxt-proc-macro v0.9.0
[INFO] [stderr]   Downloaded sunshine-identity-client v0.2.3
[INFO] [stderr]   Downloaded libipld-cbor-derive v0.3.0
[INFO] [stderr]   Downloaded jsonrpsee-proc-macros v0.1.0
[INFO] [stderr]   Downloaded frame-support v2.0.0-rc4
[INFO] [stderr]   Downloaded frame-metadata v11.0.0-rc4
[INFO] [stderr]   Downloaded jsonrpc-client-transports v14.2.1
[INFO] [stderr]   Downloaded libp2p-swarm v0.19.1
[INFO] [stderr]   Downloaded sp-application-crypto v2.0.0-rc4
[INFO] [stderr]   Downloaded substrate-subxt v0.10.1
[INFO] [stderr]   Downloaded sp-io v2.0.0-rc4
[INFO] [stderr]   Downloaded strobe-rs v0.5.4
[INFO] [stderr]   Downloaded libp2p-core-derive v0.19.1
[INFO] [stderr]   Downloaded libipld-macro v0.3.0
[INFO] [stderr]   Downloaded jsonrpc-core v14.2.0
[INFO] [stderr]   Downloaded sp-runtime v2.0.0-rc4
[INFO] [stderr]   Downloaded once_cell v0.1.8
[INFO] [stderr]   Downloaded sp-keyring v2.0.0-rc4
[INFO] [stderr]   Downloaded multistream-select v0.8.5
[INFO] [stderr]   Downloaded libipld-json v0.3.0
[INFO] [stderr]   Downloaded prometheus v0.8.0
[INFO] [stderr]   Downloaded cached v0.12.0
[INFO] [stderr]   Downloaded jsonrpc-derive v14.2.2
[INFO] [stderr]   Downloaded prometheus v0.10.0
[INFO] [stderr]   Downloaded libipld-cbor v0.3.0
[INFO] [stderr]   Downloaded libipld v0.3.1
[INFO] [stderr]   Downloaded lru v0.4.3
[INFO] [stderr]   Downloaded libp2p-core v0.19.2
[INFO] [stderr]   Downloaded jsonrpc-core-client v14.2.0
[INFO] [stderr]   Downloaded sp-chain-spec v2.0.1
[INFO] [stderr]   Downloaded sp-rpc v2.0.0-rc4
[INFO] [stderr]   Downloaded sp-api-proc-macro v2.0.1
[INFO] [stderr]   Downloaded parity-multiaddr v0.9.7
[INFO] [stderr]   Downloaded trie-db v0.21.0
[INFO] [stderr]   Downloaded sp-state-machine v0.8.0-rc4
[INFO] [stderr]   Downloaded sunshine-core v0.2.0
[INFO] [stderr]   Downloaded sp-consensus v0.8.0-rc4
[INFO] [stderr]   Downloaded parity-util-mem v0.6.1
[INFO] [stderr]   Downloaded sp-transaction-pool v2.0.0-rc4
[INFO] [stderr]   Downloaded sp-blockchain v2.0.0-rc4
[INFO] [stderr]   Downloaded sp-utils v2.0.1
[INFO] [stderr]   Downloaded chunked_transfer v1.5.0
[INFO] running `Command { std: "docker" "create" "-v" "/var/lib/crater-agent-workspace/builds/worker-0-tc1/target:/opt/rustwide/target:rw,Z" "-v" "/var/lib/crater-agent-workspace/builds/worker-0-tc1/source:/opt/rustwide/workdir:ro,Z" "-v" "/var/lib/crater-agent-workspace/cargo-home:/opt/rustwide/cargo-home:ro,Z" "-v" "/var/lib/crater-agent-workspace/rustup-home:/opt/rustwide/rustup-home:ro,Z" "-e" "SOURCE_DIR=/opt/rustwide/workdir" "-e" "CARGO_TARGET_DIR=/opt/rustwide/target" "-e" "CARGO_HOME=/opt/rustwide/cargo-home" "-e" "RUSTUP_HOME=/opt/rustwide/rustup-home" "-w" "/opt/rustwide/workdir" "-m" "1610612736" "--user" "0:0" "--network" "none" "ghcr.io/rust-lang/crates-build-env/linux@sha256:2788e3201cd34a07e3172128adcd8b3090168a8e3bcc40d7c032b9dda1df7d1c" "/opt/rustwide/cargo-home/bin/cargo" "+1.75.0" "metadata" "--no-deps" "--format-version=1", kill_on_drop: false }`
[INFO] [stdout] b400c70d2cdba41f9e13c6f2d3ca33bcf33e4a34bd3472a6ee07b8b1f23cf5cf
[INFO] running `Command { std: "docker" "start" "-a" "b400c70d2cdba41f9e13c6f2d3ca33bcf33e4a34bd3472a6ee07b8b1f23cf5cf", kill_on_drop: false }`
[INFO] running `Command { std: "docker" "inspect" "b400c70d2cdba41f9e13c6f2d3ca33bcf33e4a34bd3472a6ee07b8b1f23cf5cf", kill_on_drop: false }`
[INFO] running `Command { std: "docker" "rm" "-f" "b400c70d2cdba41f9e13c6f2d3ca33bcf33e4a34bd3472a6ee07b8b1f23cf5cf", kill_on_drop: false }`
[INFO] [stdout] b400c70d2cdba41f9e13c6f2d3ca33bcf33e4a34bd3472a6ee07b8b1f23cf5cf
[INFO] running `Command { std: "docker" "create" "-v" "/var/lib/crater-agent-workspace/builds/worker-0-tc1/target:/opt/rustwide/target:rw,Z" "-v" "/var/lib/crater-agent-workspace/builds/worker-0-tc1/source:/opt/rustwide/workdir:ro,Z" "-v" "/var/lib/crater-agent-workspace/cargo-home:/opt/rustwide/cargo-home:ro,Z" "-v" "/var/lib/crater-agent-workspace/rustup-home:/opt/rustwide/rustup-home:ro,Z" "-e" "SOURCE_DIR=/opt/rustwide/workdir" "-e" "CARGO_TARGET_DIR=/opt/rustwide/target" "-e" "CARGO_INCREMENTAL=0" "-e" "RUST_BACKTRACE=full" "-e" "RUSTFLAGS=--cap-lints=warn" "-e" "RUSTDOCFLAGS=--cap-lints=warn" "-e" "CARGO_HOME=/opt/rustwide/cargo-home" "-e" "RUSTUP_HOME=/opt/rustwide/rustup-home" "-w" "/opt/rustwide/workdir" "-m" "1610612736" "--user" "0:0" "--network" "none" "ghcr.io/rust-lang/crates-build-env/linux@sha256:2788e3201cd34a07e3172128adcd8b3090168a8e3bcc40d7c032b9dda1df7d1c" "/opt/rustwide/cargo-home/bin/cargo" "+1.75.0" "build" "--frozen" "--message-format=json", kill_on_drop: false }`
[INFO] [stdout] 05e13fe3ab26fcdd714714c4ea3183366816799c20eacaad6b459f75a1ae69be
[INFO] running `Command { std: "docker" "start" "-a" "05e13fe3ab26fcdd714714c4ea3183366816799c20eacaad6b459f75a1ae69be", kill_on_drop: false }`
[INFO] [stderr]    Compiling libc v0.2.151
[INFO] [stderr]    Compiling syn v2.0.48
[INFO] [stderr]    Compiling syn v1.0.109
[INFO] [stderr]    Compiling value-bag v1.4.3
[INFO] [stderr]    Compiling byteorder v1.5.0
[INFO] [stderr]    Compiling either v1.9.0
[INFO] [stderr]    Compiling futures v0.1.31
[INFO] [stderr]    Compiling futures-core v0.3.30
[INFO] [stderr]    Compiling futures-io v0.3.30
[INFO] [stderr]    Compiling futures-task v0.3.30
[INFO] [stderr]    Compiling block-padding v0.2.1
[INFO] [stderr]    Compiling autocfg v0.1.8
[INFO] [stderr]    Compiling digest v0.9.0
[INFO] [stderr]    Compiling tiny-keccak v2.0.2
[INFO] [stderr]    Compiling regex-automata v0.4.3
[INFO] [stderr]    Compiling sp-std v2.0.1
[INFO] [stderr]    Compiling hash-db v0.15.2
[INFO] [stderr]    Compiling parity-util-mem v0.6.1
[INFO] [stderr]    Compiling log v0.4.20
[INFO] [stderr]    Compiling block-buffer v0.7.3
[INFO] [stderr]    Compiling uint v0.8.5
[INFO] [stderr]    Compiling hashbrown v0.6.3
[INFO] [stderr]    Compiling futures-channel v0.3.30
[INFO] [stderr]    Compiling block-buffer v0.9.0
[INFO] [stderr]    Compiling bitvec v0.17.4
[INFO] [stderr]    Compiling sha2 v0.8.2
[INFO] [stderr]    Compiling rayon v1.8.0
[INFO] [stderr]    Compiling hmac v0.11.0
[INFO] [stderr]    Compiling bytes v0.5.6
[INFO] [stderr]    Compiling sha2 v0.9.9
[INFO] [stderr]    Compiling hex v0.4.3
[INFO] [stderr]    Compiling spin v0.5.2
[INFO] [stderr]    Compiling data-encoding v2.5.0
[INFO] [stderr]    Compiling untrusted v0.7.1
[INFO] [stderr]    Compiling unsigned-varint v0.5.1
[INFO] [stderr]    Compiling sha3 v0.9.1
[INFO] [stderr]    Compiling sha-1 v0.9.8
[INFO] [stderr]    Compiling trie-root v0.16.0
[INFO] [stderr]    Compiling blake2b_simd v0.5.11
[INFO] [stderr]    Compiling blake2s_simd v0.5.11
[INFO] [stderr]    Compiling unicode-bidi v0.3.14
[INFO] [stderr]    Compiling itertools v0.9.0
[INFO] [stderr]    Compiling anyhow v1.0.79
[INFO] [stderr]    Compiling memoffset v0.5.6
[INFO] [stderr]    Compiling pin-project-lite v0.1.12
[INFO] [stderr]    Compiling itertools v0.8.2
[INFO] [stderr]    Compiling crossbeam-epoch v0.8.2
[INFO] [stderr]    Compiling multihash v0.11.4
[INFO] [stderr]    Compiling rand_core v0.4.2
[INFO] [stderr]    Compiling rustix v0.38.28
[INFO] [stderr]    Compiling bitflags v2.4.1
[INFO] [stderr]    Compiling pin-project-internal v0.4.30
[INFO] [stderr]    Compiling linux-raw-sys v0.4.12
[INFO] [stderr]    Compiling form_urlencoded v1.2.1
[INFO] [stderr]    Compiling idna v0.5.0
[INFO] [stderr]    Compiling instant v0.1.12
[INFO] [stderr]    Compiling fastrand v2.0.1
[INFO] [stderr]    Compiling parking_lot_core v0.9.9
[INFO] [stderr]    Compiling cc v1.0.83
[INFO] [stderr]    Compiling getrandom v0.1.16
[INFO] [stderr]    Compiling num_cpus v1.16.0
[INFO] [stderr]    Compiling parking_lot_core v0.7.3
[INFO] [stderr]    Compiling once_cell v1.19.0
[INFO] [stderr]    Compiling rand_core v0.5.1
[INFO] [stderr]    Compiling getrandom v0.2.11
[INFO] [stderr]    Compiling wasmi v0.6.2
[INFO] [stderr]    Compiling net2 v0.2.39
[INFO] [stderr]    Compiling parking_lot v0.10.2
[INFO] [stderr]    Compiling rand_pcg v0.2.1
[INFO] [stderr]    Compiling rand_chacha v0.2.2
[INFO] [stderr]    Compiling tracing-core v0.1.32
[INFO] [stderr]    Compiling pbkdf2 v0.3.0
[INFO] [stderr]    Compiling thread_local v1.1.7
[INFO] [stderr]    Compiling rand_core v0.6.4
[INFO] [stderr]    Compiling const-random-macro v0.1.16
[INFO] [stderr]    Compiling iovec v0.1.4
[INFO] [stderr]    Compiling which v3.1.1
[INFO] [stderr]    Compiling rand v0.7.3
[INFO] [stderr]    Compiling regex v1.10.2
[INFO] [stderr]    Compiling rand_chacha v0.3.1
[INFO] [stderr]    Compiling mio v0.6.23
[INFO] [stderr]    Compiling prost-build v0.6.1
[INFO] [stderr]    Compiling tracing v0.1.40
[INFO] [stderr]    Compiling tracing-log v0.1.4
[INFO] [stderr]    Compiling Inflector v0.11.4
[INFO] [stderr]    Compiling const-random v0.1.17
[INFO] [stderr]    Compiling rand v0.8.5
[INFO] [stderr]    Compiling ahash v0.2.19
[INFO] [stderr]    Compiling fixedbitset v0.2.0
[INFO] [stderr]    Compiling http v0.2.11
[INFO] [stderr]    Compiling url v2.5.0
[INFO] [stderr]    Compiling mio-uds v0.6.8
[INFO] [stderr]    Compiling petgraph v0.5.1
[INFO] [stderr]    Compiling backtrace v0.3.69
[INFO] [stderr]    Compiling clear_on_drop v0.2.5
[INFO] [stderr]    Compiling ring v0.16.20
[INFO] [stderr]    Compiling fixed-hash v0.6.1
[INFO] [stderr]    Compiling libsecp256k1 v0.3.5
[INFO] [stderr]    Compiling trie-db v0.21.0
[INFO] [stderr]    Compiling crossbeam-deque v0.7.4
[INFO] [stderr]    Compiling twox-hash v1.6.3
[INFO] [stderr]    Compiling parking_lot_core v0.8.6
[INFO] [stderr]    Compiling async-task v1.3.1
[INFO] [stderr]    Compiling kv-log-macro v1.0.7
[INFO] [stderr]    Compiling multimap v0.8.3
[INFO] [stderr]    Compiling httparse v1.8.0
[INFO] [stderr]    Compiling futures-timer v2.0.2
[INFO] [stderr]    Compiling parking_lot v0.11.2
[INFO] [stderr]    Compiling tokio v0.2.25
[INFO] [stderr]    Compiling rand_core v0.3.1
[INFO] [stderr]    Compiling sp-panic-handler v2.0.1
[INFO] [stderr]    Compiling futures-timer v3.0.2
[INFO] [stderr]    Compiling tempfile v3.9.0
[INFO] [stderr]    Compiling bs58 v0.4.0
[INFO] [stderr]    Compiling protobuf v2.28.0
[INFO] [stderr]    Compiling bs58 v0.3.1
[INFO] [stderr]    Compiling try-lock v0.2.5
[INFO] [stderr]    Compiling want v0.3.1
[INFO] [stderr]    Compiling http-body v0.3.1
[INFO] [stderr]    Compiling socket2 v0.3.19
[INFO] [stderr]    Compiling synstructure v0.12.6
[INFO] [stderr]    Compiling rand_pcg v0.1.2
[INFO] [stderr]    Compiling rand_chacha v0.1.1
[INFO] [stderr]    Compiling tower-service v0.3.2
[INFO] [stderr]    Compiling prometheus v0.10.0
[INFO] [stderr]    Compiling httpdate v0.3.2
[INFO] [stderr]    Compiling base-x v0.2.11
[INFO] [stderr]    Compiling prometheus v0.8.0
[INFO] [stderr]    Compiling unsigned-varint v0.4.0
[INFO] [stderr]    Compiling itoa v0.4.8
[INFO] [stderr]    Compiling void v1.0.2
[INFO] [stderr]    Compiling rand v0.6.5
[INFO] [stderr]    Compiling unsigned-varint v0.3.3
[INFO] [stderr]    Compiling parking_lot_core v0.4.0
[INFO] [stderr]    Compiling rand_isaac v0.1.1
[INFO] [stderr]    Compiling rand_xorshift v0.1.1
[INFO] [stderr]    Compiling rand_hc v0.1.0
[INFO] [stderr]    Compiling rand_os v0.1.3
[INFO] [stderr]    Compiling rand_jitter v0.1.4
[INFO] [stderr]    Compiling scopeguard v0.3.3
[INFO] [stderr]    Compiling matches v0.1.10
[INFO] [stderr]    Compiling smallvec v0.6.14
[INFO] [stderr]    Compiling idna v0.1.5
[INFO] [stderr]    Compiling percent-encoding v1.0.1
[INFO] [stderr]    Compiling lock_api v0.1.5
[INFO] [stderr]    Compiling lru v0.4.3
[INFO] [stderr]    Compiling base64 v0.10.1
[INFO] [stderr]    Compiling unicase v2.7.0
[INFO] [stderr]    Compiling hashbrown v0.7.2
[INFO] [stderr]    Compiling sha1_smol v1.0.0
[INFO] [stderr]    Compiling bstr v1.9.0
[INFO] [stderr]    Compiling base64 v0.11.0
[INFO] [stderr]    Compiling sha1 v0.6.1
[INFO] [stderr]    Compiling async-trait v0.1.77
[INFO] [stderr]    Compiling base64 v0.12.3
[INFO] [stderr]    Compiling proc-macro-error v1.0.4
[INFO] [stderr]    Compiling url v1.7.2
[INFO] [stderr]    Compiling globset v0.4.14
[INFO] [stderr]    Compiling hashbrown v0.1.8
[INFO] [stderr]    Compiling strobe-rs v0.5.4
[INFO] [stderr]    Compiling fail v0.4.0
[INFO] [stderr]    Compiling base64 v0.13.1
[INFO] [stderr]    Compiling serde_derive v1.0.194
[INFO] [stderr]    Compiling futures-macro v0.3.30
[INFO] [stderr]    Compiling zeroize_derive v1.4.2
[INFO] [stderr]    Compiling ref-cast-impl v1.0.22
[INFO] [stderr]    Compiling thiserror-impl v1.0.56
[INFO] [stderr]    Compiling pin-project-internal v1.1.3
[INFO] [stderr]    Compiling tokio-util v0.3.1
[INFO] [stderr]    Compiling parking_lot v0.7.1
[INFO] [stderr]    Compiling once_cell v0.1.8
[INFO] [stderr]    Compiling cached v0.12.0
[INFO] [stderr]    Compiling qstring v0.7.2
[INFO] [stderr]    Compiling chunked_transfer v1.5.0
[INFO] [stderr]    Compiling atomic v0.5.3
[INFO] [stderr]    Compiling allo-isolate v0.1.22
[INFO] [stderr]    Compiling ref-cast v1.0.22
[INFO] [stderr]    Compiling zeroize v1.7.0
[INFO] [stderr]    Compiling failure_derive v0.1.8
[INFO] [stderr]    Compiling impl-trait-for-tuples v0.1.3
[INFO] [stderr]    Compiling sp-debug-derive v2.0.1
[INFO] [stderr]    Compiling curve25519-dalek v2.1.3
[INFO] [stderr]    Compiling futures-util v0.3.30
[INFO] [stderr]    Compiling merlin v2.0.1
[INFO] [stderr]    Compiling parity-util-mem-derive v0.1.0
[INFO] [stderr]    Compiling derive_more v0.99.17
[INFO] [stderr]    Compiling prost-derive v0.6.1
[INFO] [stderr]    Compiling async-attributes v1.1.2
[INFO] [stderr]    Compiling pin-project v1.1.3
[INFO] [stderr]    Compiling thiserror v1.0.56
[INFO] [stderr]    Compiling ed25519-dalek v1.0.0-pre.3
[INFO] [stderr]    Compiling schnorrkel v0.9.1
[INFO] [stderr]    Compiling tracing-futures v0.2.5
[INFO] [stderr]    Compiling asn1_der_derive v0.1.2
[INFO] [stderr]    Compiling data-encoding-macro-internal v0.1.12
[INFO] [stderr]    Compiling webpki v0.21.4
[INFO] [stderr]    Compiling failure v0.1.8
[INFO] [stderr]    Compiling substrate-bip39 v0.4.5
[INFO] [stderr]    Compiling tiny-bip39 v0.7.3
[INFO] [stderr]    Compiling sct v0.6.1
[INFO] [stderr]    Compiling frame-support-procedural-tools-derive v2.0.1
[INFO] [stderr]    Compiling libp2p-core-derive v0.19.1
[INFO] [stderr]    Compiling asn1_der v0.6.3
[INFO] [stderr]    Compiling strum_macros v0.16.0
[INFO] [stderr]    Compiling data-encoding-macro v0.1.14
[INFO] [stderr]    Compiling multibase v0.8.0
[INFO] [stderr]    Compiling rustls v0.16.0
[INFO] [stderr]    Compiling cid v0.5.1
[INFO] [stderr]    Compiling webpki-roots v0.17.0
[INFO] [stderr]    Compiling libipld-core v0.3.1
[INFO] [stderr]    Compiling jsonrpsee-proc-macros v0.1.0
[INFO] [stderr]    Compiling libipld-cbor-derive v0.3.0
[INFO] [stderr]    Compiling bip39 v0.6.0-beta.1
[INFO] [stderr]    Compiling pin-project v0.4.30
[INFO] [stderr]    Compiling libipld-cbor v0.3.0
[INFO] [stderr]    Compiling libipld-macro v0.3.0
[INFO] [stderr]    Compiling secrecy v0.7.0
[INFO] [stderr]    Compiling prost v0.6.1
[INFO] [stderr]    Compiling rustls v0.19.1
[INFO] [stderr]    Compiling webpki-roots v0.21.1
[INFO] [stderr]    Compiling prost-types v0.6.1
[INFO] [stderr]    Compiling serde v1.0.194
[INFO] [stderr]    Compiling strum v0.16.0
[INFO] [stderr]    Compiling futures-executor v0.3.30
[INFO] [stderr]    Compiling broadcaster v1.0.0
[INFO] [stderr]    Compiling h2 v0.2.7
[INFO] [stderr]    Compiling async-std v1.5.0
[INFO] [stderr]    Compiling futures v0.3.30
[INFO] [stderr]    Compiling multistream-select v0.8.5
[INFO] [stderr]    Compiling rw-stream-sink v0.2.1
[INFO] [stderr]    Compiling wasm-timer v0.2.5
[INFO] [stderr]    Compiling sp-utils v2.0.1
[INFO] [stderr]    Compiling soketto v0.3.2
[INFO] [stderr]    Compiling async-tls v0.6.0
[INFO] [stderr]    Compiling libp2p-core v0.19.2
[INFO] [stderr]    Compiling toml v0.5.11
[INFO] [stderr]    Compiling serde_json v1.0.111
[INFO] [stderr]    Compiling impl-serde v0.3.2
[INFO] [stderr]    Compiling tracing-serde v0.1.3
[INFO] [stderr]    Compiling impl-serde v0.2.3
[INFO] [stderr]    Compiling parity-multiaddr v0.9.7
[INFO] [stderr]    Compiling tracing-subscriber v0.2.25
[INFO] [stderr]    Compiling jsonrpc-core v14.2.0
[INFO] [stderr]    Compiling libipld-json v0.3.0
[INFO] [stderr]    Compiling sp-chain-spec v2.0.1
[INFO] [stderr]    Compiling ureq v1.5.5
[INFO] [stderr]    Compiling proc-macro-crate v0.1.5
[INFO] [stderr]    Compiling libipld v0.3.1
[INFO] [stderr]    Compiling keybase-keystore v0.2.0
[INFO] [stderr]    Compiling frame-support-procedural-tools v2.0.1
[INFO] [stderr]    Compiling ipld-block-builder v0.4.1
[INFO] [stdout] error[E0603]: module `group` is private
[INFO] [stdout]    --> /opt/rustwide/cargo-home/registry/src/index.crates.io-6f17d22bba15001f/frame-support-procedural-tools-2.0.1/src/syn_ext.rs:47:53
[INFO] [stdout]     |
[INFO] [stdout] 47  |                 let syn::group::$name { token, content } = syn::group::$parse(input)?;
[INFO] [stdout]     |                                                                 ^^^^^ private module
[INFO] [stdout]     |
[INFO] [stdout] note: the module `group` is defined here
[INFO] [stdout]    --> /opt/rustwide/cargo-home/registry/src/index.crates.io-6f17d22bba15001f/syn-1.0.109/src/lib.rs:308:1
[INFO] [stdout]     |
[INFO] [stdout] 308 | mod group;
[INFO] [stdout]     | ^^^^^^^^^
[INFO] [stdout] help: consider importing this function instead
[INFO] [stdout]     |
[INFO] [stdout] 47  |                 let syn::group::$name { token, content } = syn::__private::parse_braces(input)?;
[INFO] [stdout]     |                                                            ~~~~~~~~~~~~~~~~~~~~~~~~~~~~
[INFO] [stdout] 
[INFO] [stdout] 
[INFO] [stdout] error[E0603]: module `group` is private
[INFO] [stdout]    --> /opt/rustwide/cargo-home/registry/src/index.crates.io-6f17d22bba15001f/frame-support-procedural-tools-2.0.1/src/syn_ext.rs:47:14
[INFO] [stdout]     |
[INFO] [stdout] 47  |                 let syn::group::$name { token, content } = syn::group::$parse(input)?;
[INFO] [stdout]     |                          ^^^^^ private module
[INFO] [stdout] ...
[INFO] [stdout] 71  | groups_impl!(Braces, Brace, Brace, parse_braces);
[INFO] [stdout]     |              ------ struct `Braces` is not publicly re-exported
[INFO] [stdout]     |
[INFO] [stdout] note: the module `group` is defined here
[INFO] [stdout]    --> /opt/rustwide/cargo-home/registry/src/index.crates.io-6f17d22bba15001f/syn-1.0.109/src/lib.rs:308:1
[INFO] [stdout]     |
[INFO] [stdout] 308 | mod group;
[INFO] [stdout]     | ^^^^^^^^^
[INFO] [stdout] 
[INFO] [stdout] 
[INFO] [stdout] error[E0603]: module `group` is private
[INFO] [stdout]    --> /opt/rustwide/cargo-home/registry/src/index.crates.io-6f17d22bba15001f/frame-support-procedural-tools-2.0.1/src/syn_ext.rs:47:53
[INFO] [stdout]     |
[INFO] [stdout] 47  |                 let syn::group::$name { token, content } = syn::group::$parse(input)?;
[INFO] [stdout]     |                                                                 ^^^^^ private module
[INFO] [stdout]     |
[INFO] [stdout] note: the module `group` is defined here
[INFO] [stdout]    --> /opt/rustwide/cargo-home/registry/src/index.crates.io-6f17d22bba15001f/syn-1.0.109/src/lib.rs:308:1
[INFO] [stdout]     |
[INFO] [stdout] 308 | mod group;
[INFO] [stdout]     | ^^^^^^^^^
[INFO] [stdout] help: consider importing this function instead
[INFO] [stdout]     |
[INFO] [stdout] 47  |                 let syn::group::$name { token, content } = syn::__private::parse_brackets(input)?;
[INFO] [stdout]     |                                                            ~~~~~~~~~~~~~~~~~~~~~~~~~~~~~~
[INFO] [stdout] 
[INFO] [stdout] 
[INFO] [stdout] error[E0603]: module `group` is private
[INFO] [stdout]    --> /opt/rustwide/cargo-home/registry/src/index.crates.io-6f17d22bba15001f/frame-support-procedural-tools-2.0.1/src/syn_ext.rs:47:14
[INFO] [stdout]     |
[INFO] [stdout] 47  |                 let syn::group::$name { token, content } = syn::group::$parse(input)?;
[INFO] [stdout]     |                          ^^^^^ private module
[INFO] [stdout] ...
[INFO] [stdout] 72  | groups_impl!(Brackets, Bracket, Bracket, parse_brackets);
[INFO] [stdout]     |              -------- struct `Brackets` is not publicly re-exported
[INFO] [stdout]     |
[INFO] [stdout] note: the module `group` is defined here
[INFO] [stdout]    --> /opt/rustwide/cargo-home/registry/src/index.crates.io-6f17d22bba15001f/syn-1.0.109/src/lib.rs:308:1
[INFO] [stdout]     |
[INFO] [stdout] 308 | mod group;
[INFO] [stdout]     | ^^^^^^^^^
[INFO] [stdout] 
[INFO] [stdout] 
[INFO] [stdout] error[E0603]: module `group` is private
[INFO] [stdout]    --> /opt/rustwide/cargo-home/registry/src/index.crates.io-6f17d22bba15001f/frame-support-procedural-tools-2.0.1/src/syn_ext.rs:47:53
[INFO] [stdout]     |
[INFO] [stdout] 47  |                 let syn::group::$name { token, content } = syn::group::$parse(input)?;
[INFO] [stdout]     |                                                                 ^^^^^ private module
[INFO] [stdout]     |
[INFO] [stdout] note: the module `group` is defined here
[INFO] [stdout]    --> /opt/rustwide/cargo-home/registry/src/index.crates.io-6f17d22bba15001f/syn-1.0.109/src/lib.rs:308:1
[INFO] [stdout]     |
[INFO] [stdout] 308 | mod group;
[INFO] [stdout]     | ^^^^^^^^^
[INFO] [stdout] help: consider importing this function instead
[INFO] [stdout]     |
[INFO] [stdout] 47  |                 let syn::group::$name { token, content } = syn::__private::parse_parens(input)?;
[INFO] [stdout]     |                                                            ~~~~~~~~~~~~~~~~~~~~~~~~~~~~
[INFO] [stdout] 
[INFO] [stdout] 
[INFO] [stdout] error[E0603]: module `group` is private
[INFO] [stdout]    --> /opt/rustwide/cargo-home/registry/src/index.crates.io-6f17d22bba15001f/frame-support-procedural-tools-2.0.1/src/syn_ext.rs:47:14
[INFO] [stdout]     |
[INFO] [stdout] 47  |                 let syn::group::$name { token, content } = syn::group::$parse(input)?;
[INFO] [stdout]     |                          ^^^^^ private module
[INFO] [stdout] ...
[INFO] [stdout] 73  | groups_impl!(Parens, Paren, Parenthesis, parse_parens);
[INFO] [stdout]     |              ------ struct `Parens` is not publicly re-exported
[INFO] [stdout]     |
[INFO] [stdout] note: the module `group` is defined here
[INFO] [stdout]    --> /opt/rustwide/cargo-home/registry/src/index.crates.io-6f17d22bba15001f/syn-1.0.109/src/lib.rs:308:1
[INFO] [stdout]     |
[INFO] [stdout] 308 | mod group;
[INFO] [stdout]     | ^^^^^^^^^
[INFO] [stdout] 
[INFO] [stdout] 
[INFO] [stderr]    Compiling parity-scale-codec-derive v1.2.3
[INFO] [stderr]    Compiling sp-runtime-interface-proc-macro v2.0.1
[INFO] [stderr]    Compiling sp-api-proc-macro v2.0.1
[INFO] [stdout] error: aborting due to 6 previous errors
[INFO] [stdout] 
[INFO] [stdout] 
[INFO] [stdout] For more information about this error, try `rustc --explain E0603`.
[INFO] [stdout] 
[INFO] [stderr] error: could not compile `frame-support-procedural-tools` (lib) due to 7 previous errors
[INFO] [stderr] warning: build failed, waiting for other jobs to finish...
[INFO] running `Command { std: "docker" "inspect" "05e13fe3ab26fcdd714714c4ea3183366816799c20eacaad6b459f75a1ae69be", kill_on_drop: false }`
[INFO] running `Command { std: "docker" "rm" "-f" "05e13fe3ab26fcdd714714c4ea3183366816799c20eacaad6b459f75a1ae69be", kill_on_drop: false }`
[INFO] [stdout] 05e13fe3ab26fcdd714714c4ea3183366816799c20eacaad6b459f75a1ae69be
[INFO] testing sunshine-identity-ffi-0.2.3 against beta-2023-12-22 for beta-1.76-1
[INFO] extracting crate sunshine-identity-ffi 0.2.3 into /workspace/builds/worker-0-tc2/source
[INFO] validating manifest of crates.io crate sunshine-identity-ffi 0.2.3 on toolchain beta-2023-12-22
[INFO] running `Command { std: CARGO_HOME="/workspace/cargo-home" RUSTUP_HOME="/workspace/rustup-home" "/workspace/cargo-home/bin/cargo" "+beta-2023-12-22" "metadata" "--manifest-path" "Cargo.toml" "--no-deps", kill_on_drop: false }`
[INFO] started tweaking crates.io crate sunshine-identity-ffi 0.2.3
[INFO] finished tweaking crates.io crate sunshine-identity-ffi 0.2.3
[INFO] tweaked toml for crates.io crate sunshine-identity-ffi 0.2.3 written to /workspace/builds/worker-0-tc2/source/Cargo.toml
[INFO] running `Command { std: CARGO_HOME="/workspace/cargo-home" RUSTUP_HOME="/workspace/rustup-home" "/workspace/cargo-home/bin/cargo" "+beta-2023-12-22" "generate-lockfile" "--manifest-path" "Cargo.toml", kill_on_drop: false }`
[INFO] [stderr]     Updating crates.io index
[INFO] running `Command { std: CARGO_HOME="/workspace/cargo-home" RUSTUP_HOME="/workspace/rustup-home" "/workspace/cargo-home/bin/cargo" "+beta-2023-12-22" "fetch" "--manifest-path" "Cargo.toml", kill_on_drop: false }`
[INFO] running `Command { std: "docker" "create" "-v" "/var/lib/crater-agent-workspace/builds/worker-0-tc2/target:/opt/rustwide/target:rw,Z" "-v" "/var/lib/crater-agent-workspace/builds/worker-0-tc2/source:/opt/rustwide/workdir:ro,Z" "-v" "/var/lib/crater-agent-workspace/cargo-home:/opt/rustwide/cargo-home:ro,Z" "-v" "/var/lib/crater-agent-workspace/rustup-home:/opt/rustwide/rustup-home:ro,Z" "-e" "SOURCE_DIR=/opt/rustwide/workdir" "-e" "CARGO_TARGET_DIR=/opt/rustwide/target" "-e" "CARGO_HOME=/opt/rustwide/cargo-home" "-e" "RUSTUP_HOME=/opt/rustwide/rustup-home" "-w" "/opt/rustwide/workdir" "-m" "1610612736" "--user" "0:0" "--network" "none" "ghcr.io/rust-lang/crates-build-env/linux@sha256:2788e3201cd34a07e3172128adcd8b3090168a8e3bcc40d7c032b9dda1df7d1c" "/opt/rustwide/cargo-home/bin/cargo" "+beta-2023-12-22" "metadata" "--no-deps" "--format-version=1", kill_on_drop: false }`
[INFO] [stdout] afdacfc606ef1146079e92b9ee8698aef9b704907c9d2ca1541c05a3de8b7505
[INFO] running `Command { std: "docker" "start" "-a" "afdacfc606ef1146079e92b9ee8698aef9b704907c9d2ca1541c05a3de8b7505", kill_on_drop: false }`
[INFO] running `Command { std: "docker" "inspect" "afdacfc606ef1146079e92b9ee8698aef9b704907c9d2ca1541c05a3de8b7505", kill_on_drop: false }`
[INFO] running `Command { std: "docker" "rm" "-f" "afdacfc606ef1146079e92b9ee8698aef9b704907c9d2ca1541c05a3de8b7505", kill_on_drop: false }`
[INFO] [stdout] afdacfc606ef1146079e92b9ee8698aef9b704907c9d2ca1541c05a3de8b7505
[INFO] running `Command { std: "docker" "create" "-v" "/var/lib/crater-agent-workspace/builds/worker-0-tc2/target:/opt/rustwide/target:rw,Z" "-v" "/var/lib/crater-agent-workspace/builds/worker-0-tc2/source:/opt/rustwide/workdir:ro,Z" "-v" "/var/lib/crater-agent-workspace/cargo-home:/opt/rustwide/cargo-home:ro,Z" "-v" "/var/lib/crater-agent-workspace/rustup-home:/opt/rustwide/rustup-home:ro,Z" "-e" "SOURCE_DIR=/opt/rustwide/workdir" "-e" "CARGO_TARGET_DIR=/opt/rustwide/target" "-e" "CARGO_INCREMENTAL=0" "-e" "RUST_BACKTRACE=full" "-e" "RUSTFLAGS=--cap-lints=warn" "-e" "RUSTDOCFLAGS=--cap-lints=warn" "-e" "CARGO_HOME=/opt/rustwide/cargo-home" "-e" "RUSTUP_HOME=/opt/rustwide/rustup-home" "-w" "/opt/rustwide/workdir" "-m" "1610612736" "--user" "0:0" "--network" "none" "ghcr.io/rust-lang/crates-build-env/linux@sha256:2788e3201cd34a07e3172128adcd8b3090168a8e3bcc40d7c032b9dda1df7d1c" "/opt/rustwide/cargo-home/bin/cargo" "+beta-2023-12-22" "build" "--frozen" "--message-format=json", kill_on_drop: false }`
[INFO] [stdout] 5b7b73b682c9ded2d5473c0df660c7833bae54ce031f5bce74724c81718cb0ad
[INFO] running `Command { std: "docker" "start" "-a" "5b7b73b682c9ded2d5473c0df660c7833bae54ce031f5bce74724c81718cb0ad", kill_on_drop: false }`
[INFO] [stderr]    Compiling libc v0.2.151
[INFO] [stderr]    Compiling syn v2.0.48
[INFO] [stderr]    Compiling syn v1.0.109
[INFO] [stderr]    Compiling value-bag v1.4.3
[INFO] [stderr]    Compiling byteorder v1.5.0
[INFO] [stderr]    Compiling either v1.9.0
[INFO] [stderr]    Compiling futures v0.1.31
[INFO] [stderr]    Compiling futures-core v0.3.30
[INFO] [stderr]    Compiling futures-io v0.3.30
[INFO] [stderr]    Compiling futures-task v0.3.30
[INFO] [stderr]    Compiling block-padding v0.2.1
[INFO] [stderr]    Compiling autocfg v0.1.8
[INFO] [stderr]    Compiling digest v0.9.0
[INFO] [stderr]    Compiling constant_time_eq v0.1.5
[INFO] [stderr]    Compiling unicode-normalization v0.1.22
[INFO] [stderr]    Compiling regex-syntax v0.8.2
[INFO] [stderr]    Compiling block-buffer v0.9.0
[INFO] [stderr]    Compiling bitvec v0.17.4
[INFO] [stderr]    Compiling futures-channel v0.3.30
[INFO] [stderr]    Compiling tiny-keccak v2.0.2
[INFO] [stderr]    Compiling sp-std v2.0.1
[INFO] [stderr]    Compiling rayon v1.8.0
[INFO] [stderr]    Compiling log v0.4.20
[INFO] [stderr]    Compiling sha2 v0.9.9
[INFO] [stderr]    Compiling hmac-drbg v0.2.0
[INFO] [stderr]    Compiling block-buffer v0.7.3
[INFO] [stderr]    Compiling uint v0.8.5
[INFO] [stderr]    Compiling matchers v0.0.1
[INFO] [stderr]    Compiling hash-db v0.15.2
[INFO] [stderr]    Compiling parity-util-mem v0.6.1
[INFO] [stderr]    Compiling sha2 v0.8.2
[INFO] [stderr]    Compiling nodrop v0.1.14
[INFO] [stderr]    Compiling environmental v1.1.4
[INFO] [stderr]    Compiling arrayvec v0.4.12
[INFO] [stderr]    Compiling convert_case v0.4.0
[INFO] [stderr]    Compiling pbkdf2 v0.8.0
[INFO] [stderr]    Compiling hmac v0.11.0
[INFO] [stderr]    Compiling hashbrown v0.6.3
[INFO] [stderr]    Compiling blake2-rfc v0.2.18
[INFO] [stderr]    Compiling bytes v0.5.6
[INFO] [stderr]    Compiling hash256-std-hasher v0.15.2
[INFO] [stderr]    Compiling base58 v0.1.0
[INFO] [stderr]    Compiling hex v0.4.3
[INFO] [stderr]    Compiling spin v0.5.2
[INFO] [stderr]    Compiling data-encoding v2.5.0
[INFO] [stderr]    Compiling unsigned-varint v0.5.1
[INFO] [stderr]    Compiling untrusted v0.7.1
[INFO] [stderr]    Compiling trie-root v0.16.0
[INFO] [stderr]    Compiling sha3 v0.9.1
[INFO] [stderr]    Compiling sha-1 v0.9.8
[INFO] [stderr]    Compiling blake2b_simd v0.5.11
[INFO] [stderr]    Compiling blake2s_simd v0.5.11
[INFO] [stderr]    Compiling proc-macro-hack v0.5.20+deprecated
[INFO] [stderr]    Compiling unicode-bidi v0.3.14
[INFO] [stderr]    Compiling itertools v0.9.0
[INFO] [stderr]    Compiling anyhow v1.0.79
[INFO] [stderr]    Compiling memoffset v0.5.6
[INFO] [stderr]    Compiling pin-project-lite v0.1.12
[INFO] [stderr]    Compiling integer-sqrt v0.1.5
[INFO] [stderr]    Compiling itertools v0.8.2
[INFO] [stderr]    Compiling crossbeam-epoch v0.8.2
[INFO] [stderr]    Compiling rustix v0.38.28
[INFO] [stderr]    Compiling multihash v0.11.4
[INFO] [stderr]    Compiling rand_core v0.4.2
[INFO] [stderr]    Compiling bitflags v2.4.1
[INFO] [stderr]    Compiling pin-project-internal v0.4.30
[INFO] [stderr]    Compiling regex-automata v0.4.3
[INFO] [stderr]    Compiling parking_lot_core v0.9.9
[INFO] [stderr]    Compiling cc v1.0.83
[INFO] [stderr]    Compiling getrandom v0.1.16
[INFO] [stderr]    Compiling num_cpus v1.16.0
[INFO] [stderr]    Compiling once_cell v1.19.0
[INFO] [stderr]    Compiling parking_lot_core v0.7.3
[INFO] [stderr]    Compiling getrandom v0.2.11
[INFO] [stderr]    Compiling rand_core v0.5.1
[INFO] [stderr]    Compiling tracing-core v0.1.32
[INFO] [stderr]    Compiling thread_local v1.1.7
[INFO] [stderr]    Compiling rand_core v0.6.4
[INFO] [stderr]    Compiling parking_lot v0.10.2
[INFO] [stderr]    Compiling pbkdf2 v0.3.0
[INFO] [stderr]    Compiling rand_pcg v0.2.1
[INFO] [stderr]    Compiling rand_chacha v0.2.2
[INFO] [stderr]    Compiling const-random-macro v0.1.16
[INFO] [stderr]    Compiling rand_chacha v0.3.1
[INFO] [stderr]    Compiling wasmi v0.6.2
[INFO] [stderr]    Compiling iovec v0.1.4
[INFO] [stderr]    Compiling net2 v0.2.39
[INFO] [stderr]    Compiling paste-impl v0.1.18
[INFO] [stderr]    Compiling which v3.1.1
[INFO] [stderr]    Compiling linux-raw-sys v0.4.12
[INFO] [stderr]    Compiling rand v0.7.3
[INFO] [stderr]    Compiling tracing v0.1.40
[INFO] [stderr]    Compiling tracing-log v0.1.4
[INFO] [stderr]    Compiling const-random v0.1.17
[INFO] [stderr]    Compiling rand v0.8.5
[INFO] [stderr]    Compiling ahash v0.2.19
[INFO] [stderr]    Compiling mio v0.6.23
[INFO] [stderr]    Compiling prost-build v0.6.1
[INFO] [stderr]    Compiling form_urlencoded v1.2.1
[INFO] [stderr]    Compiling idna v0.5.0
[INFO] [stderr]    Compiling paste v0.1.18
[INFO] [stderr]    Compiling instant v0.1.12
[INFO] [stderr]    Compiling fixedbitset v0.2.0
[INFO] [stderr]    Compiling backtrace v0.3.69
[INFO] [stderr]    Compiling clear_on_drop v0.2.5
[INFO] [stderr]    Compiling ring v0.16.20
[INFO] [stderr]    Compiling fastrand v2.0.1
[INFO] [stderr]    Compiling http v0.2.11
[INFO] [stderr]    Compiling fixed-hash v0.6.1
[INFO] [stderr]    Compiling libsecp256k1 v0.3.5
[INFO] [stderr]    Compiling twox-hash v1.6.3
[INFO] [stderr]    Compiling trie-db v0.21.0
[INFO] [stderr]    Compiling mio-uds v0.6.8
[INFO] [stderr]    Compiling petgraph v0.5.1
[INFO] [stderr]    Compiling url v2.5.0
[INFO] [stderr]    Compiling parking_lot_core v0.8.6
[INFO] [stderr]    Compiling crossbeam-deque v0.7.4
[INFO] [stderr]    Compiling async-task v1.3.1
[INFO] [stderr]    Compiling kv-log-macro v1.0.7
[INFO] [stderr]    Compiling httparse v1.8.0
[INFO] [stderr]    Compiling multimap v0.8.3
[INFO] [stderr]    Compiling sp-panic-handler v2.0.1
[INFO] [stderr]    Compiling futures-timer v2.0.2
[INFO] [stderr]    Compiling parking_lot v0.11.2
[INFO] [stderr]    Compiling tokio v0.2.25
[INFO] [stderr]    Compiling rand_core v0.3.1
[INFO] [stderr]    Compiling regex v1.10.2
[INFO] [stderr]    Compiling synstructure v0.12.6
[INFO] [stderr]    Compiling Inflector v0.11.4
[INFO] [stderr]    Compiling tempfile v3.9.0
[INFO] [stderr] error: could not compile `syn` (lib)
[INFO] [stderr] 
[INFO] [stderr] Caused by:
[INFO] [stderr]   process didn't exit successfully: `/opt/rustwide/rustup-home/toolchains/beta-2023-12-22-x86_64-unknown-linux-gnu/bin/rustc --crate-name syn --edition=2018 /opt/rustwide/cargo-home/registry/src/index.crates.io-6f17d22bba15001f/syn-1.0.109/src/lib.rs --error-format=json --json=diagnostic-rendered-ansi,artifacts,future-incompat --crate-type lib --emit=dep-info,metadata,link -C embed-bitcode=no --cfg 'feature="clone-impls"' --cfg 'feature="default"' --cfg 'feature="derive"' --cfg 'feature="extra-traits"' --cfg 'feature="fold"' --cfg 'feature="full"' --cfg 'feature="parsing"' --cfg 'feature="printing"' --cfg 'feature="proc-macro"' --cfg 'feature="quote"' --cfg 'feature="visit"' --cfg 'feature="visit-mut"' -C metadata=dbfd8f8b94ff289c -C extra-filename=-dbfd8f8b94ff289c --out-dir /opt/rustwide/target/debug/deps -L dependency=/opt/rustwide/target/debug/deps --extern proc_macro2=/opt/rustwide/target/debug/deps/libproc_macro2-1036bf450c2ad93b.rmeta --extern quote=/opt/rustwide/target/debug/deps/libquote-f8370d9153a2d449.rmeta --extern unicode_ident=/opt/rustwide/target/debug/deps/libunicode_ident-074c333503047827.rmeta --cap-lints allow --cap-lints=warn --cfg syn_disable_nightly_tests` (signal: 9, SIGKILL: kill)
[INFO] [stderr] warning: build failed, waiting for other jobs to finish...
[INFO] running `Command { std: "docker" "inspect" "5b7b73b682c9ded2d5473c0df660c7833bae54ce031f5bce74724c81718cb0ad", kill_on_drop: false }`
[INFO] running `Command { std: "docker" "rm" "-f" "5b7b73b682c9ded2d5473c0df660c7833bae54ce031f5bce74724c81718cb0ad", kill_on_drop: false }`
[INFO] [stdout] 5b7b73b682c9ded2d5473c0df660c7833bae54ce031f5bce74724c81718cb0ad
