[INFO] fetching crate summavy 0.25.3...
[INFO] testing summavy-0.25.3 against 1.75.0 for beta-1.76-1
[INFO] extracting crate summavy 0.25.3 into /workspace/builds/worker-3-tc1/source
[INFO] validating manifest of crates.io crate summavy 0.25.3 on toolchain 1.75.0
[INFO] running `Command { std: CARGO_HOME="/workspace/cargo-home" RUSTUP_HOME="/workspace/rustup-home" "/workspace/cargo-home/bin/cargo" "+1.75.0" "metadata" "--manifest-path" "Cargo.toml" "--no-deps", kill_on_drop: false }`
[INFO] started tweaking crates.io crate summavy 0.25.3
[INFO] removed 0 missing tests
[INFO] finished tweaking crates.io crate summavy 0.25.3
[INFO] tweaked toml for crates.io crate summavy 0.25.3 written to /workspace/builds/worker-3-tc1/source/Cargo.toml
[INFO] crate crates.io crate summavy 0.25.3 already has a lockfile, it will not be regenerated
[INFO] running `Command { std: CARGO_HOME="/workspace/cargo-home" RUSTUP_HOME="/workspace/rustup-home" "/workspace/cargo-home/bin/cargo" "+1.75.0" "fetch" "--manifest-path" "Cargo.toml", kill_on_drop: false }`
[INFO] [stderr]     Updating crates.io index
[INFO] [stderr]  Downloading crates ...
[INFO] [stderr]   Downloaded rgb v0.8.34
[INFO] [stderr]   Downloaded fastdivide v0.4.0
[INFO] [stderr]   Downloaded summavy-bitpacker v0.3.0
[INFO] [stderr]   Downloaded murmurhash32 v0.2.0
[INFO] [stderr]   Downloaded measure_time v0.8.2
[INFO] [stderr]   Downloaded census v0.4.1
[INFO] [stderr]   Downloaded bitpacking v0.8.4
[INFO] [stderr]   Downloaded zstd v0.12.1+zstd.1.5.2
[INFO] [stderr]   Downloaded pprof v0.11.0
[INFO] [stderr]   Downloaded object v0.30.0
[INFO] [stderr]   Downloaded summavy-ownedbytes v0.5.0
[INFO] [stderr]   Downloaded tantivy-fst v0.4.0
[INFO] [stderr]   Downloaded symbolic-demangle v10.2.1
[INFO] [stderr]   Downloaded zstd-sys v2.0.4+zstd.1.5.2
[INFO] [stderr]   Downloaded fail v0.5.1
[INFO] [stderr]   Downloaded levenshtein_automata v0.2.1
[INFO] [stderr]   Downloaded generator v0.7.2
[INFO] [stderr]   Downloaded oneshot v0.1.5
[INFO] [stderr]   Downloaded tantivy-query-grammar v0.19.0
[INFO] [stderr]   Downloaded summavy-sstable v0.1.0
[INFO] [stderr]   Downloaded inferno v0.11.13
[INFO] [stderr]   Downloaded summavy-common v0.5.0
[INFO] [stderr]   Downloaded summavy-stacker v0.1.0
[INFO] [stderr]   Downloaded summavy-tokenizer-api v0.1.0
[INFO] [stderr]   Downloaded summavy_fastfield_codecs v0.3.1
[INFO] running `Command { std: "docker" "create" "-v" "/var/lib/crater-agent-workspace/builds/worker-3-tc1/target:/opt/rustwide/target:rw,Z" "-v" "/var/lib/crater-agent-workspace/builds/worker-3-tc1/source:/opt/rustwide/workdir:ro,Z" "-v" "/var/lib/crater-agent-workspace/cargo-home:/opt/rustwide/cargo-home:ro,Z" "-v" "/var/lib/crater-agent-workspace/rustup-home:/opt/rustwide/rustup-home:ro,Z" "-e" "SOURCE_DIR=/opt/rustwide/workdir" "-e" "CARGO_TARGET_DIR=/opt/rustwide/target" "-e" "CARGO_HOME=/opt/rustwide/cargo-home" "-e" "RUSTUP_HOME=/opt/rustwide/rustup-home" "-w" "/opt/rustwide/workdir" "-m" "1610612736" "--user" "0:0" "--network" "none" "ghcr.io/rust-lang/crates-build-env/linux@sha256:2788e3201cd34a07e3172128adcd8b3090168a8e3bcc40d7c032b9dda1df7d1c" "/opt/rustwide/cargo-home/bin/cargo" "+1.75.0" "metadata" "--no-deps" "--format-version=1", kill_on_drop: false }`
[INFO] [stdout] 8a46ab78254143490e3d837bb1fc2d010e9058f4b0d36a2d194cb61022ff2c71
[INFO] running `Command { std: "docker" "start" "-a" "8a46ab78254143490e3d837bb1fc2d010e9058f4b0d36a2d194cb61022ff2c71", kill_on_drop: false }`
[INFO] running `Command { std: "docker" "inspect" "8a46ab78254143490e3d837bb1fc2d010e9058f4b0d36a2d194cb61022ff2c71", kill_on_drop: false }`
[INFO] running `Command { std: "docker" "rm" "-f" "8a46ab78254143490e3d837bb1fc2d010e9058f4b0d36a2d194cb61022ff2c71", kill_on_drop: false }`
[INFO] [stdout] 8a46ab78254143490e3d837bb1fc2d010e9058f4b0d36a2d194cb61022ff2c71
[INFO] running `Command { std: "docker" "create" "-v" "/var/lib/crater-agent-workspace/builds/worker-3-tc1/target:/opt/rustwide/target:rw,Z" "-v" "/var/lib/crater-agent-workspace/builds/worker-3-tc1/source:/opt/rustwide/workdir:ro,Z" "-v" "/var/lib/crater-agent-workspace/cargo-home:/opt/rustwide/cargo-home:ro,Z" "-v" "/var/lib/crater-agent-workspace/rustup-home:/opt/rustwide/rustup-home:ro,Z" "-e" "SOURCE_DIR=/opt/rustwide/workdir" "-e" "CARGO_TARGET_DIR=/opt/rustwide/target" "-e" "CARGO_INCREMENTAL=0" "-e" "RUST_BACKTRACE=full" "-e" "RUSTFLAGS=--cap-lints=warn" "-e" "RUSTDOCFLAGS=--cap-lints=warn" "-e" "CARGO_HOME=/opt/rustwide/cargo-home" "-e" "RUSTUP_HOME=/opt/rustwide/rustup-home" "-w" "/opt/rustwide/workdir" "-m" "1610612736" "--user" "0:0" "--network" "none" "ghcr.io/rust-lang/crates-build-env/linux@sha256:2788e3201cd34a07e3172128adcd8b3090168a8e3bcc40d7c032b9dda1df7d1c" "/opt/rustwide/cargo-home/bin/cargo" "+1.75.0" "build" "--frozen" "--message-format=json", kill_on_drop: false }`
[INFO] [stdout] 9f7cc4ac9f6f975abef09aca61430385a26f00693da9dfed1f7dca72127193ed
[INFO] running `Command { std: "docker" "start" "-a" "9f7cc4ac9f6f975abef09aca61430385a26f00693da9dfed1f7dca72127193ed", kill_on_drop: false }`
[INFO] [stderr]    Compiling proc-macro2 v1.0.49
[INFO] [stderr]    Compiling unicode-ident v1.0.6
[INFO] [stderr]    Compiling quote v1.0.23
[INFO] [stderr]    Compiling syn v1.0.107
[INFO] [stderr]    Compiling libc v0.2.138
[INFO] [stderr]    Compiling serde_derive v1.0.152
[INFO] [stderr]    Compiling memchr v2.5.0
[INFO] [stderr]    Compiling serde v1.0.152
[INFO] [stderr]    Compiling crossbeam-utils v0.8.14
[INFO] [stderr]    Compiling memoffset v0.7.1
[INFO] [stderr]    Compiling futures-core v0.3.25
[INFO] [stderr]    Compiling slab v0.4.7
[INFO] [stderr]    Compiling crossbeam-epoch v0.9.13
[INFO] [stderr]    Compiling once_cell v1.16.0
[INFO] [stderr]    Compiling futures-task v0.3.25
[INFO] [stderr]    Compiling futures-channel v0.3.25
[INFO] [stderr]    Compiling async-trait v0.1.60
[INFO] [stderr]    Compiling log v0.4.17
[INFO] [stderr]    Compiling byteorder v1.4.3
[INFO] [stderr]    Compiling getrandom v0.2.8
[INFO] [stderr]    Compiling version_check v0.9.4
[INFO] [stderr]    Compiling stable_deref_trait v1.2.0
[INFO] [stderr]    Compiling scopeguard v1.1.0
[INFO] [stderr]    Compiling futures-sink v0.3.25
[INFO] [stderr]    Compiling futures-util v0.3.25
[INFO] [stderr]    Compiling summavy-ownedbytes v0.5.0
[INFO] [stderr]    Compiling ahash v0.8.2
[INFO] [stderr]    Compiling rand_core v0.6.4
[INFO] [stderr]    Compiling regex-syntax v0.6.28
[INFO] [stderr]    Compiling crunchy v0.2.2
[INFO] [stderr]    Compiling futures-io v0.3.25
[INFO] [stderr]    Compiling either v1.8.0
[INFO] [stderr]    Compiling pin-utils v0.1.0
[INFO] [stderr]    Compiling pin-project-lite v0.2.9
[INFO] [stderr]    Compiling rayon-core v1.10.1
[INFO] [stderr]    Compiling rand_chacha v0.3.1
[INFO] [stderr]    Compiling crossbeam-deque v0.8.2
[INFO] [stderr]    Compiling num_cpus v1.15.0
[INFO] [stderr]    Compiling crossbeam-channel v0.5.6
[INFO] [stderr]    Compiling serde_json v1.0.91
[INFO] [stderr]    Compiling itoa v1.0.5
[INFO] [stderr]    Compiling crc32fast v1.3.2
[INFO] [stderr]    Compiling thiserror v1.0.38
[INFO] [stderr]    Compiling hashbrown v0.13.1
[INFO] [stderr]    Compiling rand v0.8.5
[INFO] [stderr]    Compiling itertools v0.10.5
[INFO] [stderr]    Compiling murmurhash32 v0.2.0
[INFO] [stderr]    Compiling combine v4.6.6
[INFO] [stderr]    Compiling instant v0.1.12
[INFO] [stderr]    Compiling remove_dir_all v0.5.3
[INFO] [stderr]    Compiling fastrand v1.8.0
[INFO] [stderr]    Compiling ryu v1.0.12
[INFO] [stderr]    Compiling summavy-bitpacker v0.3.0
[INFO] [stderr]    Compiling time-core v0.1.0
[INFO] [stderr]    Compiling fastdivide v0.4.0
[INFO] [stderr]    Compiling tempfile v3.3.0
[INFO] [stderr]    Compiling lru v0.9.0
[INFO] [stderr]    Compiling rayon v1.6.1
[INFO] [stderr]    Compiling regex v1.7.0
[INFO] [stderr]    Compiling tantivy-fst v0.4.0
[INFO] [stderr]    Compiling fail v0.5.1
[INFO] [stderr]    Compiling measure_time v0.8.2
[INFO] [stderr]    Compiling bitpacking v0.8.4
[INFO] [stderr]    Compiling memmap2 v0.5.8
[INFO] [stderr]    Compiling fs2 v0.4.3
[INFO] [stderr]    Compiling aho-corasick v0.7.20
[INFO] [stderr]    Compiling rustc-hash v1.1.0
[INFO] [stderr]    Compiling arc-swap v1.5.1
[INFO] [stderr]    Compiling lz4_flex v0.9.5
[INFO] [stderr]    Compiling smallvec v1.10.0
[INFO] [stderr]    Compiling levenshtein_automata v0.2.1
[INFO] [stderr]    Compiling downcast-rs v1.2.0
[INFO] [stderr]    Compiling census v0.4.1
[INFO] [stderr]    Compiling htmlescape v0.3.1
[INFO] [stderr]    Compiling base64 v0.21.0
[INFO] [stderr]    Compiling oneshot v0.1.5
[INFO] [stderr]    Compiling futures-macro v0.3.25
[INFO] [stderr]    Compiling thiserror-impl v1.0.38
[INFO] [stderr]    Compiling summavy-common v0.5.0
[INFO] [stderr]    Compiling summavy_fastfield_codecs v0.3.1
[INFO] [stderr]    Compiling summavy-stacker v0.1.0
[INFO] [stderr]    Compiling tantivy-query-grammar v0.19.0
[INFO] [stderr]    Compiling futures-executor v0.3.25
[INFO] [stderr]    Compiling futures v0.3.25
[INFO] [stderr]    Compiling rust-stemmers v1.2.0
[INFO] [stderr]    Compiling time v0.3.17
[INFO] [stderr]    Compiling uuid v1.2.2
[INFO] [stderr]    Compiling summavy-tokenizer-api v0.1.0
[INFO] [stderr]    Compiling summavy v0.25.3 (/opt/rustwide/workdir)
[INFO] [stdout] warning: unused import: `self::segment_manager::SegmentManager`
[INFO] [stdout]   --> src/indexer/mod.rs:39:9
[INFO] [stdout]    |
[INFO] [stdout] 39 | pub use self::segment_manager::SegmentManager;
[INFO] [stdout]    |         ^^^^^^^^^^^^^^^^^^^^^^^^^^^^^^^^^^^^^
[INFO] [stdout]    |
[INFO] [stdout]    = note: `#[warn(unused_imports)]` on by default
[INFO] [stdout] 
[INFO] [stdout] 
[INFO] [stdout] warning: private item shadows public glob re-export
[INFO] [stdout]   --> src/aggregation/bucket/mod.rs:16:16
[INFO] [stdout]    |
[INFO] [stdout] 16 | pub(crate) use histogram::SegmentHistogramCollector;
[INFO] [stdout]    |                ^^^^^^^^^^^^^^^^^^^^^^^^^^^^^^^^^^^^
[INFO] [stdout]    |
[INFO] [stdout] note: the name `SegmentHistogramCollector` in the type namespace is supposed to be publicly re-exported here
[INFO] [stdout]   --> src/aggregation/bucket/mod.rs:17:9
[INFO] [stdout]    |
[INFO] [stdout] 17 | pub use histogram::*;
[INFO] [stdout]    |         ^^^^^^^^^^^^
[INFO] [stdout] note: but the private item here shadows it
[INFO] [stdout]   --> src/aggregation/bucket/mod.rs:16:16
[INFO] [stdout]    |
[INFO] [stdout] 16 | pub(crate) use histogram::SegmentHistogramCollector;
[INFO] [stdout]    |                ^^^^^^^^^^^^^^^^^^^^^^^^^^^^^^^^^^^^
[INFO] [stdout]    = note: `#[warn(hidden_glob_reexports)]` on by default
[INFO] [stdout] 
[INFO] [stdout] 
[INFO] [stdout] warning: private item shadows public glob re-export
[INFO] [stdout]   --> src/aggregation/bucket/mod.rs:18:16
[INFO] [stdout]    |
[INFO] [stdout] 18 | pub(crate) use range::SegmentRangeCollector;
[INFO] [stdout]    |                ^^^^^^^^^^^^^^^^^^^^^^^^^^^^
[INFO] [stdout]    |
[INFO] [stdout] note: the name `SegmentRangeCollector` in the type namespace is supposed to be publicly re-exported here
[INFO] [stdout]   --> src/aggregation/bucket/mod.rs:19:9
[INFO] [stdout]    |
[INFO] [stdout] 19 | pub use range::*;
[INFO] [stdout]    |         ^^^^^^^^
[INFO] [stdout] note: but the private item here shadows it
[INFO] [stdout]   --> src/aggregation/bucket/mod.rs:18:16
[INFO] [stdout]    |
[INFO] [stdout] 18 | pub(crate) use range::SegmentRangeCollector;
[INFO] [stdout]    |                ^^^^^^^^^^^^^^^^^^^^^^^^^^^^
[INFO] [stdout] 
[INFO] [stdout] 
[INFO] [stdout] warning: unused import: `self::term_weight::TermWeight`
[INFO] [stdout]  --> src/query/term_query/mod.rs:7:9
[INFO] [stdout]   |
[INFO] [stdout] 7 | pub use self::term_weight::TermWeight;
[INFO] [stdout]   |         ^^^^^^^^^^^^^^^^^^^^^^^^^^^^^
[INFO] [stdout] 
[INFO] [stdout] 
[INFO] [stdout] warning: 4 warnings emitted
[INFO] [stdout] 
[INFO] [stdout] 
[INFO] [stderr]     Finished dev [unoptimized + debuginfo] target(s) in 49.02s
[INFO] running `Command { std: "docker" "inspect" "9f7cc4ac9f6f975abef09aca61430385a26f00693da9dfed1f7dca72127193ed", kill_on_drop: false }`
[INFO] running `Command { std: "docker" "rm" "-f" "9f7cc4ac9f6f975abef09aca61430385a26f00693da9dfed1f7dca72127193ed", kill_on_drop: false }`
[INFO] [stdout] 9f7cc4ac9f6f975abef09aca61430385a26f00693da9dfed1f7dca72127193ed
[INFO] running `Command { std: "docker" "create" "-v" "/var/lib/crater-agent-workspace/builds/worker-3-tc1/target:/opt/rustwide/target:rw,Z" "-v" "/var/lib/crater-agent-workspace/builds/worker-3-tc1/source:/opt/rustwide/workdir:ro,Z" "-v" "/var/lib/crater-agent-workspace/cargo-home:/opt/rustwide/cargo-home:ro,Z" "-v" "/var/lib/crater-agent-workspace/rustup-home:/opt/rustwide/rustup-home:ro,Z" "-e" "SOURCE_DIR=/opt/rustwide/workdir" "-e" "CARGO_TARGET_DIR=/opt/rustwide/target" "-e" "CARGO_INCREMENTAL=0" "-e" "RUST_BACKTRACE=full" "-e" "RUSTFLAGS=--cap-lints=warn" "-e" "RUSTDOCFLAGS=--cap-lints=warn" "-e" "CARGO_HOME=/opt/rustwide/cargo-home" "-e" "RUSTUP_HOME=/opt/rustwide/rustup-home" "-w" "/opt/rustwide/workdir" "-m" "1610612736" "--user" "0:0" "--network" "none" "ghcr.io/rust-lang/crates-build-env/linux@sha256:2788e3201cd34a07e3172128adcd8b3090168a8e3bcc40d7c032b9dda1df7d1c" "/opt/rustwide/cargo-home/bin/cargo" "+1.75.0" "test" "--frozen" "--no-run" "--message-format=json", kill_on_drop: false }`
[INFO] [stdout] 43a0cd7088f6167e5165492c5d0fa6ac3bf55310ceaa7274b0dfb5108edd8a92
[INFO] running `Command { std: "docker" "start" "-a" "43a0cd7088f6167e5165492c5d0fa6ac3bf55310ceaa7274b0dfb5108edd8a92", kill_on_drop: false }`
[INFO] [stderr]    Compiling libc v0.2.138
[INFO] [stderr]    Compiling syn v1.0.107
[INFO] [stderr]    Compiling ahash v0.8.2
[INFO] [stderr]    Compiling cc v1.0.78
[INFO] [stderr]    Compiling indexmap v1.9.2
[INFO] [stderr]    Compiling num-traits v0.2.15
[INFO] [stderr]    Compiling regex v1.7.0
[INFO] [stderr]    Compiling hashbrown v0.12.3
[INFO] [stderr]    Compiling io-lifetimes v1.0.3
[INFO] [stderr]    Compiling lock_api v0.4.9
[INFO] [stderr]    Compiling os_str_bytes v6.4.1
[INFO] [stderr]    Compiling half v1.8.2
[INFO] [stderr]    Compiling rustix v0.36.5
[INFO] [stderr]    Compiling cpp_demangle v0.4.0
[INFO] [stderr]    Compiling parking_lot_core v0.9.5
[INFO] [stderr]    Compiling plotters-backend v0.3.4
[INFO] [stderr]    Compiling ciborium-io v0.2.0
[INFO] [stderr]    Compiling findshlibs v0.10.2
[INFO] [stderr]    Compiling getrandom v0.2.8
[INFO] [stderr]    Compiling num_cpus v1.15.0
[INFO] [stderr]    Compiling tempfile v3.3.0
[INFO] [stderr]    Compiling rand_core v0.6.4
[INFO] [stderr]    Compiling rayon-core v1.10.1
[INFO] [stderr]    Compiling memmap2 v0.5.8
[INFO] [stderr]    Compiling rand_chacha v0.3.1
[INFO] [stderr]    Compiling plotters-svg v0.3.3
[INFO] [stderr]    Compiling atty v0.2.14
[INFO] [stderr]    Compiling ciborium-ll v0.2.0
[INFO] [stderr]    Compiling rand v0.8.5
[INFO] [stderr]    Compiling backtrace v0.3.67
[INFO] [stderr]    Compiling clap_lex v0.2.4
[INFO] [stderr]    Compiling textwrap v0.16.0
[INFO] [stderr]    Compiling rayon v1.6.1
[INFO] [stderr]    Compiling bytemuck v1.12.3
[INFO] [stderr]    Compiling cast v0.3.0
[INFO] [stderr]    Compiling rustc-demangle v0.1.21
[INFO] [stderr]    Compiling linux-raw-sys v0.1.4
[INFO] [stderr]    Compiling symbolic-demangle v10.2.1
[INFO] [stderr]    Compiling arrayvec v0.7.2
[INFO] [stderr]    Compiling gimli v0.27.0
[INFO] [stderr]    Compiling same-file v1.0.6
[INFO] [stderr]    Compiling walkdir v2.3.2
[INFO] [stderr]    Compiling num-format v0.4.4
[INFO] [stderr]    Compiling criterion-plot v0.5.0
[INFO] [stderr]    Compiling rgb v0.8.34
[INFO] [stderr]    Compiling clap v3.2.23
[INFO] [stderr]    Compiling miniz_oxide v0.6.2
[INFO] [stderr]    Compiling hashbrown v0.13.1
[INFO] [stderr]    Compiling plotters v0.3.4
[INFO] [stderr]    Compiling wait-timeout v0.2.0
[INFO] [stderr]    Compiling quick-xml v0.26.0
[INFO] [stderr]    Compiling object v0.30.0
[INFO] [stderr]    Compiling fnv v1.0.7
[INFO] [stderr]    Compiling str_stack v0.1.0
[INFO] [stderr]    Compiling addr2line v0.19.0
[INFO] [stderr]    Compiling pprof v0.11.0
[INFO] [stderr]    Compiling oorandom v11.1.3
[INFO] [stderr]    Compiling bit-vec v0.6.3
[INFO] [stderr]    Compiling quick-error v1.2.3
[INFO] [stderr]    Compiling anes v0.1.6
[INFO] [stderr]    Compiling bit-set v0.5.3
[INFO] [stderr]    Compiling rusty-fork v0.3.0
[INFO] [stderr]    Compiling inferno v0.11.13
[INFO] [stderr]    Compiling tantivy-query-grammar v0.19.0
[INFO] [stderr]    Compiling parking_lot v0.12.1
[INFO] [stderr]    Compiling lru v0.9.0
[INFO] [stderr]    Compiling is-terminal v0.4.2
[INFO] [stderr]    Compiling fail v0.5.1
[INFO] [stderr]    Compiling rand_xorshift v0.3.0
[INFO] [stderr]    Compiling nix v0.24.3
[INFO] [stderr]    Compiling fs2 v0.4.3
[INFO] [stderr]    Compiling serde_derive v1.0.152
[INFO] [stderr]    Compiling futures-macro v0.3.25
[INFO] [stderr]    Compiling async-trait v0.1.60
[INFO] [stderr]    Compiling thiserror-impl v1.0.38
[INFO] [stderr]    Compiling yansi v0.5.1
[INFO] [stderr]    Compiling futures-util v0.3.25
[INFO] [stderr]    Compiling quick-error v2.0.1
[INFO] [stderr]    Compiling humantime v2.1.0
[INFO] [stderr]    Compiling termcolor v1.1.3
[INFO] [stderr]    Compiling summavy-common v0.5.0
[INFO] [stderr]    Compiling summavy-stacker v0.1.0
[INFO] [stderr]    Compiling summavy_fastfield_codecs v0.3.1
[INFO] [stderr]    Compiling diff v0.1.13
[INFO] [stderr]    Compiling thiserror v1.0.38
[INFO] [stderr]    Compiling pretty_assertions v1.3.0
[INFO] [stderr]    Compiling env_logger v0.10.0
[INFO] [stderr]    Compiling proptest v1.0.0
[INFO] [stderr]    Compiling test-log v0.2.11
[INFO] [stderr]    Compiling matches v0.1.9
[INFO] [stderr]    Compiling maplit v1.0.2
[INFO] [stderr]    Compiling serde v1.0.152
[INFO] [stderr]    Compiling futures-executor v0.3.25
[INFO] [stderr]    Compiling futures v0.3.25
[INFO] [stderr]    Compiling uuid v1.2.2
[INFO] [stderr]    Compiling serde_json v1.0.91
[INFO] [stderr]    Compiling ciborium v0.2.0
[INFO] [stderr]    Compiling summavy-tokenizer-api v0.1.0
[INFO] [stderr]    Compiling time v0.3.17
[INFO] [stderr]    Compiling rust-stemmers v1.2.0
[INFO] [stderr]    Compiling debugid v0.8.0
[INFO] [stderr]    Compiling symbolic-common v10.2.1
[INFO] [stderr]    Compiling tinytemplate v1.2.1
[INFO] [stderr]    Compiling criterion v0.4.0
[INFO] [stderr]    Compiling summavy v0.25.3 (/opt/rustwide/workdir)
[INFO] [stdout] warning: unused import: `self::segment_manager::SegmentManager`
[INFO] [stdout]   --> src/indexer/mod.rs:39:9
[INFO] [stdout]    |
[INFO] [stdout] 39 | pub use self::segment_manager::SegmentManager;
[INFO] [stdout]    |         ^^^^^^^^^^^^^^^^^^^^^^^^^^^^^^^^^^^^^
[INFO] [stdout]    |
[INFO] [stdout]    = note: `#[warn(unused_imports)]` on by default
[INFO] [stdout] 
[INFO] [stdout] 
[INFO] [stdout] warning: private item shadows public glob re-export
[INFO] [stdout]   --> src/aggregation/bucket/mod.rs:16:16
[INFO] [stdout]    |
[INFO] [stdout] 16 | pub(crate) use histogram::SegmentHistogramCollector;
[INFO] [stdout]    |                ^^^^^^^^^^^^^^^^^^^^^^^^^^^^^^^^^^^^
[INFO] [stdout]    |
[INFO] [stdout] note: the name `SegmentHistogramCollector` in the type namespace is supposed to be publicly re-exported here
[INFO] [stdout]   --> src/aggregation/bucket/mod.rs:17:9
[INFO] [stdout]    |
[INFO] [stdout] 17 | pub use histogram::*;
[INFO] [stdout]    |         ^^^^^^^^^^^^
[INFO] [stdout] note: but the private item here shadows it
[INFO] [stdout]   --> src/aggregation/bucket/mod.rs:16:16
[INFO] [stdout]    |
[INFO] [stdout] 16 | pub(crate) use histogram::SegmentHistogramCollector;
[INFO] [stdout]    |                ^^^^^^^^^^^^^^^^^^^^^^^^^^^^^^^^^^^^
[INFO] [stdout]    = note: `#[warn(hidden_glob_reexports)]` on by default
[INFO] [stdout] 
[INFO] [stdout] 
[INFO] [stdout] warning: private item shadows public glob re-export
[INFO] [stdout]   --> src/aggregation/bucket/mod.rs:18:16
[INFO] [stdout]    |
[INFO] [stdout] 18 | pub(crate) use range::SegmentRangeCollector;
[INFO] [stdout]    |                ^^^^^^^^^^^^^^^^^^^^^^^^^^^^
[INFO] [stdout]    |
[INFO] [stdout] note: the name `SegmentRangeCollector` in the type namespace is supposed to be publicly re-exported here
[INFO] [stdout]   --> src/aggregation/bucket/mod.rs:19:9
[INFO] [stdout]    |
[INFO] [stdout] 19 | pub use range::*;
[INFO] [stdout]    |         ^^^^^^^^
[INFO] [stdout] note: but the private item here shadows it
[INFO] [stdout]   --> src/aggregation/bucket/mod.rs:18:16
[INFO] [stdout]    |
[INFO] [stdout] 18 | pub(crate) use range::SegmentRangeCollector;
[INFO] [stdout]    |                ^^^^^^^^^^^^^^^^^^^^^^^^^^^^
[INFO] [stdout] 
[INFO] [stdout] 
[INFO] [stdout] warning: unused import: `self::term_weight::TermWeight`
[INFO] [stdout]  --> src/query/term_query/mod.rs:7:9
[INFO] [stdout]   |
[INFO] [stdout] 7 | pub use self::term_weight::TermWeight;
[INFO] [stdout]   |         ^^^^^^^^^^^^^^^^^^^^^^^^^^^^^
[INFO] [stdout] 
[INFO] [stdout] 
[INFO] [stdout] warning: unused import: `self::segment_manager::SegmentManager`
[INFO] [stdout]   --> src/indexer/mod.rs:39:9
[INFO] [stdout]    |
[INFO] [stdout] 39 | pub use self::segment_manager::SegmentManager;
[INFO] [stdout]    |         ^^^^^^^^^^^^^^^^^^^^^^^^^^^^^^^^^^^^^
[INFO] [stdout]    |
[INFO] [stdout]    = note: `#[warn(unused_imports)]` on by default
[INFO] [stdout] 
[INFO] [stdout] 
[INFO] [stdout] warning: private item shadows public glob re-export
[INFO] [stdout]   --> src/aggregation/bucket/mod.rs:16:16
[INFO] [stdout]    |
[INFO] [stdout] 16 | pub(crate) use histogram::SegmentHistogramCollector;
[INFO] [stdout]    |                ^^^^^^^^^^^^^^^^^^^^^^^^^^^^^^^^^^^^
[INFO] [stdout]    |
[INFO] [stdout] note: the name `SegmentHistogramCollector` in the type namespace is supposed to be publicly re-exported here
[INFO] [stdout]   --> src/aggregation/bucket/mod.rs:17:9
[INFO] [stdout]    |
[INFO] [stdout] 17 | pub use histogram::*;
[INFO] [stdout]    |         ^^^^^^^^^^^^
[INFO] [stdout] note: but the private item here shadows it
[INFO] [stdout]   --> src/aggregation/bucket/mod.rs:16:16
[INFO] [stdout]    |
[INFO] [stdout] 16 | pub(crate) use histogram::SegmentHistogramCollector;
[INFO] [stdout]    |                ^^^^^^^^^^^^^^^^^^^^^^^^^^^^^^^^^^^^
[INFO] [stdout]    = note: `#[warn(hidden_glob_reexports)]` on by default
[INFO] [stdout] 
[INFO] [stdout] 
[INFO] [stdout] warning: private item shadows public glob re-export
[INFO] [stdout]   --> src/aggregation/bucket/mod.rs:18:16
[INFO] [stdout]    |
[INFO] [stdout] 18 | pub(crate) use range::SegmentRangeCollector;
[INFO] [stdout]    |                ^^^^^^^^^^^^^^^^^^^^^^^^^^^^
[INFO] [stdout]    |
[INFO] [stdout] note: the name `SegmentRangeCollector` in the type namespace is supposed to be publicly re-exported here
[INFO] [stdout]   --> src/aggregation/bucket/mod.rs:19:9
[INFO] [stdout]    |
[INFO] [stdout] 19 | pub use range::*;
[INFO] [stdout]    |         ^^^^^^^^
[INFO] [stdout] note: but the private item here shadows it
[INFO] [stdout]   --> src/aggregation/bucket/mod.rs:18:16
[INFO] [stdout]    |
[INFO] [stdout] 18 | pub(crate) use range::SegmentRangeCollector;
[INFO] [stdout]    |                ^^^^^^^^^^^^^^^^^^^^^^^^^^^^
[INFO] [stdout] 
[INFO] [stdout] 
[INFO] [stdout] warning: unused import: `self::term_weight::TermWeight`
[INFO] [stdout]  --> src/query/term_query/mod.rs:7:9
[INFO] [stdout]   |
[INFO] [stdout] 7 | pub use self::term_weight::TermWeight;
[INFO] [stdout]   |         ^^^^^^^^^^^^^^^^^^^^^^^^^^^^^
[INFO] [stdout] 
[INFO] [stdout] 
[INFO] [stdout] warning: 4 warnings emitted
[INFO] [stdout] 
[INFO] [stdout] 
[INFO] [stdout] error[E0433]: failed to resolve: use of undeclared crate or module `tantivy`
[INFO] [stdout]  --> examples/faceted_search_with_tweaked_score.rs:5:5
[INFO] [stdout]   |
[INFO] [stdout] 5 | use tantivy::schema::*;
[INFO] [stdout]   |     ^^^^^^^ use of undeclared crate or module `tantivy`
[INFO] [stdout] 
[INFO] [stdout] 
[INFO] [stdout] error[E0433]: failed to resolve: use of undeclared crate or module `tantivy`
[INFO] [stdout]  --> examples/faceted_search_with_tweaked_score.rs:3:5
[INFO] [stdout]   |
[INFO] [stdout] 3 | use tantivy::collector::TopDocs;
[INFO] [stdout]   |     ^^^^^^^ use of undeclared crate or module `tantivy`
[INFO] [stdout] 
[INFO] [stdout] 
[INFO] [stdout] error[E0433]: failed to resolve: use of undeclared crate or module `tantivy`
[INFO] [stdout]  --> examples/faceted_search_with_tweaked_score.rs:4:5
[INFO] [stdout]   |
[INFO] [stdout] 4 | use tantivy::query::BooleanQuery;
[INFO] [stdout]   |     ^^^^^^^ use of undeclared crate or module `tantivy`
[INFO] [stdout] 
[INFO] [stdout] 
[INFO] [stdout] error[E0433]: failed to resolve: use of undeclared crate or module `tantivy`
[INFO] [stdout]  --> examples/working_with_json.rs:1:5
[INFO] [stdout]   |
[INFO] [stdout] 1 | use tantivy::schema::*;
[INFO] [stdout]   |     ^^^^^^^ use of undeclared crate or module `tantivy`
[INFO] [stdout] 
[INFO] [stdout] 
[INFO] [stdout] error[E0433]: failed to resolve: use of undeclared crate or module `tantivy`
[INFO] [stdout]  --> tests/failpoints/mod.rs:3:5
[INFO] [stdout]   |
[INFO] [stdout] 3 | use tantivy::directory::{Directory, ManagedDirectory, RamDirectory, TerminatingWrite};
[INFO] [stdout]   |     ^^^^^^^ use of undeclared crate or module `tantivy`
[INFO] [stdout] 
[INFO] [stdout] 
[INFO] [stdout] error[E0433]: failed to resolve: use of undeclared crate or module `tantivy`
[INFO] [stdout]  --> tests/failpoints/mod.rs:4:5
[INFO] [stdout]   |
[INFO] [stdout] 4 | use tantivy::schema::{Schema, TEXT};
[INFO] [stdout]   |     ^^^^^^^ use of undeclared crate or module `tantivy`
[INFO] [stdout] 
[INFO] [stdout] 
[INFO] [stdout] error[E0433]: failed to resolve: use of undeclared crate or module `tantivy`
[INFO] [stdout]   --> examples/snippet.rs:12:5
[INFO] [stdout]    |
[INFO] [stdout] 12 | use tantivy::schema::*;
[INFO] [stdout]    |     ^^^^^^^ use of undeclared crate or module `tantivy`
[INFO] [stdout] 
[INFO] [stdout] 
[INFO] [stdout] error[E0433]: failed to resolve: use of undeclared crate or module `tantivy`
[INFO] [stdout]   --> examples/custom_collector.rs:15:5
[INFO] [stdout]    |
[INFO] [stdout] 15 | use tantivy::collector::{Collector, SegmentCollector};
[INFO] [stdout]    |     ^^^^^^^ use of undeclared crate or module `tantivy`
[INFO] [stdout] 
[INFO] [stdout] 
[INFO] [stdout] error[E0433]: failed to resolve: use of undeclared crate or module `tantivy`
[INFO] [stdout]   --> examples/snippet.rs:10:5
[INFO] [stdout]    |
[INFO] [stdout] 10 | use tantivy::collector::TopDocs;
[INFO] [stdout]    |     ^^^^^^^ use of undeclared crate or module `tantivy`
[INFO] [stdout] 
[INFO] [stdout] 
[INFO] [stdout] error[E0433]: failed to resolve: use of undeclared crate or module `tantivy`
[INFO] [stdout]   --> examples/snippet.rs:11:5
[INFO] [stdout]    |
[INFO] [stdout] 11 | use tantivy::query::QueryParser;
[INFO] [stdout]    |     ^^^^^^^ use of undeclared crate or module `tantivy`
[INFO] [stdout] 
[INFO] [stdout] 
[INFO] [stdout] error[E0433]: failed to resolve: use of undeclared crate or module `tantivy`
[INFO] [stdout]  --> examples/date_time_field.rs:5:5
[INFO] [stdout]   |
[INFO] [stdout] 5 | use tantivy::collector::TopDocs;
[INFO] [stdout]   |     ^^^^^^^ use of undeclared crate or module `tantivy`
[INFO] [stdout] 
[INFO] [stdout] 
[INFO] [stdout] error[E0433]: failed to resolve: use of undeclared crate or module `tantivy`
[INFO] [stdout]   --> examples/custom_collector.rs:16:5
[INFO] [stdout]    |
[INFO] [stdout] 16 | use tantivy::query::QueryParser;
[INFO] [stdout]    |     ^^^^^^^ use of undeclared crate or module `tantivy`
[INFO] [stdout] 
[INFO] [stdout] 
[INFO] [stdout] error[E0433]: failed to resolve: use of undeclared crate or module `tantivy`
[INFO] [stdout]   --> examples/custom_collector.rs:17:5
[INFO] [stdout]    |
[INFO] [stdout] 17 | use tantivy::schema::{Field, Schema, FAST, INDEXED, TEXT};
[INFO] [stdout]    |     ^^^^^^^ use of undeclared crate or module `tantivy`
[INFO] [stdout] 
[INFO] [stdout] 
[INFO] [stdout] error[E0433]: failed to resolve: use of undeclared crate or module `tantivy`
[INFO] [stdout]  --> examples/aggregation.rs:8:5
[INFO] [stdout]   |
[INFO] [stdout] 8 | use tantivy::aggregation::agg_req::{
[INFO] [stdout]   |     ^^^^^^^ use of undeclared crate or module `tantivy`
[INFO] [stdout] 
[INFO] [stdout] 
[INFO] [stdout] error[E0433]: failed to resolve: use of undeclared crate or module `tantivy`
[INFO] [stdout]  --> examples/date_time_field.rs:6:5
[INFO] [stdout]   |
[INFO] [stdout] 6 | use tantivy::query::QueryParser;
[INFO] [stdout]   |     ^^^^^^^ use of undeclared crate or module `tantivy`
[INFO] [stdout] 
[INFO] [stdout] 
[INFO] [stdout] error[E0433]: failed to resolve: use of undeclared crate or module `tantivy`
[INFO] [stdout]  --> examples/date_time_field.rs:7:5
[INFO] [stdout]   |
[INFO] [stdout] 7 | use tantivy::schema::{Cardinality, DateOptions, Schema, Value, INDEXED, STORED, STRING};
[INFO] [stdout]   |     ^^^^^^^ use of undeclared crate or module `tantivy`
[INFO] [stdout] 
[INFO] [stdout] 
[INFO] [stdout] error[E0433]: failed to resolve: use of undeclared crate or module `tantivy`
[INFO] [stdout]   --> examples/aggregation.rs:12:5
[INFO] [stdout]    |
[INFO] [stdout] 12 | use tantivy::aggregation::agg_result::AggregationResults;
[INFO] [stdout]    |     ^^^^^^^ use of undeclared crate or module `tantivy`
[INFO] [stdout] 
[INFO] [stdout] 
[INFO] [stdout] error[E0433]: failed to resolve: use of undeclared crate or module `tantivy`
[INFO] [stdout]   --> examples/aggregation.rs:13:5
[INFO] [stdout]    |
[INFO] [stdout] 13 | use tantivy::aggregation::metric::AverageAggregation;
[INFO] [stdout]    |     ^^^^^^^ use of undeclared crate or module `tantivy`
[INFO] [stdout] 
[INFO] [stdout] 
[INFO] [stdout] error[E0433]: failed to resolve: use of undeclared crate or module `tantivy`
[INFO] [stdout]   --> examples/aggregation.rs:14:5
[INFO] [stdout]    |
[INFO] [stdout] 14 | use tantivy::aggregation::AggregationCollector;
[INFO] [stdout]    |     ^^^^^^^ use of undeclared crate or module `tantivy`
[INFO] [stdout] 
[INFO] [stdout] 
[INFO] [stdout] error[E0433]: failed to resolve: use of undeclared crate or module `tantivy`
[INFO] [stdout]   --> examples/aggregation.rs:15:5
[INFO] [stdout]    |
[INFO] [stdout] 15 | use tantivy::query::TermQuery;
[INFO] [stdout]    |     ^^^^^^^ use of undeclared crate or module `tantivy`
[INFO] [stdout] 
[INFO] [stdout] 
[INFO] [stdout] error[E0432]: unresolved import `tantivy`
[INFO] [stdout]  --> tests/failpoints/mod.rs:5:5
[INFO] [stdout]   |
[INFO] [stdout] 5 | use tantivy::{doc, Index, Term};
[INFO] [stdout]   |     ^^^^^^^ use of undeclared crate or module `tantivy`
[INFO] [stdout] 
[INFO] [stdout] 
[INFO] [stdout] error[E0433]: failed to resolve: use of undeclared crate or module `tantivy`
[INFO] [stdout]   --> examples/aggregation.rs:16:5
[INFO] [stdout]    |
[INFO] [stdout] 16 | use tantivy::schema::{self, Cardinality, IndexRecordOption, Schema, TextFieldIndexing};
[INFO] [stdout]    |     ^^^^^^^ use of undeclared crate or module `tantivy`
[INFO] [stdout] 
[INFO] [stdout] 
[INFO] [stdout] error: cannot determine resolution for the macro `doc`
[INFO] [stdout]   --> tests/failpoints/mod.rs:50:35
[INFO] [stdout]    |
[INFO] [stdout] 50 |         index_writer.add_document(doc!(text_field => "a"))?;
[INFO] [stdout]    |                                   ^^^
[INFO] [stdout]    |
[INFO] [stdout]    = note: import resolution is stuck, try simplifying macro imports
[INFO] [stdout] 
[INFO] [stdout] 
[INFO] [stdout] error: cannot determine resolution for the macro `doc`
[INFO] [stdout]   --> tests/failpoints/mod.rs:55:35
[INFO] [stdout]    |
[INFO] [stdout] 55 |         index_writer.add_document(doc!(text_field => "b"))?;
[INFO] [stdout]    |                                   ^^^
[INFO] [stdout]    |
[INFO] [stdout]    = note: import resolution is stuck, try simplifying macro imports
[INFO] [stdout] 
[INFO] [stdout] 
[INFO] [stdout] error: cannot determine resolution for the macro `doc`
[INFO] [stdout]   --> tests/failpoints/mod.rs:82:27
[INFO] [stdout]    |
[INFO] [stdout] 82 |             .add_document(doc!(text_field => format!("hellohappytaxpayerlongtokenblabla{}", i)))
[INFO] [stdout]    |                           ^^^
[INFO] [stdout]    |
[INFO] [stdout]    = note: import resolution is stuck, try simplifying macro imports
[INFO] [stdout] 
[INFO] [stdout] 
[INFO] [stdout] error: cannot determine resolution for the macro `doc`
[INFO] [stdout]    --> tests/failpoints/mod.rs:101:27
[INFO] [stdout]     |
[INFO] [stdout] 101 |             .add_document(doc!(text_field => format!("hellohappytaxpayerlongtokenblabla{}", i)))
[INFO] [stdout]     |                           ^^^
[INFO] [stdout]     |
[INFO] [stdout]     = note: import resolution is stuck, try simplifying macro imports
[INFO] [stdout] 
[INFO] [stdout] 
[INFO] [stdout] error: cannot determine resolution for the macro `doc`
[INFO] [stdout]    --> tests/failpoints/mod.rs:120:27
[INFO] [stdout]     |
[INFO] [stdout] 120 |             .add_document(doc!(text_field => format!("hellohappytaxpayerlongtokenblabla{}", i)))?;
[INFO] [stdout]     |                           ^^^
[INFO] [stdout]     |
[INFO] [stdout]     = note: import resolution is stuck, try simplifying macro imports
[INFO] [stdout] 
[INFO] [stdout] 
[INFO] [stdout] error[E0432]: unresolved import `tantivy`
[INFO] [stdout]   --> examples/snippet.rs:13:5
[INFO] [stdout]    |
[INFO] [stdout] 13 | use tantivy::{doc, Index, Snippet, SnippetGenerator};
[INFO] [stdout]    |     ^^^^^^^ use of undeclared crate or module `tantivy`
[INFO] [stdout] 
[INFO] [stdout] 
[INFO] [stdout] error: cannot determine resolution for the macro `doc`
[INFO] [stdout]   --> examples/snippet.rs:33:31
[INFO] [stdout]    |
[INFO] [stdout] 33 |     index_writer.add_document(doc!(
[INFO] [stdout]    |                               ^^^
[INFO] [stdout]    |
[INFO] [stdout]    = note: import resolution is stuck, try simplifying macro imports
[INFO] [stdout] 
[INFO] [stdout] 
[INFO] [stdout] error[E0432]: unresolved import `tantivy`
[INFO] [stdout]  --> examples/faceted_search_with_tweaked_score.rs:6:5
[INFO] [stdout]   |
[INFO] [stdout] 6 | use tantivy::{doc, DocId, Index, Score, SegmentReader};
[INFO] [stdout]   |     ^^^^^^^ use of undeclared crate or module `tantivy`
[INFO] [stdout] 
[INFO] [stdout] 
[INFO] [stdout] error[E0432]: unresolved import `tantivy`
[INFO] [stdout]   --> examples/custom_collector.rs:18:5
[INFO] [stdout]    |
[INFO] [stdout] 18 | use tantivy::{doc, Index, Score, SegmentReader};
[INFO] [stdout]    |     ^^^^^^^ use of undeclared crate or module `tantivy`
[INFO] [stdout] 
[INFO] [stdout] 
[INFO] [stdout] error: cannot determine resolution for the macro `doc`
[INFO] [stdout]    --> examples/custom_collector.rs:144:31
[INFO] [stdout]     |
[INFO] [stdout] 144 |     index_writer.add_document(doc!(
[INFO] [stdout]     |                               ^^^
[INFO] [stdout]     |
[INFO] [stdout]     = note: import resolution is stuck, try simplifying macro imports
[INFO] [stdout] 
[INFO] [stdout] 
[INFO] [stdout] error[E0432]: unresolved import `tantivy`
[INFO] [stdout]  --> examples/date_time_field.rs:8:5
[INFO] [stdout]   |
[INFO] [stdout] 8 | use tantivy::Index;
[INFO] [stdout]   |     ^^^^^^^ use of undeclared crate or module `tantivy`
[INFO] [stdout] 
[INFO] [stdout] 
[INFO] [stdout] error: cannot determine resolution for the macro `doc`
[INFO] [stdout]   --> examples/faceted_search_with_tweaked_score.rs:19:31
[INFO] [stdout]    |
[INFO] [stdout] 19 |     index_writer.add_document(doc!(
[INFO] [stdout]    |                               ^^^
[INFO] [stdout]    |
[INFO] [stdout]    = note: import resolution is stuck, try simplifying macro imports
[INFO] [stdout] 
[INFO] [stdout] 
[INFO] [stdout] error: cannot determine resolution for the macro `doc`
[INFO] [stdout]   --> examples/faceted_search_with_tweaked_score.rs:24:31
[INFO] [stdout]    |
[INFO] [stdout] 24 |     index_writer.add_document(doc!(
[INFO] [stdout]    |                               ^^^
[INFO] [stdout]    |
[INFO] [stdout]    = note: import resolution is stuck, try simplifying macro imports
[INFO] [stdout] 
[INFO] [stdout] 
[INFO] [stdout] error: cannot determine resolution for the macro `doc`
[INFO] [stdout]   --> examples/faceted_search_with_tweaked_score.rs:31:31
[INFO] [stdout]    |
[INFO] [stdout] 31 |     index_writer.add_document(doc!(
[INFO] [stdout]    |                               ^^^
[INFO] [stdout]    |
[INFO] [stdout]    = note: import resolution is stuck, try simplifying macro imports
[INFO] [stdout] 
[INFO] [stdout] 
[INFO] [stdout] error[E0432]: unresolved import `tantivy`
[INFO] [stdout]   --> examples/aggregation.rs:16:5
[INFO] [stdout]    |
[INFO] [stdout] 16 | use tantivy::schema::{self, Cardinality, IndexRecordOption, Schema, TextFieldIndexing};
[INFO] [stdout]    |     ^^^^^^^ use of undeclared crate or module `tantivy`
[INFO] [stdout] 
[INFO] [stdout] 
[INFO] [stdout] error: cannot determine resolution for the macro `doc`
[INFO] [stdout]    --> examples/custom_collector.rs:150:31
[INFO] [stdout]     |
[INFO] [stdout] 150 |     index_writer.add_document(doc!(
[INFO] [stdout]     |                               ^^^
[INFO] [stdout]     |
[INFO] [stdout]     = note: import resolution is stuck, try simplifying macro imports
[INFO] [stdout] 
[INFO] [stdout] 
[INFO] [stdout] error[E0432]: unresolved import `tantivy`
[INFO] [stdout]   --> examples/aggregation.rs:17:5
[INFO] [stdout]    |
[INFO] [stdout] 17 | use tantivy::{doc, Index, Term};
[INFO] [stdout]    |     ^^^^^^^ use of undeclared crate or module `tantivy`
[INFO] [stdout] 
[INFO] [stdout] 
[INFO] [stdout] error: cannot determine resolution for the macro `doc`
[INFO] [stdout]    --> examples/custom_collector.rs:156:31
[INFO] [stdout]     |
[INFO] [stdout] 156 |     index_writer.add_document(doc!(
[INFO] [stdout]     |                               ^^^
[INFO] [stdout]     |
[INFO] [stdout]     = note: import resolution is stuck, try simplifying macro imports
[INFO] [stdout] 
[INFO] [stdout] 
[INFO] [stdout] error: cannot determine resolution for the macro `doc`
[INFO] [stdout]    --> examples/custom_collector.rs:161:31
[INFO] [stdout]     |
[INFO] [stdout] 161 |     index_writer.add_document(doc!(
[INFO] [stdout]     |                               ^^^
[INFO] [stdout]     |
[INFO] [stdout]     = note: import resolution is stuck, try simplifying macro imports
[INFO] [stdout] 
[INFO] [stdout] 
[INFO] [stdout] error: cannot determine resolution for the macro `doc`
[INFO] [stdout]   --> examples/aggregation.rs:41:31
[INFO] [stdout]    |
[INFO] [stdout] 41 |     index_writer.add_document(doc!(
[INFO] [stdout]    |                               ^^^
[INFO] [stdout]    |
[INFO] [stdout]    = note: import resolution is stuck, try simplifying macro imports
[INFO] [stdout] 
[INFO] [stdout] 
[INFO] [stdout] error: cannot determine resolution for the macro `doc`
[INFO] [stdout]   --> examples/aggregation.rs:46:31
[INFO] [stdout]    |
[INFO] [stdout] 46 |     index_writer.add_document(doc!(
[INFO] [stdout]    |                               ^^^
[INFO] [stdout]    |
[INFO] [stdout]    = note: import resolution is stuck, try simplifying macro imports
[INFO] [stdout] 
[INFO] [stdout] 
[INFO] [stdout] error: cannot determine resolution for the macro `doc`
[INFO] [stdout]   --> examples/aggregation.rs:51:31
[INFO] [stdout]    |
[INFO] [stdout] 51 |     index_writer.add_document(doc!(
[INFO] [stdout]    |                               ^^^
[INFO] [stdout]    |
[INFO] [stdout]    = note: import resolution is stuck, try simplifying macro imports
[INFO] [stdout] 
[INFO] [stdout] 
[INFO] [stdout] error: cannot determine resolution for the macro `doc`
[INFO] [stdout]   --> examples/aggregation.rs:56:31
[INFO] [stdout]    |
[INFO] [stdout] 56 |     index_writer.add_document(doc!(
[INFO] [stdout]    |                               ^^^
[INFO] [stdout]    |
[INFO] [stdout]    = note: import resolution is stuck, try simplifying macro imports
[INFO] [stdout] 
[INFO] [stdout] 
[INFO] [stdout] error: cannot determine resolution for the macro `doc`
[INFO] [stdout]   --> examples/aggregation.rs:61:31
[INFO] [stdout]    |
[INFO] [stdout] 61 |     index_writer.add_document(doc!(
[INFO] [stdout]    |                               ^^^
[INFO] [stdout]    |
[INFO] [stdout]    = note: import resolution is stuck, try simplifying macro imports
[INFO] [stdout] 
[INFO] [stdout] 
[INFO] [stdout] error: cannot determine resolution for the macro `doc`
[INFO] [stdout]   --> examples/aggregation.rs:67:31
[INFO] [stdout]    |
[INFO] [stdout] 67 |     index_writer.add_document(doc!(
[INFO] [stdout]    |                               ^^^
[INFO] [stdout]    |
[INFO] [stdout]    = note: import resolution is stuck, try simplifying macro imports
[INFO] [stdout] 
[INFO] [stdout] 
[INFO] [stdout] error: cannot determine resolution for the macro `doc`
[INFO] [stdout]   --> examples/aggregation.rs:72:31
[INFO] [stdout]    |
[INFO] [stdout] 72 |     index_writer.add_document(doc!(
[INFO] [stdout]    |                               ^^^
[INFO] [stdout]    |
[INFO] [stdout]    = note: import resolution is stuck, try simplifying macro imports
[INFO] [stdout] 
[INFO] [stdout] 
[INFO] [stdout] error: cannot determine resolution for the macro `doc`
[INFO] [stdout]   --> examples/aggregation.rs:78:31
[INFO] [stdout]    |
[INFO] [stdout] 78 |     index_writer.add_document(doc!(
[INFO] [stdout]    |                               ^^^
[INFO] [stdout]    |
[INFO] [stdout]    = note: import resolution is stuck, try simplifying macro imports
[INFO] [stdout] 
[INFO] [stdout] 
[INFO] [stdout] error[E0433]: failed to resolve: use of undeclared type `Schema`
[INFO] [stdout]   --> examples/working_with_json.rs:11:30
[INFO] [stdout]    |
[INFO] [stdout] 11 |     let mut schema_builder = Schema::builder();
[INFO] [stdout]    |                              ^^^^^^ use of undeclared type `Schema`
[INFO] [stdout]    |
[INFO] [stdout] help: consider importing this struct
[INFO] [stdout]    |
[INFO] [stdout] 1  + use summavy::schema::Schema;
[INFO] [stdout]    |
[INFO] [stdout] 
[INFO] [stdout] 
[INFO] [stdout] error[E0425]: cannot find value `TEXT` in this scope
[INFO] [stdout]   --> examples/working_with_json.rs:12:44
[INFO] [stdout]    |
[INFO] [stdout] 12 |     schema_builder.add_text_field("title", TEXT | STORED);
[INFO] [stdout]    |                                            ^^^^ not found in this scope
[INFO] [stdout]    |
[INFO] [stdout] help: consider importing this constant
[INFO] [stdout]    |
[INFO] [stdout] 1  + use summavy::schema::TEXT;
[INFO] [stdout]    |
[INFO] [stdout] 
[INFO] [stdout] 
[INFO] [stdout] error[E0425]: cannot find value `STORED` in this scope
[INFO] [stdout]   --> examples/working_with_json.rs:12:51
[INFO] [stdout]    |
[INFO] [stdout] 12 |     schema_builder.add_text_field("title", TEXT | STORED);
[INFO] [stdout]    |                                                   ^^^^^^ not found in this scope
[INFO] [stdout]    |
[INFO] [stdout] help: consider importing this constant
[INFO] [stdout]    |
[INFO] [stdout] 1  + use summavy::schema::STORED;
[INFO] [stdout]    |
[INFO] [stdout] 
[INFO] [stdout] 
[INFO] [stdout] error[E0425]: cannot find value `TEXT` in this scope
[INFO] [stdout]   --> examples/working_with_json.rs:13:43
[INFO] [stdout]    |
[INFO] [stdout] 13 |     schema_builder.add_text_field("body", TEXT);
[INFO] [stdout]    |                                           ^^^^ not found in this scope
[INFO] [stdout]    |
[INFO] [stdout] help: consider importing this constant
[INFO] [stdout]    |
[INFO] [stdout] 1  + use summavy::schema::TEXT;
[INFO] [stdout]    |
[INFO] [stdout] 
[INFO] [stdout] 
[INFO] [stdout] error[E0425]: cannot find value `INDEXED` in this scope
[INFO] [stdout]   --> examples/working_with_json.rs:14:42
[INFO] [stdout]    |
[INFO] [stdout] 14 |     schema_builder.add_u64_field("year", INDEXED);
[INFO] [stdout]    |                                          ^^^^^^^ not found in this scope
[INFO] [stdout]    |
[INFO] [stdout] help: consider importing this constant
[INFO] [stdout]    |
[INFO] [stdout] 1  + use summavy::schema::INDEXED;
[INFO] [stdout]    |
[INFO] [stdout] 
[INFO] [stdout] 
[INFO] [stdout] error[E0433]: failed to resolve: use of undeclared crate or module `tantivy`
[INFO] [stdout]   --> examples/date_time_field.rs:16:24
[INFO] [stdout]    |
[INFO] [stdout] 16 |         .set_precision(tantivy::DatePrecision::Seconds);
[INFO] [stdout]    |                        ^^^^^^^ use of undeclared crate or module `tantivy`
[INFO] [stdout]    |
[INFO] [stdout] help: consider importing this enum
[INFO] [stdout]    |
[INFO] [stdout] 5  + use summavy::DatePrecision;
[INFO] [stdout]    |
[INFO] [stdout] help: if you import `DatePrecision`, refer to it directly
[INFO] [stdout]    |
[INFO] [stdout] 16 -         .set_precision(tantivy::DatePrecision::Seconds);
[INFO] [stdout] 16 +         .set_precision(DatePrecision::Seconds);
[INFO] [stdout]    |
[INFO] [stdout] 
[INFO] [stdout] 
[INFO] [stdout] error[E0433]: failed to resolve: use of undeclared crate or module `tantivy`
[INFO] [stdout]  --> examples/working_with_json.rs:6:14
[INFO] [stdout]   |
[INFO] [stdout] 6 | fn main() -> tantivy::Result<()> {
[INFO] [stdout]   |              ^^^^^^^ use of undeclared crate or module `tantivy`
[INFO] [stdout] 
[INFO] [stdout] 
[INFO] [stdout] error[E0433]: failed to resolve: use of undeclared type `Schema`
[INFO] [stdout]   --> examples/snippet.rs:22:30
[INFO] [stdout]    |
[INFO] [stdout] 22 |     let mut schema_builder = Schema::builder();
[INFO] [stdout]    |                              ^^^^^^ use of undeclared type `Schema`
[INFO] [stdout]    |
[INFO] [stdout] help: consider importing this struct
[INFO] [stdout]    |
[INFO] [stdout] 10 + use summavy::schema::Schema;
[INFO] [stdout]    |
[INFO] [stdout] 
[INFO] [stdout] 
[INFO] [stdout] error[E0425]: cannot find value `TEXT` in this scope
[INFO] [stdout]   --> examples/snippet.rs:23:56
[INFO] [stdout]    |
[INFO] [stdout] 23 |     let title = schema_builder.add_text_field("title", TEXT | STORED);
[INFO] [stdout]    |                                                        ^^^^ not found in this scope
[INFO] [stdout]    |
[INFO] [stdout] help: consider importing this constant
[INFO] [stdout]    |
[INFO] [stdout] 10 + use summavy::schema::TEXT;
[INFO] [stdout]    |
[INFO] [stdout] 
[INFO] [stdout] 
[INFO] [stdout] error[E0425]: cannot find value `STORED` in this scope
[INFO] [stdout]   --> examples/snippet.rs:23:63
[INFO] [stdout]    |
[INFO] [stdout] 23 |     let title = schema_builder.add_text_field("title", TEXT | STORED);
[INFO] [stdout]    |                                                               ^^^^^^ not found in this scope
[INFO] [stdout]    |
[INFO] [stdout] help: consider importing this constant
[INFO] [stdout]    |
[INFO] [stdout] 10 + use summavy::schema::STORED;
[INFO] [stdout]    |
[INFO] [stdout] 
[INFO] [stdout] 
[INFO] [stdout] error[E0425]: cannot find value `TEXT` in this scope
[INFO] [stdout]   --> examples/snippet.rs:24:54
[INFO] [stdout]    |
[INFO] [stdout] 24 |     let body = schema_builder.add_text_field("body", TEXT | STORED);
[INFO] [stdout]    |                                                      ^^^^ not found in this scope
[INFO] [stdout]    |
[INFO] [stdout] help: consider importing this constant
[INFO] [stdout]    |
[INFO] [stdout] 10 + use summavy::schema::TEXT;
[INFO] [stdout]    |
[INFO] [stdout] 
[INFO] [stdout] 
[INFO] [stdout] error[E0425]: cannot find value `STORED` in this scope
[INFO] [stdout]   --> examples/snippet.rs:24:61
[INFO] [stdout]    |
[INFO] [stdout] 24 |     let body = schema_builder.add_text_field("body", TEXT | STORED);
[INFO] [stdout]    |                                                             ^^^^^^ not found in this scope
[INFO] [stdout]    |
[INFO] [stdout] help: consider importing this constant
[INFO] [stdout]    |
[INFO] [stdout] 10 + use summavy::schema::STORED;
[INFO] [stdout]    |
[INFO] [stdout] 
[INFO] [stdout] 
[INFO] [stdout] error: aborting due to 7 previous errors
[INFO] [stdout] 
[INFO] [stdout] 
[INFO] [stdout] Some errors have detailed explanations: E0425, E0433.
[INFO] [stdout] 
[INFO] [stdout] For more information about an error, try `rustc --explain E0425`.
[INFO] [stdout] 
[INFO] [stderr] error: could not compile `summavy` (example "working_with_json") due to 8 previous errors
[INFO] [stderr] warning: build failed, waiting for other jobs to finish...
[INFO] [stdout] error[E0433]: failed to resolve: use of undeclared type `Schema`
[INFO] [stdout]  --> examples/faceted_search_with_tweaked_score.rs:9:30
[INFO] [stdout]   |
[INFO] [stdout] 9 |     let mut schema_builder = Schema::builder();
[INFO] [stdout]   |                              ^^^^^^ use of undeclared type `Schema`
[INFO] [stdout]   |
[INFO] [stdout] help: consider importing this struct
[INFO] [stdout]   |
[INFO] [stdout] 1 + use summavy::schema::Schema;
[INFO] [stdout]   |
[INFO] [stdout] 
[INFO] [stdout] 
[INFO] [stdout] error[E0433]: failed to resolve: use of undeclared crate or module `tantivy`
[INFO] [stdout]   --> examples/date_time_field.rs:10:14
[INFO] [stdout]    |
[INFO] [stdout] 10 | fn main() -> tantivy::Result<()> {
[INFO] [stdout]    |              ^^^^^^^ use of undeclared crate or module `tantivy`
[INFO] [stdout] 
[INFO] [stdout] 
[INFO] [stdout] error: aborting due to 6 previous errors
[INFO] [stdout] 
[INFO] [stdout] 
[INFO] [stdout] Some errors have detailed explanations: E0432, E0433.
[INFO] [stdout] 
[INFO] [stdout] For more information about an error, try `rustc --explain E0432`.
[INFO] [stdout] 
[INFO] [stdout] error[E0425]: cannot find value `STORED` in this scope
[INFO] [stdout]   --> examples/faceted_search_with_tweaked_score.rs:11:56
[INFO] [stdout]    |
[INFO] [stdout] 11 |     let title = schema_builder.add_text_field("title", STORED);
[INFO] [stdout]    |                                                        ^^^^^^ not found in this scope
[INFO] [stdout]    |
[INFO] [stdout] help: consider importing this constant
[INFO] [stdout]    |
[INFO] [stdout] 1  + use summavy::schema::STORED;
[INFO] [stdout]    |
[INFO] [stdout] 
[INFO] [stdout] 
[INFO] [stdout] error[E0433]: failed to resolve: use of undeclared type `FacetOptions`
[INFO] [stdout]   --> examples/faceted_search_with_tweaked_score.rs:12:67
[INFO] [stdout]    |
[INFO] [stdout] 12 |     let ingredient = schema_builder.add_facet_field("ingredient", FacetOptions::default());
[INFO] [stdout]    |                                                                   ^^^^^^^^^^^^ use of undeclared type `FacetOptions`
[INFO] [stdout]    |
[INFO] [stdout] help: consider importing this struct
[INFO] [stdout]    |
[INFO] [stdout] 1  + use summavy::schema::FacetOptions;
[INFO] [stdout]    |
[INFO] [stdout] 
[INFO] [stdout] 
[INFO] [stdout] error[E0433]: failed to resolve: use of undeclared crate or module `tantivy`
[INFO] [stdout]   --> examples/snippet.rs:16:14
[INFO] [stdout]    |
[INFO] [stdout] 16 | fn main() -> tantivy::Result<()> {
[INFO] [stdout]    |              ^^^^^^^ use of undeclared crate or module `tantivy`
[INFO] [stdout] 
[INFO] [stdout] 
[INFO] [stdout] error: aborting due to 11 previous errors
[INFO] [stdout] 
[INFO] [stdout] 
[INFO] [stdout] Some errors have detailed explanations: E0425, E0432, E0433.
[INFO] [stdout] 
[INFO] [stdout] For more information about an error, try `rustc --explain E0425`.
[INFO] [stdout] 
[INFO] [stdout] error[E0433]: failed to resolve: use of undeclared type `Facet`
[INFO] [stdout]   --> examples/faceted_search_with_tweaked_score.rs:46:13
[INFO] [stdout]    |
[INFO] [stdout] 46 |             Facet::from("/ingredient/egg"),
[INFO] [stdout]    |             ^^^^^ use of undeclared type `Facet`
[INFO] [stdout]    |
[INFO] [stdout] help: consider importing this struct
[INFO] [stdout]    |
[INFO] [stdout] 1  + use summavy::schema::Facet;
[INFO] [stdout]    |
[INFO] [stdout] 
[INFO] [stdout] 
[INFO] [stdout] error[E0433]: failed to resolve: use of undeclared type `Facet`
[INFO] [stdout]   --> examples/faceted_search_with_tweaked_score.rs:47:13
[INFO] [stdout]    |
[INFO] [stdout] 47 |             Facet::from("/ingredient/oil"),
[INFO] [stdout]    |             ^^^^^ use of undeclared type `Facet`
[INFO] [stdout]    |
[INFO] [stdout] help: consider importing this struct
[INFO] [stdout]    |
[INFO] [stdout] 1  + use summavy::schema::Facet;
[INFO] [stdout]    |
[INFO] [stdout] 
[INFO] [stdout] 
[INFO] [stdout] error[E0433]: failed to resolve: use of undeclared type `Facet`
[INFO] [stdout]   --> examples/faceted_search_with_tweaked_score.rs:48:13
[INFO] [stdout]    |
[INFO] [stdout] 48 |             Facet::from("/ingredient/garlic"),
[INFO] [stdout]    |             ^^^^^ use of undeclared type `Facet`
[INFO] [stdout]    |
[INFO] [stdout] help: consider importing this struct
[INFO] [stdout]    |
[INFO] [stdout] 1  + use summavy::schema::Facet;
[INFO] [stdout]    |
[INFO] [stdout] 
[INFO] [stdout] 
[INFO] [stdout] error[E0433]: failed to resolve: use of undeclared type `Facet`
[INFO] [stdout]   --> examples/faceted_search_with_tweaked_score.rs:49:13
[INFO] [stdout]    |
[INFO] [stdout] 49 |             Facet::from("/ingredient/mushroom"),
[INFO] [stdout]    |             ^^^^^ use of undeclared type `Facet`
[INFO] [stdout]    |
[INFO] [stdout] help: consider importing this struct
[INFO] [stdout]    |
[INFO] [stdout] 1  + use summavy::schema::Facet;
[INFO] [stdout]    |
[INFO] [stdout] 
[INFO] [stdout] 
[INFO] [stdout] error[E0433]: failed to resolve: use of undeclared type `Term`
[INFO] [stdout]   --> examples/faceted_search_with_tweaked_score.rs:54:28
[INFO] [stdout]    |
[INFO] [stdout] 54 |                 .map(|key| Term::from_facet(ingredient, key))
[INFO] [stdout]    |                            ^^^^ use of undeclared type `Term`
[INFO] [stdout]    |
[INFO] [stdout] help: consider importing this struct
[INFO] [stdout]    |
[INFO] [stdout] 1  + use summavy::Term;
[INFO] [stdout]    |
[INFO] [stdout] 
[INFO] [stdout] 
[INFO] [stderr] error: could not compile `summavy` (example "snippet") due to 12 previous errors
[INFO] [stderr] error: could not compile `summavy` (example "date_time_field") due to 7 previous errors
[INFO] [stdout] error[E0433]: failed to resolve: use of undeclared crate or module `tantivy`
[INFO] [stdout]   --> examples/custom_collector.rs:75:10
[INFO] [stdout]    |
[INFO] [stdout] 75 |     ) -> tantivy::Result<StatsSegmentCollector> {
[INFO] [stdout]    |          ^^^^^^^ use of undeclared crate or module `tantivy`
[INFO] [stdout] 
[INFO] [stdout] 
[INFO] [stdout] error[E0433]: failed to resolve: use of undeclared crate or module `tantivy`
[INFO] [stdout]   --> examples/custom_collector.rs:88:66
[INFO] [stdout]    |
[INFO] [stdout] 88 |     fn merge_fruits(&self, segment_stats: Vec<Option<Stats>>) -> tantivy::Result<Option<Stats>> {
[INFO] [stdout]    |                                                                  ^^^^^^^ use of undeclared crate or module `tantivy`
[INFO] [stdout] 
[INFO] [stdout] 
[INFO] [stdout] error[E0433]: failed to resolve: use of undeclared crate or module `tantivy`
[INFO] [stdout]    --> examples/custom_collector.rs:119:14
[INFO] [stdout]     |
[INFO] [stdout] 119 | fn main() -> tantivy::Result<()> {
[INFO] [stdout]     |              ^^^^^^^ use of undeclared crate or module `tantivy`
[INFO] [stdout] 
[INFO] [stdout] 
[INFO] [stdout] error: aborting due to 11 previous errors
[INFO] [stdout] 
[INFO] [stdout] 
[INFO] [stdout] Some errors have detailed explanations: E0432, E0433.
[INFO] [stdout] 
[INFO] [stdout] For more information about an error, try `rustc --explain E0432`.
[INFO] [stdout] 
[INFO] [stdout] error[E0433]: failed to resolve: use of undeclared crate or module `tantivy`
[INFO] [stdout]   --> examples/aggregation.rs:19:14
[INFO] [stdout]    |
[INFO] [stdout] 19 | fn main() -> tantivy::Result<()> {
[INFO] [stdout]    |              ^^^^^^^ use of undeclared crate or module `tantivy`
[INFO] [stdout] 
[INFO] [stdout] 
[INFO] [stdout] error: aborting due to 17 previous errors
[INFO] [stdout] 
[INFO] [stdout] 
[INFO] [stdout] Some errors have detailed explanations: E0432, E0433.
[INFO] [stdout] 
[INFO] [stdout] For more information about an error, try `rustc --explain E0432`.
[INFO] [stdout] 
[INFO] [stdout] error[E0433]: failed to resolve: use of undeclared crate or module `tantivy`
[INFO] [stdout]   --> tests/failpoints/mod.rs:42:33
[INFO] [stdout]    |
[INFO] [stdout] 42 | fn test_write_commit_fails() -> tantivy::Result<()> {
[INFO] [stdout]    |                                 ^^^^^^^ use of undeclared crate or module `tantivy`
[INFO] [stdout] 
[INFO] [stdout] 
[INFO] [stdout] error[E0433]: failed to resolve: use of undeclared crate or module `tantivy`
[INFO] [stdout]   --> tests/failpoints/mod.rs:73:36
[INFO] [stdout]    |
[INFO] [stdout] 73 | fn test_fail_on_flush_segment() -> tantivy::Result<()> {
[INFO] [stdout]    |                                    ^^^^^^^ use of undeclared crate or module `tantivy`
[INFO] [stdout] 
[INFO] [stdout] 
[INFO] [stdout] error[E0433]: failed to resolve: use of undeclared crate or module `tantivy`
[INFO] [stdout]   --> tests/failpoints/mod.rs:92:59
[INFO] [stdout]    |
[INFO] [stdout] 92 | fn test_fail_on_flush_segment_but_one_worker_remains() -> tantivy::Result<()> {
[INFO] [stdout]    |                                                           ^^^^^^^ use of undeclared crate or module `tantivy`
[INFO] [stdout] 
[INFO] [stdout] 
[INFO] [stdout] error[E0433]: failed to resolve: use of undeclared crate or module `tantivy`
[INFO] [stdout]    --> tests/failpoints/mod.rs:111:37
[INFO] [stdout]     |
[INFO] [stdout] 111 | fn test_fail_on_commit_segment() -> tantivy::Result<()> {
[INFO] [stdout]     |                                     ^^^^^^^ use of undeclared crate or module `tantivy`
[INFO] [stdout] 
[INFO] [stdout] 
[INFO] [stdout] error: aborting due to 12 previous errors
[INFO] [stdout] 
[INFO] [stdout] 
[INFO] [stdout] Some errors have detailed explanations: E0432, E0433.
[INFO] [stdout] 
[INFO] [stdout] For more information about an error, try `rustc --explain E0432`.
[INFO] [stdout] 
[INFO] [stderr] error: could not compile `summavy` (test "mod") due to 13 previous errors
[INFO] [stderr] error: could not compile `summavy` (example "custom_collector") due to 12 previous errors
[INFO] [stderr] error: could not compile `summavy` (example "aggregation") due to 18 previous errors
[INFO] [stdout] error[E0282]: type annotations needed for `&T`
[INFO] [stdout]   --> examples/faceted_search_with_tweaked_score.rs:54:23
[INFO] [stdout]    |
[INFO] [stdout] 54 |                 .map(|key| Term::from_facet(ingredient, key))
[INFO] [stdout]    |                       ^^^
[INFO] [stdout] ...
[INFO] [stdout] 64 |                     .filter_map(|key| facet_dict.term_ord(key.encoded_str()).unwrap())
[INFO] [stdout]    |                                                               ----------- type must be known at this point
[INFO] [stdout]    |
[INFO] [stdout] help: consider giving this closure parameter an explicit type, where the type for type parameter `T` is specified
[INFO] [stdout]    |
[INFO] [stdout] 54 |                 .map(|key: &T| Term::from_facet(ingredient, key))
[INFO] [stdout]    |                          ++++
[INFO] [stdout] 
[INFO] [stdout] 
[INFO] [stdout] error[E0433]: failed to resolve: use of undeclared crate or module `tantivy`
[INFO] [stdout]  --> examples/faceted_search_with_tweaked_score.rs:8:14
[INFO] [stdout]   |
[INFO] [stdout] 8 | fn main() -> tantivy::Result<()> {
[INFO] [stdout]   |              ^^^^^^^ use of undeclared crate or module `tantivy`
[INFO] [stdout] 
[INFO] [stdout] 
[INFO] [stdout] error: aborting due to 17 previous errors
[INFO] [stdout] 
[INFO] [stdout] 
[INFO] [stdout] Some errors have detailed explanations: E0282, E0425, E0432, E0433.
[INFO] [stdout] 
[INFO] [stdout] For more information about an error, try `rustc --explain E0282`.
[INFO] [stdout] 
[INFO] [stderr] error: could not compile `summavy` (example "faceted_search_with_tweaked_score") due to 18 previous errors
[INFO] [stderr] error: could not compile `summavy` (lib test); 4 warnings emitted
[INFO] [stderr] 
[INFO] [stderr] Caused by:
[INFO] [stderr]   process didn't exit successfully: `/opt/rustwide/rustup-home/toolchains/1.75.0-x86_64-unknown-linux-gnu/bin/rustc --crate-name summavy --edition=2021 src/lib.rs --error-format=json --json=diagnostic-rendered-ansi,artifacts,future-incompat --emit=dep-info,link -C embed-bitcode=no -C debuginfo=2 --test --cfg 'feature="default"' --cfg 'feature="fs2"' --cfg 'feature="lz4-compression"' --cfg 'feature="lz4_flex"' --cfg 'feature="memmap2"' --cfg 'feature="mmap"' --cfg 'feature="stopwords"' --cfg 'feature="tempfile"' -C metadata=2080e34de9dd737c -C extra-filename=-2080e34de9dd737c --out-dir /opt/rustwide/target/debug/deps -L dependency=/opt/rustwide/target/debug/deps --extern aho_corasick=/opt/rustwide/target/debug/deps/libaho_corasick-fec14e281eb19588.rlib --extern arc_swap=/opt/rustwide/target/debug/deps/libarc_swap-31ea15d51531db7a.rlib --extern async_trait=/opt/rustwide/target/debug/deps/libasync_trait-e8e47c6c7bca07fe.so --extern base64=/opt/rustwide/target/debug/deps/libbase64-01d5e7f2237ad80c.rlib --extern bitpacking=/opt/rustwide/target/debug/deps/libbitpacking-4b1c247f9ac00a88.rlib --extern byteorder=/opt/rustwide/target/debug/deps/libbyteorder-b7588b59c1d17615.rlib --extern census=/opt/rustwide/target/debug/deps/libcensus-8f71dd598e51a0df.rlib --extern crc32fast=/opt/rustwide/target/debug/deps/libcrc32fast-664446237529ebff.rlib --extern criterion=/opt/rustwide/target/debug/deps/libcriterion-dc4a4d5a1ccbedc1.rlib --extern crossbeam_channel=/opt/rustwide/target/debug/deps/libcrossbeam_channel-ce5c80c7bf1aef33.rlib --extern downcast_rs=/opt/rustwide/target/debug/deps/libdowncast_rs-c097a54188a9369f.rlib --extern env_logger=/opt/rustwide/target/debug/deps/libenv_logger-33ea40276e33f945.rlib --extern fail=/opt/rustwide/target/debug/deps/libfail-aaba84e601552619.rlib --extern fastdivide=/opt/rustwide/target/debug/deps/libfastdivide-d969f5248faa4966.rlib --extern fs2=/opt/rustwide/target/debug/deps/libfs2-48095251567a3694.rlib --extern futures=/opt/rustwide/target/debug/deps/libfutures-9dc59c2ac9c0dda3.rlib --extern htmlescape=/opt/rustwide/target/debug/deps/libhtmlescape-941dff500fedf2c1.rlib --extern itertools=/opt/rustwide/target/debug/deps/libitertools-d953fd49ad09b190.rlib --extern levenshtein_automata=/opt/rustwide/target/debug/deps/liblevenshtein_automata-3f7a55e0aa156800.rlib --extern log=/opt/rustwide/target/debug/deps/liblog-d88d404ed4a3e8b9.rlib --extern lru=/opt/rustwide/target/debug/deps/liblru-8b572ad0321c3803.rlib --extern lz4_flex=/opt/rustwide/target/debug/deps/liblz4_flex-8e01d74aabfd1ebc.rlib --extern maplit=/opt/rustwide/target/debug/deps/libmaplit-3eddd30150f5540e.rlib --extern matches=/opt/rustwide/target/debug/deps/libmatches-e0861c3f10bd1789.rlib --extern measure_time=/opt/rustwide/target/debug/deps/libmeasure_time-fea6ef6b78035cad.rlib --extern memmap2=/opt/rustwide/target/debug/deps/libmemmap2-09c3d996ff9a5436.rlib --extern murmurhash32=/opt/rustwide/target/debug/deps/libmurmurhash32-576b438c57f19d59.rlib --extern num_cpus=/opt/rustwide/target/debug/deps/libnum_cpus-1ff28add69b3ef91.rlib --extern once_cell=/opt/rustwide/target/debug/deps/libonce_cell-56578409178868c6.rlib --extern oneshot=/opt/rustwide/target/debug/deps/liboneshot-0aa9d69bcce2e0a0.rlib --extern pprof=/opt/rustwide/target/debug/deps/libpprof-cb83622b0842d0f0.rlib --extern pretty_assertions=/opt/rustwide/target/debug/deps/libpretty_assertions-c195ac61f7d18fcc.rlib --extern proptest=/opt/rustwide/target/debug/deps/libproptest-6e80865c333820a5.rlib --extern rand=/opt/rustwide/target/debug/deps/librand-5b6ffee32c1e7491.rlib --extern rayon=/opt/rustwide/target/debug/deps/librayon-6a940fbf3fcf5d4c.rlib --extern regex=/opt/rustwide/target/debug/deps/libregex-aeb23095a4b4cb55.rlib --extern rust_stemmers=/opt/rustwide/target/debug/deps/librust_stemmers-068b18e6ff070968.rlib --extern rustc_hash=/opt/rustwide/target/debug/deps/librustc_hash-3fb13bc50a653a23.rlib --extern serde=/opt/rustwide/target/debug/deps/libserde-c10f2f9ade632bb3.rlib --extern serde_json=/opt/rustwide/target/debug/deps/libserde_json-a0b5c3bf83123c12.rlib --extern smallvec=/opt/rustwide/target/debug/deps/libsmallvec-75a5879a2c4c0c6c.rlib --extern tantivy_bitpacker=/opt/rustwide/target/debug/deps/libsummavy_bitpacker-84284a6815f5d181.rlib --extern common=/opt/rustwide/target/debug/deps/libsummavy_common-c3cd7fd8cab6da3e.rlib --extern stacker=/opt/rustwide/target/debug/deps/libsummavy_stacker-427e36841eb09435.rlib --extern tokenizer_api=/opt/rustwide/target/debug/deps/libsummavy_tokenizer_api-3750e390c06eef34.rlib --extern fastfield_codecs=/opt/rustwide/target/debug/deps/libsummavy_fastfield_codecs-62d049bbfe51a780.rlib --extern tantivy_fst=/opt/rustwide/target/debug/deps/libtantivy_fst-0e067a9b9066a316.rlib --extern tantivy_query_grammar=/opt/rustwide/target/debug/deps/libtantivy_query_grammar-cd0dbb248ca04aaf.rlib --extern tempfile=/opt/rustwide/target/debug/deps/libtempfile-cd9c6a4d20b4a3a3.rlib --extern test_log=/opt/rustwide/target/debug/deps/libtest_log-91645f6ddc541280.so --extern thiserror=/opt/rustwide/target/debug/deps/libthiserror-b42e885f82c16a3e.rlib --extern time=/opt/rustwide/target/debug/deps/libtime-04c6c5ca24ce1715.rlib --extern uuid=/opt/rustwide/target/debug/deps/libuuid-f0ac52e697e95e76.rlib --cap-lints=warn` (signal: 9, SIGKILL: kill)
[INFO] running `Command { std: "docker" "inspect" "43a0cd7088f6167e5165492c5d0fa6ac3bf55310ceaa7274b0dfb5108edd8a92", kill_on_drop: false }`
[INFO] running `Command { std: "docker" "rm" "-f" "43a0cd7088f6167e5165492c5d0fa6ac3bf55310ceaa7274b0dfb5108edd8a92", kill_on_drop: false }`
[INFO] [stdout] 43a0cd7088f6167e5165492c5d0fa6ac3bf55310ceaa7274b0dfb5108edd8a92
[INFO] testing summavy-0.25.3 against beta-2023-12-22 for beta-1.76-1
[INFO] extracting crate summavy 0.25.3 into /workspace/builds/worker-3-tc2/source
[INFO] validating manifest of crates.io crate summavy 0.25.3 on toolchain beta-2023-12-22
[INFO] running `Command { std: CARGO_HOME="/workspace/cargo-home" RUSTUP_HOME="/workspace/rustup-home" "/workspace/cargo-home/bin/cargo" "+beta-2023-12-22" "metadata" "--manifest-path" "Cargo.toml" "--no-deps", kill_on_drop: false }`
[INFO] started tweaking crates.io crate summavy 0.25.3
[INFO] removed 0 missing tests
[INFO] finished tweaking crates.io crate summavy 0.25.3
[INFO] tweaked toml for crates.io crate summavy 0.25.3 written to /workspace/builds/worker-3-tc2/source/Cargo.toml
[INFO] crate crates.io crate summavy 0.25.3 already has a lockfile, it will not be regenerated
[INFO] running `Command { std: CARGO_HOME="/workspace/cargo-home" RUSTUP_HOME="/workspace/rustup-home" "/workspace/cargo-home/bin/cargo" "+beta-2023-12-22" "fetch" "--manifest-path" "Cargo.toml", kill_on_drop: false }`
[INFO] [stderr]     Blocking waiting for file lock on package cache
[INFO] running `Command { std: "docker" "create" "-v" "/var/lib/crater-agent-workspace/builds/worker-3-tc2/target:/opt/rustwide/target:rw,Z" "-v" "/var/lib/crater-agent-workspace/builds/worker-3-tc2/source:/opt/rustwide/workdir:ro,Z" "-v" "/var/lib/crater-agent-workspace/cargo-home:/opt/rustwide/cargo-home:ro,Z" "-v" "/var/lib/crater-agent-workspace/rustup-home:/opt/rustwide/rustup-home:ro,Z" "-e" "SOURCE_DIR=/opt/rustwide/workdir" "-e" "CARGO_TARGET_DIR=/opt/rustwide/target" "-e" "CARGO_HOME=/opt/rustwide/cargo-home" "-e" "RUSTUP_HOME=/opt/rustwide/rustup-home" "-w" "/opt/rustwide/workdir" "-m" "1610612736" "--user" "0:0" "--network" "none" "ghcr.io/rust-lang/crates-build-env/linux@sha256:2788e3201cd34a07e3172128adcd8b3090168a8e3bcc40d7c032b9dda1df7d1c" "/opt/rustwide/cargo-home/bin/cargo" "+beta-2023-12-22" "metadata" "--no-deps" "--format-version=1", kill_on_drop: false }`
[INFO] [stdout] 46cc58231729665ac4f925a421848156697c549dece7bcc52517385e518929a1
[INFO] running `Command { std: "docker" "start" "-a" "46cc58231729665ac4f925a421848156697c549dece7bcc52517385e518929a1", kill_on_drop: false }`
[INFO] running `Command { std: "docker" "inspect" "46cc58231729665ac4f925a421848156697c549dece7bcc52517385e518929a1", kill_on_drop: false }`
[INFO] running `Command { std: "docker" "rm" "-f" "46cc58231729665ac4f925a421848156697c549dece7bcc52517385e518929a1", kill_on_drop: false }`
[INFO] [stdout] 46cc58231729665ac4f925a421848156697c549dece7bcc52517385e518929a1
[INFO] running `Command { std: "docker" "create" "-v" "/var/lib/crater-agent-workspace/builds/worker-3-tc2/target:/opt/rustwide/target:rw,Z" "-v" "/var/lib/crater-agent-workspace/builds/worker-3-tc2/source:/opt/rustwide/workdir:ro,Z" "-v" "/var/lib/crater-agent-workspace/cargo-home:/opt/rustwide/cargo-home:ro,Z" "-v" "/var/lib/crater-agent-workspace/rustup-home:/opt/rustwide/rustup-home:ro,Z" "-e" "SOURCE_DIR=/opt/rustwide/workdir" "-e" "CARGO_TARGET_DIR=/opt/rustwide/target" "-e" "CARGO_INCREMENTAL=0" "-e" "RUST_BACKTRACE=full" "-e" "RUSTFLAGS=--cap-lints=warn" "-e" "RUSTDOCFLAGS=--cap-lints=warn" "-e" "CARGO_HOME=/opt/rustwide/cargo-home" "-e" "RUSTUP_HOME=/opt/rustwide/rustup-home" "-w" "/opt/rustwide/workdir" "-m" "1610612736" "--user" "0:0" "--network" "none" "ghcr.io/rust-lang/crates-build-env/linux@sha256:2788e3201cd34a07e3172128adcd8b3090168a8e3bcc40d7c032b9dda1df7d1c" "/opt/rustwide/cargo-home/bin/cargo" "+beta-2023-12-22" "build" "--frozen" "--message-format=json", kill_on_drop: false }`
[INFO] [stdout] 2aeae4852b5826f988872a6958187e9ca044e71ba65a089f89351a93d7d504d7
[INFO] running `Command { std: "docker" "start" "-a" "2aeae4852b5826f988872a6958187e9ca044e71ba65a089f89351a93d7d504d7", kill_on_drop: false }`
[INFO] [stderr]    Compiling proc-macro2 v1.0.49
[INFO] [stderr]    Compiling unicode-ident v1.0.6
[INFO] [stderr]    Compiling quote v1.0.23
[INFO] [stderr]    Compiling syn v1.0.107
[INFO] [stderr]    Compiling libc v0.2.138
[INFO] [stderr]    Compiling memchr v2.5.0
[INFO] [stderr]    Compiling serde_derive v1.0.152
[INFO] [stderr]    Compiling crossbeam-utils v0.8.14
[INFO] [stderr]    Compiling serde v1.0.152
[INFO] [stderr]    Compiling memoffset v0.7.1
[INFO] [stderr]    Compiling futures-core v0.3.25
[INFO] [stderr]    Compiling slab v0.4.7
[INFO] [stderr]    Compiling crossbeam-epoch v0.9.13
[INFO] [stderr]    Compiling version_check v0.9.4
[INFO] [stderr]    Compiling futures-channel v0.3.25
[INFO] [stderr]    Compiling log v0.4.17
[INFO] [stderr]    Compiling async-trait v0.1.60
[INFO] [stderr]    Compiling byteorder v1.4.3
[INFO] [stderr]    Compiling once_cell v1.16.0
[INFO] [stderr]    Compiling futures-task v0.3.25
[INFO] [stderr]    Compiling getrandom v0.2.8
[INFO] [stderr]    Compiling ahash v0.8.2
[INFO] [stderr]    Compiling stable_deref_trait v1.2.0
[INFO] [stderr]    Compiling scopeguard v1.1.0
[INFO] [stderr]    Compiling futures-util v0.3.25
[INFO] [stderr]    Compiling futures-sink v0.3.25
[INFO] [stderr]    Compiling summavy-ownedbytes v0.5.0
[INFO] [stderr]    Compiling rand_core v0.6.4
[INFO] [stderr]    Compiling pin-project-lite v0.2.9
[INFO] [stderr]    Compiling rayon-core v1.10.1
[INFO] [stderr]    Compiling futures-io v0.3.25
[INFO] [stderr]    Compiling either v1.8.0
[INFO] [stderr]    Compiling pin-utils v0.1.0
[INFO] [stderr]    Compiling crunchy v0.2.2
[INFO] [stderr]    Compiling regex-syntax v0.6.28
[INFO] [stderr]    Compiling rand_chacha v0.3.1
[INFO] [stderr]    Compiling crossbeam-deque v0.8.2
[INFO] [stderr]    Compiling num_cpus v1.15.0
[INFO] [stderr]    Compiling crossbeam-channel v0.5.6
[INFO] [stderr]    Compiling serde_json v1.0.91
[INFO] [stderr]    Compiling thiserror v1.0.38
[INFO] [stderr]    Compiling crc32fast v1.3.2
[INFO] [stderr]    Compiling itoa v1.0.5
[INFO] [stderr]    Compiling rand v0.8.5
[INFO] [stderr]    Compiling hashbrown v0.13.1
[INFO] [stderr]    Compiling itertools v0.10.5
[INFO] [stderr]    Compiling murmurhash32 v0.2.0
[INFO] [stderr]    Compiling combine v4.6.6
[INFO] [stderr]    Compiling instant v0.1.12
[INFO] [stderr]    Compiling time-core v0.1.0
[INFO] [stderr]    Compiling summavy-bitpacker v0.3.0
[INFO] [stderr]    Compiling ryu v1.0.12
[INFO] [stderr]    Compiling fastdivide v0.4.0
[INFO] [stderr]    Compiling fastrand v1.8.0
[INFO] [stderr]    Compiling remove_dir_all v0.5.3
[INFO] [stderr]    Compiling rayon v1.6.1
[INFO] [stderr]    Compiling tempfile v3.3.0
[INFO] [stderr]    Compiling fail v0.5.1
[INFO] [stderr]    Compiling lru v0.9.0
[INFO] [stderr]    Compiling measure_time v0.8.2
[INFO] [stderr]    Compiling regex v1.7.0
[INFO] [stderr]    Compiling tantivy-fst v0.4.0
[INFO] [stderr]    Compiling bitpacking v0.8.4
[INFO] [stderr]    Compiling memmap2 v0.5.8
[INFO] [stderr]    Compiling fs2 v0.4.3
[INFO] [stderr]    Compiling aho-corasick v0.7.20
[INFO] [stderr]    Compiling htmlescape v0.3.1
[INFO] [stderr]    Compiling lz4_flex v0.9.5
[INFO] [stderr]    Compiling smallvec v1.10.0
[INFO] [stderr]    Compiling base64 v0.21.0
[INFO] [stderr]    Compiling census v0.4.1
[INFO] [stderr]    Compiling rustc-hash v1.1.0
[INFO] [stderr]    Compiling arc-swap v1.5.1
[INFO] [stderr]    Compiling downcast-rs v1.2.0
[INFO] [stderr]    Compiling oneshot v0.1.5
[INFO] [stderr]    Compiling levenshtein_automata v0.2.1
[INFO] [stderr]    Compiling futures-macro v0.3.25
[INFO] [stderr]    Compiling thiserror-impl v1.0.38
[INFO] [stderr]    Compiling summavy-common v0.5.0
[INFO] [stderr]    Compiling summavy-stacker v0.1.0
[INFO] [stderr]    Compiling summavy_fastfield_codecs v0.3.1
[INFO] [stderr]    Compiling tantivy-query-grammar v0.19.0
[INFO] [stderr]    Compiling futures-executor v0.3.25
[INFO] [stderr]    Compiling futures v0.3.25
[INFO] [stderr]    Compiling time v0.3.17
[INFO] [stderr]    Compiling summavy-tokenizer-api v0.1.0
[INFO] [stderr]    Compiling uuid v1.2.2
[INFO] [stderr]    Compiling rust-stemmers v1.2.0
[INFO] [stderr]    Compiling summavy v0.25.3 (/opt/rustwide/workdir)
[INFO] [stdout] warning: unused import: `self::segment_manager::SegmentManager`
[INFO] [stdout]   --> src/indexer/mod.rs:39:9
[INFO] [stdout]    |
[INFO] [stdout] 39 | pub use self::segment_manager::SegmentManager;
[INFO] [stdout]    |         ^^^^^^^^^^^^^^^^^^^^^^^^^^^^^^^^^^^^^
[INFO] [stdout]    |
[INFO] [stdout]    = note: `#[warn(unused_imports)]` on by default
[INFO] [stdout] 
[INFO] [stdout] 
[INFO] [stdout] warning: private item shadows public glob re-export
[INFO] [stdout]   --> src/aggregation/bucket/mod.rs:16:16
[INFO] [stdout]    |
[INFO] [stdout] 16 | pub(crate) use histogram::SegmentHistogramCollector;
[INFO] [stdout]    |                ^^^^^^^^^^^^^^^^^^^^^^^^^^^^^^^^^^^^
[INFO] [stdout]    |
[INFO] [stdout] note: the name `SegmentHistogramCollector` in the type namespace is supposed to be publicly re-exported here
[INFO] [stdout]   --> src/aggregation/bucket/mod.rs:17:9
[INFO] [stdout]    |
[INFO] [stdout] 17 | pub use histogram::*;
[INFO] [stdout]    |         ^^^^^^^^^^^^
[INFO] [stdout] note: but the private item here shadows it
[INFO] [stdout]   --> src/aggregation/bucket/mod.rs:16:16
[INFO] [stdout]    |
[INFO] [stdout] 16 | pub(crate) use histogram::SegmentHistogramCollector;
[INFO] [stdout]    |                ^^^^^^^^^^^^^^^^^^^^^^^^^^^^^^^^^^^^
[INFO] [stdout]    = note: `#[warn(hidden_glob_reexports)]` on by default
[INFO] [stdout] 
[INFO] [stdout] 
[INFO] [stdout] warning: private item shadows public glob re-export
[INFO] [stdout]   --> src/aggregation/bucket/mod.rs:18:16
[INFO] [stdout]    |
[INFO] [stdout] 18 | pub(crate) use range::SegmentRangeCollector;
[INFO] [stdout]    |                ^^^^^^^^^^^^^^^^^^^^^^^^^^^^
[INFO] [stdout]    |
[INFO] [stdout] note: the name `SegmentRangeCollector` in the type namespace is supposed to be publicly re-exported here
[INFO] [stdout]   --> src/aggregation/bucket/mod.rs:19:9
[INFO] [stdout]    |
[INFO] [stdout] 19 | pub use range::*;
[INFO] [stdout]    |         ^^^^^^^^
[INFO] [stdout] note: but the private item here shadows it
[INFO] [stdout]   --> src/aggregation/bucket/mod.rs:18:16
[INFO] [stdout]    |
[INFO] [stdout] 18 | pub(crate) use range::SegmentRangeCollector;
[INFO] [stdout]    |                ^^^^^^^^^^^^^^^^^^^^^^^^^^^^
[INFO] [stdout] 
[INFO] [stdout] 
[INFO] [stdout] warning: unused import: `self::term_weight::TermWeight`
[INFO] [stdout]  --> src/query/term_query/mod.rs:7:9
[INFO] [stdout]   |
[INFO] [stdout] 7 | pub use self::term_weight::TermWeight;
[INFO] [stdout]   |         ^^^^^^^^^^^^^^^^^^^^^^^^^^^^^
[INFO] [stdout] 
[INFO] [stdout] 
[INFO] [stdout] warning: 4 warnings emitted
[INFO] [stdout] 
[INFO] [stdout] 
[INFO] [stderr]     Finished dev [unoptimized + debuginfo] target(s) in 1m 11s
[INFO] running `Command { std: "docker" "inspect" "2aeae4852b5826f988872a6958187e9ca044e71ba65a089f89351a93d7d504d7", kill_on_drop: false }`
[INFO] running `Command { std: "docker" "rm" "-f" "2aeae4852b5826f988872a6958187e9ca044e71ba65a089f89351a93d7d504d7", kill_on_drop: false }`
[INFO] [stdout] 2aeae4852b5826f988872a6958187e9ca044e71ba65a089f89351a93d7d504d7
[INFO] running `Command { std: "docker" "create" "-v" "/var/lib/crater-agent-workspace/builds/worker-3-tc2/target:/opt/rustwide/target:rw,Z" "-v" "/var/lib/crater-agent-workspace/builds/worker-3-tc2/source:/opt/rustwide/workdir:ro,Z" "-v" "/var/lib/crater-agent-workspace/cargo-home:/opt/rustwide/cargo-home:ro,Z" "-v" "/var/lib/crater-agent-workspace/rustup-home:/opt/rustwide/rustup-home:ro,Z" "-e" "SOURCE_DIR=/opt/rustwide/workdir" "-e" "CARGO_TARGET_DIR=/opt/rustwide/target" "-e" "CARGO_INCREMENTAL=0" "-e" "RUST_BACKTRACE=full" "-e" "RUSTFLAGS=--cap-lints=warn" "-e" "RUSTDOCFLAGS=--cap-lints=warn" "-e" "CARGO_HOME=/opt/rustwide/cargo-home" "-e" "RUSTUP_HOME=/opt/rustwide/rustup-home" "-w" "/opt/rustwide/workdir" "-m" "1610612736" "--user" "0:0" "--network" "none" "ghcr.io/rust-lang/crates-build-env/linux@sha256:2788e3201cd34a07e3172128adcd8b3090168a8e3bcc40d7c032b9dda1df7d1c" "/opt/rustwide/cargo-home/bin/cargo" "+beta-2023-12-22" "test" "--frozen" "--no-run" "--message-format=json", kill_on_drop: false }`
[INFO] [stdout] 4da85646288cb909e03d307cef004b4c504165a5538d6fc0a1b90df1fbb8fc52
[INFO] running `Command { std: "docker" "start" "-a" "4da85646288cb909e03d307cef004b4c504165a5538d6fc0a1b90df1fbb8fc52", kill_on_drop: false }`
[INFO] [stderr]    Compiling libc v0.2.138
[INFO] [stderr]    Compiling syn v1.0.107
[INFO] [stderr]    Compiling ahash v0.8.2
[INFO] [stderr]    Compiling cc v1.0.78
[INFO] [stderr]    Compiling indexmap v1.9.2
[INFO] [stderr]    Compiling num-traits v0.2.15
[INFO] [stderr]    Compiling regex v1.7.0
[INFO] [stderr]    Compiling hashbrown v0.12.3
[INFO] [stderr]    Compiling io-lifetimes v1.0.3
[INFO] [stderr]    Compiling lock_api v0.4.9
[INFO] [stderr]    Compiling half v1.8.2
[INFO] [stderr]    Compiling ciborium-io v0.2.0
[INFO] [stderr]    Compiling os_str_bytes v6.4.1
[INFO] [stderr]    Compiling parking_lot_core v0.9.5
[INFO] [stderr]    Compiling cpp_demangle v0.4.0
[INFO] [stderr]    Compiling rustix v0.36.5
[INFO] [stderr]    Compiling plotters-backend v0.3.4
[INFO] [stderr]    Compiling backtrace v0.3.67
[INFO] [stderr]    Compiling plotters-svg v0.3.3
[INFO] [stderr]    Compiling findshlibs v0.10.2
[INFO] [stderr]    Compiling clap_lex v0.2.4
[INFO] [stderr]    Compiling ciborium-ll v0.2.0
[INFO] [stderr]    Compiling rustc-demangle v0.1.21
[INFO] [stderr]    Compiling symbolic-demangle v10.2.1
[INFO] [stderr]    Compiling bytemuck v1.12.3
[INFO] [stderr]    Compiling textwrap v0.16.0
[INFO] [stderr]    Compiling getrandom v0.2.8
[INFO] [stderr]    Compiling num_cpus v1.15.0
[INFO] [stderr]    Compiling memmap2 v0.5.8
[INFO] [stderr]    Compiling rand_core v0.6.4
[INFO] [stderr]    Compiling rand_chacha v0.3.1
[INFO] [stderr]    Compiling rayon-core v1.10.1
[INFO] [stderr]    Compiling tempfile v3.3.0
[INFO] [stderr]    Compiling atty v0.2.14
[INFO] [stderr]    Compiling cast v0.3.0
[INFO] [stderr]    Compiling rand v0.8.5
[INFO] [stderr]    Compiling same-file v1.0.6
[INFO] [stderr]    Compiling gimli v0.27.0
[INFO] [stderr]    Compiling arrayvec v0.7.2
[INFO] [stderr]    Compiling linux-raw-sys v0.1.4
[INFO] [stderr]    Compiling rayon v1.6.1
[INFO] [stderr]    Compiling num-format v0.4.4
[INFO] [stderr]    Compiling criterion-plot v0.5.0
[INFO] [stderr]    Compiling miniz_oxide v0.6.2
[INFO] [stderr]    Compiling walkdir v2.3.2
[INFO] [stderr]    Compiling hashbrown v0.13.1
[INFO] [stderr]    Compiling rgb v0.8.34
[INFO] [stderr]    Compiling clap v3.2.23
[INFO] [stderr]    Compiling wait-timeout v0.2.0
[INFO] [stderr]    Compiling addr2line v0.19.0
[INFO] [stderr]    Compiling plotters v0.3.4
[INFO] [stderr]    Compiling quick-xml v0.26.0
[INFO] [stderr]    Compiling object v0.30.0
[INFO] [stderr]    Compiling pprof v0.11.0
[INFO] [stderr]    Compiling oorandom v11.1.3
[INFO] [stderr]    Compiling fnv v1.0.7
[INFO] [stderr]    Compiling quick-error v1.2.3
[INFO] [stderr]    Compiling bit-vec v0.6.3
[INFO] [stderr]    Compiling str_stack v0.1.0
[INFO] [stderr]    Compiling anes v0.1.6
[INFO] [stderr]    Compiling inferno v0.11.13
[INFO] [stderr]    Compiling bit-set v0.5.3
[INFO] [stderr]    Compiling rusty-fork v0.3.0
[INFO] [stderr]    Compiling tantivy-query-grammar v0.19.0
[INFO] [stderr]    Compiling parking_lot v0.12.1
[INFO] [stderr]    Compiling is-terminal v0.4.2
[INFO] [stderr]    Compiling lru v0.9.0
[INFO] [stderr]    Compiling fail v0.5.1
[INFO] [stderr]    Compiling rand_xorshift v0.3.0
[INFO] [stderr]    Compiling nix v0.24.3
[INFO] [stderr]    Compiling serde_derive v1.0.152
[INFO] [stderr]    Compiling futures-macro v0.3.25
[INFO] [stderr]    Compiling async-trait v0.1.60
[INFO] [stderr]    Compiling thiserror-impl v1.0.38
[INFO] [stderr]    Compiling fs2 v0.4.3
[INFO] [stderr]    Compiling quick-error v2.0.1
[INFO] [stderr]    Compiling yansi v0.5.1
[INFO] [stderr]    Compiling futures-util v0.3.25
[INFO] [stderr]    Compiling diff v0.1.13
[INFO] [stderr]    Compiling termcolor v1.1.3
[INFO] [stderr]    Compiling summavy-common v0.5.0
[INFO] [stderr]    Compiling summavy_fastfield_codecs v0.3.1
[INFO] [stderr]    Compiling thiserror v1.0.38
[INFO] [stderr]    Compiling summavy-stacker v0.1.0
[INFO] [stderr]    Compiling humantime v2.1.0
[INFO] [stderr]    Compiling pretty_assertions v1.3.0
[INFO] [stderr]    Compiling env_logger v0.10.0
[INFO] [stderr]    Compiling proptest v1.0.0
[INFO] [stderr]    Compiling test-log v0.2.11
[INFO] [stderr]    Compiling matches v0.1.9
[INFO] [stderr]    Compiling maplit v1.0.2
[INFO] [stderr]    Compiling serde v1.0.152
[INFO] [stderr]    Compiling futures-executor v0.3.25
[INFO] [stderr]    Compiling futures v0.3.25
[INFO] [stderr]    Compiling uuid v1.2.2
[INFO] [stderr]    Compiling serde_json v1.0.91
[INFO] [stderr]    Compiling ciborium v0.2.0
[INFO] [stderr]    Compiling rust-stemmers v1.2.0
[INFO] [stderr]    Compiling summavy-tokenizer-api v0.1.0
[INFO] [stderr]    Compiling time v0.3.17
[INFO] [stderr]    Compiling debugid v0.8.0
[INFO] [stderr]    Compiling symbolic-common v10.2.1
[INFO] [stderr]    Compiling tinytemplate v1.2.1
[INFO] [stderr]    Compiling criterion v0.4.0
[INFO] [stderr]    Compiling summavy v0.25.3 (/opt/rustwide/workdir)
[INFO] [stdout] warning: unused import: `self::segment_manager::SegmentManager`
[INFO] [stdout]   --> src/indexer/mod.rs:39:9
[INFO] [stdout]    |
[INFO] [stdout] 39 | pub use self::segment_manager::SegmentManager;
[INFO] [stdout]    |         ^^^^^^^^^^^^^^^^^^^^^^^^^^^^^^^^^^^^^
[INFO] [stdout]    |
[INFO] [stdout]    = note: `#[warn(unused_imports)]` on by default
[INFO] [stdout] 
[INFO] [stdout] 
[INFO] [stdout] warning: private item shadows public glob re-export
[INFO] [stdout]   --> src/aggregation/bucket/mod.rs:16:16
[INFO] [stdout]    |
[INFO] [stdout] 16 | pub(crate) use histogram::SegmentHistogramCollector;
[INFO] [stdout]    |                ^^^^^^^^^^^^^^^^^^^^^^^^^^^^^^^^^^^^
[INFO] [stdout]    |
[INFO] [stdout] note: the name `SegmentHistogramCollector` in the type namespace is supposed to be publicly re-exported here
[INFO] [stdout]   --> src/aggregation/bucket/mod.rs:17:9
[INFO] [stdout]    |
[INFO] [stdout] 17 | pub use histogram::*;
[INFO] [stdout]    |         ^^^^^^^^^^^^
[INFO] [stdout] note: but the private item here shadows it
[INFO] [stdout]   --> src/aggregation/bucket/mod.rs:16:16
[INFO] [stdout]    |
[INFO] [stdout] 16 | pub(crate) use histogram::SegmentHistogramCollector;
[INFO] [stdout]    |                ^^^^^^^^^^^^^^^^^^^^^^^^^^^^^^^^^^^^
[INFO] [stdout]    = note: `#[warn(hidden_glob_reexports)]` on by default
[INFO] [stdout] 
[INFO] [stdout] 
[INFO] [stdout] warning: private item shadows public glob re-export
[INFO] [stdout]   --> src/aggregation/bucket/mod.rs:18:16
[INFO] [stdout]    |
[INFO] [stdout] 18 | pub(crate) use range::SegmentRangeCollector;
[INFO] [stdout]    |                ^^^^^^^^^^^^^^^^^^^^^^^^^^^^
[INFO] [stdout]    |
[INFO] [stdout] note: the name `SegmentRangeCollector` in the type namespace is supposed to be publicly re-exported here
[INFO] [stdout]   --> src/aggregation/bucket/mod.rs:19:9
[INFO] [stdout]    |
[INFO] [stdout] 19 | pub use range::*;
[INFO] [stdout]    |         ^^^^^^^^
[INFO] [stdout] note: but the private item here shadows it
[INFO] [stdout]   --> src/aggregation/bucket/mod.rs:18:16
[INFO] [stdout]    |
[INFO] [stdout] 18 | pub(crate) use range::SegmentRangeCollector;
[INFO] [stdout]    |                ^^^^^^^^^^^^^^^^^^^^^^^^^^^^
[INFO] [stdout] 
[INFO] [stdout] 
[INFO] [stdout] warning: unused import: `self::term_weight::TermWeight`
[INFO] [stdout]  --> src/query/term_query/mod.rs:7:9
[INFO] [stdout]   |
[INFO] [stdout] 7 | pub use self::term_weight::TermWeight;
[INFO] [stdout]   |         ^^^^^^^^^^^^^^^^^^^^^^^^^^^^^
[INFO] [stdout] 
[INFO] [stdout] 
[INFO] [stdout] warning: unused import: `self::segment_manager::SegmentManager`
[INFO] [stdout]   --> src/indexer/mod.rs:39:9
[INFO] [stdout]    |
[INFO] [stdout] 39 | pub use self::segment_manager::SegmentManager;
[INFO] [stdout]    |         ^^^^^^^^^^^^^^^^^^^^^^^^^^^^^^^^^^^^^
[INFO] [stdout]    |
[INFO] [stdout]    = note: `#[warn(unused_imports)]` on by default
[INFO] [stdout] 
[INFO] [stdout] 
[INFO] [stdout] warning: private item shadows public glob re-export
[INFO] [stdout]   --> src/aggregation/bucket/mod.rs:16:16
[INFO] [stdout]    |
[INFO] [stdout] 16 | pub(crate) use histogram::SegmentHistogramCollector;
[INFO] [stdout]    |                ^^^^^^^^^^^^^^^^^^^^^^^^^^^^^^^^^^^^
[INFO] [stdout]    |
[INFO] [stdout] note: the name `SegmentHistogramCollector` in the type namespace is supposed to be publicly re-exported here
[INFO] [stdout]   --> src/aggregation/bucket/mod.rs:17:9
[INFO] [stdout]    |
[INFO] [stdout] 17 | pub use histogram::*;
[INFO] [stdout]    |         ^^^^^^^^^^^^
[INFO] [stdout] note: but the private item here shadows it
[INFO] [stdout]   --> src/aggregation/bucket/mod.rs:16:16
[INFO] [stdout]    |
[INFO] [stdout] 16 | pub(crate) use histogram::SegmentHistogramCollector;
[INFO] [stdout]    |                ^^^^^^^^^^^^^^^^^^^^^^^^^^^^^^^^^^^^
[INFO] [stdout]    = note: `#[warn(hidden_glob_reexports)]` on by default
[INFO] [stdout] 
[INFO] [stdout] 
[INFO] [stdout] warning: private item shadows public glob re-export
[INFO] [stdout]   --> src/aggregation/bucket/mod.rs:18:16
[INFO] [stdout]    |
[INFO] [stdout] 18 | pub(crate) use range::SegmentRangeCollector;
[INFO] [stdout]    |                ^^^^^^^^^^^^^^^^^^^^^^^^^^^^
[INFO] [stdout]    |
[INFO] [stdout] note: the name `SegmentRangeCollector` in the type namespace is supposed to be publicly re-exported here
[INFO] [stdout]   --> src/aggregation/bucket/mod.rs:19:9
[INFO] [stdout]    |
[INFO] [stdout] 19 | pub use range::*;
[INFO] [stdout]    |         ^^^^^^^^
[INFO] [stdout] note: but the private item here shadows it
[INFO] [stdout]   --> src/aggregation/bucket/mod.rs:18:16
[INFO] [stdout]    |
[INFO] [stdout] 18 | pub(crate) use range::SegmentRangeCollector;
[INFO] [stdout]    |                ^^^^^^^^^^^^^^^^^^^^^^^^^^^^
[INFO] [stdout] 
[INFO] [stdout] 
[INFO] [stdout] warning: unused import: `self::term_weight::TermWeight`
[INFO] [stdout]  --> src/query/term_query/mod.rs:7:9
[INFO] [stdout]   |
[INFO] [stdout] 7 | pub use self::term_weight::TermWeight;
[INFO] [stdout]   |         ^^^^^^^^^^^^^^^^^^^^^^^^^^^^^
[INFO] [stdout] 
[INFO] [stdout] 
[INFO] [stdout] warning: 4 warnings emitted
[INFO] [stdout] 
[INFO] [stdout] 
[INFO] [stdout] error[E0433]: failed to resolve: use of undeclared crate or module `tantivy`
[INFO] [stdout]   --> examples/stop_words.rs:14:5
[INFO] [stdout]    |
[INFO] [stdout] 14 | use tantivy::collector::TopDocs;
[INFO] [stdout]    |     ^^^^^^^ use of undeclared crate or module `tantivy`
[INFO] [stdout] 
[INFO] [stdout] 
[INFO] [stdout] error[E0433]: failed to resolve: use of undeclared crate or module `tantivy`
[INFO] [stdout]   --> examples/stop_words.rs:15:5
[INFO] [stdout]    |
[INFO] [stdout] 15 | use tantivy::query::QueryParser;
[INFO] [stdout]    |     ^^^^^^^ use of undeclared crate or module `tantivy`
[INFO] [stdout] 
[INFO] [stdout] 
[INFO] [stdout] error[E0433]: failed to resolve: use of undeclared crate or module `tantivy`
[INFO] [stdout]   --> examples/stop_words.rs:16:5
[INFO] [stdout]    |
[INFO] [stdout] 16 | use tantivy::schema::*;
[INFO] [stdout]    |     ^^^^^^^ use of undeclared crate or module `tantivy`
[INFO] [stdout] 
[INFO] [stdout] 
[INFO] [stdout] error[E0433]: failed to resolve: use of undeclared crate or module `tantivy`
[INFO] [stdout]   --> examples/stop_words.rs:17:5
[INFO] [stdout]    |
[INFO] [stdout] 17 | use tantivy::tokenizer::*;
[INFO] [stdout]    |     ^^^^^^^ use of undeclared crate or module `tantivy`
[INFO] [stdout] 
[INFO] [stdout] 
[INFO] [stdout] error[E0433]: failed to resolve: use of undeclared crate or module `tantivy`
[INFO] [stdout]   --> examples/faceted_search.rs:19:5
[INFO] [stdout]    |
[INFO] [stdout] 19 | use tantivy::schema::*;
[INFO] [stdout]    |     ^^^^^^^ use of undeclared crate or module `tantivy`
[INFO] [stdout] 
[INFO] [stdout] 
[INFO] [stdout] error[E0433]: failed to resolve: use of undeclared crate or module `tantivy`
[INFO] [stdout]   --> examples/faceted_search.rs:17:5
[INFO] [stdout]    |
[INFO] [stdout] 17 | use tantivy::collector::FacetCollector;
[INFO] [stdout]    |     ^^^^^^^ use of undeclared crate or module `tantivy`
[INFO] [stdout] 
[INFO] [stdout] 
[INFO] [stdout] error[E0433]: failed to resolve: use of undeclared crate or module `tantivy`
[INFO] [stdout]  --> examples/working_with_json.rs:1:5
[INFO] [stdout]   |
[INFO] [stdout] 1 | use tantivy::schema::*;
[INFO] [stdout]   |     ^^^^^^^ use of undeclared crate or module `tantivy`
[INFO] [stdout] 
[INFO] [stdout] 
[INFO] [stdout] error[E0433]: failed to resolve: use of undeclared crate or module `tantivy`
[INFO] [stdout]   --> examples/faceted_search.rs:18:5
[INFO] [stdout]    |
[INFO] [stdout] 18 | use tantivy::query::{AllQuery, TermQuery};
[INFO] [stdout]    |     ^^^^^^^ use of undeclared crate or module `tantivy`
[INFO] [stdout] 
[INFO] [stdout] 
[INFO] [stdout] error[E0433]: failed to resolve: use of undeclared crate or module `tantivy`
[INFO] [stdout]   --> examples/basic_search.rs:17:5
[INFO] [stdout]    |
[INFO] [stdout] 17 | use tantivy::schema::*;
[INFO] [stdout]    |     ^^^^^^^ use of undeclared crate or module `tantivy`
[INFO] [stdout] 
[INFO] [stdout] 
[INFO] [stdout] error[E0433]: failed to resolve: use of undeclared crate or module `tantivy`
[INFO] [stdout]   --> examples/snippet.rs:12:5
[INFO] [stdout]    |
[INFO] [stdout] 12 | use tantivy::schema::*;
[INFO] [stdout]    |     ^^^^^^^ use of undeclared crate or module `tantivy`
[INFO] [stdout] 
[INFO] [stdout] 
[INFO] [stdout] error[E0433]: failed to resolve: use of undeclared crate or module `tantivy`
[INFO] [stdout]   --> examples/snippet.rs:10:5
[INFO] [stdout]    |
[INFO] [stdout] 10 | use tantivy::collector::TopDocs;
[INFO] [stdout]    |     ^^^^^^^ use of undeclared crate or module `tantivy`
[INFO] [stdout] 
[INFO] [stdout] 
[INFO] [stdout] error[E0433]: failed to resolve: use of undeclared crate or module `tantivy`
[INFO] [stdout]   --> examples/basic_search.rs:15:5
[INFO] [stdout]    |
[INFO] [stdout] 15 | use tantivy::collector::TopDocs;
[INFO] [stdout]    |     ^^^^^^^ use of undeclared crate or module `tantivy`
[INFO] [stdout] 
[INFO] [stdout] 
[INFO] [stdout] error[E0433]: failed to resolve: use of undeclared crate or module `tantivy`
[INFO] [stdout]   --> examples/basic_search.rs:16:5
[INFO] [stdout]    |
[INFO] [stdout] 16 | use tantivy::query::QueryParser;
[INFO] [stdout]    |     ^^^^^^^ use of undeclared crate or module `tantivy`
[INFO] [stdout] 
[INFO] [stdout] 
[INFO] [stdout] error[E0433]: failed to resolve: use of undeclared crate or module `tantivy`
[INFO] [stdout]   --> examples/snippet.rs:11:5
[INFO] [stdout]    |
[INFO] [stdout] 11 | use tantivy::query::QueryParser;
[INFO] [stdout]    |     ^^^^^^^ use of undeclared crate or module `tantivy`
[INFO] [stdout] 
[INFO] [stdout] 
[INFO] [stdout] error[E0433]: failed to resolve: use of undeclared crate or module `tantivy`
[INFO] [stdout]  --> examples/json_field.rs:7:5
[INFO] [stdout]   |
[INFO] [stdout] 7 | use tantivy::collector::{Count, TopDocs};
[INFO] [stdout]   |     ^^^^^^^ use of undeclared crate or module `tantivy`
[INFO] [stdout] 
[INFO] [stdout] 
[INFO] [stdout] error[E0433]: failed to resolve: use of undeclared crate or module `tantivy`
[INFO] [stdout]  --> examples/json_field.rs:8:5
[INFO] [stdout]   |
[INFO] [stdout] 8 | use tantivy::query::QueryParser;
[INFO] [stdout]   |     ^^^^^^^ use of undeclared crate or module `tantivy`
[INFO] [stdout] 
[INFO] [stdout] 
[INFO] [stdout] error[E0433]: failed to resolve: use of undeclared crate or module `tantivy`
[INFO] [stdout]  --> examples/json_field.rs:9:5
[INFO] [stdout]   |
[INFO] [stdout] 9 | use tantivy::schema::{Schema, FAST, STORED, STRING, TEXT};
[INFO] [stdout]   |     ^^^^^^^ use of undeclared crate or module `tantivy`
[INFO] [stdout] 
[INFO] [stdout] 
[INFO] [stdout] error[E0433]: failed to resolve: use of undeclared crate or module `tantivy`
[INFO] [stdout]  --> tests/failpoints/mod.rs:3:5
[INFO] [stdout]   |
[INFO] [stdout] 3 | use tantivy::directory::{Directory, ManagedDirectory, RamDirectory, TerminatingWrite};
[INFO] [stdout]   |     ^^^^^^^ use of undeclared crate or module `tantivy`
[INFO] [stdout] 
[INFO] [stdout] 
[INFO] [stdout] error[E0433]: failed to resolve: use of undeclared crate or module `tantivy`
[INFO] [stdout]  --> tests/failpoints/mod.rs:4:5
[INFO] [stdout]   |
[INFO] [stdout] 4 | use tantivy::schema::{Schema, TEXT};
[INFO] [stdout]   |     ^^^^^^^ use of undeclared crate or module `tantivy`
[INFO] [stdout] 
[INFO] [stdout] 
[INFO] [stdout] error[E0432]: unresolved import `tantivy`
[INFO] [stdout]   --> examples/stop_words.rs:18:5
[INFO] [stdout]    |
[INFO] [stdout] 18 | use tantivy::{doc, Index};
[INFO] [stdout]    |     ^^^^^^^ use of undeclared crate or module `tantivy`
[INFO] [stdout] 
[INFO] [stdout] 
[INFO] [stdout] error[E0432]: unresolved import `tantivy`
[INFO] [stdout]   --> examples/basic_search.rs:18:5
[INFO] [stdout]    |
[INFO] [stdout] 18 | use tantivy::{doc, Index, ReloadPolicy};
[INFO] [stdout]    |     ^^^^^^^ use of undeclared crate or module `tantivy`
[INFO] [stdout] 
[INFO] [stdout] 
[INFO] [stdout] error[E0432]: unresolved import `tantivy`
[INFO] [stdout]   --> examples/json_field.rs:10:5
[INFO] [stdout]    |
[INFO] [stdout] 10 | use tantivy::Index;
[INFO] [stdout]    |     ^^^^^^^ use of undeclared crate or module `tantivy`
[INFO] [stdout] 
[INFO] [stdout] 
[INFO] [stdout] error[E0432]: unresolved import `tantivy`
[INFO] [stdout]  --> tests/failpoints/mod.rs:5:5
[INFO] [stdout]   |
[INFO] [stdout] 5 | use tantivy::{doc, Index, Term};
[INFO] [stdout]   |     ^^^^^^^ use of undeclared crate or module `tantivy`
[INFO] [stdout] 
[INFO] [stdout] 
[INFO] [stdout] error[E0432]: unresolved import `tantivy`
[INFO] [stdout]   --> examples/faceted_search.rs:20:5
[INFO] [stdout]    |
[INFO] [stdout] 20 | use tantivy::{doc, Index};
[INFO] [stdout]    |     ^^^^^^^ use of undeclared crate or module `tantivy`
[INFO] [stdout] 
[INFO] [stdout] 
[INFO] [stdout] error[E0432]: unresolved import `tantivy`
[INFO] [stdout]   --> examples/snippet.rs:13:5
[INFO] [stdout]    |
[INFO] [stdout] 13 | use tantivy::{doc, Index, Snippet, SnippetGenerator};
[INFO] [stdout]    |     ^^^^^^^ use of undeclared crate or module `tantivy`
[INFO] [stdout] 
[INFO] [stdout] 
[INFO] [stdout] error: cannot determine resolution for the macro `doc`
[INFO] [stdout]   --> examples/stop_words.rs:67:31
[INFO] [stdout]    |
[INFO] [stdout] 67 |     index_writer.add_document(doc!(
[INFO] [stdout]    |                               ^^^
[INFO] [stdout]    |
[INFO] [stdout]    = note: import resolution is stuck, try simplifying macro imports
[INFO] [stdout] 
[INFO] [stdout] 
[INFO] [stdout] error: cannot determine resolution for the macro `doc`
[INFO] [stdout]   --> examples/stop_words.rs:73:31
[INFO] [stdout]    |
[INFO] [stdout] 73 |     index_writer.add_document(doc!(
[INFO] [stdout]    |                               ^^^
[INFO] [stdout]    |
[INFO] [stdout]    = note: import resolution is stuck, try simplifying macro imports
[INFO] [stdout] 
[INFO] [stdout] 
[INFO] [stdout] error: cannot determine resolution for the macro `doc`
[INFO] [stdout]   --> examples/stop_words.rs:85:31
[INFO] [stdout]    |
[INFO] [stdout] 85 |     index_writer.add_document(doc!(
[INFO] [stdout]    |                               ^^^
[INFO] [stdout]    |
[INFO] [stdout]    = note: import resolution is stuck, try simplifying macro imports
[INFO] [stdout] 
[INFO] [stdout] 
[INFO] [stdout] error: cannot determine resolution for the macro `doc`
[INFO] [stdout]   --> tests/failpoints/mod.rs:50:35
[INFO] [stdout]    |
[INFO] [stdout] 50 |         index_writer.add_document(doc!(text_field => "a"))?;
[INFO] [stdout]    |                                   ^^^
[INFO] [stdout]    |
[INFO] [stdout]    = note: import resolution is stuck, try simplifying macro imports
[INFO] [stdout] 
[INFO] [stdout] 
[INFO] [stdout] error: cannot determine resolution for the macro `doc`
[INFO] [stdout]   --> tests/failpoints/mod.rs:55:35
[INFO] [stdout]    |
[INFO] [stdout] 55 |         index_writer.add_document(doc!(text_field => "b"))?;
[INFO] [stdout]    |                                   ^^^
[INFO] [stdout]    |
[INFO] [stdout]    = note: import resolution is stuck, try simplifying macro imports
[INFO] [stdout] 
[INFO] [stdout] 
[INFO] [stdout] error: cannot determine resolution for the macro `doc`
[INFO] [stdout]   --> tests/failpoints/mod.rs:82:27
[INFO] [stdout]    |
[INFO] [stdout] 82 |             .add_document(doc!(text_field => format!("hellohappytaxpayerlongtokenblabla{}", i)))
[INFO] [stdout]    |                           ^^^
[INFO] [stdout]    |
[INFO] [stdout]    = note: import resolution is stuck, try simplifying macro imports
[INFO] [stdout] 
[INFO] [stdout] 
[INFO] [stdout] error: cannot determine resolution for the macro `doc`
[INFO] [stdout]    --> tests/failpoints/mod.rs:101:27
[INFO] [stdout]     |
[INFO] [stdout] 101 |             .add_document(doc!(text_field => format!("hellohappytaxpayerlongtokenblabla{}", i)))
[INFO] [stdout]     |                           ^^^
[INFO] [stdout]     |
[INFO] [stdout]     = note: import resolution is stuck, try simplifying macro imports
[INFO] [stdout] 
[INFO] [stdout] 
[INFO] [stdout] error: cannot determine resolution for the macro `doc`
[INFO] [stdout]    --> tests/failpoints/mod.rs:120:27
[INFO] [stdout]     |
[INFO] [stdout] 120 |             .add_document(doc!(text_field => format!("hellohappytaxpayerlongtokenblabla{}", i)))?;
[INFO] [stdout]     |                           ^^^
[INFO] [stdout]     |
[INFO] [stdout]     = note: import resolution is stuck, try simplifying macro imports
[INFO] [stdout] 
[INFO] [stdout] 
[INFO] [stdout] error: cannot determine resolution for the macro `doc`
[INFO] [stdout]   --> examples/faceted_search.rs:37:31
[INFO] [stdout]    |
[INFO] [stdout] 37 |     index_writer.add_document(doc!(
[INFO] [stdout]    |                               ^^^
[INFO] [stdout]    |
[INFO] [stdout]    = note: import resolution is stuck, try simplifying macro imports
[INFO] [stdout] 
[INFO] [stdout] 
[INFO] [stdout] error: cannot determine resolution for the macro `doc`
[INFO] [stdout]   --> examples/faceted_search.rs:41:31
[INFO] [stdout]    |
[INFO] [stdout] 41 |     index_writer.add_document(doc!(
[INFO] [stdout]    |                               ^^^
[INFO] [stdout]    |
[INFO] [stdout]    = note: import resolution is stuck, try simplifying macro imports
[INFO] [stdout] 
[INFO] [stdout] 
[INFO] [stdout] error: cannot determine resolution for the macro `doc`
[INFO] [stdout]   --> examples/faceted_search.rs:45:31
[INFO] [stdout]    |
[INFO] [stdout] 45 |     index_writer.add_document(doc!(
[INFO] [stdout]    |                               ^^^
[INFO] [stdout]    |
[INFO] [stdout]    = note: import resolution is stuck, try simplifying macro imports
[INFO] [stdout] 
[INFO] [stdout] 
[INFO] [stdout] error: cannot determine resolution for the macro `doc`
[INFO] [stdout]   --> examples/faceted_search.rs:49:31
[INFO] [stdout]    |
[INFO] [stdout] 49 |     index_writer.add_document(doc!(
[INFO] [stdout]    |                               ^^^
[INFO] [stdout]    |
[INFO] [stdout]    = note: import resolution is stuck, try simplifying macro imports
[INFO] [stdout] 
[INFO] [stdout] 
[INFO] [stdout] error: cannot determine resolution for the macro `doc`
[INFO] [stdout]   --> examples/faceted_search.rs:53:31
[INFO] [stdout]    |
[INFO] [stdout] 53 |     index_writer.add_document(doc!(
[INFO] [stdout]    |                               ^^^
[INFO] [stdout]    |
[INFO] [stdout]    = note: import resolution is stuck, try simplifying macro imports
[INFO] [stdout] 
[INFO] [stdout] 
[INFO] [stdout] error: cannot determine resolution for the macro `doc`
[INFO] [stdout]   --> examples/faceted_search.rs:57:31
[INFO] [stdout]    |
[INFO] [stdout] 57 |     index_writer.add_document(doc!(
[INFO] [stdout]    |                               ^^^
[INFO] [stdout]    |
[INFO] [stdout]    = note: import resolution is stuck, try simplifying macro imports
[INFO] [stdout] 
[INFO] [stdout] 
[INFO] [stdout] error: cannot determine resolution for the macro `doc`
[INFO] [stdout]   --> examples/faceted_search.rs:61:31
[INFO] [stdout]    |
[INFO] [stdout] 61 |     index_writer.add_document(doc!(
[INFO] [stdout]    |                               ^^^
[INFO] [stdout]    |
[INFO] [stdout]    = note: import resolution is stuck, try simplifying macro imports
[INFO] [stdout] 
[INFO] [stdout] 
[INFO] [stdout] error: cannot determine resolution for the macro `doc`
[INFO] [stdout]   --> examples/faceted_search.rs:65:31
[INFO] [stdout]    |
[INFO] [stdout] 65 |     index_writer.add_document(doc!(
[INFO] [stdout]    |                               ^^^
[INFO] [stdout]    |
[INFO] [stdout]    = note: import resolution is stuck, try simplifying macro imports
[INFO] [stdout] 
[INFO] [stdout] 
[INFO] [stdout] error: cannot determine resolution for the macro `doc`
[INFO] [stdout]   --> examples/snippet.rs:33:31
[INFO] [stdout]    |
[INFO] [stdout] 33 |     index_writer.add_document(doc!(
[INFO] [stdout]    |                               ^^^
[INFO] [stdout]    |
[INFO] [stdout]    = note: import resolution is stuck, try simplifying macro imports
[INFO] [stdout] 
[INFO] [stdout] 
[INFO] [stdout] error: cannot determine resolution for the macro `doc`
[INFO] [stdout]    --> examples/basic_search.rs:103:31
[INFO] [stdout]     |
[INFO] [stdout] 103 |     index_writer.add_document(doc!(
[INFO] [stdout]     |                               ^^^
[INFO] [stdout]     |
[INFO] [stdout]     = note: import resolution is stuck, try simplifying macro imports
[INFO] [stdout] 
[INFO] [stdout] 
[INFO] [stdout] error: cannot determine resolution for the macro `doc`
[INFO] [stdout]    --> examples/basic_search.rs:116:31
[INFO] [stdout]     |
[INFO] [stdout] 116 |     index_writer.add_document(doc!(
[INFO] [stdout]     |                               ^^^
[INFO] [stdout]     |
[INFO] [stdout]     = note: import resolution is stuck, try simplifying macro imports
[INFO] [stdout] 
[INFO] [stdout] 
[INFO] [stdout] error[E0433]: failed to resolve: use of undeclared type `Schema`
[INFO] [stdout]   --> examples/snippet.rs:22:30
[INFO] [stdout]    |
[INFO] [stdout] 22 |     let mut schema_builder = Schema::builder();
[INFO] [stdout]    |                              ^^^^^^ use of undeclared type `Schema`
[INFO] [stdout]    |
[INFO] [stdout] help: consider importing this struct
[INFO] [stdout]    |
[INFO] [stdout] 10 + use summavy::schema::Schema;
[INFO] [stdout]    |
[INFO] [stdout] 
[INFO] [stdout] 
[INFO] [stdout] error[E0425]: cannot find value `TEXT` in this scope
[INFO] [stdout]   --> examples/snippet.rs:23:56
[INFO] [stdout]    |
[INFO] [stdout] 23 |     let title = schema_builder.add_text_field("title", TEXT | STORED);
[INFO] [stdout]    |                                                        ^^^^ not found in this scope
[INFO] [stdout]    |
[INFO] [stdout] help: consider importing this constant
[INFO] [stdout]    |
[INFO] [stdout] 10 + use summavy::schema::TEXT;
[INFO] [stdout]    |
[INFO] [stdout] 
[INFO] [stdout] 
[INFO] [stdout] error[E0425]: cannot find value `STORED` in this scope
[INFO] [stdout]   --> examples/snippet.rs:23:63
[INFO] [stdout]    |
[INFO] [stdout] 23 |     let title = schema_builder.add_text_field("title", TEXT | STORED);
[INFO] [stdout]    |                                                               ^^^^^^ not found in this scope
[INFO] [stdout]    |
[INFO] [stdout] help: consider importing this constant
[INFO] [stdout]    |
[INFO] [stdout] 10 + use summavy::schema::STORED;
[INFO] [stdout]    |
[INFO] [stdout] 
[INFO] [stdout] 
[INFO] [stdout] error[E0425]: cannot find value `TEXT` in this scope
[INFO] [stdout]   --> examples/snippet.rs:24:54
[INFO] [stdout]    |
[INFO] [stdout] 24 |     let body = schema_builder.add_text_field("body", TEXT | STORED);
[INFO] [stdout]    |                                                      ^^^^ not found in this scope
[INFO] [stdout]    |
[INFO] [stdout] help: consider importing this constant
[INFO] [stdout]    |
[INFO] [stdout] 10 + use summavy::schema::TEXT;
[INFO] [stdout]    |
[INFO] [stdout] 
[INFO] [stdout] 
[INFO] [stdout] error[E0425]: cannot find value `STORED` in this scope
[INFO] [stdout]   --> examples/snippet.rs:24:61
[INFO] [stdout]    |
[INFO] [stdout] 24 |     let body = schema_builder.add_text_field("body", TEXT | STORED);
[INFO] [stdout]    |                                                             ^^^^^^ not found in this scope
[INFO] [stdout]    |
[INFO] [stdout] help: consider importing this constant
[INFO] [stdout]    |
[INFO] [stdout] 10 + use summavy::schema::STORED;
[INFO] [stdout]    |
[INFO] [stdout] 
[INFO] [stdout] 
[INFO] [stdout] error[E0433]: failed to resolve: use of undeclared type `Schema`
[INFO] [stdout]   --> examples/stop_words.rs:22:30
[INFO] [stdout]    |
[INFO] [stdout] 22 |     let mut schema_builder = Schema::builder();
[INFO] [stdout]    |                              ^^^^^^ use of undeclared type `Schema`
[INFO] [stdout]    |
[INFO] [stdout] help: consider importing this struct
[INFO] [stdout]    |
[INFO] [stdout] 14 + use summavy::schema::Schema;
[INFO] [stdout]    |
[INFO] [stdout] 
[INFO] [stdout] 
[INFO] [stdout] error[E0433]: failed to resolve: use of undeclared type `TextFieldIndexing`
[INFO] [stdout]   --> examples/stop_words.rs:28:31
[INFO] [stdout]    |
[INFO] [stdout] 28 |     let text_field_indexing = TextFieldIndexing::default()
[INFO] [stdout]    |                               ^^^^^^^^^^^^^^^^^ use of undeclared type `TextFieldIndexing`
[INFO] [stdout]    |
[INFO] [stdout] help: consider importing this struct
[INFO] [stdout]    |
[INFO] [stdout] 14 + use summavy::schema::TextFieldIndexing;
[INFO] [stdout]    |
[INFO] [stdout] 
[INFO] [stdout] 
[INFO] [stdout] error[E0433]: failed to resolve: use of undeclared type `IndexRecordOption`
[INFO] [stdout]   --> examples/stop_words.rs:30:27
[INFO] [stdout]    |
[INFO] [stdout] 30 |         .set_index_option(IndexRecordOption::WithFreqsAndPositions);
[INFO] [stdout]    |                           ^^^^^^^^^^^^^^^^^ use of undeclared type `IndexRecordOption`
[INFO] [stdout]    |
[INFO] [stdout] help: consider importing this enum
[INFO] [stdout]    |
[INFO] [stdout] 14 + use summavy::schema::IndexRecordOption;
[INFO] [stdout]    |
[INFO] [stdout] 
[INFO] [stdout] 
[INFO] [stdout] error[E0433]: failed to resolve: use of undeclared type `TextOptions`
[INFO] [stdout]   --> examples/stop_words.rs:31:24
[INFO] [stdout]    |
[INFO] [stdout] 31 |     let text_options = TextOptions::default()
[INFO] [stdout]    |                        ^^^^^^^^^^^ use of undeclared type `TextOptions`
[INFO] [stdout]    |
[INFO] [stdout] help: consider importing this struct
[INFO] [stdout]    |
[INFO] [stdout] 14 + use summavy::schema::TextOptions;
[INFO] [stdout]    |
[INFO] [stdout] 
[INFO] [stdout] 
[INFO] [stdout] error[E0433]: failed to resolve: use of undeclared type `TextFieldIndexing`
[INFO] [stdout]   --> examples/stop_words.rs:39:31
[INFO] [stdout]    |
[INFO] [stdout] 39 |     let text_field_indexing = TextFieldIndexing::default()
[INFO] [stdout]    |                               ^^^^^^^^^^^^^^^^^ use of undeclared type `TextFieldIndexing`
[INFO] [stdout]    |
[INFO] [stdout] help: consider importing this struct
[INFO] [stdout]    |
[INFO] [stdout] 14 + use summavy::schema::TextFieldIndexing;
[INFO] [stdout]    |
[INFO] [stdout] 
[INFO] [stdout] 
[INFO] [stdout] error[E0433]: failed to resolve: use of undeclared type `IndexRecordOption`
[INFO] [stdout]   --> examples/stop_words.rs:41:27
[INFO] [stdout]    |
[INFO] [stdout] 41 |         .set_index_option(IndexRecordOption::WithFreqsAndPositions);
[INFO] [stdout]    |                           ^^^^^^^^^^^^^^^^^ use of undeclared type `IndexRecordOption`
[INFO] [stdout]    |
[INFO] [stdout] help: consider importing this enum
[INFO] [stdout]    |
[INFO] [stdout] 14 + use summavy::schema::IndexRecordOption;
[INFO] [stdout]    |
[INFO] [stdout] 
[INFO] [stdout] 
[INFO] [stdout] error[E0433]: failed to resolve: use of undeclared type `TextOptions`
[INFO] [stdout]   --> examples/stop_words.rs:42:24
[INFO] [stdout]    |
[INFO] [stdout] 42 |     let text_options = TextOptions::default()
[INFO] [stdout]    |                        ^^^^^^^^^^^ use of undeclared type `TextOptions`
[INFO] [stdout]    |
[INFO] [stdout] help: consider importing this struct
[INFO] [stdout]    |
[INFO] [stdout] 14 + use summavy::schema::TextOptions;
[INFO] [stdout]    |
[INFO] [stdout] 
[INFO] [stdout] 
[INFO] [stdout] error[E0433]: failed to resolve: use of undeclared type `TextAnalyzer`
[INFO] [stdout]   --> examples/stop_words.rs:53:21
[INFO] [stdout]    |
[INFO] [stdout] 53 |     let tokenizer = TextAnalyzer::from(SimpleTokenizer)
[INFO] [stdout]    |                     ^^^^^^^^^^^^ use of undeclared type `TextAnalyzer`
[INFO] [stdout]    |
[INFO] [stdout] help: consider importing this struct
[INFO] [stdout]    |
[INFO] [stdout] 14 + use summavy::tokenizer::TextAnalyzer;
[INFO] [stdout]    |
[INFO] [stdout] 
[INFO] [stdout] 
[INFO] [stdout] error[E0425]: cannot find value `SimpleTokenizer` in this scope
[INFO] [stdout]   --> examples/stop_words.rs:53:40
[INFO] [stdout]    |
[INFO] [stdout] 53 |     let tokenizer = TextAnalyzer::from(SimpleTokenizer)
[INFO] [stdout]    |                                        ^^^^^^^^^^^^^^^ not found in this scope
[INFO] [stdout]    |
[INFO] [stdout] help: consider importing this unit struct
[INFO] [stdout]    |
[INFO] [stdout] 14 + use summavy::tokenizer::SimpleTokenizer;
[INFO] [stdout]    |
[INFO] [stdout] 
[INFO] [stdout] 
[INFO] [stdout] error[E0425]: cannot find value `LowerCaser` in this scope
[INFO] [stdout]   --> examples/stop_words.rs:54:17
[INFO] [stdout]    |
[INFO] [stdout] 54 |         .filter(LowerCaser)
[INFO] [stdout]    |                 ^^^^^^^^^^ not found in this scope
[INFO] [stdout]    |
[INFO] [stdout] help: consider importing this unit struct
[INFO] [stdout]    |
[INFO] [stdout] 14 + use summavy::tokenizer::LowerCaser;
[INFO] [stdout]    |
[INFO] [stdout] 
[INFO] [stdout] 
[INFO] [stdout] error[E0433]: failed to resolve: use of undeclared type `StopWordFilter`
[INFO] [stdout]   --> examples/stop_words.rs:55:17
[INFO] [stdout]    |
[INFO] [stdout] 55 |         .filter(StopWordFilter::remove(vec![
[INFO] [stdout]    |                 ^^^^^^^^^^^^^^ use of undeclared type `StopWordFilter`
[INFO] [stdout]    |
[INFO] [stdout] help: consider importing this struct
[INFO] [stdout]    |
[INFO] [stdout] 14 + use summavy::tokenizer::StopWordFilter;
[INFO] [stdout]    |
[INFO] [stdout] 
[INFO] [stdout] 
[INFO] [stdout] error[E0433]: failed to resolve: use of undeclared type `Schema`
[INFO] [stdout]   --> examples/basic_search.rs:34:30
[INFO] [stdout]    |
[INFO] [stdout] 34 |     let mut schema_builder = Schema::builder();
[INFO] [stdout]    |                              ^^^^^^ use of undeclared type `Schema`
[INFO] [stdout]    |
[INFO] [stdout] help: consider importing this struct
[INFO] [stdout]    |
[INFO] [stdout] 15 + use summavy::schema::Schema;
[INFO] [stdout]    |
[INFO] [stdout] 
[INFO] [stdout] 
[INFO] [stdout] error[E0425]: cannot find value `TEXT` in this scope
[INFO] [stdout]   --> examples/basic_search.rs:50:44
[INFO] [stdout]    |
[INFO] [stdout] 50 |     schema_builder.add_text_field("title", TEXT | STORED);
[INFO] [stdout]    |                                            ^^^^ not found in this scope
[INFO] [stdout]    |
[INFO] [stdout] help: consider importing this constant
[INFO] [stdout]    |
[INFO] [stdout] 15 + use summavy::schema::TEXT;
[INFO] [stdout]    |
[INFO] [stdout] 
[INFO] [stdout] 
[INFO] [stdout] error[E0425]: cannot find value `STORED` in this scope
[INFO] [stdout]   --> examples/basic_search.rs:50:51
[INFO] [stdout]    |
[INFO] [stdout] 50 |     schema_builder.add_text_field("title", TEXT | STORED);
[INFO] [stdout]    |                                                   ^^^^^^ not found in this scope
[INFO] [stdout]    |
[INFO] [stdout] help: consider importing this constant
[INFO] [stdout]    |
[INFO] [stdout] 15 + use summavy::schema::STORED;
[INFO] [stdout]    |
[INFO] [stdout] 
[INFO] [stdout] 
[INFO] [stdout] error[E0425]: cannot find value `TEXT` in this scope
[INFO] [stdout]   --> examples/basic_search.rs:58:43
[INFO] [stdout]    |
[INFO] [stdout] 58 |     schema_builder.add_text_field("body", TEXT);
[INFO] [stdout]    |                                           ^^^^ not found in this scope
[INFO] [stdout]    |
[INFO] [stdout] help: consider importing this constant
[INFO] [stdout]    |
[INFO] [stdout] 15 + use summavy::schema::TEXT;
[INFO] [stdout]    |
[INFO] [stdout] 
[INFO] [stdout] 
[INFO] [stdout] error[E0433]: failed to resolve: use of undeclared type `Document`
[INFO] [stdout]   --> examples/basic_search.rs:90:27
[INFO] [stdout]    |
[INFO] [stdout] 90 |     let mut old_man_doc = Document::default();
[INFO] [stdout]    |                           ^^^^^^^^ use of undeclared type `Document`
[INFO] [stdout]    |
[INFO] [stdout] help: consider importing this struct
[INFO] [stdout]    |
[INFO] [stdout] 15 + use summavy::Document;
[INFO] [stdout]    |
[INFO] [stdout] 
[INFO] [stdout] 
[INFO] [stdout] error[E0433]: failed to resolve: use of undeclared crate or module `tantivy`
[INFO] [stdout]   --> examples/stop_words.rs:20:14
[INFO] [stdout]    |
[INFO] [stdout] 20 | fn main() -> tantivy::Result<()> {
[INFO] [stdout]    |              ^^^^^^^ use of undeclared crate or module `tantivy`
[INFO] [stdout] 
[INFO] [stdout] 
[INFO] [stdout] error: aborting due to 20 previous errors
[INFO] [stdout] 
[INFO] [stdout] 
[INFO] [stdout] Some errors have detailed explanations: E0425, E0432, E0433.
[INFO] [stdout] 
[INFO] [stdout] For more information about an error, try `rustc --explain E0425`.
[INFO] [stdout] 
[INFO] [stdout] error[E0433]: failed to resolve: use of undeclared type `Schema`
[INFO] [stdout]   --> examples/faceted_search.rs:24:30
[INFO] [stdout]    |
[INFO] [stdout] 24 |     let mut schema_builder = Schema::builder();
[INFO] [stdout]    |                              ^^^^^^ use of undeclared type `Schema`
[INFO] [stdout]    |
[INFO] [stdout] help: consider importing this struct
[INFO] [stdout]    |
[INFO] [stdout] 17 + use summavy::schema::Schema;
[INFO] [stdout]    |
[INFO] [stdout] 
[INFO] [stdout] 
[INFO] [stdout] error[E0425]: cannot find value `TEXT` in this scope
[INFO] [stdout]   --> examples/faceted_search.rs:26:54
[INFO] [stdout]    |
[INFO] [stdout] 26 |     let name = schema_builder.add_text_field("name", TEXT | STORED);
[INFO] [stdout]    |                                                      ^^^^ not found in this scope
[INFO] [stdout]    |
[INFO] [stdout] help: consider importing this constant
[INFO] [stdout]    |
[INFO] [stdout] 17 + use summavy::schema::TEXT;
[INFO] [stdout]    |
[INFO] [stdout] 
[INFO] [stdout] 
[INFO] [stdout] error[E0425]: cannot find value `STORED` in this scope
[INFO] [stdout]   --> examples/faceted_search.rs:26:61
[INFO] [stdout]    |
[INFO] [stdout] 26 |     let name = schema_builder.add_text_field("name", TEXT | STORED);
[INFO] [stdout]    |                                                             ^^^^^^ not found in this scope
[INFO] [stdout]    |
[INFO] [stdout] help: consider importing this constant
[INFO] [stdout]    |
[INFO] [stdout] 17 + use summavy::schema::STORED;
[INFO] [stdout]    |
[INFO] [stdout] 
[INFO] [stdout] 
[INFO] [stdout] error[E0433]: failed to resolve: use of undeclared type `FacetOptions`
[INFO] [stdout]   --> examples/faceted_search.rs:28:75
[INFO] [stdout]    |
[INFO] [stdout] 28 |     let classification = schema_builder.add_facet_field("classification", FacetOptions::default());
[INFO] [stdout]    |                                                                           ^^^^^^^^^^^^ use of undeclared type `FacetOptions`
[INFO] [stdout]    |
[INFO] [stdout] help: consider importing this struct
[INFO] [stdout]    |
[INFO] [stdout] 17 + use summavy::schema::FacetOptions;
[INFO] [stdout]    |
[INFO] [stdout] 
[INFO] [stdout] 
[INFO] [stderr] error: could not compile `summavy` (example "stop_words") due to 21 previous errors
[INFO] [stderr] warning: build failed, waiting for other jobs to finish...
[INFO] [stdout] error[E0412]: cannot find type `Facet` in this scope
[INFO] [stdout]   --> examples/faceted_search.rs:78:27
[INFO] [stdout]    |
[INFO] [stdout] 78 |         let facets: Vec<(&Facet, u64)> = facet_counts.get("/Felidae").collect();
[INFO] [stdout]    |                           ^^^^^ not found in this scope
[INFO] [stdout]    |
[INFO] [stdout] help: consider importing this struct
[INFO] [stdout]    |
[INFO] [stdout] 17 + use summavy::schema::Facet;
[INFO] [stdout]    |
[INFO] [stdout] 
[INFO] [stdout] 
[INFO] [stdout] error[E0433]: failed to resolve: use of undeclared type `Schema`
[INFO] [stdout]   --> examples/working_with_json.rs:11:30
[INFO] [stdout]    |
[INFO] [stdout] 11 |     let mut schema_builder = Schema::builder();
[INFO] [stdout]    |                              ^^^^^^ use of undeclared type `Schema`
[INFO] [stdout]    |
[INFO] [stdout] help: consider importing this struct
[INFO] [stdout]    |
[INFO] [stdout] 1  + use summavy::schema::Schema;
[INFO] [stdout]    |
[INFO] [stdout] 
[INFO] [stdout] 
[INFO] [stdout] error[E0425]: cannot find value `TEXT` in this scope
[INFO] [stdout]   --> examples/working_with_json.rs:12:44
[INFO] [stdout]    |
[INFO] [stdout] 12 |     schema_builder.add_text_field("title", TEXT | STORED);
[INFO] [stdout]    |                                            ^^^^ not found in this scope
[INFO] [stdout]    |
[INFO] [stdout] help: consider importing this constant
[INFO] [stdout]    |
[INFO] [stdout] 1  + use summavy::schema::TEXT;
[INFO] [stdout]    |
[INFO] [stdout] 
[INFO] [stdout] 
[INFO] [stdout] error[E0425]: cannot find value `STORED` in this scope
[INFO] [stdout]   --> examples/working_with_json.rs:12:51
[INFO] [stdout]    |
[INFO] [stdout] 12 |     schema_builder.add_text_field("title", TEXT | STORED);
[INFO] [stdout]    |                                                   ^^^^^^ not found in this scope
[INFO] [stdout]    |
[INFO] [stdout] help: consider importing this constant
[INFO] [stdout]    |
[INFO] [stdout] 1  + use summavy::schema::STORED;
[INFO] [stdout]    |
[INFO] [stdout] 
[INFO] [stdout] 
[INFO] [stdout] error[E0425]: cannot find value `TEXT` in this scope
[INFO] [stdout]   --> examples/working_with_json.rs:13:43
[INFO] [stdout]    |
[INFO] [stdout] 13 |     schema_builder.add_text_field("body", TEXT);
[INFO] [stdout]    |                                           ^^^^ not found in this scope
[INFO] [stdout]    |
[INFO] [stdout] help: consider importing this constant
[INFO] [stdout]    |
[INFO] [stdout] 1  + use summavy::schema::TEXT;
[INFO] [stdout]    |
[INFO] [stdout] 
[INFO] [stdout] 
[INFO] [stdout] error[E0425]: cannot find value `INDEXED` in this scope
[INFO] [stdout]   --> examples/working_with_json.rs:14:42
[INFO] [stdout]    |
[INFO] [stdout] 14 |     schema_builder.add_u64_field("year", INDEXED);
[INFO] [stdout]    |                                          ^^^^^^^ not found in this scope
[INFO] [stdout]    |
[INFO] [stdout] help: consider importing this constant
[INFO] [stdout]    |
[INFO] [stdout] 1  + use summavy::schema::INDEXED;
[INFO] [stdout]    |
[INFO] [stdout] 
[INFO] [stdout] 
[INFO] [stdout] error[E0433]: failed to resolve: use of undeclared type `Facet`
[INFO] [stdout]   --> examples/faceted_search.rs:82:19
[INFO] [stdout]    |
[INFO] [stdout] 82 |                 (&Facet::from("/Felidae/Felinae"), 3),
[INFO] [stdout]    |                   ^^^^^ use of undeclared type `Facet`
[INFO] [stdout]    |
[INFO] [stdout] help: consider importing this struct
[INFO] [stdout]    |
[INFO] [stdout] 17 + use summavy::schema::Facet;
[INFO] [stdout]    |
[INFO] [stdout] 
[INFO] [stdout] 
[INFO] [stdout] error[E0433]: failed to resolve: use of undeclared crate or module `tantivy`
[INFO] [stdout]   --> examples/basic_search.rs:21:14
[INFO] [stdout]    |
[INFO] [stdout] 21 | fn main() -> tantivy::Result<()> {
[INFO] [stdout]    |              ^^^^^^^ use of undeclared crate or module `tantivy`
[INFO] [stdout] 
[INFO] [stdout] 
[INFO] [stdout] error[E0433]: failed to resolve: use of undeclared crate or module `tantivy`
[INFO] [stdout]   --> examples/snippet.rs:16:14
[INFO] [stdout]    |
[INFO] [stdout] 16 | fn main() -> tantivy::Result<()> {
[INFO] [stdout]    |              ^^^^^^^ use of undeclared crate or module `tantivy`
[INFO] [stdout] 
[INFO] [stdout] 
[INFO] [stdout] error: aborting due to 11 previous errors
[INFO] [stdout] 
[INFO] [stdout] 
[INFO] [stdout] Some errors have detailed explanations: E0425, E0432, E0433.
[INFO] [stdout] 
[INFO] [stdout] For more information about an error, try `rustc --explain E0425`.
[INFO] [stdout] 
[INFO] [stdout] error[E0433]: failed to resolve: use of undeclared type `Facet`
[INFO] [stdout]   --> examples/faceted_search.rs:83:19
[INFO] [stdout]    |
[INFO] [stdout] 83 |                 (&Facet::from("/Felidae/Pantherinae"), 4),
[INFO] [stdout]    |                   ^^^^^ use of undeclared type `Facet`
[INFO] [stdout]    |
[INFO] [stdout] help: consider importing this struct
[INFO] [stdout]    |
[INFO] [stdout] 17 + use summavy::schema::Facet;
[INFO] [stdout]    |
[INFO] [stdout] 
[INFO] [stdout] 
[INFO] [stdout] error[E0433]: failed to resolve: use of undeclared type `Facet`
[INFO] [stdout]   --> examples/faceted_search.rs:97:21
[INFO] [stdout]    |
[INFO] [stdout] 97 |         let facet = Facet::from("/Felidae/Pantherinae");
[INFO] [stdout]    |                     ^^^^^ use of undeclared type `Facet`
[INFO] [stdout]    |
[INFO] [stdout] help: consider importing this struct
[INFO] [stdout]    |
[INFO] [stdout] 17 + use summavy::schema::Facet;
[INFO] [stdout]    |
[INFO] [stdout] 
[INFO] [stdout] 
[INFO] [stdout] error[E0433]: failed to resolve: use of undeclared type `Term`
[INFO] [stdout]   --> examples/faceted_search.rs:98:26
[INFO] [stdout]    |
[INFO] [stdout] 98 |         let facet_term = Term::from_facet(classification, &facet);
[INFO] [stdout]    |                          ^^^^ use of undeclared type `Term`
[INFO] [stdout]    |
[INFO] [stdout] help: consider importing this struct
[INFO] [stdout]    |
[INFO] [stdout] 17 + use summavy::Term;
[INFO] [stdout]    |
[INFO] [stdout] 
[INFO] [stdout] 
[INFO] [stdout] error[E0433]: failed to resolve: use of undeclared crate or module `tantivy`
[INFO] [stdout]   --> examples/json_field.rs:12:14
[INFO] [stdout]    |
[INFO] [stdout] 12 | fn main() -> tantivy::Result<()> {
[INFO] [stdout]    |              ^^^^^^^ use of undeclared crate or module `tantivy`
[INFO] [stdout] 
[INFO] [stdout] 
[INFO] [stdout] error: aborting due to 5 previous errors
[INFO] [stdout] 
[INFO] [stdout] 
[INFO] [stdout] Some errors have detailed explanations: E0432, E0433.
[INFO] [stdout] 
[INFO] [stdout] For more information about an error, try `rustc --explain E0432`.
[INFO] [stdout] 
[INFO] [stdout] error[E0433]: failed to resolve: use of undeclared type `IndexRecordOption`
[INFO] [stdout]   --> examples/faceted_search.rs:99:59
[INFO] [stdout]    |
[INFO] [stdout] 99 |         let facet_term_query = TermQuery::new(facet_term, IndexRecordOption::Basic);
[INFO] [stdout]    |                                                           ^^^^^^^^^^^^^^^^^ use of undeclared type `IndexRecordOption`
[INFO] [stdout]    |
[INFO] [stdout] help: consider importing this enum
[INFO] [stdout]    |
[INFO] [stdout] 17 + use summavy::schema::IndexRecordOption;
[INFO] [stdout]    |
[INFO] [stdout] 
[INFO] [stdout] 
[INFO] [stdout] error[E0412]: cannot find type `Facet` in this scope
[INFO] [stdout]    --> examples/faceted_search.rs:103:27
[INFO] [stdout]     |
[INFO] [stdout] 103 |         let facets: Vec<(&Facet, u64)> = facet_counts.get("/Felidae/Pantherinae").collect();
[INFO] [stdout]     |                           ^^^^^ not found in this scope
[INFO] [stdout]     |
[INFO] [stdout] help: consider importing this struct
[INFO] [stdout]     |
[INFO] [stdout] 17  + use summavy::schema::Facet;
[INFO] [stdout]     |
[INFO] [stdout] 
[INFO] [stdout] 
[INFO] [stdout] error[E0433]: failed to resolve: use of undeclared type `Facet`
[INFO] [stdout]    --> examples/faceted_search.rs:107:19
[INFO] [stdout]     |
[INFO] [stdout] 107 |                 (&Facet::from("/Felidae/Pantherinae/Neofelis"), 1),
[INFO] [stdout]     |                   ^^^^^ use of undeclared type `Facet`
[INFO] [stdout]     |
[INFO] [stdout] help: consider importing this struct
[INFO] [stdout]     |
[INFO] [stdout] 17  + use summavy::schema::Facet;
[INFO] [stdout]     |
[INFO] [stdout] 
[INFO] [stdout] 
[INFO] [stdout] error[E0433]: failed to resolve: use of undeclared crate or module `tantivy`
[INFO] [stdout]  --> examples/working_with_json.rs:6:14
[INFO] [stdout]   |
[INFO] [stdout] 6 | fn main() -> tantivy::Result<()> {
[INFO] [stdout]   |              ^^^^^^^ use of undeclared crate or module `tantivy`
[INFO] [stdout] 
[INFO] [stdout] 
[INFO] [stdout] error: aborting due to 7 previous errors
[INFO] [stdout] 
[INFO] [stdout] 
[INFO] [stdout] error[E0433]: failed to resolve: use of undeclared type `Facet`
[INFO] [stdout]    --> examples/faceted_search.rs:108:19
[INFO] [stdout]     |
[INFO] [stdout] 108 |                 (&Facet::from("/Felidae/Pantherinae/Panthera"), 3),
[INFO] [stdout]     |                   ^^^^^ use of undeclared type `Facet`
[INFO] [stdout]     |
[INFO] [stdout] help: consider importing this struct
[INFO] [stdout]     |
[INFO] [stdout] 17  + use summavy::schema::Facet;
[INFO] [stdout]     |
[INFO] [stdout] 
[INFO] [stdout] 
[INFO] [stdout] Some errors have detailed explanations: E0425, E0433.
[INFO] [stdout] 
[INFO] [stdout] For more information about an error, try `rustc --explain E0425`.
[INFO] [stdout] 
[INFO] [stdout] error: aborting due to 12 previous errors
[INFO] [stdout] 
[INFO] [stdout] 
[INFO] [stdout] Some errors have detailed explanations: E0425, E0432, E0433.
[INFO] [stdout] 
[INFO] [stdout] For more information about an error, try `rustc --explain E0425`.
[INFO] [stdout] 
[INFO] [stdout] error[E0433]: failed to resolve: use of undeclared crate or module `tantivy`
[INFO] [stdout]   --> tests/failpoints/mod.rs:42:33
[INFO] [stdout]    |
[INFO] [stdout] 42 | fn test_write_commit_fails() -> tantivy::Result<()> {
[INFO] [stdout]    |                                 ^^^^^^^ use of undeclared crate or module `tantivy`
[INFO] [stdout] 
[INFO] [stdout] 
[INFO] [stdout] error[E0433]: failed to resolve: use of undeclared crate or module `tantivy`
[INFO] [stdout]   --> tests/failpoints/mod.rs:73:36
[INFO] [stdout]    |
[INFO] [stdout] 73 | fn test_fail_on_flush_segment() -> tantivy::Result<()> {
[INFO] [stdout]    |                                    ^^^^^^^ use of undeclared crate or module `tantivy`
[INFO] [stdout] 
[INFO] [stdout] 
[INFO] [stdout] error[E0433]: failed to resolve: use of undeclared crate or module `tantivy`
[INFO] [stdout]   --> tests/failpoints/mod.rs:92:59
[INFO] [stdout]    |
[INFO] [stdout] 92 | fn test_fail_on_flush_segment_but_one_worker_remains() -> tantivy::Result<()> {
[INFO] [stdout]    |                                                           ^^^^^^^ use of undeclared crate or module `tantivy`
[INFO] [stdout] 
[INFO] [stdout] 
[INFO] [stdout] error[E0433]: failed to resolve: use of undeclared crate or module `tantivy`
[INFO] [stdout]    --> tests/failpoints/mod.rs:111:37
[INFO] [stdout]     |
[INFO] [stdout] 111 | fn test_fail_on_commit_segment() -> tantivy::Result<()> {
[INFO] [stdout]     |                                     ^^^^^^^ use of undeclared crate or module `tantivy`
[INFO] [stdout] 
[INFO] [stdout] 
[INFO] [stdout] error: aborting due to 12 previous errors
[INFO] [stdout] 
[INFO] [stdout] 
[INFO] [stdout] Some errors have detailed explanations: E0432, E0433.
[INFO] [stdout] 
[INFO] [stdout] For more information about an error, try `rustc --explain E0432`.
[INFO] [stdout] 
[INFO] [stderr] error: could not compile `summavy` (example "json_field") due to 6 previous errors
[INFO] [stderr] error: could not compile `summavy` (example "basic_search") due to 13 previous errors
[INFO] [stderr] error: could not compile `summavy` (example "working_with_json") due to 8 previous errors
[INFO] [stderr] error: could not compile `summavy` (test "failpoints") due to 13 previous errors
[INFO] [stderr] error: could not compile `summavy` (example "snippet") due to 12 previous errors
[INFO] [stdout] error[E0433]: failed to resolve: use of undeclared crate or module `tantivy`
[INFO] [stdout]   --> examples/faceted_search.rs:22:14
[INFO] [stdout]    |
[INFO] [stdout] 22 | fn main() -> tantivy::Result<()> {
[INFO] [stdout]    |              ^^^^^^^ use of undeclared crate or module `tantivy`
[INFO] [stdout] 
[INFO] [stdout] 
[INFO] [stdout] error: aborting due to 26 previous errors
[INFO] [stdout] 
[INFO] [stdout] 
[INFO] [stdout] Some errors have detailed explanations: E0412, E0425, E0432, E0433.
[INFO] [stdout] 
[INFO] [stdout] For more information about an error, try `rustc --explain E0412`.
[INFO] [stdout] 
[INFO] [stderr] error: could not compile `summavy` (example "faceted_search") due to 27 previous errors
[INFO] [stderr] error: could not compile `summavy` (lib test); 4 warnings emitted
[INFO] [stderr] 
[INFO] [stderr] Caused by:
[INFO] [stderr]   process didn't exit successfully: `/opt/rustwide/rustup-home/toolchains/beta-2023-12-22-x86_64-unknown-linux-gnu/bin/rustc --crate-name summavy --edition=2021 src/lib.rs --error-format=json --json=diagnostic-rendered-ansi,artifacts,future-incompat --emit=dep-info,link -C embed-bitcode=no -C debuginfo=2 --test --cfg 'feature="default"' --cfg 'feature="fs2"' --cfg 'feature="lz4-compression"' --cfg 'feature="lz4_flex"' --cfg 'feature="memmap2"' --cfg 'feature="mmap"' --cfg 'feature="stopwords"' --cfg 'feature="tempfile"' -C metadata=d54e136a8de76738 -C extra-filename=-d54e136a8de76738 --out-dir /opt/rustwide/target/debug/deps -L dependency=/opt/rustwide/target/debug/deps --extern aho_corasick=/opt/rustwide/target/debug/deps/libaho_corasick-13dc14dca1895e31.rlib --extern arc_swap=/opt/rustwide/target/debug/deps/libarc_swap-0caa4ecc5eb45c5f.rlib --extern async_trait=/opt/rustwide/target/debug/deps/libasync_trait-a0e2d8954cb7fbe1.so --extern base64=/opt/rustwide/target/debug/deps/libbase64-a25f4c710a824bfc.rlib --extern bitpacking=/opt/rustwide/target/debug/deps/libbitpacking-3fc0cbe891202fe2.rlib --extern byteorder=/opt/rustwide/target/debug/deps/libbyteorder-0ef92d8cf14cf0b1.rlib --extern census=/opt/rustwide/target/debug/deps/libcensus-5465957273bf8709.rlib --extern crc32fast=/opt/rustwide/target/debug/deps/libcrc32fast-dbea8ee6fb11ce73.rlib --extern criterion=/opt/rustwide/target/debug/deps/libcriterion-2c914bdec0ba26b9.rlib --extern crossbeam_channel=/opt/rustwide/target/debug/deps/libcrossbeam_channel-af5c4434930c1f3e.rlib --extern downcast_rs=/opt/rustwide/target/debug/deps/libdowncast_rs-c4a86e4848913de8.rlib --extern env_logger=/opt/rustwide/target/debug/deps/libenv_logger-10c735c9dbacc09e.rlib --extern fail=/opt/rustwide/target/debug/deps/libfail-012b3e818ec1cd81.rlib --extern fastdivide=/opt/rustwide/target/debug/deps/libfastdivide-52559807f76c6670.rlib --extern fs2=/opt/rustwide/target/debug/deps/libfs2-5f5d6243c848fb7c.rlib --extern futures=/opt/rustwide/target/debug/deps/libfutures-1f3aabf75185d712.rlib --extern htmlescape=/opt/rustwide/target/debug/deps/libhtmlescape-1655a923fb73e162.rlib --extern itertools=/opt/rustwide/target/debug/deps/libitertools-6445dd5055222909.rlib --extern levenshtein_automata=/opt/rustwide/target/debug/deps/liblevenshtein_automata-d63e6b57529fe693.rlib --extern log=/opt/rustwide/target/debug/deps/liblog-5dd7ca7285786d5e.rlib --extern lru=/opt/rustwide/target/debug/deps/liblru-b6787eaf85eb35b7.rlib --extern lz4_flex=/opt/rustwide/target/debug/deps/liblz4_flex-b0a47b726d166ac2.rlib --extern maplit=/opt/rustwide/target/debug/deps/libmaplit-73646ac8518ae531.rlib --extern matches=/opt/rustwide/target/debug/deps/libmatches-7dacc739f2471d9d.rlib --extern measure_time=/opt/rustwide/target/debug/deps/libmeasure_time-7ad2101223ceac7e.rlib --extern memmap2=/opt/rustwide/target/debug/deps/libmemmap2-28cec9885da38e75.rlib --extern murmurhash32=/opt/rustwide/target/debug/deps/libmurmurhash32-aae3abf61e2cd1b6.rlib --extern num_cpus=/opt/rustwide/target/debug/deps/libnum_cpus-c5fe1580ec311f19.rlib --extern once_cell=/opt/rustwide/target/debug/deps/libonce_cell-9c769274068bfb19.rlib --extern oneshot=/opt/rustwide/target/debug/deps/liboneshot-dfce325f61db0111.rlib --extern pprof=/opt/rustwide/target/debug/deps/libpprof-12cbb8a4507ae35f.rlib --extern pretty_assertions=/opt/rustwide/target/debug/deps/libpretty_assertions-24922d474820892a.rlib --extern proptest=/opt/rustwide/target/debug/deps/libproptest-cb5fa02c16f9f974.rlib --extern rand=/opt/rustwide/target/debug/deps/librand-ddcf96c1aafc37a7.rlib --extern rayon=/opt/rustwide/target/debug/deps/librayon-16a5b1fa751c9d49.rlib --extern regex=/opt/rustwide/target/debug/deps/libregex-2cb7097e04108834.rlib --extern rust_stemmers=/opt/rustwide/target/debug/deps/librust_stemmers-a2df21b080a7d3be.rlib --extern rustc_hash=/opt/rustwide/target/debug/deps/librustc_hash-d8dd0847b35f1832.rlib --extern serde=/opt/rustwide/target/debug/deps/libserde-c3cc3b9ac6b97aad.rlib --extern serde_json=/opt/rustwide/target/debug/deps/libserde_json-12209499c9c5e3fd.rlib --extern smallvec=/opt/rustwide/target/debug/deps/libsmallvec-5f186dbb2829e135.rlib --extern tantivy_bitpacker=/opt/rustwide/target/debug/deps/libsummavy_bitpacker-1713691566844978.rlib --extern common=/opt/rustwide/target/debug/deps/libsummavy_common-8f8ceaa1e8ccf36a.rlib --extern stacker=/opt/rustwide/target/debug/deps/libsummavy_stacker-0e43bf3541a8ccbe.rlib --extern tokenizer_api=/opt/rustwide/target/debug/deps/libsummavy_tokenizer_api-9c606bc71a9fbdfb.rlib --extern fastfield_codecs=/opt/rustwide/target/debug/deps/libsummavy_fastfield_codecs-5025e3f0cb82e7ff.rlib --extern tantivy_fst=/opt/rustwide/target/debug/deps/libtantivy_fst-7bf05b97aabe22ef.rlib --extern tantivy_query_grammar=/opt/rustwide/target/debug/deps/libtantivy_query_grammar-2ef7e387ed9a3c41.rlib --extern tempfile=/opt/rustwide/target/debug/deps/libtempfile-d1764367683e59ee.rlib --extern test_log=/opt/rustwide/target/debug/deps/libtest_log-d8d71b2f70e848f2.so --extern thiserror=/opt/rustwide/target/debug/deps/libthiserror-04fe72e510094f32.rlib --extern time=/opt/rustwide/target/debug/deps/libtime-866dd86f229ecdb4.rlib --extern uuid=/opt/rustwide/target/debug/deps/libuuid-b59a89a9936405f6.rlib --cap-lints=warn` (signal: 9, SIGKILL: kill)
[INFO] running `Command { std: "docker" "inspect" "4da85646288cb909e03d307cef004b4c504165a5538d6fc0a1b90df1fbb8fc52", kill_on_drop: false }`
[INFO] running `Command { std: "docker" "rm" "-f" "4da85646288cb909e03d307cef004b4c504165a5538d6fc0a1b90df1fbb8fc52", kill_on_drop: false }`
[INFO] [stdout] 4da85646288cb909e03d307cef004b4c504165a5538d6fc0a1b90df1fbb8fc52
