[INFO] fetching crate substance-framework 0.3.0-alpha...
[INFO] testing substance-framework-0.3.0-alpha against 1.75.0 for beta-1.76-1
[INFO] extracting crate substance-framework 0.3.0-alpha into /workspace/builds/worker-7-tc1/source
[INFO] validating manifest of crates.io crate substance-framework 0.3.0-alpha on toolchain 1.75.0
[INFO] running `Command { std: CARGO_HOME="/workspace/cargo-home" RUSTUP_HOME="/workspace/rustup-home" "/workspace/cargo-home/bin/cargo" "+1.75.0" "metadata" "--manifest-path" "Cargo.toml" "--no-deps", kill_on_drop: false }`
[INFO] started tweaking crates.io crate substance-framework 0.3.0-alpha
[INFO] finished tweaking crates.io crate substance-framework 0.3.0-alpha
[INFO] tweaked toml for crates.io crate substance-framework 0.3.0-alpha written to /workspace/builds/worker-7-tc1/source/Cargo.toml
[INFO] running `Command { std: CARGO_HOME="/workspace/cargo-home" RUSTUP_HOME="/workspace/rustup-home" "/workspace/cargo-home/bin/cargo" "+1.75.0" "generate-lockfile" "--manifest-path" "Cargo.toml", kill_on_drop: false }`
[INFO] [stderr]     Updating crates.io index
[INFO] running `Command { std: CARGO_HOME="/workspace/cargo-home" RUSTUP_HOME="/workspace/rustup-home" "/workspace/cargo-home/bin/cargo" "+1.75.0" "fetch" "--manifest-path" "Cargo.toml", kill_on_drop: false }`
[INFO] [stderr]     Blocking waiting for file lock on package cache
[INFO] [stderr]  Downloading crates ...
[INFO] [stderr]   Downloaded substance-macro v0.2.0-alpha
[INFO] [stderr]   Downloaded libc-print v0.1.22
[INFO] running `Command { std: "docker" "create" "-v" "/var/lib/crater-agent-workspace/builds/worker-7-tc1/target:/opt/rustwide/target:rw,Z" "-v" "/var/lib/crater-agent-workspace/builds/worker-7-tc1/source:/opt/rustwide/workdir:ro,Z" "-v" "/var/lib/crater-agent-workspace/cargo-home:/opt/rustwide/cargo-home:ro,Z" "-v" "/var/lib/crater-agent-workspace/rustup-home:/opt/rustwide/rustup-home:ro,Z" "-e" "SOURCE_DIR=/opt/rustwide/workdir" "-e" "CARGO_TARGET_DIR=/opt/rustwide/target" "-e" "CARGO_HOME=/opt/rustwide/cargo-home" "-e" "RUSTUP_HOME=/opt/rustwide/rustup-home" "-w" "/opt/rustwide/workdir" "-m" "1610612736" "--user" "0:0" "--network" "none" "ghcr.io/rust-lang/crates-build-env/linux@sha256:2788e3201cd34a07e3172128adcd8b3090168a8e3bcc40d7c032b9dda1df7d1c" "/opt/rustwide/cargo-home/bin/cargo" "+1.75.0" "metadata" "--no-deps" "--format-version=1", kill_on_drop: false }`
[INFO] [stdout] 4ebe4f32e6edbfdd72987f7620c55c35330e715106152daa6331aaafed04e9dc
[INFO] running `Command { std: "docker" "start" "-a" "4ebe4f32e6edbfdd72987f7620c55c35330e715106152daa6331aaafed04e9dc", kill_on_drop: false }`
[INFO] running `Command { std: "docker" "inspect" "4ebe4f32e6edbfdd72987f7620c55c35330e715106152daa6331aaafed04e9dc", kill_on_drop: false }`
[INFO] running `Command { std: "docker" "rm" "-f" "4ebe4f32e6edbfdd72987f7620c55c35330e715106152daa6331aaafed04e9dc", kill_on_drop: false }`
[INFO] [stdout] 4ebe4f32e6edbfdd72987f7620c55c35330e715106152daa6331aaafed04e9dc
[INFO] running `Command { std: "docker" "create" "-v" "/var/lib/crater-agent-workspace/builds/worker-7-tc1/target:/opt/rustwide/target:rw,Z" "-v" "/var/lib/crater-agent-workspace/builds/worker-7-tc1/source:/opt/rustwide/workdir:ro,Z" "-v" "/var/lib/crater-agent-workspace/cargo-home:/opt/rustwide/cargo-home:ro,Z" "-v" "/var/lib/crater-agent-workspace/rustup-home:/opt/rustwide/rustup-home:ro,Z" "-e" "SOURCE_DIR=/opt/rustwide/workdir" "-e" "CARGO_TARGET_DIR=/opt/rustwide/target" "-e" "CARGO_INCREMENTAL=0" "-e" "RUST_BACKTRACE=full" "-e" "RUSTFLAGS=--cap-lints=warn" "-e" "RUSTDOCFLAGS=--cap-lints=warn" "-e" "CARGO_HOME=/opt/rustwide/cargo-home" "-e" "RUSTUP_HOME=/opt/rustwide/rustup-home" "-w" "/opt/rustwide/workdir" "-m" "1610612736" "--user" "0:0" "--network" "none" "ghcr.io/rust-lang/crates-build-env/linux@sha256:2788e3201cd34a07e3172128adcd8b3090168a8e3bcc40d7c032b9dda1df7d1c" "/opt/rustwide/cargo-home/bin/cargo" "+1.75.0" "build" "--frozen" "--message-format=json", kill_on_drop: false }`
[INFO] [stdout] 98d61893905eb5f85102d6395934623903e8fa1fdd2b9c149d3772d93cf69315
[INFO] running `Command { std: "docker" "start" "-a" "98d61893905eb5f85102d6395934623903e8fa1fdd2b9c149d3772d93cf69315", kill_on_drop: false }`
[INFO] [stderr]    Compiling lock_api v0.4.11
[INFO] [stderr]    Compiling syn v1.0.109
[INFO] [stderr]    Compiling scopeguard v1.2.0
[INFO] [stderr]    Compiling lazy_static v1.4.0
[INFO] [stderr]    Compiling libc-print v0.1.22
[INFO] [stderr]    Compiling spin v0.9.8
[INFO] [stderr]    Compiling substance-macro v0.2.0-alpha
[INFO] [stderr]    Compiling substance-framework v0.3.0-alpha (/opt/rustwide/workdir)
[INFO] [stdout] error[E0554]: `#![feature]` may not be used on the stable release channel
[INFO] [stdout]   --> src/lib.rs:25:1
[INFO] [stdout]    |
[INFO] [stdout] 25 | #![feature(lang_items)]
[INFO] [stdout]    | ^^^^^^^^^^^^^^^^^^^^^^^
[INFO] [stdout] 
[INFO] [stdout] 
[INFO] [stdout] error[E0554]: `#![feature]` may not be used on the stable release channel
[INFO] [stdout]   --> src/lib.rs:26:1
[INFO] [stdout]    |
[INFO] [stdout] 26 | #![feature(core_intrinsics)]
[INFO] [stdout]    | ^^^^^^^^^^^^^^^^^^^^^^^^^^^^
[INFO] [stdout] 
[INFO] [stdout] 
[INFO] [stdout] error[E0554]: `#![feature]` may not be used on the stable release channel
[INFO] [stdout]   --> src/lib.rs:27:1
[INFO] [stdout]    |
[INFO] [stdout] 27 | #![feature(panic_internals)]
[INFO] [stdout]    | ^^^^^^^^^^^^^^^^^^^^^^^^^^^^
[INFO] [stdout] 
[INFO] [stdout] 
[INFO] [stdout] error[E0554]: `#![feature]` may not be used on the stable release channel
[INFO] [stdout]   --> src/lib.rs:28:1
[INFO] [stdout]    |
[INFO] [stdout] 28 | #![feature(panic_info_message)]
[INFO] [stdout]    | ^^^^^^^^^^^^^^^^^^^^^^^^^^^^^^^
[INFO] [stdout] 
[INFO] [stdout] 
[INFO] [stdout] error[E0554]: `#![feature]` may not be used on the stable release channel
[INFO] [stdout]   --> src/lib.rs:29:1
[INFO] [stdout]    |
[INFO] [stdout] 29 | #![feature(stmt_expr_attributes)]
[INFO] [stdout]    | ^^^^^^^^^^^^^^^^^^^^^^^^^^^^^^^^^
[INFO] [stdout] 
[INFO] [stdout] 
[INFO] [stdout] warning: the feature `lang_items` is internal to the compiler or standard library
[INFO] [stdout]   --> src/lib.rs:25:12
[INFO] [stdout]    |
[INFO] [stdout] 25 | #![feature(lang_items)]
[INFO] [stdout]    |            ^^^^^^^^^^
[INFO] [stdout]    |
[INFO] [stdout]    = note: using it is strongly discouraged
[INFO] [stdout]    = note: `#[warn(internal_features)]` on by default
[INFO] [stdout] 
[INFO] [stdout] 
[INFO] [stdout] error[E0554]: `#![feature]` may not be used on the stable release channel
[INFO] [stdout]   --> src/lib.rs:26:12
[INFO] [stdout]    |
[INFO] [stdout] 26 | #![feature(core_intrinsics)]
[INFO] [stdout]    |            ^^^^^^^^^^^^^^^
[INFO] [stdout] 
[INFO] [stdout] 
[INFO] [stdout] error[E0554]: `#![feature]` may not be used on the stable release channel
[INFO] [stdout]   --> src/lib.rs:27:12
[INFO] [stdout]    |
[INFO] [stdout] 27 | #![feature(panic_internals)]
[INFO] [stdout]    |            ^^^^^^^^^^^^^^^
[INFO] [stdout] 
[INFO] [stdout] 
[INFO] [stdout] error[E0554]: `#![feature]` may not be used on the stable release channel
[INFO] [stdout]   --> src/lib.rs:28:12
[INFO] [stdout]    |
[INFO] [stdout] 28 | #![feature(panic_info_message)]
[INFO] [stdout]    |            ^^^^^^^^^^^^^^^^^^
[INFO] [stdout] 
[INFO] [stdout] 
[INFO] [stdout] error[E0061]: this function takes 4 arguments but 3 arguments were supplied
[INFO] [stdout]   --> src/lib.rs:69:22
[INFO] [stdout]    |
[INFO] [stdout] 69 |       panic::cx_panic(&PanicInfo::internal_constructor(
[INFO] [stdout]    |  ______________________^^^^^^^^^^^^^^^^^^^^^^^^^^^^^^^-
[INFO] [stdout] 70 | |         arguments,
[INFO] [stdout] 71 | |         &Location::internal_constructor(file, line, column),
[INFO] [stdout] 72 | |         false,
[INFO] [stdout] 73 | |     ))
[INFO] [stdout]    | |_____- an argument of type `bool` is missing
[INFO] [stdout]    |
[INFO] [stdout] note: associated function defined here
[INFO] [stdout]   --> /rustc/82e1608dfa6e0b5569232559e3d385fea5a93112/library/core/src/panic/panic_info.rs:42:12
[INFO] [stdout] help: provide the argument
[INFO] [stdout]    |
[INFO] [stdout] 69 |     panic::cx_panic(&PanicInfo::internal_constructor(arguments, &Location::internal_constructor(file, line, column), false, /* bool */))
[INFO] [stdout]    |                                                     ~~~~~~~~~~~~~~~~~~~~~~~~~~~~~~~~~~~~~~~~~~~~~~~~~~~~~~~~~~~~~~~~~~~~~~~~~~~~~~~~~~~
[INFO] [stdout] 
[INFO] [stdout] 
[INFO] [stdout] error: aborting due to 9 previous errors; 1 warning emitted
[INFO] [stdout] 
[INFO] [stdout] 
[INFO] [stdout] Some errors have detailed explanations: E0061, E0554.
[INFO] [stdout] 
[INFO] [stdout] For more information about an error, try `rustc --explain E0061`.
[INFO] [stdout] 
[INFO] [stderr] error: could not compile `substance-framework` (lib) due to 10 previous errors; 1 warning emitted
[INFO] running `Command { std: "docker" "inspect" "98d61893905eb5f85102d6395934623903e8fa1fdd2b9c149d3772d93cf69315", kill_on_drop: false }`
[INFO] running `Command { std: "docker" "rm" "-f" "98d61893905eb5f85102d6395934623903e8fa1fdd2b9c149d3772d93cf69315", kill_on_drop: false }`
[INFO] [stdout] 98d61893905eb5f85102d6395934623903e8fa1fdd2b9c149d3772d93cf69315
[INFO] testing substance-framework-0.3.0-alpha against beta-2023-12-22 for beta-1.76-1
[INFO] extracting crate substance-framework 0.3.0-alpha into /workspace/builds/worker-7-tc2/source
[INFO] validating manifest of crates.io crate substance-framework 0.3.0-alpha on toolchain beta-2023-12-22
[INFO] running `Command { std: CARGO_HOME="/workspace/cargo-home" RUSTUP_HOME="/workspace/rustup-home" "/workspace/cargo-home/bin/cargo" "+beta-2023-12-22" "metadata" "--manifest-path" "Cargo.toml" "--no-deps", kill_on_drop: false }`
[INFO] started tweaking crates.io crate substance-framework 0.3.0-alpha
[INFO] finished tweaking crates.io crate substance-framework 0.3.0-alpha
[INFO] tweaked toml for crates.io crate substance-framework 0.3.0-alpha written to /workspace/builds/worker-7-tc2/source/Cargo.toml
[INFO] running `Command { std: CARGO_HOME="/workspace/cargo-home" RUSTUP_HOME="/workspace/rustup-home" "/workspace/cargo-home/bin/cargo" "+beta-2023-12-22" "generate-lockfile" "--manifest-path" "Cargo.toml", kill_on_drop: false }`
[INFO] [stderr]     Updating crates.io index
[INFO] running `Command { std: CARGO_HOME="/workspace/cargo-home" RUSTUP_HOME="/workspace/rustup-home" "/workspace/cargo-home/bin/cargo" "+beta-2023-12-22" "fetch" "--manifest-path" "Cargo.toml", kill_on_drop: false }`
[INFO] running `Command { std: "docker" "create" "-v" "/var/lib/crater-agent-workspace/builds/worker-7-tc2/target:/opt/rustwide/target:rw,Z" "-v" "/var/lib/crater-agent-workspace/builds/worker-7-tc2/source:/opt/rustwide/workdir:ro,Z" "-v" "/var/lib/crater-agent-workspace/cargo-home:/opt/rustwide/cargo-home:ro,Z" "-v" "/var/lib/crater-agent-workspace/rustup-home:/opt/rustwide/rustup-home:ro,Z" "-e" "SOURCE_DIR=/opt/rustwide/workdir" "-e" "CARGO_TARGET_DIR=/opt/rustwide/target" "-e" "CARGO_HOME=/opt/rustwide/cargo-home" "-e" "RUSTUP_HOME=/opt/rustwide/rustup-home" "-w" "/opt/rustwide/workdir" "-m" "1610612736" "--user" "0:0" "--network" "none" "ghcr.io/rust-lang/crates-build-env/linux@sha256:2788e3201cd34a07e3172128adcd8b3090168a8e3bcc40d7c032b9dda1df7d1c" "/opt/rustwide/cargo-home/bin/cargo" "+beta-2023-12-22" "metadata" "--no-deps" "--format-version=1", kill_on_drop: false }`
[INFO] [stdout] 88de445e8c6c8cd11900f1a6e63c34046535af168251d58b11b0a06343b4d8b3
[INFO] running `Command { std: "docker" "start" "-a" "88de445e8c6c8cd11900f1a6e63c34046535af168251d58b11b0a06343b4d8b3", kill_on_drop: false }`
[INFO] running `Command { std: "docker" "inspect" "88de445e8c6c8cd11900f1a6e63c34046535af168251d58b11b0a06343b4d8b3", kill_on_drop: false }`
[INFO] running `Command { std: "docker" "rm" "-f" "88de445e8c6c8cd11900f1a6e63c34046535af168251d58b11b0a06343b4d8b3", kill_on_drop: false }`
[INFO] [stdout] 88de445e8c6c8cd11900f1a6e63c34046535af168251d58b11b0a06343b4d8b3
[INFO] running `Command { std: "docker" "create" "-v" "/var/lib/crater-agent-workspace/builds/worker-7-tc2/target:/opt/rustwide/target:rw,Z" "-v" "/var/lib/crater-agent-workspace/builds/worker-7-tc2/source:/opt/rustwide/workdir:ro,Z" "-v" "/var/lib/crater-agent-workspace/cargo-home:/opt/rustwide/cargo-home:ro,Z" "-v" "/var/lib/crater-agent-workspace/rustup-home:/opt/rustwide/rustup-home:ro,Z" "-e" "SOURCE_DIR=/opt/rustwide/workdir" "-e" "CARGO_TARGET_DIR=/opt/rustwide/target" "-e" "CARGO_INCREMENTAL=0" "-e" "RUST_BACKTRACE=full" "-e" "RUSTFLAGS=--cap-lints=warn" "-e" "RUSTDOCFLAGS=--cap-lints=warn" "-e" "CARGO_HOME=/opt/rustwide/cargo-home" "-e" "RUSTUP_HOME=/opt/rustwide/rustup-home" "-w" "/opt/rustwide/workdir" "-m" "1610612736" "--user" "0:0" "--network" "none" "ghcr.io/rust-lang/crates-build-env/linux@sha256:2788e3201cd34a07e3172128adcd8b3090168a8e3bcc40d7c032b9dda1df7d1c" "/opt/rustwide/cargo-home/bin/cargo" "+beta-2023-12-22" "build" "--frozen" "--message-format=json", kill_on_drop: false }`
[INFO] [stdout] 11e3ba420842dab67a53d57b0a0ae25ebce812f134c47a076e3e7c13033578cb
[INFO] running `Command { std: "docker" "start" "-a" "11e3ba420842dab67a53d57b0a0ae25ebce812f134c47a076e3e7c13033578cb", kill_on_drop: false }`
[INFO] [stderr]    Compiling lock_api v0.4.11
[INFO] [stderr]    Compiling syn v1.0.109
[INFO] [stderr]    Compiling scopeguard v1.2.0
[INFO] [stderr]    Compiling lazy_static v1.4.0
[INFO] [stderr]    Compiling libc-print v0.1.22
[INFO] [stderr]    Compiling spin v0.9.8
[INFO] [stderr]    Compiling substance-macro v0.2.0-alpha
[INFO] [stderr]    Compiling substance-framework v0.3.0-alpha (/opt/rustwide/workdir)
[INFO] [stdout] error[E0554]: `#![feature]` may not be used on the beta release channel
[INFO] [stdout]   --> src/lib.rs:25:1
[INFO] [stdout]    |
[INFO] [stdout] 25 | #![feature(lang_items)]
[INFO] [stdout]    | ^^^^^^^^^^^^^^^^^^^^^^^
[INFO] [stdout] 
[INFO] [stdout] 
[INFO] [stdout] error[E0554]: `#![feature]` may not be used on the beta release channel
[INFO] [stdout]   --> src/lib.rs:26:1
[INFO] [stdout]    |
[INFO] [stdout] 26 | #![feature(core_intrinsics)]
[INFO] [stdout]    | ^^^^^^^^^^^^^^^^^^^^^^^^^^^^
[INFO] [stdout] 
[INFO] [stdout] 
[INFO] [stdout] error[E0554]: `#![feature]` may not be used on the beta release channel
[INFO] [stdout]   --> src/lib.rs:27:1
[INFO] [stdout]    |
[INFO] [stdout] 27 | #![feature(panic_internals)]
[INFO] [stdout]    | ^^^^^^^^^^^^^^^^^^^^^^^^^^^^
[INFO] [stdout] 
[INFO] [stdout] 
[INFO] [stdout] error[E0554]: `#![feature]` may not be used on the beta release channel
[INFO] [stdout]   --> src/lib.rs:28:1
[INFO] [stdout]    |
[INFO] [stdout] 28 | #![feature(panic_info_message)]
[INFO] [stdout]    | ^^^^^^^^^^^^^^^^^^^^^^^^^^^^^^^
[INFO] [stdout] 
[INFO] [stdout] 
[INFO] [stdout] error[E0554]: `#![feature]` may not be used on the beta release channel
[INFO] [stdout]   --> src/lib.rs:29:1
[INFO] [stdout]    |
[INFO] [stdout] 29 | #![feature(stmt_expr_attributes)]
[INFO] [stdout]    | ^^^^^^^^^^^^^^^^^^^^^^^^^^^^^^^^^
[INFO] [stdout] 
[INFO] [stdout] 
[INFO] [stdout] warning: the feature `lang_items` is internal to the compiler or standard library
[INFO] [stdout]   --> src/lib.rs:25:12
[INFO] [stdout]    |
[INFO] [stdout] 25 | #![feature(lang_items)]
[INFO] [stdout]    |            ^^^^^^^^^^
[INFO] [stdout]    |
[INFO] [stdout]    = note: using it is strongly discouraged
[INFO] [stdout]    = note: `#[warn(internal_features)]` on by default
[INFO] [stdout] 
[INFO] [stdout] 
[INFO] [stdout] warning: the feature `core_intrinsics` is internal to the compiler or standard library
[INFO] [stdout]   --> src/lib.rs:26:12
[INFO] [stdout]    |
[INFO] [stdout] 26 | #![feature(core_intrinsics)]
[INFO] [stdout]    |            ^^^^^^^^^^^^^^^
[INFO] [stdout]    |
[INFO] [stdout]    = note: using it is strongly discouraged
[INFO] [stdout] 
[INFO] [stdout] 
[INFO] [stdout] warning: the feature `panic_internals` is internal to the compiler or standard library
[INFO] [stdout]   --> src/lib.rs:27:12
[INFO] [stdout]    |
[INFO] [stdout] 27 | #![feature(panic_internals)]
[INFO] [stdout]    |            ^^^^^^^^^^^^^^^
[INFO] [stdout]    |
[INFO] [stdout]    = note: using it is strongly discouraged
[INFO] [stdout] 
[INFO] [stdout] 
[INFO] [stdout] error[E0554]: `#![feature]` may not be used on the beta release channel
[INFO] [stdout]   --> src/lib.rs:26:12
[INFO] [stdout]    |
[INFO] [stdout] 26 | #![feature(core_intrinsics)]
[INFO] [stdout]    |            ^^^^^^^^^^^^^^^
[INFO] [stdout] 
[INFO] [stdout] 
[INFO] [stdout] error[E0554]: `#![feature]` may not be used on the beta release channel
[INFO] [stdout]   --> src/lib.rs:27:12
[INFO] [stdout]    |
[INFO] [stdout] 27 | #![feature(panic_internals)]
[INFO] [stdout]    |            ^^^^^^^^^^^^^^^
[INFO] [stdout] 
[INFO] [stdout] 
[INFO] [stdout] error[E0554]: `#![feature]` may not be used on the beta release channel
[INFO] [stdout]   --> src/lib.rs:28:12
[INFO] [stdout]    |
[INFO] [stdout] 28 | #![feature(panic_info_message)]
[INFO] [stdout]    |            ^^^^^^^^^^^^^^^^^^
[INFO] [stdout] 
[INFO] [stdout] 
[INFO] [stdout] error[E0061]: this function takes 4 arguments but 3 arguments were supplied
[INFO] [stdout]   --> src/lib.rs:69:22
[INFO] [stdout]    |
[INFO] [stdout] 69 |       panic::cx_panic(&PanicInfo::internal_constructor(
[INFO] [stdout]    |  ______________________^^^^^^^^^^^^^^^^^^^^^^^^^^^^^^^-
[INFO] [stdout] 70 | |         arguments,
[INFO] [stdout] 71 | |         &Location::internal_constructor(file, line, column),
[INFO] [stdout] 72 | |         false,
[INFO] [stdout] 73 | |     ))
[INFO] [stdout]    | |_____- an argument of type `bool` is missing
[INFO] [stdout]    |
[INFO] [stdout] note: associated function defined here
[INFO] [stdout]   --> /rustc/0e09125c6c3c2fd70d7de961bcf0e51575235fad/library/core/src/panic/panic_info.rs:42:12
[INFO] [stdout] help: provide the argument
[INFO] [stdout]    |
[INFO] [stdout] 69 |     panic::cx_panic(&PanicInfo::internal_constructor(arguments, &Location::internal_constructor(file, line, column), false, /* bool */))
[INFO] [stdout]    |                                                     ~~~~~~~~~~~~~~~~~~~~~~~~~~~~~~~~~~~~~~~~~~~~~~~~~~~~~~~~~~~~~~~~~~~~~~~~~~~~~~~~~~~
[INFO] [stdout] 
[INFO] [stdout] 
[INFO] [stdout] error: aborting due to 9 previous errors; 3 warnings emitted
[INFO] [stdout] 
[INFO] [stdout] 
[INFO] [stdout] Some errors have detailed explanations: E0061, E0554.
[INFO] [stdout] 
[INFO] [stdout] For more information about an error, try `rustc --explain E0061`.
[INFO] [stdout] 
[INFO] [stderr] error: could not compile `substance-framework` (lib) due to 10 previous errors; 3 warnings emitted
[INFO] running `Command { std: "docker" "inspect" "11e3ba420842dab67a53d57b0a0ae25ebce812f134c47a076e3e7c13033578cb", kill_on_drop: false }`
[INFO] running `Command { std: "docker" "rm" "-f" "11e3ba420842dab67a53d57b0a0ae25ebce812f134c47a076e3e7c13033578cb", kill_on_drop: false }`
[INFO] [stdout] 11e3ba420842dab67a53d57b0a0ae25ebce812f134c47a076e3e7c13033578cb
