[INFO] fetching crate stun-rs 0.1.5...
[INFO] testing stun-rs-0.1.5 against 1.75.0 for beta-1.76-1
[INFO] extracting crate stun-rs 0.1.5 into /workspace/builds/worker-7-tc1/source
[INFO] validating manifest of crates.io crate stun-rs 0.1.5 on toolchain 1.75.0
[INFO] running `Command { std: CARGO_HOME="/workspace/cargo-home" RUSTUP_HOME="/workspace/rustup-home" "/workspace/cargo-home/bin/cargo" "+1.75.0" "metadata" "--manifest-path" "Cargo.toml" "--no-deps", kill_on_drop: false }`
[INFO] started tweaking crates.io crate stun-rs 0.1.5
[INFO] finished tweaking crates.io crate stun-rs 0.1.5
[INFO] tweaked toml for crates.io crate stun-rs 0.1.5 written to /workspace/builds/worker-7-tc1/source/Cargo.toml
[INFO] running `Command { std: CARGO_HOME="/workspace/cargo-home" RUSTUP_HOME="/workspace/rustup-home" "/workspace/cargo-home/bin/cargo" "+1.75.0" "generate-lockfile" "--manifest-path" "Cargo.toml", kill_on_drop: false }`
[INFO] [stderr]     Updating crates.io index
[INFO] running `Command { std: CARGO_HOME="/workspace/cargo-home" RUSTUP_HOME="/workspace/rustup-home" "/workspace/cargo-home/bin/cargo" "+1.75.0" "fetch" "--manifest-path" "Cargo.toml", kill_on_drop: false }`
[INFO] [stderr]  Downloading crates ...
[INFO] [stderr]   Downloaded ucd-parse v0.1.12
[INFO] [stderr]   Downloaded hostname-validator v1.1.1
[INFO] [stderr]   Downloaded precis-tools v0.1.7
[INFO] [stderr]   Downloaded bounded-integer v0.5.7
[INFO] [stderr]   Downloaded precis-core v0.1.9
[INFO] [stderr]   Downloaded precis-profiles v0.1.9
[INFO] [stderr]   Downloaded quoted-string-parser v0.1.0
[INFO] running `Command { std: "docker" "create" "-v" "/var/lib/crater-agent-workspace/builds/worker-7-tc1/target:/opt/rustwide/target:rw,Z" "-v" "/var/lib/crater-agent-workspace/builds/worker-7-tc1/source:/opt/rustwide/workdir:ro,Z" "-v" "/var/lib/crater-agent-workspace/cargo-home:/opt/rustwide/cargo-home:ro,Z" "-v" "/var/lib/crater-agent-workspace/rustup-home:/opt/rustwide/rustup-home:ro,Z" "-e" "SOURCE_DIR=/opt/rustwide/workdir" "-e" "CARGO_TARGET_DIR=/opt/rustwide/target" "-e" "CARGO_HOME=/opt/rustwide/cargo-home" "-e" "RUSTUP_HOME=/opt/rustwide/rustup-home" "-w" "/opt/rustwide/workdir" "-m" "1610612736" "--user" "0:0" "--network" "none" "ghcr.io/rust-lang/crates-build-env/linux@sha256:2788e3201cd34a07e3172128adcd8b3090168a8e3bcc40d7c032b9dda1df7d1c" "/opt/rustwide/cargo-home/bin/cargo" "+1.75.0" "metadata" "--no-deps" "--format-version=1", kill_on_drop: false }`
[INFO] [stdout] 265ce69933342557573ad5202e4cf08e6f6585ac19359a71e7edecfd75ca8ad7
[INFO] running `Command { std: "docker" "start" "-a" "265ce69933342557573ad5202e4cf08e6f6585ac19359a71e7edecfd75ca8ad7", kill_on_drop: false }`
[INFO] running `Command { std: "docker" "inspect" "265ce69933342557573ad5202e4cf08e6f6585ac19359a71e7edecfd75ca8ad7", kill_on_drop: false }`
[INFO] running `Command { std: "docker" "rm" "-f" "265ce69933342557573ad5202e4cf08e6f6585ac19359a71e7edecfd75ca8ad7", kill_on_drop: false }`
[INFO] [stdout] 265ce69933342557573ad5202e4cf08e6f6585ac19359a71e7edecfd75ca8ad7
[INFO] running `Command { std: "docker" "create" "-v" "/var/lib/crater-agent-workspace/builds/worker-7-tc1/target:/opt/rustwide/target:rw,Z" "-v" "/var/lib/crater-agent-workspace/builds/worker-7-tc1/source:/opt/rustwide/workdir:ro,Z" "-v" "/var/lib/crater-agent-workspace/cargo-home:/opt/rustwide/cargo-home:ro,Z" "-v" "/var/lib/crater-agent-workspace/rustup-home:/opt/rustwide/rustup-home:ro,Z" "-e" "SOURCE_DIR=/opt/rustwide/workdir" "-e" "CARGO_TARGET_DIR=/opt/rustwide/target" "-e" "CARGO_INCREMENTAL=0" "-e" "RUST_BACKTRACE=full" "-e" "RUSTFLAGS=--cap-lints=warn" "-e" "RUSTDOCFLAGS=--cap-lints=warn" "-e" "CARGO_HOME=/opt/rustwide/cargo-home" "-e" "RUSTUP_HOME=/opt/rustwide/rustup-home" "-w" "/opt/rustwide/workdir" "-m" "1610612736" "--user" "0:0" "--network" "none" "ghcr.io/rust-lang/crates-build-env/linux@sha256:2788e3201cd34a07e3172128adcd8b3090168a8e3bcc40d7c032b9dda1df7d1c" "/opt/rustwide/cargo-home/bin/cargo" "+1.75.0" "build" "--frozen" "--message-format=json", kill_on_drop: false }`
[INFO] [stdout] 648790dde35ea4300fab9022e08550fec0aa9ea8ba3aa7a01ab2b2747b6e9ce0
[INFO] running `Command { std: "docker" "start" "-a" "648790dde35ea4300fab9022e08550fec0aa9ea8ba3aa7a01ab2b2747b6e9ce0", kill_on_drop: false }`
[INFO] [stderr]    Compiling memchr v2.7.1
[INFO] [stderr]    Compiling regex-syntax v0.8.2
[INFO] [stderr]    Compiling regex-lite v0.1.5
[INFO] [stderr]    Compiling lazy_static v1.4.0
[INFO] [stderr]    Compiling thiserror v1.0.56
[INFO] [stderr]    Compiling ucd-trie v0.1.6
[INFO] [stderr]    Compiling once_cell v1.19.0
[INFO] [stderr]    Compiling paste v1.0.14
[INFO] [stderr]    Compiling sha1 v0.2.0
[INFO] [stderr]    Compiling crc-catalog v2.4.0
[INFO] [stderr]    Compiling bounded-integer v0.5.7
[INFO] [stderr]    Compiling byteorder v1.5.0
[INFO] [stderr]    Compiling fallible-iterator v0.3.0
[INFO] [stderr]    Compiling unicode-normalization v0.1.22
[INFO] [stderr]    Compiling syn v2.0.48
[INFO] [stderr]    Compiling getrandom v0.2.11
[INFO] [stderr]    Compiling hmac-sha256 v1.1.7
[INFO] [stderr]    Compiling crc v3.0.1
[INFO] [stderr]    Compiling rand_core v0.6.4
[INFO] [stderr]    Compiling hmac-sha1 v0.1.3
[INFO] [stderr]    Compiling md5 v0.7.0
[INFO] [stderr]    Compiling hostname-validator v1.1.1
[INFO] [stderr]    Compiling rand_chacha v0.3.1
[INFO] [stderr]    Compiling aho-corasick v1.1.2
[INFO] [stderr]    Compiling rand v0.8.5
[INFO] [stderr]    Compiling ucd-parse v0.1.12
[INFO] [stderr]    Compiling regex-automata v0.4.3
[INFO] [stderr]    Compiling thiserror-impl v1.0.56
[INFO] [stderr]    Compiling pest v2.7.6
[INFO] [stderr]    Compiling regex v1.10.2
[INFO] [stderr]    Compiling pest_meta v2.7.6
[INFO] [stderr]    Compiling precis-tools v0.1.7
[INFO] [stderr]    Compiling precis-core v0.1.9
[INFO] [stderr]    Compiling precis-profiles v0.1.9
[INFO] [stderr]    Compiling pest_generator v2.7.6
[INFO] [stderr]    Compiling pest_derive v2.7.6
[INFO] [stderr]    Compiling quoted-string-parser v0.1.0
[INFO] [stderr]    Compiling stun-rs v0.1.5 (/opt/rustwide/workdir)
[INFO] [stderr]     Finished dev [unoptimized + debuginfo] target(s) in 10.62s
[INFO] running `Command { std: "docker" "inspect" "648790dde35ea4300fab9022e08550fec0aa9ea8ba3aa7a01ab2b2747b6e9ce0", kill_on_drop: false }`
[INFO] running `Command { std: "docker" "rm" "-f" "648790dde35ea4300fab9022e08550fec0aa9ea8ba3aa7a01ab2b2747b6e9ce0", kill_on_drop: false }`
[INFO] [stdout] 648790dde35ea4300fab9022e08550fec0aa9ea8ba3aa7a01ab2b2747b6e9ce0
[INFO] running `Command { std: "docker" "create" "-v" "/var/lib/crater-agent-workspace/builds/worker-7-tc1/target:/opt/rustwide/target:rw,Z" "-v" "/var/lib/crater-agent-workspace/builds/worker-7-tc1/source:/opt/rustwide/workdir:ro,Z" "-v" "/var/lib/crater-agent-workspace/cargo-home:/opt/rustwide/cargo-home:ro,Z" "-v" "/var/lib/crater-agent-workspace/rustup-home:/opt/rustwide/rustup-home:ro,Z" "-e" "SOURCE_DIR=/opt/rustwide/workdir" "-e" "CARGO_TARGET_DIR=/opt/rustwide/target" "-e" "CARGO_INCREMENTAL=0" "-e" "RUST_BACKTRACE=full" "-e" "RUSTFLAGS=--cap-lints=warn" "-e" "RUSTDOCFLAGS=--cap-lints=warn" "-e" "CARGO_HOME=/opt/rustwide/cargo-home" "-e" "RUSTUP_HOME=/opt/rustwide/rustup-home" "-w" "/opt/rustwide/workdir" "-m" "1610612736" "--user" "0:0" "--network" "none" "ghcr.io/rust-lang/crates-build-env/linux@sha256:2788e3201cd34a07e3172128adcd8b3090168a8e3bcc40d7c032b9dda1df7d1c" "/opt/rustwide/cargo-home/bin/cargo" "+1.75.0" "test" "--frozen" "--no-run" "--message-format=json", kill_on_drop: false }`
[INFO] [stdout] ceb0dfd10df64af11d130eae57ce06ad4b38a3bc13b6cfc2d6f4d0ced57f4f7e
[INFO] running `Command { std: "docker" "start" "-a" "ceb0dfd10df64af11d130eae57ce06ad4b38a3bc13b6cfc2d6f4d0ced57f4f7e", kill_on_drop: false }`
[INFO] [stderr]    Compiling stun-rs v0.1.5 (/opt/rustwide/workdir)
[INFO] [stdout] error[E0433]: failed to resolve: use of undeclared crate or module `stun_vectors`
[INFO] [stdout]    --> src/raw.rs:552:29
[INFO] [stdout]     |
[INFO] [stdout] 552 |             get_input_text(&stun_vectors::SAMPLE_IPV4_RESPONSE, 0x15).expect_err("Error expected"),
[INFO] [stdout]     |                             ^^^^^^^^^^^^ use of undeclared crate or module `stun_vectors`
[INFO] [stdout] 
[INFO] [stdout] 
[INFO] [stdout] error[E0433]: failed to resolve: use of undeclared crate or module `stun_vectors`
[INFO] [stdout]    --> src/raw.rs:556:29
[INFO] [stdout]     |
[INFO] [stdout] 556 |             get_input_text(&stun_vectors::SAMPLE_IPV4_RESPONSE, 0x0b).expect_err("Error expected"),
[INFO] [stdout]     |                             ^^^^^^^^^^^^ use of undeclared crate or module `stun_vectors`
[INFO] [stdout] 
[INFO] [stdout] 
[INFO] [stdout] error[E0433]: failed to resolve: use of undeclared crate or module `stun_vectors`
[INFO] [stdout]    --> src/raw.rs:560:37
[INFO] [stdout]     |
[INFO] [stdout] 560 |         let input = get_input_text(&stun_vectors::SAMPLE_IPV4_RESPONSE, 0x8022).unwrap();
[INFO] [stdout]     |                                     ^^^^^^^^^^^^ use of undeclared crate or module `stun_vectors`
[INFO] [stdout] 
[INFO] [stdout] 
[INFO] [stdout] error[E0433]: failed to resolve: use of undeclared crate or module `stun_vectors`
[INFO] [stdout]    --> src/raw.rs:563:32
[INFO] [stdout]     |
[INFO] [stdout] 563 |         assert_eq!(input[4..], stun_vectors::SAMPLE_IPV4_RESPONSE[4..20]);
[INFO] [stdout]     |                                ^^^^^^^^^^^^ use of undeclared crate or module `stun_vectors`
[INFO] [stdout] 
[INFO] [stdout] 
[INFO] [stdout] error[E0433]: failed to resolve: use of undeclared crate or module `stun_vectors`
[INFO] [stdout]    --> src/raw.rs:565:37
[INFO] [stdout]     |
[INFO] [stdout] 565 |         let input = get_input_text(&stun_vectors::SAMPLE_IPV4_RESPONSE, 0x0020).unwrap();
[INFO] [stdout]     |                                     ^^^^^^^^^^^^ use of undeclared crate or module `stun_vectors`
[INFO] [stdout] 
[INFO] [stdout] 
[INFO] [stdout] error[E0433]: failed to resolve: use of undeclared crate or module `stun_vectors`
[INFO] [stdout]    --> src/raw.rs:568:32
[INFO] [stdout]     |
[INFO] [stdout] 568 |         assert_eq!(input[4..], stun_vectors::SAMPLE_IPV4_RESPONSE[4..36]);
[INFO] [stdout]     |                                ^^^^^^^^^^^^ use of undeclared crate or module `stun_vectors`
[INFO] [stdout] 
[INFO] [stdout] 
[INFO] [stdout] error[E0433]: failed to resolve: use of undeclared crate or module `stun_vectors`
[INFO] [stdout]    --> src/raw.rs:570:37
[INFO] [stdout]     |
[INFO] [stdout] 570 |         let input = get_input_text(&stun_vectors::SAMPLE_IPV4_RESPONSE, 0x0008).unwrap();
[INFO] [stdout]     |                                     ^^^^^^^^^^^^ use of undeclared crate or module `stun_vectors`
[INFO] [stdout] 
[INFO] [stdout] 
[INFO] [stdout] error[E0433]: failed to resolve: use of undeclared crate or module `stun_vectors`
[INFO] [stdout]    --> src/raw.rs:573:32
[INFO] [stdout]     |
[INFO] [stdout] 573 |         assert_eq!(input[4..], stun_vectors::SAMPLE_IPV4_RESPONSE[4..48]);
[INFO] [stdout]     |                                ^^^^^^^^^^^^ use of undeclared crate or module `stun_vectors`
[INFO] [stdout] 
[INFO] [stdout] 
[INFO] [stdout] error[E0433]: failed to resolve: use of undeclared crate or module `stun_vectors`
[INFO] [stdout]    --> src/raw.rs:575:37
[INFO] [stdout]     |
[INFO] [stdout] 575 |         let input = get_input_text(&stun_vectors::SAMPLE_IPV4_RESPONSE, 0x8028).unwrap();
[INFO] [stdout]     |                                     ^^^^^^^^^^^^ use of undeclared crate or module `stun_vectors`
[INFO] [stdout] 
[INFO] [stdout] 
[INFO] [stdout] error[E0433]: failed to resolve: use of undeclared crate or module `stun_vectors`
[INFO] [stdout]    --> src/raw.rs:578:32
[INFO] [stdout]     |
[INFO] [stdout] 578 |         assert_eq!(input[4..], stun_vectors::SAMPLE_IPV4_RESPONSE[4..72]);
[INFO] [stdout]     |                                ^^^^^^^^^^^^ use of undeclared crate or module `stun_vectors`
[INFO] [stdout] 
[INFO] [stdout] 
[INFO] [stdout] error[E0433]: failed to resolve: use of undeclared crate or module `stun_vectors`
[INFO] [stdout]    --> src/raw.rs:583:53
[INFO] [stdout]     |
[INFO] [stdout] 583 |         let (header, size) = MessageHeader::decode(&stun_vectors::SAMPLE_REQUEST)
[INFO] [stdout]     |                                                     ^^^^^^^^^^^^ use of undeclared crate or module `stun_vectors`
[INFO] [stdout] 
[INFO] [stdout] 
[INFO] [stdout] error[E0433]: failed to resolve: use of undeclared crate or module `stun_vectors`
[INFO] [stdout]    --> src/raw.rs:596:55
[INFO] [stdout]     |
[INFO] [stdout] 596 |         let (header2, _size) = MessageHeader::decode(&stun_vectors::SAMPLE_REQUEST)
[INFO] [stdout]     |                                                       ^^^^^^^^^^^^ use of undeclared crate or module `stun_vectors`
[INFO] [stdout] 
[INFO] [stdout] 
[INFO] [stdout] error[E0433]: failed to resolve: use of undeclared crate or module `stun_vectors`
[INFO] [stdout]    --> src/raw.rs:600:54
[INFO] [stdout]     |
[INFO] [stdout] 600 |         let (header3, size) = MessageHeader::decode(&stun_vectors::SAMPLE_REQUEST_LONG_TERM_AUTH)
[INFO] [stdout]     |                                                      ^^^^^^^^^^^^ use of undeclared crate or module `stun_vectors`
[INFO] [stdout] 
[INFO] [stdout] 
[INFO] [stdout] error[E0433]: failed to resolve: use of undeclared crate or module `stun_vectors`
[INFO] [stdout]    --> src/raw.rs:609:33
[INFO] [stdout]     |
[INFO] [stdout] 609 |             RawMessage::decode(&stun_vectors::SAMPLE_REQUEST).expect("Can not parse STUN message");
[INFO] [stdout]     |                                 ^^^^^^^^^^^^ use of undeclared crate or module `stun_vectors`
[INFO] [stdout] 
[INFO] [stdout] 
[INFO] [stdout] error[E0433]: failed to resolve: use of undeclared crate or module `stun_vectors`
[INFO] [stdout]    --> src/raw.rs:610:26
[INFO] [stdout]     |
[INFO] [stdout] 610 |         assert_eq!(size, stun_vectors::SAMPLE_REQUEST.len());
[INFO] [stdout]     |                          ^^^^^^^^^^^^ use of undeclared crate or module `stun_vectors`
[INFO] [stdout] 
[INFO] [stdout] 
[INFO] [stdout] error[E0433]: failed to resolve: use of undeclared crate or module `stun_vectors`
[INFO] [stdout]    --> src/raw.rs:614:52
[INFO] [stdout]     |
[INFO] [stdout] 614 |         let (raw_msg2, size) = RawMessage::decode(&stun_vectors::SAMPLE_REQUEST_LONG_TERM_AUTH)
[INFO] [stdout]     |                                                    ^^^^^^^^^^^^ use of undeclared crate or module `stun_vectors`
[INFO] [stdout] 
[INFO] [stdout] 
[INFO] [stdout] error[E0433]: failed to resolve: use of undeclared crate or module `stun_vectors`
[INFO] [stdout]    --> src/raw.rs:616:26
[INFO] [stdout]     |
[INFO] [stdout] 616 |         assert_eq!(size, stun_vectors::SAMPLE_REQUEST_LONG_TERM_AUTH.len());
[INFO] [stdout]     |                          ^^^^^^^^^^^^ use of undeclared crate or module `stun_vectors`
[INFO] [stdout] 
[INFO] [stdout] 
[INFO] [stdout] error[E0433]: failed to resolve: use of undeclared crate or module `stun_vectors`
[INFO] [stdout]    --> src/raw.rs:621:33
[INFO] [stdout]     |
[INFO] [stdout] 621 |             RawMessage::decode(&stun_vectors::SAMPLE_REQUEST).expect("Can not parse STUN message");
[INFO] [stdout]     |                                 ^^^^^^^^^^^^ use of undeclared crate or module `stun_vectors`
[INFO] [stdout] 
[INFO] [stdout] 
[INFO] [stdout] error[E0433]: failed to resolve: use of undeclared crate or module `stun_vectors`
[INFO] [stdout]    --> src/raw.rs:622:26
[INFO] [stdout]     |
[INFO] [stdout] 622 |         assert_eq!(size, stun_vectors::SAMPLE_REQUEST.len());
[INFO] [stdout]     |                          ^^^^^^^^^^^^ use of undeclared crate or module `stun_vectors`
[INFO] [stdout] 
[INFO] [stdout] 
[INFO] [stdout] error[E0433]: failed to resolve: use of undeclared crate or module `stun_vectors`
[INFO] [stdout]    --> src/raw.rs:627:33
[INFO] [stdout]     |
[INFO] [stdout] 627 |         buffer.copy_from_slice(&stun_vectors::SAMPLE_REQUEST);
[INFO] [stdout]     |                                 ^^^^^^^^^^^^ use of undeclared crate or module `stun_vectors`
[INFO] [stdout] 
[INFO] [stdout] 
[INFO] [stdout] error[E0433]: failed to resolve: use of undeclared crate or module `stun_vectors`
[INFO] [stdout]    --> src/attributes/stun/fingerprint.rs:156:22
[INFO] [stdout]     |
[INFO] [stdout] 156 |         let input = &stun_vectors::SAMPLE_IPV4_RESPONSE[..72];
[INFO] [stdout]     |                      ^^^^^^^^^^^^ use of undeclared crate or module `stun_vectors`
[INFO] [stdout] 
[INFO] [stdout] 
[INFO] [stdout] error[E0433]: failed to resolve: use of undeclared crate or module `stun_vectors`
[INFO] [stdout]    --> src/attributes/stun/fingerprint.rs:194:59
[INFO] [stdout]     |
[INFO] [stdout] 194 |         let input = crate::get_input_text::<Fingerprint>(&stun_vectors::SAMPLE_IPV4_RESPONSE)
[INFO] [stdout]     |                                                           ^^^^^^^^^^^^ use of undeclared crate or module `stun_vectors`
[INFO] [stdout] 
[INFO] [stdout] 
[INFO] [stdout] error[E0433]: failed to resolve: use of undeclared crate or module `stun_vectors`
[INFO] [stdout]   --> src/attributes/stun/message_integrity.rs:54:32
[INFO] [stdout]    |
[INFO] [stdout] 54 |         input.copy_from_slice(&stun_vectors::SAMPLE_IPV4_RESPONSE[..48]);
[INFO] [stdout]    |                                ^^^^^^^^^^^^ use of undeclared crate or module `stun_vectors`
[INFO] [stdout] 
[INFO] [stdout] 
[INFO] [stdout] error[E0433]: failed to resolve: use of undeclared crate or module `stun_vectors`
[INFO] [stdout]    --> src/attributes/stun/message_integrity.rs:102:32
[INFO] [stdout]     |
[INFO] [stdout] 102 |         input.copy_from_slice(&stun_vectors::SAMPLE_REQUEST_LONG_TERM_AUTH[..92]);
[INFO] [stdout]     |                                ^^^^^^^^^^^^ use of undeclared crate or module `stun_vectors`
[INFO] [stdout] 
[INFO] [stdout] 
[INFO] [stdout] error[E0433]: failed to resolve: use of undeclared crate or module `stun_vectors`
[INFO] [stdout]    --> src/attributes/stun/message_integrity.rs:143:64
[INFO] [stdout]     |
[INFO] [stdout] 143 |         let input = crate::get_input_text::<MessageIntegrity>(&stun_vectors::SAMPLE_IPV4_RESPONSE)
[INFO] [stdout]     |                                                                ^^^^^^^^^^^^ use of undeclared crate or module `stun_vectors`
[INFO] [stdout] 
[INFO] [stdout] 
[INFO] [stdout] error[E0433]: failed to resolve: use of undeclared crate or module `stun_vectors`
[INFO] [stdout]    --> src/attributes/stun/message_integrity.rs:161:64
[INFO] [stdout]     |
[INFO] [stdout] 161 |         let input = crate::get_input_text::<MessageIntegrity>(&stun_vectors::SAMPLE_IPV4_RESPONSE)
[INFO] [stdout]     |                                                                ^^^^^^^^^^^^ use of undeclared crate or module `stun_vectors`
[INFO] [stdout] 
[INFO] [stdout] 
[INFO] [stdout] error[E0433]: failed to resolve: use of undeclared crate or module `stun_vectors`
[INFO] [stdout]    --> src/attributes/stun/message_integrity.rs:185:56
[INFO] [stdout]     |
[INFO] [stdout] 185 |             crate::get_input_text::<MessageIntegrity>(&stun_vectors::SAMPLE_REQUEST_LONG_TERM_AUTH)
[INFO] [stdout]     |                                                        ^^^^^^^^^^^^ use of undeclared crate or module `stun_vectors`
[INFO] [stdout] 
[INFO] [stdout] 
[INFO] [stdout] error[E0433]: failed to resolve: use of undeclared crate or module `stun_vectors`
[INFO] [stdout]   --> src/attributes/stun/message_integrity_sha256.rs:53:32
[INFO] [stdout]    |
[INFO] [stdout] 53 |         input.copy_from_slice(&stun_vectors::SAMPLE_REQUEST_LONG_TERM_AUTH_SHA256[..120]);
[INFO] [stdout]    |                                ^^^^^^^^^^^^ use of undeclared crate or module `stun_vectors`
[INFO] [stdout] 
[INFO] [stdout] 
[INFO] [stdout] error[E0433]: failed to resolve: use of undeclared crate or module `stun_vectors`
[INFO] [stdout]   --> src/attributes/stun/message_integrity_sha256.rs:94:14
[INFO] [stdout]    |
[INFO] [stdout] 94 |             &stun_vectors::SAMPLE_REQUEST_LONG_TERM_AUTH_SHA256,
[INFO] [stdout]    |              ^^^^^^^^^^^^ use of undeclared crate or module `stun_vectors`
[INFO] [stdout] 
[INFO] [stdout] 
[INFO] [stdout] error: aborting due to 29 previous errors
[INFO] [stdout] 
[INFO] [stdout] 
[INFO] [stdout] For more information about this error, try `rustc --explain E0433`.
[INFO] [stdout] 
[INFO] [stderr] error: could not compile `stun-rs` (lib test) due to 30 previous errors
[INFO] running `Command { std: "docker" "inspect" "ceb0dfd10df64af11d130eae57ce06ad4b38a3bc13b6cfc2d6f4d0ced57f4f7e", kill_on_drop: false }`
[INFO] running `Command { std: "docker" "rm" "-f" "ceb0dfd10df64af11d130eae57ce06ad4b38a3bc13b6cfc2d6f4d0ced57f4f7e", kill_on_drop: false }`
[INFO] [stdout] ceb0dfd10df64af11d130eae57ce06ad4b38a3bc13b6cfc2d6f4d0ced57f4f7e
[INFO] testing stun-rs-0.1.5 against beta-2023-12-22 for beta-1.76-1
[INFO] extracting crate stun-rs 0.1.5 into /workspace/builds/worker-7-tc2/source
[INFO] validating manifest of crates.io crate stun-rs 0.1.5 on toolchain beta-2023-12-22
[INFO] running `Command { std: CARGO_HOME="/workspace/cargo-home" RUSTUP_HOME="/workspace/rustup-home" "/workspace/cargo-home/bin/cargo" "+beta-2023-12-22" "metadata" "--manifest-path" "Cargo.toml" "--no-deps", kill_on_drop: false }`
[INFO] started tweaking crates.io crate stun-rs 0.1.5
[INFO] finished tweaking crates.io crate stun-rs 0.1.5
[INFO] tweaked toml for crates.io crate stun-rs 0.1.5 written to /workspace/builds/worker-7-tc2/source/Cargo.toml
[INFO] running `Command { std: CARGO_HOME="/workspace/cargo-home" RUSTUP_HOME="/workspace/rustup-home" "/workspace/cargo-home/bin/cargo" "+beta-2023-12-22" "generate-lockfile" "--manifest-path" "Cargo.toml", kill_on_drop: false }`
[INFO] [stderr]     Updating crates.io index
[INFO] running `Command { std: CARGO_HOME="/workspace/cargo-home" RUSTUP_HOME="/workspace/rustup-home" "/workspace/cargo-home/bin/cargo" "+beta-2023-12-22" "fetch" "--manifest-path" "Cargo.toml", kill_on_drop: false }`
[INFO] running `Command { std: "docker" "create" "-v" "/var/lib/crater-agent-workspace/builds/worker-7-tc2/target:/opt/rustwide/target:rw,Z" "-v" "/var/lib/crater-agent-workspace/builds/worker-7-tc2/source:/opt/rustwide/workdir:ro,Z" "-v" "/var/lib/crater-agent-workspace/cargo-home:/opt/rustwide/cargo-home:ro,Z" "-v" "/var/lib/crater-agent-workspace/rustup-home:/opt/rustwide/rustup-home:ro,Z" "-e" "SOURCE_DIR=/opt/rustwide/workdir" "-e" "CARGO_TARGET_DIR=/opt/rustwide/target" "-e" "CARGO_HOME=/opt/rustwide/cargo-home" "-e" "RUSTUP_HOME=/opt/rustwide/rustup-home" "-w" "/opt/rustwide/workdir" "-m" "1610612736" "--user" "0:0" "--network" "none" "ghcr.io/rust-lang/crates-build-env/linux@sha256:2788e3201cd34a07e3172128adcd8b3090168a8e3bcc40d7c032b9dda1df7d1c" "/opt/rustwide/cargo-home/bin/cargo" "+beta-2023-12-22" "metadata" "--no-deps" "--format-version=1", kill_on_drop: false }`
[INFO] [stdout] ca3831ee27a30e503f4bca7be413a2cdaf982176cfbd7bad0779eb130371f128
[INFO] running `Command { std: "docker" "start" "-a" "ca3831ee27a30e503f4bca7be413a2cdaf982176cfbd7bad0779eb130371f128", kill_on_drop: false }`
[INFO] running `Command { std: "docker" "inspect" "ca3831ee27a30e503f4bca7be413a2cdaf982176cfbd7bad0779eb130371f128", kill_on_drop: false }`
[INFO] running `Command { std: "docker" "rm" "-f" "ca3831ee27a30e503f4bca7be413a2cdaf982176cfbd7bad0779eb130371f128", kill_on_drop: false }`
[INFO] [stdout] ca3831ee27a30e503f4bca7be413a2cdaf982176cfbd7bad0779eb130371f128
[INFO] running `Command { std: "docker" "create" "-v" "/var/lib/crater-agent-workspace/builds/worker-7-tc2/target:/opt/rustwide/target:rw,Z" "-v" "/var/lib/crater-agent-workspace/builds/worker-7-tc2/source:/opt/rustwide/workdir:ro,Z" "-v" "/var/lib/crater-agent-workspace/cargo-home:/opt/rustwide/cargo-home:ro,Z" "-v" "/var/lib/crater-agent-workspace/rustup-home:/opt/rustwide/rustup-home:ro,Z" "-e" "SOURCE_DIR=/opt/rustwide/workdir" "-e" "CARGO_TARGET_DIR=/opt/rustwide/target" "-e" "CARGO_INCREMENTAL=0" "-e" "RUST_BACKTRACE=full" "-e" "RUSTFLAGS=--cap-lints=warn" "-e" "RUSTDOCFLAGS=--cap-lints=warn" "-e" "CARGO_HOME=/opt/rustwide/cargo-home" "-e" "RUSTUP_HOME=/opt/rustwide/rustup-home" "-w" "/opt/rustwide/workdir" "-m" "1610612736" "--user" "0:0" "--network" "none" "ghcr.io/rust-lang/crates-build-env/linux@sha256:2788e3201cd34a07e3172128adcd8b3090168a8e3bcc40d7c032b9dda1df7d1c" "/opt/rustwide/cargo-home/bin/cargo" "+beta-2023-12-22" "build" "--frozen" "--message-format=json", kill_on_drop: false }`
[INFO] [stdout] 92e70cbe0ad328b72817de102e2b1f796b7dadeaf5528126c62f712ec6cc447f
[INFO] running `Command { std: "docker" "start" "-a" "92e70cbe0ad328b72817de102e2b1f796b7dadeaf5528126c62f712ec6cc447f", kill_on_drop: false }`
[INFO] [stderr]    Compiling memchr v2.7.1
[INFO] [stderr]    Compiling regex-syntax v0.8.2
[INFO] [stderr]    Compiling regex-lite v0.1.5
[INFO] [stderr]    Compiling thiserror v1.0.56
[INFO] [stderr]    Compiling lazy_static v1.4.0
[INFO] [stderr]    Compiling ucd-trie v0.1.6
[INFO] [stderr]    Compiling once_cell v1.19.0
[INFO] [stderr]    Compiling paste v1.0.14
[INFO] [stderr]    Compiling sha1 v0.2.0
[INFO] [stderr]    Compiling crc-catalog v2.4.0
[INFO] [stderr]    Compiling hmac-sha256 v1.1.7
[INFO] [stderr]    Compiling byteorder v1.5.0
[INFO] [stderr]    Compiling bounded-integer v0.5.7
[INFO] [stderr]    Compiling unicode-normalization v0.1.22
[INFO] [stderr]    Compiling getrandom v0.2.11
[INFO] [stderr]    Compiling syn v2.0.48
[INFO] [stderr]    Compiling crc v3.0.1
[INFO] [stderr]    Compiling hmac-sha1 v0.1.3
[INFO] [stderr]    Compiling md5 v0.7.0
[INFO] [stderr]    Compiling rand_core v0.6.4
[INFO] [stderr]    Compiling fallible-iterator v0.3.0
[INFO] [stderr]    Compiling hostname-validator v1.1.1
[INFO] [stderr]    Compiling rand_chacha v0.3.1
[INFO] [stderr]    Compiling aho-corasick v1.1.2
[INFO] [stderr]    Compiling rand v0.8.5
[INFO] [stderr]    Compiling ucd-parse v0.1.12
[INFO] [stderr]    Compiling regex-automata v0.4.3
[INFO] [stderr]    Compiling thiserror-impl v1.0.56
[INFO] [stderr]    Compiling pest v2.7.6
[INFO] [stderr]    Compiling regex v1.10.2
[INFO] [stderr]    Compiling pest_meta v2.7.6
[INFO] [stderr]    Compiling precis-tools v0.1.7
[INFO] [stderr]    Compiling precis-core v0.1.9
[INFO] [stderr]    Compiling precis-profiles v0.1.9
[INFO] [stderr]    Compiling pest_generator v2.7.6
[INFO] [stderr]    Compiling pest_derive v2.7.6
[INFO] [stderr]    Compiling quoted-string-parser v0.1.0
[INFO] [stderr]    Compiling stun-rs v0.1.5 (/opt/rustwide/workdir)
[INFO] [stderr]     Finished dev [unoptimized + debuginfo] target(s) in 9.74s
[INFO] running `Command { std: "docker" "inspect" "92e70cbe0ad328b72817de102e2b1f796b7dadeaf5528126c62f712ec6cc447f", kill_on_drop: false }`
[INFO] running `Command { std: "docker" "rm" "-f" "92e70cbe0ad328b72817de102e2b1f796b7dadeaf5528126c62f712ec6cc447f", kill_on_drop: false }`
[INFO] [stdout] 92e70cbe0ad328b72817de102e2b1f796b7dadeaf5528126c62f712ec6cc447f
[INFO] running `Command { std: "docker" "create" "-v" "/var/lib/crater-agent-workspace/builds/worker-7-tc2/target:/opt/rustwide/target:rw,Z" "-v" "/var/lib/crater-agent-workspace/builds/worker-7-tc2/source:/opt/rustwide/workdir:ro,Z" "-v" "/var/lib/crater-agent-workspace/cargo-home:/opt/rustwide/cargo-home:ro,Z" "-v" "/var/lib/crater-agent-workspace/rustup-home:/opt/rustwide/rustup-home:ro,Z" "-e" "SOURCE_DIR=/opt/rustwide/workdir" "-e" "CARGO_TARGET_DIR=/opt/rustwide/target" "-e" "CARGO_INCREMENTAL=0" "-e" "RUST_BACKTRACE=full" "-e" "RUSTFLAGS=--cap-lints=warn" "-e" "RUSTDOCFLAGS=--cap-lints=warn" "-e" "CARGO_HOME=/opt/rustwide/cargo-home" "-e" "RUSTUP_HOME=/opt/rustwide/rustup-home" "-w" "/opt/rustwide/workdir" "-m" "1610612736" "--user" "0:0" "--network" "none" "ghcr.io/rust-lang/crates-build-env/linux@sha256:2788e3201cd34a07e3172128adcd8b3090168a8e3bcc40d7c032b9dda1df7d1c" "/opt/rustwide/cargo-home/bin/cargo" "+beta-2023-12-22" "test" "--frozen" "--no-run" "--message-format=json", kill_on_drop: false }`
[INFO] [stdout] 4b4baba325681067ae4864ac5892c4eb4b8cf294c20c8a35795053a79ce9586b
[INFO] running `Command { std: "docker" "start" "-a" "4b4baba325681067ae4864ac5892c4eb4b8cf294c20c8a35795053a79ce9586b", kill_on_drop: false }`
[INFO] [stderr]    Compiling stun-rs v0.1.5 (/opt/rustwide/workdir)
[INFO] [stdout] error[E0433]: failed to resolve: use of undeclared crate or module `stun_vectors`
[INFO] [stdout]    --> src/raw.rs:552:29
[INFO] [stdout]     |
[INFO] [stdout] 552 |             get_input_text(&stun_vectors::SAMPLE_IPV4_RESPONSE, 0x15).expect_err("Error expected"),
[INFO] [stdout]     |                             ^^^^^^^^^^^^ use of undeclared crate or module `stun_vectors`
[INFO] [stdout] 
[INFO] [stdout] 
[INFO] [stdout] error[E0433]: failed to resolve: use of undeclared crate or module `stun_vectors`
[INFO] [stdout]    --> src/raw.rs:556:29
[INFO] [stdout]     |
[INFO] [stdout] 556 |             get_input_text(&stun_vectors::SAMPLE_IPV4_RESPONSE, 0x0b).expect_err("Error expected"),
[INFO] [stdout]     |                             ^^^^^^^^^^^^ use of undeclared crate or module `stun_vectors`
[INFO] [stdout] 
[INFO] [stdout] 
[INFO] [stdout] error[E0433]: failed to resolve: use of undeclared crate or module `stun_vectors`
[INFO] [stdout]    --> src/raw.rs:560:37
[INFO] [stdout]     |
[INFO] [stdout] 560 |         let input = get_input_text(&stun_vectors::SAMPLE_IPV4_RESPONSE, 0x8022).unwrap();
[INFO] [stdout]     |                                     ^^^^^^^^^^^^ use of undeclared crate or module `stun_vectors`
[INFO] [stdout] 
[INFO] [stdout] 
[INFO] [stdout] error[E0433]: failed to resolve: use of undeclared crate or module `stun_vectors`
[INFO] [stdout]    --> src/raw.rs:563:32
[INFO] [stdout]     |
[INFO] [stdout] 563 |         assert_eq!(input[4..], stun_vectors::SAMPLE_IPV4_RESPONSE[4..20]);
[INFO] [stdout]     |                                ^^^^^^^^^^^^ use of undeclared crate or module `stun_vectors`
[INFO] [stdout] 
[INFO] [stdout] 
[INFO] [stdout] error[E0433]: failed to resolve: use of undeclared crate or module `stun_vectors`
[INFO] [stdout]    --> src/raw.rs:565:37
[INFO] [stdout]     |
[INFO] [stdout] 565 |         let input = get_input_text(&stun_vectors::SAMPLE_IPV4_RESPONSE, 0x0020).unwrap();
[INFO] [stdout]     |                                     ^^^^^^^^^^^^ use of undeclared crate or module `stun_vectors`
[INFO] [stdout] 
[INFO] [stdout] 
[INFO] [stdout] error[E0433]: failed to resolve: use of undeclared crate or module `stun_vectors`
[INFO] [stdout]    --> src/raw.rs:568:32
[INFO] [stdout]     |
[INFO] [stdout] 568 |         assert_eq!(input[4..], stun_vectors::SAMPLE_IPV4_RESPONSE[4..36]);
[INFO] [stdout]     |                                ^^^^^^^^^^^^ use of undeclared crate or module `stun_vectors`
[INFO] [stdout] 
[INFO] [stdout] 
[INFO] [stdout] error[E0433]: failed to resolve: use of undeclared crate or module `stun_vectors`
[INFO] [stdout]    --> src/raw.rs:570:37
[INFO] [stdout]     |
[INFO] [stdout] 570 |         let input = get_input_text(&stun_vectors::SAMPLE_IPV4_RESPONSE, 0x0008).unwrap();
[INFO] [stdout]     |                                     ^^^^^^^^^^^^ use of undeclared crate or module `stun_vectors`
[INFO] [stdout] 
[INFO] [stdout] 
[INFO] [stdout] error[E0433]: failed to resolve: use of undeclared crate or module `stun_vectors`
[INFO] [stdout]    --> src/raw.rs:573:32
[INFO] [stdout]     |
[INFO] [stdout] 573 |         assert_eq!(input[4..], stun_vectors::SAMPLE_IPV4_RESPONSE[4..48]);
[INFO] [stdout]     |                                ^^^^^^^^^^^^ use of undeclared crate or module `stun_vectors`
[INFO] [stdout] 
[INFO] [stdout] 
[INFO] [stdout] error[E0433]: failed to resolve: use of undeclared crate or module `stun_vectors`
[INFO] [stdout]    --> src/raw.rs:575:37
[INFO] [stdout]     |
[INFO] [stdout] 575 |         let input = get_input_text(&stun_vectors::SAMPLE_IPV4_RESPONSE, 0x8028).unwrap();
[INFO] [stdout]     |                                     ^^^^^^^^^^^^ use of undeclared crate or module `stun_vectors`
[INFO] [stdout] 
[INFO] [stdout] 
[INFO] [stdout] error[E0433]: failed to resolve: use of undeclared crate or module `stun_vectors`
[INFO] [stdout]    --> src/raw.rs:578:32
[INFO] [stdout]     |
[INFO] [stdout] 578 |         assert_eq!(input[4..], stun_vectors::SAMPLE_IPV4_RESPONSE[4..72]);
[INFO] [stdout]     |                                ^^^^^^^^^^^^ use of undeclared crate or module `stun_vectors`
[INFO] [stdout] 
[INFO] [stdout] 
[INFO] [stdout] error[E0433]: failed to resolve: use of undeclared crate or module `stun_vectors`
[INFO] [stdout]    --> src/raw.rs:583:53
[INFO] [stdout]     |
[INFO] [stdout] 583 |         let (header, size) = MessageHeader::decode(&stun_vectors::SAMPLE_REQUEST)
[INFO] [stdout]     |                                                     ^^^^^^^^^^^^ use of undeclared crate or module `stun_vectors`
[INFO] [stdout] 
[INFO] [stdout] 
[INFO] [stdout] error[E0433]: failed to resolve: use of undeclared crate or module `stun_vectors`
[INFO] [stdout]    --> src/raw.rs:596:55
[INFO] [stdout]     |
[INFO] [stdout] 596 |         let (header2, _size) = MessageHeader::decode(&stun_vectors::SAMPLE_REQUEST)
[INFO] [stdout]     |                                                       ^^^^^^^^^^^^ use of undeclared crate or module `stun_vectors`
[INFO] [stdout] 
[INFO] [stdout] 
[INFO] [stdout] error[E0433]: failed to resolve: use of undeclared crate or module `stun_vectors`
[INFO] [stdout]    --> src/raw.rs:600:54
[INFO] [stdout]     |
[INFO] [stdout] 600 |         let (header3, size) = MessageHeader::decode(&stun_vectors::SAMPLE_REQUEST_LONG_TERM_AUTH)
[INFO] [stdout]     |                                                      ^^^^^^^^^^^^ use of undeclared crate or module `stun_vectors`
[INFO] [stdout] 
[INFO] [stdout] 
[INFO] [stdout] error[E0433]: failed to resolve: use of undeclared crate or module `stun_vectors`
[INFO] [stdout]    --> src/raw.rs:609:33
[INFO] [stdout]     |
[INFO] [stdout] 609 |             RawMessage::decode(&stun_vectors::SAMPLE_REQUEST).expect("Can not parse STUN message");
[INFO] [stdout]     |                                 ^^^^^^^^^^^^ use of undeclared crate or module `stun_vectors`
[INFO] [stdout] 
[INFO] [stdout] 
[INFO] [stdout] error[E0433]: failed to resolve: use of undeclared crate or module `stun_vectors`
[INFO] [stdout]    --> src/raw.rs:610:26
[INFO] [stdout]     |
[INFO] [stdout] 610 |         assert_eq!(size, stun_vectors::SAMPLE_REQUEST.len());
[INFO] [stdout]     |                          ^^^^^^^^^^^^ use of undeclared crate or module `stun_vectors`
[INFO] [stdout] 
[INFO] [stdout] 
[INFO] [stdout] error[E0433]: failed to resolve: use of undeclared crate or module `stun_vectors`
[INFO] [stdout]    --> src/raw.rs:614:52
[INFO] [stdout]     |
[INFO] [stdout] 614 |         let (raw_msg2, size) = RawMessage::decode(&stun_vectors::SAMPLE_REQUEST_LONG_TERM_AUTH)
[INFO] [stdout]     |                                                    ^^^^^^^^^^^^ use of undeclared crate or module `stun_vectors`
[INFO] [stdout] 
[INFO] [stdout] 
[INFO] [stdout] error[E0433]: failed to resolve: use of undeclared crate or module `stun_vectors`
[INFO] [stdout]    --> src/raw.rs:616:26
[INFO] [stdout]     |
[INFO] [stdout] 616 |         assert_eq!(size, stun_vectors::SAMPLE_REQUEST_LONG_TERM_AUTH.len());
[INFO] [stdout]     |                          ^^^^^^^^^^^^ use of undeclared crate or module `stun_vectors`
[INFO] [stdout] 
[INFO] [stdout] 
[INFO] [stdout] error[E0433]: failed to resolve: use of undeclared crate or module `stun_vectors`
[INFO] [stdout]    --> src/raw.rs:621:33
[INFO] [stdout]     |
[INFO] [stdout] 621 |             RawMessage::decode(&stun_vectors::SAMPLE_REQUEST).expect("Can not parse STUN message");
[INFO] [stdout]     |                                 ^^^^^^^^^^^^ use of undeclared crate or module `stun_vectors`
[INFO] [stdout] 
[INFO] [stdout] 
[INFO] [stdout] error[E0433]: failed to resolve: use of undeclared crate or module `stun_vectors`
[INFO] [stdout]    --> src/raw.rs:622:26
[INFO] [stdout]     |
[INFO] [stdout] 622 |         assert_eq!(size, stun_vectors::SAMPLE_REQUEST.len());
[INFO] [stdout]     |                          ^^^^^^^^^^^^ use of undeclared crate or module `stun_vectors`
[INFO] [stdout] 
[INFO] [stdout] 
[INFO] [stdout] error[E0433]: failed to resolve: use of undeclared crate or module `stun_vectors`
[INFO] [stdout]    --> src/raw.rs:627:33
[INFO] [stdout]     |
[INFO] [stdout] 627 |         buffer.copy_from_slice(&stun_vectors::SAMPLE_REQUEST);
[INFO] [stdout]     |                                 ^^^^^^^^^^^^ use of undeclared crate or module `stun_vectors`
[INFO] [stdout] 
[INFO] [stdout] 
[INFO] [stdout] error[E0433]: failed to resolve: use of undeclared crate or module `stun_vectors`
[INFO] [stdout]    --> src/attributes/stun/fingerprint.rs:156:22
[INFO] [stdout]     |
[INFO] [stdout] 156 |         let input = &stun_vectors::SAMPLE_IPV4_RESPONSE[..72];
[INFO] [stdout]     |                      ^^^^^^^^^^^^ use of undeclared crate or module `stun_vectors`
[INFO] [stdout] 
[INFO] [stdout] 
[INFO] [stdout] error[E0433]: failed to resolve: use of undeclared crate or module `stun_vectors`
[INFO] [stdout]    --> src/attributes/stun/fingerprint.rs:194:59
[INFO] [stdout]     |
[INFO] [stdout] 194 |         let input = crate::get_input_text::<Fingerprint>(&stun_vectors::SAMPLE_IPV4_RESPONSE)
[INFO] [stdout]     |                                                           ^^^^^^^^^^^^ use of undeclared crate or module `stun_vectors`
[INFO] [stdout] 
[INFO] [stdout] 
[INFO] [stdout] error[E0433]: failed to resolve: use of undeclared crate or module `stun_vectors`
[INFO] [stdout]   --> src/attributes/stun/message_integrity.rs:54:32
[INFO] [stdout]    |
[INFO] [stdout] 54 |         input.copy_from_slice(&stun_vectors::SAMPLE_IPV4_RESPONSE[..48]);
[INFO] [stdout]    |                                ^^^^^^^^^^^^ use of undeclared crate or module `stun_vectors`
[INFO] [stdout] 
[INFO] [stdout] 
[INFO] [stdout] error[E0433]: failed to resolve: use of undeclared crate or module `stun_vectors`
[INFO] [stdout]    --> src/attributes/stun/message_integrity.rs:102:32
[INFO] [stdout]     |
[INFO] [stdout] 102 |         input.copy_from_slice(&stun_vectors::SAMPLE_REQUEST_LONG_TERM_AUTH[..92]);
[INFO] [stdout]     |                                ^^^^^^^^^^^^ use of undeclared crate or module `stun_vectors`
[INFO] [stdout] 
[INFO] [stdout] 
[INFO] [stdout] error[E0433]: failed to resolve: use of undeclared crate or module `stun_vectors`
[INFO] [stdout]    --> src/attributes/stun/message_integrity.rs:143:64
[INFO] [stdout]     |
[INFO] [stdout] 143 |         let input = crate::get_input_text::<MessageIntegrity>(&stun_vectors::SAMPLE_IPV4_RESPONSE)
[INFO] [stdout]     |                                                                ^^^^^^^^^^^^ use of undeclared crate or module `stun_vectors`
[INFO] [stdout] 
[INFO] [stdout] 
[INFO] [stdout] error[E0433]: failed to resolve: use of undeclared crate or module `stun_vectors`
[INFO] [stdout]    --> src/attributes/stun/message_integrity.rs:161:64
[INFO] [stdout]     |
[INFO] [stdout] 161 |         let input = crate::get_input_text::<MessageIntegrity>(&stun_vectors::SAMPLE_IPV4_RESPONSE)
[INFO] [stdout]     |                                                                ^^^^^^^^^^^^ use of undeclared crate or module `stun_vectors`
[INFO] [stdout] 
[INFO] [stdout] 
[INFO] [stdout] error[E0433]: failed to resolve: use of undeclared crate or module `stun_vectors`
[INFO] [stdout]    --> src/attributes/stun/message_integrity.rs:185:56
[INFO] [stdout]     |
[INFO] [stdout] 185 |             crate::get_input_text::<MessageIntegrity>(&stun_vectors::SAMPLE_REQUEST_LONG_TERM_AUTH)
[INFO] [stdout]     |                                                        ^^^^^^^^^^^^ use of undeclared crate or module `stun_vectors`
[INFO] [stdout] 
[INFO] [stdout] 
[INFO] [stdout] error[E0433]: failed to resolve: use of undeclared crate or module `stun_vectors`
[INFO] [stdout]   --> src/attributes/stun/message_integrity_sha256.rs:53:32
[INFO] [stdout]    |
[INFO] [stdout] 53 |         input.copy_from_slice(&stun_vectors::SAMPLE_REQUEST_LONG_TERM_AUTH_SHA256[..120]);
[INFO] [stdout]    |                                ^^^^^^^^^^^^ use of undeclared crate or module `stun_vectors`
[INFO] [stdout] 
[INFO] [stdout] 
[INFO] [stdout] error[E0433]: failed to resolve: use of undeclared crate or module `stun_vectors`
[INFO] [stdout]   --> src/attributes/stun/message_integrity_sha256.rs:94:14
[INFO] [stdout]    |
[INFO] [stdout] 94 |             &stun_vectors::SAMPLE_REQUEST_LONG_TERM_AUTH_SHA256,
[INFO] [stdout]    |              ^^^^^^^^^^^^ use of undeclared crate or module `stun_vectors`
[INFO] [stdout] 
[INFO] [stdout] 
[INFO] [stdout] error: aborting due to 29 previous errors
[INFO] [stdout] 
[INFO] [stdout] 
[INFO] [stdout] For more information about this error, try `rustc --explain E0433`.
[INFO] [stdout] 
[INFO] [stderr] error: could not compile `stun-rs` (lib test) due to 30 previous errors
[INFO] running `Command { std: "docker" "inspect" "4b4baba325681067ae4864ac5892c4eb4b8cf294c20c8a35795053a79ce9586b", kill_on_drop: false }`
[INFO] running `Command { std: "docker" "rm" "-f" "4b4baba325681067ae4864ac5892c4eb4b8cf294c20c8a35795053a79ce9586b", kill_on_drop: false }`
[INFO] [stdout] 4b4baba325681067ae4864ac5892c4eb4b8cf294c20c8a35795053a79ce9586b
