[INFO] fetching crate struson 0.3.0...
[INFO] testing struson-0.3.0 against 1.75.0 for beta-1.76-1
[INFO] extracting crate struson 0.3.0 into /workspace/builds/worker-1-tc1/source
[INFO] validating manifest of crates.io crate struson 0.3.0 on toolchain 1.75.0
[INFO] running `Command { std: CARGO_HOME="/workspace/cargo-home" RUSTUP_HOME="/workspace/rustup-home" "/workspace/cargo-home/bin/cargo" "+1.75.0" "metadata" "--manifest-path" "Cargo.toml" "--no-deps", kill_on_drop: false }`
[INFO] started tweaking crates.io crate struson 0.3.0
[INFO] finished tweaking crates.io crate struson 0.3.0
[INFO] tweaked toml for crates.io crate struson 0.3.0 written to /workspace/builds/worker-1-tc1/source/Cargo.toml
[INFO] running `Command { std: CARGO_HOME="/workspace/cargo-home" RUSTUP_HOME="/workspace/rustup-home" "/workspace/cargo-home/bin/cargo" "+1.75.0" "generate-lockfile" "--manifest-path" "Cargo.toml", kill_on_drop: false }`
[INFO] [stderr]     Updating crates.io index
[INFO] running `Command { std: CARGO_HOME="/workspace/cargo-home" RUSTUP_HOME="/workspace/rustup-home" "/workspace/cargo-home/bin/cargo" "+1.75.0" "fetch" "--manifest-path" "Cargo.toml", kill_on_drop: false }`
[INFO] running `Command { std: "docker" "create" "-v" "/var/lib/crater-agent-workspace/builds/worker-1-tc1/target:/opt/rustwide/target:rw,Z" "-v" "/var/lib/crater-agent-workspace/builds/worker-1-tc1/source:/opt/rustwide/workdir:ro,Z" "-v" "/var/lib/crater-agent-workspace/cargo-home:/opt/rustwide/cargo-home:ro,Z" "-v" "/var/lib/crater-agent-workspace/rustup-home:/opt/rustwide/rustup-home:ro,Z" "-e" "SOURCE_DIR=/opt/rustwide/workdir" "-e" "CARGO_TARGET_DIR=/opt/rustwide/target" "-e" "CARGO_HOME=/opt/rustwide/cargo-home" "-e" "RUSTUP_HOME=/opt/rustwide/rustup-home" "-w" "/opt/rustwide/workdir" "-m" "1610612736" "--user" "0:0" "--network" "none" "ghcr.io/rust-lang/crates-build-env/linux@sha256:2788e3201cd34a07e3172128adcd8b3090168a8e3bcc40d7c032b9dda1df7d1c" "/opt/rustwide/cargo-home/bin/cargo" "+1.75.0" "metadata" "--no-deps" "--format-version=1", kill_on_drop: false }`
[INFO] [stdout] 7dce739d7c0d31a13d8d9c3d0b0fb44409cf7644b17c2e54049b046663b2bd6f
[INFO] running `Command { std: "docker" "start" "-a" "7dce739d7c0d31a13d8d9c3d0b0fb44409cf7644b17c2e54049b046663b2bd6f", kill_on_drop: false }`
[INFO] running `Command { std: "docker" "inspect" "7dce739d7c0d31a13d8d9c3d0b0fb44409cf7644b17c2e54049b046663b2bd6f", kill_on_drop: false }`
[INFO] running `Command { std: "docker" "rm" "-f" "7dce739d7c0d31a13d8d9c3d0b0fb44409cf7644b17c2e54049b046663b2bd6f", kill_on_drop: false }`
[INFO] [stdout] 7dce739d7c0d31a13d8d9c3d0b0fb44409cf7644b17c2e54049b046663b2bd6f
[INFO] running `Command { std: "docker" "create" "-v" "/var/lib/crater-agent-workspace/builds/worker-1-tc1/target:/opt/rustwide/target:rw,Z" "-v" "/var/lib/crater-agent-workspace/builds/worker-1-tc1/source:/opt/rustwide/workdir:ro,Z" "-v" "/var/lib/crater-agent-workspace/cargo-home:/opt/rustwide/cargo-home:ro,Z" "-v" "/var/lib/crater-agent-workspace/rustup-home:/opt/rustwide/rustup-home:ro,Z" "-e" "SOURCE_DIR=/opt/rustwide/workdir" "-e" "CARGO_TARGET_DIR=/opt/rustwide/target" "-e" "CARGO_INCREMENTAL=0" "-e" "RUST_BACKTRACE=full" "-e" "RUSTFLAGS=--cap-lints=warn" "-e" "RUSTDOCFLAGS=--cap-lints=warn" "-e" "CARGO_HOME=/opt/rustwide/cargo-home" "-e" "RUSTUP_HOME=/opt/rustwide/rustup-home" "-w" "/opt/rustwide/workdir" "-m" "1610612736" "--user" "0:0" "--network" "none" "ghcr.io/rust-lang/crates-build-env/linux@sha256:2788e3201cd34a07e3172128adcd8b3090168a8e3bcc40d7c032b9dda1df7d1c" "/opt/rustwide/cargo-home/bin/cargo" "+1.75.0" "build" "--frozen" "--message-format=json", kill_on_drop: false }`
[INFO] [stdout] 2ba07b0b7fd2eeb9c3f05e292fee496b2ab0303cb8713681159ff4bc75dd351d
[INFO] running `Command { std: "docker" "start" "-a" "2ba07b0b7fd2eeb9c3f05e292fee496b2ab0303cb8713681159ff4bc75dd351d", kill_on_drop: false }`
[INFO] [stderr]    Compiling syn v1.0.109
[INFO] [stderr]    Compiling rustversion v1.0.14
[INFO] [stderr]    Compiling heck v0.4.1
[INFO] [stderr]    Compiling proc-macro-error-attr v1.0.4
[INFO] [stderr]    Compiling proc-macro-error v1.0.4
[INFO] [stderr]    Compiling syn v2.0.48
[INFO] [stderr]    Compiling duplicate v1.0.0
[INFO] [stderr]    Compiling thiserror-impl v1.0.56
[INFO] [stderr]    Compiling strum_macros v0.25.3
[INFO] [stderr]    Compiling thiserror v1.0.56
[INFO] [stderr]    Compiling strum v0.25.0
[INFO] [stderr]    Compiling struson v0.3.0 (/opt/rustwide/workdir)
[INFO] [stderr]     Finished dev [unoptimized + debuginfo] target(s) in 2.97s
[INFO] running `Command { std: "docker" "inspect" "2ba07b0b7fd2eeb9c3f05e292fee496b2ab0303cb8713681159ff4bc75dd351d", kill_on_drop: false }`
[INFO] running `Command { std: "docker" "rm" "-f" "2ba07b0b7fd2eeb9c3f05e292fee496b2ab0303cb8713681159ff4bc75dd351d", kill_on_drop: false }`
[INFO] [stdout] 2ba07b0b7fd2eeb9c3f05e292fee496b2ab0303cb8713681159ff4bc75dd351d
[INFO] running `Command { std: "docker" "create" "-v" "/var/lib/crater-agent-workspace/builds/worker-1-tc1/target:/opt/rustwide/target:rw,Z" "-v" "/var/lib/crater-agent-workspace/builds/worker-1-tc1/source:/opt/rustwide/workdir:ro,Z" "-v" "/var/lib/crater-agent-workspace/cargo-home:/opt/rustwide/cargo-home:ro,Z" "-v" "/var/lib/crater-agent-workspace/rustup-home:/opt/rustwide/rustup-home:ro,Z" "-e" "SOURCE_DIR=/opt/rustwide/workdir" "-e" "CARGO_TARGET_DIR=/opt/rustwide/target" "-e" "CARGO_INCREMENTAL=0" "-e" "RUST_BACKTRACE=full" "-e" "RUSTFLAGS=--cap-lints=warn" "-e" "RUSTDOCFLAGS=--cap-lints=warn" "-e" "CARGO_HOME=/opt/rustwide/cargo-home" "-e" "RUSTUP_HOME=/opt/rustwide/rustup-home" "-w" "/opt/rustwide/workdir" "-m" "1610612736" "--user" "0:0" "--network" "none" "ghcr.io/rust-lang/crates-build-env/linux@sha256:2788e3201cd34a07e3172128adcd8b3090168a8e3bcc40d7c032b9dda1df7d1c" "/opt/rustwide/cargo-home/bin/cargo" "+1.75.0" "test" "--frozen" "--no-run" "--message-format=json", kill_on_drop: false }`
[INFO] [stdout] d231e4f2b816b7662c9176780fc6f7a6be276c4000a3f9d04dd3daeeda0b78c2
[INFO] running `Command { std: "docker" "start" "-a" "d231e4f2b816b7662c9176780fc6f7a6be276c4000a3f9d04dd3daeeda0b78c2", kill_on_drop: false }`
[INFO] [stderr]    Compiling crossbeam-utils v0.8.18
[INFO] [stderr]    Compiling serde v1.0.194
[INFO] [stderr]    Compiling num-traits v0.2.17
[INFO] [stderr]    Compiling rayon-core v1.12.0
[INFO] [stderr]    Compiling either v1.9.0
[INFO] [stderr]    Compiling rustix v0.38.28
[INFO] [stderr]    Compiling linux-raw-sys v0.4.12
[INFO] [stderr]    Compiling regex-syntax v0.8.2
[INFO] [stderr]    Compiling anstyle v1.0.4
[INFO] [stderr]    Compiling clap_lex v0.6.0
[INFO] [stderr]    Compiling ciborium-io v0.2.1
[INFO] [stderr]    Compiling plotters-backend v0.3.5
[INFO] [stderr]    Compiling serde_derive v1.0.194
[INFO] [stderr]    Compiling half v1.8.2
[INFO] [stderr]    Compiling same-file v1.0.6
[INFO] [stderr]    Compiling cast v0.3.0
[INFO] [stderr]    Compiling oorandom v11.1.3
[INFO] [stderr]    Compiling itertools v0.10.5
[INFO] [stderr]    Compiling walkdir v2.4.0
[INFO] [stderr]    Compiling anes v0.1.6
[INFO] [stderr]    Compiling clap_builder v4.4.12
[INFO] [stderr]    Compiling ciborium-ll v0.2.1
[INFO] [stderr]    Compiling plotters-svg v0.3.5
[INFO] [stderr]    Compiling crossbeam-epoch v0.9.17
[INFO] [stderr]    Compiling crossbeam-deque v0.8.4
[INFO] [stderr]    Compiling is-terminal v0.4.10
[INFO] [stderr]    Compiling regex-automata v0.4.3
[INFO] [stderr]    Compiling plotters v0.3.5
[INFO] [stderr]    Compiling criterion-plot v0.5.0
[INFO] [stderr]    Compiling rayon v1.8.0
[INFO] [stderr]    Compiling clap v4.4.13
[INFO] [stderr]    Compiling regex v1.10.2
[INFO] [stderr]    Compiling serde_json v1.0.111
[INFO] [stderr]    Compiling ciborium v0.2.1
[INFO] [stderr]    Compiling tinytemplate v1.2.1
[INFO] [stderr]    Compiling criterion v0.5.1
[INFO] [stderr]    Compiling struson v0.3.0 (/opt/rustwide/workdir)
[INFO] [stdout] error[E0432]: unresolved import `assert_no_alloc`
[INFO] [stdout]  --> tests/writer_alloc_test.rs:3:5
[INFO] [stdout]   |
[INFO] [stdout] 3 | use assert_no_alloc::permit_alloc;
[INFO] [stdout]   |     ^^^^^^^^^^^^^^^ use of undeclared crate or module `assert_no_alloc`
[INFO] [stdout] 
[INFO] [stdout] 
[INFO] [stdout] error[E0432]: unresolved import `assert_no_alloc`
[INFO] [stdout]  --> tests/reader_alloc_test.rs:7:5
[INFO] [stdout]   |
[INFO] [stdout] 7 | use assert_no_alloc::permit_alloc;
[INFO] [stdout]   |     ^^^^^^^^^^^^^^^ use of undeclared crate or module `assert_no_alloc`
[INFO] [stdout] 
[INFO] [stdout] 
[INFO] [stdout] error[E0432]: unresolved import `assert_no_alloc`
[INFO] [stdout]  --> tests/writer_alloc_test.rs:6:5
[INFO] [stdout]   |
[INFO] [stdout] 6 | use assert_no_alloc::AllocDisabler;
[INFO] [stdout]   |     ^^^^^^^^^^^^^^^ use of undeclared crate or module `assert_no_alloc`
[INFO] [stdout] 
[INFO] [stdout] 
[INFO] [stdout] error[E0432]: unresolved import `assert_no_alloc`
[INFO] [stdout]   --> tests/reader_alloc_test.rs:10:5
[INFO] [stdout]    |
[INFO] [stdout] 10 | use assert_no_alloc::AllocDisabler;
[INFO] [stdout]    |     ^^^^^^^^^^^^^^^ use of undeclared crate or module `assert_no_alloc`
[INFO] [stdout] 
[INFO] [stdout] 
[INFO] [stdout] error[E0433]: failed to resolve: use of undeclared crate or module `assert_no_alloc`
[INFO] [stdout]   --> tests/writer_alloc_test.rs:15:5
[INFO] [stdout]    |
[INFO] [stdout] 15 |     assert_no_alloc::assert_no_alloc(func).unwrap()
[INFO] [stdout]    |     ^^^^^^^^^^^^^^^ use of undeclared crate or module `assert_no_alloc`
[INFO] [stdout] 
[INFO] [stdout] 
[INFO] [stdout] error: aborting due to 3 previous errors
[INFO] [stdout] 
[INFO] [stdout] 
[INFO] [stdout] Some errors have detailed explanations: E0432, E0433.
[INFO] [stdout] 
[INFO] [stdout] For more information about an error, try `rustc --explain E0432`.
[INFO] [stdout] 
[INFO] [stdout] error[E0433]: failed to resolve: use of undeclared crate or module `assert_no_alloc`
[INFO] [stdout]   --> tests/reader_alloc_test.rs:23:5
[INFO] [stdout]    |
[INFO] [stdout] 23 |     assert_no_alloc::assert_no_alloc(func).unwrap()
[INFO] [stdout]    |     ^^^^^^^^^^^^^^^ use of undeclared crate or module `assert_no_alloc`
[INFO] [stdout] 
[INFO] [stdout] 
[INFO] [stdout] error: aborting due to 3 previous errors
[INFO] [stdout] 
[INFO] [stdout] 
[INFO] [stdout] Some errors have detailed explanations: E0432, E0433.
[INFO] [stdout] 
[INFO] [stdout] For more information about an error, try `rustc --explain E0432`.
[INFO] [stdout] 
[INFO] [stderr] error: could not compile `struson` (test "writer_alloc_test") due to 4 previous errors
[INFO] [stderr] warning: build failed, waiting for other jobs to finish...
[INFO] [stderr] error: could not compile `struson` (test "reader_alloc_test") due to 4 previous errors
[INFO] running `Command { std: "docker" "inspect" "d231e4f2b816b7662c9176780fc6f7a6be276c4000a3f9d04dd3daeeda0b78c2", kill_on_drop: false }`
[INFO] running `Command { std: "docker" "rm" "-f" "d231e4f2b816b7662c9176780fc6f7a6be276c4000a3f9d04dd3daeeda0b78c2", kill_on_drop: false }`
[INFO] [stdout] d231e4f2b816b7662c9176780fc6f7a6be276c4000a3f9d04dd3daeeda0b78c2
[INFO] testing struson-0.3.0 against beta-2023-12-22 for beta-1.76-1
[INFO] extracting crate struson 0.3.0 into /workspace/builds/worker-1-tc2/source
[INFO] validating manifest of crates.io crate struson 0.3.0 on toolchain beta-2023-12-22
[INFO] running `Command { std: CARGO_HOME="/workspace/cargo-home" RUSTUP_HOME="/workspace/rustup-home" "/workspace/cargo-home/bin/cargo" "+beta-2023-12-22" "metadata" "--manifest-path" "Cargo.toml" "--no-deps", kill_on_drop: false }`
[INFO] started tweaking crates.io crate struson 0.3.0
[INFO] finished tweaking crates.io crate struson 0.3.0
[INFO] tweaked toml for crates.io crate struson 0.3.0 written to /workspace/builds/worker-1-tc2/source/Cargo.toml
[INFO] running `Command { std: CARGO_HOME="/workspace/cargo-home" RUSTUP_HOME="/workspace/rustup-home" "/workspace/cargo-home/bin/cargo" "+beta-2023-12-22" "generate-lockfile" "--manifest-path" "Cargo.toml", kill_on_drop: false }`
[INFO] [stderr]     Blocking waiting for file lock on package cache
[INFO] [stderr]     Updating crates.io index
[INFO] running `Command { std: CARGO_HOME="/workspace/cargo-home" RUSTUP_HOME="/workspace/rustup-home" "/workspace/cargo-home/bin/cargo" "+beta-2023-12-22" "fetch" "--manifest-path" "Cargo.toml", kill_on_drop: false }`
[INFO] running `Command { std: "docker" "create" "-v" "/var/lib/crater-agent-workspace/builds/worker-1-tc2/target:/opt/rustwide/target:rw,Z" "-v" "/var/lib/crater-agent-workspace/builds/worker-1-tc2/source:/opt/rustwide/workdir:ro,Z" "-v" "/var/lib/crater-agent-workspace/cargo-home:/opt/rustwide/cargo-home:ro,Z" "-v" "/var/lib/crater-agent-workspace/rustup-home:/opt/rustwide/rustup-home:ro,Z" "-e" "SOURCE_DIR=/opt/rustwide/workdir" "-e" "CARGO_TARGET_DIR=/opt/rustwide/target" "-e" "CARGO_HOME=/opt/rustwide/cargo-home" "-e" "RUSTUP_HOME=/opt/rustwide/rustup-home" "-w" "/opt/rustwide/workdir" "-m" "1610612736" "--user" "0:0" "--network" "none" "ghcr.io/rust-lang/crates-build-env/linux@sha256:2788e3201cd34a07e3172128adcd8b3090168a8e3bcc40d7c032b9dda1df7d1c" "/opt/rustwide/cargo-home/bin/cargo" "+beta-2023-12-22" "metadata" "--no-deps" "--format-version=1", kill_on_drop: false }`
[INFO] [stdout] 3bd1ed5d73994a8119e9c83277258f0eef4a19d12c6805a26eac4bebf7a468f0
[INFO] running `Command { std: "docker" "start" "-a" "3bd1ed5d73994a8119e9c83277258f0eef4a19d12c6805a26eac4bebf7a468f0", kill_on_drop: false }`
[INFO] running `Command { std: "docker" "inspect" "3bd1ed5d73994a8119e9c83277258f0eef4a19d12c6805a26eac4bebf7a468f0", kill_on_drop: false }`
[INFO] running `Command { std: "docker" "rm" "-f" "3bd1ed5d73994a8119e9c83277258f0eef4a19d12c6805a26eac4bebf7a468f0", kill_on_drop: false }`
[INFO] [stdout] 3bd1ed5d73994a8119e9c83277258f0eef4a19d12c6805a26eac4bebf7a468f0
[INFO] running `Command { std: "docker" "create" "-v" "/var/lib/crater-agent-workspace/builds/worker-1-tc2/target:/opt/rustwide/target:rw,Z" "-v" "/var/lib/crater-agent-workspace/builds/worker-1-tc2/source:/opt/rustwide/workdir:ro,Z" "-v" "/var/lib/crater-agent-workspace/cargo-home:/opt/rustwide/cargo-home:ro,Z" "-v" "/var/lib/crater-agent-workspace/rustup-home:/opt/rustwide/rustup-home:ro,Z" "-e" "SOURCE_DIR=/opt/rustwide/workdir" "-e" "CARGO_TARGET_DIR=/opt/rustwide/target" "-e" "CARGO_INCREMENTAL=0" "-e" "RUST_BACKTRACE=full" "-e" "RUSTFLAGS=--cap-lints=warn" "-e" "RUSTDOCFLAGS=--cap-lints=warn" "-e" "CARGO_HOME=/opt/rustwide/cargo-home" "-e" "RUSTUP_HOME=/opt/rustwide/rustup-home" "-w" "/opt/rustwide/workdir" "-m" "1610612736" "--user" "0:0" "--network" "none" "ghcr.io/rust-lang/crates-build-env/linux@sha256:2788e3201cd34a07e3172128adcd8b3090168a8e3bcc40d7c032b9dda1df7d1c" "/opt/rustwide/cargo-home/bin/cargo" "+beta-2023-12-22" "build" "--frozen" "--message-format=json", kill_on_drop: false }`
[INFO] [stdout] a2caa303b21c4fc779812b054555352b1a1f4d916675d17ac756a2e66aca6d17
[INFO] running `Command { std: "docker" "start" "-a" "a2caa303b21c4fc779812b054555352b1a1f4d916675d17ac756a2e66aca6d17", kill_on_drop: false }`
[INFO] [stderr]    Compiling proc-macro-error-attr v1.0.4
[INFO] [stderr]    Compiling syn v2.0.48
[INFO] [stderr]    Compiling syn v1.0.109
[INFO] [stderr]    Compiling rustversion v1.0.14
[INFO] [stderr]    Compiling proc-macro-error v1.0.4
[INFO] [stderr]    Compiling heck v0.4.1
[INFO] [stderr]    Compiling duplicate v1.0.0
[INFO] [stderr]    Compiling strum_macros v0.25.3
[INFO] [stderr]    Compiling thiserror-impl v1.0.56
[INFO] [stderr]    Compiling thiserror v1.0.56
[INFO] [stderr]    Compiling strum v0.25.0
[INFO] [stderr]    Compiling struson v0.3.0 (/opt/rustwide/workdir)
[INFO] [stderr]     Finished dev [unoptimized + debuginfo] target(s) in 4.80s
[INFO] running `Command { std: "docker" "inspect" "a2caa303b21c4fc779812b054555352b1a1f4d916675d17ac756a2e66aca6d17", kill_on_drop: false }`
[INFO] running `Command { std: "docker" "rm" "-f" "a2caa303b21c4fc779812b054555352b1a1f4d916675d17ac756a2e66aca6d17", kill_on_drop: false }`
[INFO] [stdout] a2caa303b21c4fc779812b054555352b1a1f4d916675d17ac756a2e66aca6d17
[INFO] running `Command { std: "docker" "create" "-v" "/var/lib/crater-agent-workspace/builds/worker-1-tc2/target:/opt/rustwide/target:rw,Z" "-v" "/var/lib/crater-agent-workspace/builds/worker-1-tc2/source:/opt/rustwide/workdir:ro,Z" "-v" "/var/lib/crater-agent-workspace/cargo-home:/opt/rustwide/cargo-home:ro,Z" "-v" "/var/lib/crater-agent-workspace/rustup-home:/opt/rustwide/rustup-home:ro,Z" "-e" "SOURCE_DIR=/opt/rustwide/workdir" "-e" "CARGO_TARGET_DIR=/opt/rustwide/target" "-e" "CARGO_INCREMENTAL=0" "-e" "RUST_BACKTRACE=full" "-e" "RUSTFLAGS=--cap-lints=warn" "-e" "RUSTDOCFLAGS=--cap-lints=warn" "-e" "CARGO_HOME=/opt/rustwide/cargo-home" "-e" "RUSTUP_HOME=/opt/rustwide/rustup-home" "-w" "/opt/rustwide/workdir" "-m" "1610612736" "--user" "0:0" "--network" "none" "ghcr.io/rust-lang/crates-build-env/linux@sha256:2788e3201cd34a07e3172128adcd8b3090168a8e3bcc40d7c032b9dda1df7d1c" "/opt/rustwide/cargo-home/bin/cargo" "+beta-2023-12-22" "test" "--frozen" "--no-run" "--message-format=json", kill_on_drop: false }`
[INFO] [stdout] 9021dc7429ab94fb057356807dd0065c8801a2006f144ae57f0461592e97e039
[INFO] running `Command { std: "docker" "start" "-a" "9021dc7429ab94fb057356807dd0065c8801a2006f144ae57f0461592e97e039", kill_on_drop: false }`
[INFO] [stderr]    Compiling crossbeam-utils v0.8.18
[INFO] [stderr]    Compiling serde v1.0.194
[INFO] [stderr]    Compiling rayon-core v1.12.0
[INFO] [stderr]    Compiling either v1.9.0
[INFO] [stderr]    Compiling rustix v0.38.28
[INFO] [stderr]    Compiling clap_lex v0.6.0
[INFO] [stderr]    Compiling num-traits v0.2.17
[INFO] [stderr]    Compiling linux-raw-sys v0.4.12
[INFO] [stderr]    Compiling ciborium-io v0.2.1
[INFO] [stderr]    Compiling plotters-backend v0.3.5
[INFO] [stderr]    Compiling regex-syntax v0.8.2
[INFO] [stderr]    Compiling serde_derive v1.0.194
[INFO] [stderr]    Compiling anstyle v1.0.4
[INFO] [stderr]    Compiling half v1.8.2
[INFO] [stderr]    Compiling cast v0.3.0
[INFO] [stderr]    Compiling same-file v1.0.6
[INFO] [stderr]    Compiling anes v0.1.6
[INFO] [stderr]    Compiling walkdir v2.4.0
[INFO] [stderr]    Compiling itertools v0.10.5
[INFO] [stderr]    Compiling clap_builder v4.4.12
[INFO] [stderr]    Compiling ciborium-ll v0.2.1
[INFO] [stderr]    Compiling plotters-svg v0.3.5
[INFO] [stderr]    Compiling oorandom v11.1.3
[INFO] [stderr]    Compiling crossbeam-epoch v0.9.17
[INFO] [stderr]    Compiling crossbeam-deque v0.8.4
[INFO] [stderr]    Compiling is-terminal v0.4.10
[INFO] [stderr]    Compiling plotters v0.3.5
[INFO] [stderr]    Compiling regex-automata v0.4.3
[INFO] [stderr]    Compiling criterion-plot v0.5.0
[INFO] [stderr]    Compiling rayon v1.8.0
[INFO] [stderr]    Compiling clap v4.4.13
[INFO] [stderr]    Compiling regex v1.10.2
[INFO] [stderr]    Compiling serde_json v1.0.111
[INFO] [stderr]    Compiling ciborium v0.2.1
[INFO] [stderr]    Compiling tinytemplate v1.2.1
[INFO] [stderr]    Compiling criterion v0.5.1
[INFO] [stderr]    Compiling struson v0.3.0 (/opt/rustwide/workdir)
[INFO] [stdout] error[E0432]: unresolved import `assert_no_alloc`
[INFO] [stdout]  --> tests/reader_alloc_test.rs:7:5
[INFO] [stdout]   |
[INFO] [stdout] 7 | use assert_no_alloc::permit_alloc;
[INFO] [stdout]   |     ^^^^^^^^^^^^^^^ function `assert_no_alloc` is not a crate or module
[INFO] [stdout] 
[INFO] [stdout] 
[INFO] [stdout] error[E0432]: unresolved import `assert_no_alloc`
[INFO] [stdout]  --> tests/writer_alloc_test.rs:3:5
[INFO] [stdout]   |
[INFO] [stdout] 3 | use assert_no_alloc::permit_alloc;
[INFO] [stdout]   |     ^^^^^^^^^^^^^^^ function `assert_no_alloc` is not a crate or module
[INFO] [stdout] 
[INFO] [stdout] 
[INFO] [stdout] error[E0432]: unresolved import `assert_no_alloc`
[INFO] [stdout]   --> tests/reader_alloc_test.rs:10:5
[INFO] [stdout]    |
[INFO] [stdout] 10 | use assert_no_alloc::AllocDisabler;
[INFO] [stdout]    |     ^^^^^^^^^^^^^^^ function `assert_no_alloc` is not a crate or module
[INFO] [stdout] 
[INFO] [stdout] 
[INFO] [stdout] error[E0432]: unresolved import `assert_no_alloc`
[INFO] [stdout]  --> tests/writer_alloc_test.rs:6:5
[INFO] [stdout]   |
[INFO] [stdout] 6 | use assert_no_alloc::AllocDisabler;
[INFO] [stdout]   |     ^^^^^^^^^^^^^^^ function `assert_no_alloc` is not a crate or module
[INFO] [stdout] 
[INFO] [stdout] 
[INFO] [stdout] error[E0433]: failed to resolve: function `assert_no_alloc` is not a crate or module
[INFO] [stdout]   --> tests/reader_alloc_test.rs:23:5
[INFO] [stdout]    |
[INFO] [stdout] 23 |     assert_no_alloc::assert_no_alloc(func).unwrap()
[INFO] [stdout]    |     ^^^^^^^^^^^^^^^ function `assert_no_alloc` is not a crate or module
[INFO] [stdout] 
[INFO] [stdout] 
[INFO] [stdout] error: aborting due to 3 previous errors
[INFO] [stdout] 
[INFO] [stdout] 
[INFO] [stdout] Some errors have detailed explanations: E0432, E0433.
[INFO] [stdout] 
[INFO] [stdout] For more information about an error, try `rustc --explain E0432`.
[INFO] [stdout] 
[INFO] [stdout] error[E0433]: failed to resolve: function `assert_no_alloc` is not a crate or module
[INFO] [stdout]   --> tests/writer_alloc_test.rs:15:5
[INFO] [stdout]    |
[INFO] [stdout] 15 |     assert_no_alloc::assert_no_alloc(func).unwrap()
[INFO] [stdout]    |     ^^^^^^^^^^^^^^^ function `assert_no_alloc` is not a crate or module
[INFO] [stdout] 
[INFO] [stdout] 
[INFO] [stdout] error: aborting due to 3 previous errors
[INFO] [stdout] 
[INFO] [stdout] 
[INFO] [stdout] Some errors have detailed explanations: E0432, E0433.
[INFO] [stdout] 
[INFO] [stdout] For more information about an error, try `rustc --explain E0432`.
[INFO] [stdout] 
[INFO] [stderr] error: could not compile `struson` (test "reader_alloc_test") due to 4 previous errors
[INFO] [stderr] warning: build failed, waiting for other jobs to finish...
[INFO] [stderr] error: could not compile `struson` (test "writer_alloc_test") due to 4 previous errors
[INFO] running `Command { std: "docker" "inspect" "9021dc7429ab94fb057356807dd0065c8801a2006f144ae57f0461592e97e039", kill_on_drop: false }`
[INFO] running `Command { std: "docker" "rm" "-f" "9021dc7429ab94fb057356807dd0065c8801a2006f144ae57f0461592e97e039", kill_on_drop: false }`
[INFO] [stdout] 9021dc7429ab94fb057356807dd0065c8801a2006f144ae57f0461592e97e039
