[INFO] fetching crate string_wizard 0.0.17...
[INFO] testing string_wizard-0.0.17 against 1.75.0 for beta-1.76-1
[INFO] extracting crate string_wizard 0.0.17 into /workspace/builds/worker-2-tc1/source
[INFO] validating manifest of crates.io crate string_wizard 0.0.17 on toolchain 1.75.0
[INFO] running `Command { std: CARGO_HOME="/workspace/cargo-home" RUSTUP_HOME="/workspace/rustup-home" "/workspace/cargo-home/bin/cargo" "+1.75.0" "metadata" "--manifest-path" "Cargo.toml" "--no-deps", kill_on_drop: false }`
[INFO] started tweaking crates.io crate string_wizard 0.0.17
[INFO] finished tweaking crates.io crate string_wizard 0.0.17
[INFO] tweaked toml for crates.io crate string_wizard 0.0.17 written to /workspace/builds/worker-2-tc1/source/Cargo.toml
[INFO] crate crates.io crate string_wizard 0.0.17 already has a lockfile, it will not be regenerated
[INFO] running `Command { std: CARGO_HOME="/workspace/cargo-home" RUSTUP_HOME="/workspace/rustup-home" "/workspace/cargo-home/bin/cargo" "+1.75.0" "fetch" "--manifest-path" "Cargo.toml", kill_on_drop: false }`
[INFO] running `Command { std: "docker" "create" "-v" "/var/lib/crater-agent-workspace/builds/worker-2-tc1/target:/opt/rustwide/target:rw,Z" "-v" "/var/lib/crater-agent-workspace/builds/worker-2-tc1/source:/opt/rustwide/workdir:ro,Z" "-v" "/var/lib/crater-agent-workspace/cargo-home:/opt/rustwide/cargo-home:ro,Z" "-v" "/var/lib/crater-agent-workspace/rustup-home:/opt/rustwide/rustup-home:ro,Z" "-e" "SOURCE_DIR=/opt/rustwide/workdir" "-e" "CARGO_TARGET_DIR=/opt/rustwide/target" "-e" "CARGO_HOME=/opt/rustwide/cargo-home" "-e" "RUSTUP_HOME=/opt/rustwide/rustup-home" "-w" "/opt/rustwide/workdir" "-m" "1610612736" "--user" "0:0" "--network" "none" "ghcr.io/rust-lang/crates-build-env/linux@sha256:2788e3201cd34a07e3172128adcd8b3090168a8e3bcc40d7c032b9dda1df7d1c" "/opt/rustwide/cargo-home/bin/cargo" "+1.75.0" "metadata" "--no-deps" "--format-version=1", kill_on_drop: false }`
[INFO] [stdout] 548fc55e017878eaa79dac7da65b39ee8e311a876f601eea98085a2ea71b3fe7
[INFO] running `Command { std: "docker" "start" "-a" "548fc55e017878eaa79dac7da65b39ee8e311a876f601eea98085a2ea71b3fe7", kill_on_drop: false }`
[INFO] running `Command { std: "docker" "inspect" "548fc55e017878eaa79dac7da65b39ee8e311a876f601eea98085a2ea71b3fe7", kill_on_drop: false }`
[INFO] running `Command { std: "docker" "rm" "-f" "548fc55e017878eaa79dac7da65b39ee8e311a876f601eea98085a2ea71b3fe7", kill_on_drop: false }`
[INFO] [stdout] 548fc55e017878eaa79dac7da65b39ee8e311a876f601eea98085a2ea71b3fe7
[INFO] running `Command { std: "docker" "create" "-v" "/var/lib/crater-agent-workspace/builds/worker-2-tc1/target:/opt/rustwide/target:rw,Z" "-v" "/var/lib/crater-agent-workspace/builds/worker-2-tc1/source:/opt/rustwide/workdir:ro,Z" "-v" "/var/lib/crater-agent-workspace/cargo-home:/opt/rustwide/cargo-home:ro,Z" "-v" "/var/lib/crater-agent-workspace/rustup-home:/opt/rustwide/rustup-home:ro,Z" "-e" "SOURCE_DIR=/opt/rustwide/workdir" "-e" "CARGO_TARGET_DIR=/opt/rustwide/target" "-e" "CARGO_INCREMENTAL=0" "-e" "RUST_BACKTRACE=full" "-e" "RUSTFLAGS=--cap-lints=warn" "-e" "RUSTDOCFLAGS=--cap-lints=warn" "-e" "CARGO_HOME=/opt/rustwide/cargo-home" "-e" "RUSTUP_HOME=/opt/rustwide/rustup-home" "-w" "/opt/rustwide/workdir" "-m" "1610612736" "--user" "0:0" "--network" "none" "ghcr.io/rust-lang/crates-build-env/linux@sha256:2788e3201cd34a07e3172128adcd8b3090168a8e3bcc40d7c032b9dda1df7d1c" "/opt/rustwide/cargo-home/bin/cargo" "+1.75.0" "build" "--frozen" "--message-format=json", kill_on_drop: false }`
[INFO] [stdout] 57393a03e87fac0e9707967bf36528ba8f9a2b8b5bcecab2aaeb586902a226e8
[INFO] running `Command { std: "docker" "start" "-a" "57393a03e87fac0e9707967bf36528ba8f9a2b8b5bcecab2aaeb586902a226e8", kill_on_drop: false }`
[INFO] [stderr]    Compiling index_vec v0.1.3
[INFO] [stderr]    Compiling once_cell v1.18.0
[INFO] [stderr]    Compiling rustc-hash v1.1.0
[INFO] [stderr]    Compiling string_wizard v0.0.17 (/opt/rustwide/workdir)
[INFO] [stdout] warning: field `line_offsets` is never read
[INFO] [stdout]  --> src/locator.rs:4:5
[INFO] [stdout]   |
[INFO] [stdout] 2 | pub struct Locator {
[INFO] [stdout]   |            ------- field in this struct
[INFO] [stdout] 3 |     /// offsets are calculated based on utf-16
[INFO] [stdout] 4 |     line_offsets: Box<[usize]>,
[INFO] [stdout]   |     ^^^^^^^^^^^^
[INFO] [stdout]   |
[INFO] [stdout]   = note: `Locator` has a derived impl for the trait `Debug`, but this is intentionally ignored during dead code analysis
[INFO] [stdout]   = note: `#[warn(dead_code)]` on by default
[INFO] [stdout] 
[INFO] [stdout] 
[INFO] [stdout] warning: associated items `new` and `locate` are never used
[INFO] [stdout]   --> src/locator.rs:8:12
[INFO] [stdout]    |
[INFO] [stdout] 7  | impl Locator {
[INFO] [stdout]    | ------------ associated items in this implementation
[INFO] [stdout] 8  |     pub fn new(source: &str) -> Self {
[INFO] [stdout]    |            ^^^
[INFO] [stdout] ...
[INFO] [stdout] 21 |     pub fn locate(&self, index: u32) -> Location {
[INFO] [stdout]    |            ^^^^^^
[INFO] [stdout] 
[INFO] [stdout] 
[INFO] [stdout] warning: method `bump_line` is never used
[INFO] [stdout]   --> src/locator.rs:51:12
[INFO] [stdout]    |
[INFO] [stdout] 50 | impl Location {
[INFO] [stdout]    | ------------- method in this implementation
[INFO] [stdout] 51 |     pub fn bump_line(&mut self) {
[INFO] [stdout]    |            ^^^^^^^^^
[INFO] [stdout] 
[INFO] [stdout] 
[INFO] [stdout] warning: 3 warnings emitted
[INFO] [stdout] 
[INFO] [stdout] 
[INFO] [stderr]     Finished dev [unoptimized + debuginfo] target(s) in 0.70s
[INFO] running `Command { std: "docker" "inspect" "57393a03e87fac0e9707967bf36528ba8f9a2b8b5bcecab2aaeb586902a226e8", kill_on_drop: false }`
[INFO] running `Command { std: "docker" "rm" "-f" "57393a03e87fac0e9707967bf36528ba8f9a2b8b5bcecab2aaeb586902a226e8", kill_on_drop: false }`
[INFO] [stdout] 57393a03e87fac0e9707967bf36528ba8f9a2b8b5bcecab2aaeb586902a226e8
[INFO] running `Command { std: "docker" "create" "-v" "/var/lib/crater-agent-workspace/builds/worker-2-tc1/target:/opt/rustwide/target:rw,Z" "-v" "/var/lib/crater-agent-workspace/builds/worker-2-tc1/source:/opt/rustwide/workdir:ro,Z" "-v" "/var/lib/crater-agent-workspace/cargo-home:/opt/rustwide/cargo-home:ro,Z" "-v" "/var/lib/crater-agent-workspace/rustup-home:/opt/rustwide/rustup-home:ro,Z" "-e" "SOURCE_DIR=/opt/rustwide/workdir" "-e" "CARGO_TARGET_DIR=/opt/rustwide/target" "-e" "CARGO_INCREMENTAL=0" "-e" "RUST_BACKTRACE=full" "-e" "RUSTFLAGS=--cap-lints=warn" "-e" "RUSTDOCFLAGS=--cap-lints=warn" "-e" "CARGO_HOME=/opt/rustwide/cargo-home" "-e" "RUSTUP_HOME=/opt/rustwide/rustup-home" "-w" "/opt/rustwide/workdir" "-m" "1610612736" "--user" "0:0" "--network" "none" "ghcr.io/rust-lang/crates-build-env/linux@sha256:2788e3201cd34a07e3172128adcd8b3090168a8e3bcc40d7c032b9dda1df7d1c" "/opt/rustwide/cargo-home/bin/cargo" "+1.75.0" "test" "--frozen" "--no-run" "--message-format=json", kill_on_drop: false }`
[INFO] [stdout] 1d92423089d23ac924e8cca0ae456e04110e0a10f7e21e1a9e9dbf27abe30d52
[INFO] running `Command { std: "docker" "start" "-a" "1d92423089d23ac924e8cca0ae456e04110e0a10f7e21e1a9e9dbf27abe30d52", kill_on_drop: false }`
[INFO] [stderr]    Compiling proc-macro2 v1.0.69
[INFO] [stderr]    Compiling memoffset v0.9.0
[INFO] [stderr]    Compiling crossbeam-utils v0.8.16
[INFO] [stderr]    Compiling crossbeam-epoch v0.9.15
[INFO] [stderr]    Compiling libc v0.2.150
[INFO] [stderr]    Compiling serde v1.0.192
[INFO] [stderr]    Compiling indexmap v1.9.3
[INFO] [stderr]    Compiling serde_json v1.0.108
[INFO] [stderr]    Compiling either v1.9.0
[INFO] [stderr]    Compiling ryu v1.0.15
[INFO] [stderr]    Compiling plotters-backend v0.3.5
[INFO] [stderr]    Compiling half v1.8.2
[INFO] [stderr]    Compiling ciborium-io v0.2.1
[INFO] [stderr]    Compiling regex-syntax v0.8.2
[INFO] [stderr]    Compiling os_str_bytes v6.6.1
[INFO] [stderr]    Compiling itoa v1.0.9
[INFO] [stderr]    Compiling cast v0.3.0
[INFO] [stderr]    Compiling itertools v0.10.5
[INFO] [stderr]    Compiling linked-hash-map v0.5.6
[INFO] [stderr]    Compiling textwrap v0.16.0
[INFO] [stderr]    Compiling ciborium-ll v0.2.1
[INFO] [stderr]    Compiling clap_lex v0.2.4
[INFO] [stderr]    Compiling plotters-svg v0.3.5
[INFO] [stderr]    Compiling walkdir v2.4.0
[INFO] [stderr]    Compiling yaml-rust v0.4.5
[INFO] [stderr]    Compiling similar v2.3.0
[INFO] [stderr]    Compiling oorandom v11.1.3
[INFO] [stderr]    Compiling anes v0.1.6
[INFO] [stderr]    Compiling plotters v0.3.5
[INFO] [stderr]    Compiling glob v0.3.1
[INFO] [stdout] warning: field `line_offsets` is never read
[INFO] [stdout]  --> src/locator.rs:4:5
[INFO] [stdout]   |
[INFO] [stdout] 2 | pub struct Locator {
[INFO] [stdout]   |            ------- field in this struct
[INFO] [stdout] 3 |     /// offsets are calculated based on utf-16
[INFO] [stdout] 4 |     line_offsets: Box<[usize]>,
[INFO] [stdout]   |     ^^^^^^^^^^^^
[INFO] [stdout]   |
[INFO] [stdout]   = note: `Locator` has a derived impl for the trait `Debug`, but this is intentionally ignored during dead code analysis
[INFO] [stdout]   = note: `#[warn(dead_code)]` on by default
[INFO] [stdout] 
[INFO] [stdout] 
[INFO] [stdout] warning: associated items `new` and `locate` are never used
[INFO] [stdout]   --> src/locator.rs:8:12
[INFO] [stdout]    |
[INFO] [stdout] 7  | impl Locator {
[INFO] [stdout]    | ------------ associated items in this implementation
[INFO] [stdout] 8  |     pub fn new(source: &str) -> Self {
[INFO] [stdout]    |            ^^^
[INFO] [stdout] ...
[INFO] [stdout] 21 |     pub fn locate(&self, index: u32) -> Location {
[INFO] [stdout]    |            ^^^^^^
[INFO] [stdout] 
[INFO] [stdout] 
[INFO] [stdout] warning: method `bump_line` is never used
[INFO] [stdout]   --> src/locator.rs:51:12
[INFO] [stdout]    |
[INFO] [stdout] 50 | impl Location {
[INFO] [stdout]    | ------------- method in this implementation
[INFO] [stdout] 51 |     pub fn bump_line(&mut self) {
[INFO] [stdout]    |            ^^^^^^^^^
[INFO] [stdout] 
[INFO] [stdout] 
[INFO] [stdout] warning: 3 warnings emitted
[INFO] [stdout] 
[INFO] [stdout] 
[INFO] [stderr]    Compiling clap v3.2.25
[INFO] [stderr]    Compiling quote v1.0.33
[INFO] [stderr]    Compiling crossbeam-deque v0.8.3
[INFO] [stderr]    Compiling syn v2.0.39
[INFO] [stderr]    Compiling rayon-core v1.12.0
[INFO] [stderr]    Compiling atty v0.2.14
[INFO] [stderr]    Compiling console v0.15.7
[INFO] [stderr]    Compiling regex-automata v0.4.3
[INFO] [stderr]    Compiling insta v1.34.0
[INFO] [stderr]    Compiling rayon v1.8.0
[INFO] [stderr]    Compiling criterion-plot v0.5.0
[INFO] [stderr]    Compiling regex v1.10.2
[INFO] [stderr]    Compiling serde_derive v1.0.192
[INFO] [stderr]    Compiling ciborium v0.2.1
[INFO] [stderr]    Compiling tinytemplate v1.2.1
[INFO] [stderr]    Compiling criterion v0.4.0
[INFO] [stderr]    Compiling string_wizard v0.0.17 (/opt/rustwide/workdir)
[INFO] [stdout] error[E0432]: unresolved import `string_wizard::SourceMapOptions`
[INFO] [stdout]   --> examples/source_map.rs:1:34
[INFO] [stdout]    |
[INFO] [stdout] 1  | use string_wizard::{MagicString, SourceMapOptions, UpdateOptions};
[INFO] [stdout]    |                                  ^^^^^^^^^^^^^^^^ no `SourceMapOptions` in the root
[INFO] [stdout]    |
[INFO] [stdout] note: found an item that was configured out
[INFO] [stdout]   --> /opt/rustwide/workdir/src/lib.rs:23:42
[INFO] [stdout]    |
[INFO] [stdout] 23 | pub use crate::magic_string::source_map::SourceMapOptions;
[INFO] [stdout]    |                                          ^^^^^^^^^^^^^^^^
[INFO] [stdout]    = note: the item is gated behind the `source_map` feature
[INFO] [stdout] 
[INFO] [stdout] 
[INFO] [stdout] error[E0432]: unresolved import `string_wizard::SourceMapOptions`
[INFO] [stdout]   --> tests/magic_string_source_map.rs:1:34
[INFO] [stdout]    |
[INFO] [stdout] 1  | use string_wizard::{MagicString, SourceMapOptions, UpdateOptions};
[INFO] [stdout]    |                                  ^^^^^^^^^^^^^^^^ no `SourceMapOptions` in the root
[INFO] [stdout]    |
[INFO] [stdout] note: found an item that was configured out
[INFO] [stdout]   --> /opt/rustwide/workdir/src/lib.rs:23:42
[INFO] [stdout]    |
[INFO] [stdout] 23 | pub use crate::magic_string::source_map::SourceMapOptions;
[INFO] [stdout]    |                                          ^^^^^^^^^^^^^^^^
[INFO] [stdout]    = note: the item is gated behind the `source_map` feature
[INFO] [stdout] 
[INFO] [stdout] 
[INFO] [stdout] error[E0599]: no method named `source_map` found for struct `MagicString` in the current scope
[INFO] [stdout]   --> tests/magic_string_source_map.rs:20:16
[INFO] [stdout]    |
[INFO] [stdout] 20 |     let sm = s.source_map(SourceMapOptions {
[INFO] [stdout]    |              --^^^^^^^^^^ method not found in `MagicString<'_>`
[INFO] [stdout] 
[INFO] [stdout] 
[INFO] [stdout] error[E0599]: no method named `source_map` found for struct `MagicString` in the current scope
[INFO] [stdout]   --> examples/source_map.rs:16:16
[INFO] [stdout]    |
[INFO] [stdout] 16 |     let sm = s.source_map(SourceMapOptions {
[INFO] [stdout]    |              --^^^^^^^^^^ method not found in `MagicString<'_>`
[INFO] [stdout] 
[INFO] [stdout] 
[INFO] [stdout] error: aborting due to 2 previous errors
[INFO] [stdout] 
[INFO] [stdout] 
[INFO] [stdout] Some errors have detailed explanations: E0432, E0599.
[INFO] [stdout] 
[INFO] [stdout] For more information about an error, try `rustc --explain E0432`.
[INFO] [stdout] 
[INFO] [stdout] error[E0599]: no method named `source_map` found for struct `MagicString` in the current scope
[INFO] [stdout]   --> tests/magic_string_source_map.rs:30:16
[INFO] [stdout]    |
[INFO] [stdout] 30 |     let sm = s.source_map(SourceMapOptions {
[INFO] [stdout]    |              --^^^^^^^^^^ method not found in `MagicString<'_>`
[INFO] [stdout] 
[INFO] [stdout] 
[INFO] [stderr] error: could not compile `string_wizard` (example "source_map") due to 3 previous errors
[INFO] [stderr] warning: build failed, waiting for other jobs to finish...
[INFO] [stdout] error: aborting due to 3 previous errors
[INFO] [stdout] 
[INFO] [stdout] 
[INFO] [stdout] Some errors have detailed explanations: E0432, E0599.
[INFO] [stdout] 
[INFO] [stdout] For more information about an error, try `rustc --explain E0432`.
[INFO] [stdout] 
[INFO] [stderr] error: could not compile `string_wizard` (test "magic_string_source_map") due to 4 previous errors
[INFO] [stdout] warning: method `bump_line` is never used
[INFO] [stdout]   --> src/locator.rs:51:12
[INFO] [stdout]    |
[INFO] [stdout] 50 | impl Location {
[INFO] [stdout]    | ------------- method in this implementation
[INFO] [stdout] 51 |     pub fn bump_line(&mut self) {
[INFO] [stdout]    |            ^^^^^^^^^
[INFO] [stdout]    |
[INFO] [stdout]    = note: `#[warn(dead_code)]` on by default
[INFO] [stdout] 
[INFO] [stdout] 
[INFO] [stdout] warning: 1 warning emitted
[INFO] [stdout] 
[INFO] [stdout] 
[INFO] running `Command { std: "docker" "inspect" "1d92423089d23ac924e8cca0ae456e04110e0a10f7e21e1a9e9dbf27abe30d52", kill_on_drop: false }`
[INFO] running `Command { std: "docker" "rm" "-f" "1d92423089d23ac924e8cca0ae456e04110e0a10f7e21e1a9e9dbf27abe30d52", kill_on_drop: false }`
[INFO] [stdout] 1d92423089d23ac924e8cca0ae456e04110e0a10f7e21e1a9e9dbf27abe30d52
