[INFO] fetching crate string_enum 0.4.1...
[INFO] testing string_enum-0.4.1 against 1.75.0 for beta-1.76-1
[INFO] extracting crate string_enum 0.4.1 into /workspace/builds/worker-2-tc1/source
[INFO] validating manifest of crates.io crate string_enum 0.4.1 on toolchain 1.75.0
[INFO] running `Command { std: CARGO_HOME="/workspace/cargo-home" RUSTUP_HOME="/workspace/rustup-home" "/workspace/cargo-home/bin/cargo" "+1.75.0" "metadata" "--manifest-path" "Cargo.toml" "--no-deps", kill_on_drop: false }`
[INFO] started tweaking crates.io crate string_enum 0.4.1
[INFO] finished tweaking crates.io crate string_enum 0.4.1
[INFO] tweaked toml for crates.io crate string_enum 0.4.1 written to /workspace/builds/worker-2-tc1/source/Cargo.toml
[INFO] running `Command { std: CARGO_HOME="/workspace/cargo-home" RUSTUP_HOME="/workspace/rustup-home" "/workspace/cargo-home/bin/cargo" "+1.75.0" "generate-lockfile" "--manifest-path" "Cargo.toml", kill_on_drop: false }`
[INFO] [stderr]     Updating crates.io index
[INFO] running `Command { std: CARGO_HOME="/workspace/cargo-home" RUSTUP_HOME="/workspace/rustup-home" "/workspace/cargo-home/bin/cargo" "+1.75.0" "fetch" "--manifest-path" "Cargo.toml", kill_on_drop: false }`
[INFO] running `Command { std: "docker" "create" "-v" "/var/lib/crater-agent-workspace/builds/worker-2-tc1/target:/opt/rustwide/target:rw,Z" "-v" "/var/lib/crater-agent-workspace/builds/worker-2-tc1/source:/opt/rustwide/workdir:ro,Z" "-v" "/var/lib/crater-agent-workspace/cargo-home:/opt/rustwide/cargo-home:ro,Z" "-v" "/var/lib/crater-agent-workspace/rustup-home:/opt/rustwide/rustup-home:ro,Z" "-e" "SOURCE_DIR=/opt/rustwide/workdir" "-e" "CARGO_TARGET_DIR=/opt/rustwide/target" "-e" "CARGO_HOME=/opt/rustwide/cargo-home" "-e" "RUSTUP_HOME=/opt/rustwide/rustup-home" "-w" "/opt/rustwide/workdir" "-m" "1610612736" "--user" "0:0" "--network" "none" "ghcr.io/rust-lang/crates-build-env/linux@sha256:2788e3201cd34a07e3172128adcd8b3090168a8e3bcc40d7c032b9dda1df7d1c" "/opt/rustwide/cargo-home/bin/cargo" "+1.75.0" "metadata" "--no-deps" "--format-version=1", kill_on_drop: false }`
[INFO] [stdout] 796cc1c1dd0959a0cbfeb46c3ad0994b2e499bf2228e2ab44326698db62e77b9
[INFO] running `Command { std: "docker" "start" "-a" "796cc1c1dd0959a0cbfeb46c3ad0994b2e499bf2228e2ab44326698db62e77b9", kill_on_drop: false }`
[INFO] running `Command { std: "docker" "inspect" "796cc1c1dd0959a0cbfeb46c3ad0994b2e499bf2228e2ab44326698db62e77b9", kill_on_drop: false }`
[INFO] running `Command { std: "docker" "rm" "-f" "796cc1c1dd0959a0cbfeb46c3ad0994b2e499bf2228e2ab44326698db62e77b9", kill_on_drop: false }`
[INFO] [stdout] 796cc1c1dd0959a0cbfeb46c3ad0994b2e499bf2228e2ab44326698db62e77b9
[INFO] running `Command { std: "docker" "create" "-v" "/var/lib/crater-agent-workspace/builds/worker-2-tc1/target:/opt/rustwide/target:rw,Z" "-v" "/var/lib/crater-agent-workspace/builds/worker-2-tc1/source:/opt/rustwide/workdir:ro,Z" "-v" "/var/lib/crater-agent-workspace/cargo-home:/opt/rustwide/cargo-home:ro,Z" "-v" "/var/lib/crater-agent-workspace/rustup-home:/opt/rustwide/rustup-home:ro,Z" "-e" "SOURCE_DIR=/opt/rustwide/workdir" "-e" "CARGO_TARGET_DIR=/opt/rustwide/target" "-e" "CARGO_INCREMENTAL=0" "-e" "RUST_BACKTRACE=full" "-e" "RUSTFLAGS=--cap-lints=warn" "-e" "RUSTDOCFLAGS=--cap-lints=warn" "-e" "CARGO_HOME=/opt/rustwide/cargo-home" "-e" "RUSTUP_HOME=/opt/rustwide/rustup-home" "-w" "/opt/rustwide/workdir" "-m" "1610612736" "--user" "0:0" "--network" "none" "ghcr.io/rust-lang/crates-build-env/linux@sha256:2788e3201cd34a07e3172128adcd8b3090168a8e3bcc40d7c032b9dda1df7d1c" "/opt/rustwide/cargo-home/bin/cargo" "+1.75.0" "build" "--frozen" "--message-format=json", kill_on_drop: false }`
[INFO] [stdout] 845e52616df3da780c582fbb40eb095c3495b38cdc1c026762240f27271dc8cc
[INFO] running `Command { std: "docker" "start" "-a" "845e52616df3da780c582fbb40eb095c3495b38cdc1c026762240f27271dc8cc", kill_on_drop: false }`
[INFO] [stderr]    Compiling syn v2.0.48
[INFO] [stderr]    Compiling swc_macros_common v0.3.9
[INFO] [stderr]    Compiling pmutil v0.6.1
[INFO] [stderr]    Compiling string_enum v0.4.1 (/opt/rustwide/workdir)
[INFO] [stdout] error[E0107]: function takes 0 generic arguments but 1 generic argument was supplied
[INFO] [stdout]   --> src/lib.rs:89:16
[INFO] [stdout]    |
[INFO] [stdout] 89 |     Quote::new(def_site::<Span>())
[INFO] [stdout]    |                ^^^^^^^^-------- help: remove these generics
[INFO] [stdout]    |                |
[INFO] [stdout]    |                expected 0 generic arguments
[INFO] [stdout]    |
[INFO] [stdout] note: function defined here, with 0 generic parameters
[INFO] [stdout]   --> /opt/rustwide/cargo-home/registry/src/index.crates.io-6f17d22bba15001f/swc_macros_common-0.3.9/src/lib.rs:22:8
[INFO] [stdout]    |
[INFO] [stdout] 22 | pub fn def_site() -> Span {
[INFO] [stdout]    |        ^^^^^^^^
[INFO] [stdout] 
[INFO] [stdout] 
[INFO] [stdout] error[E0107]: function takes 0 generic arguments but 1 generic argument was supplied
[INFO] [stdout]    --> src/lib.rs:174:32
[INFO] [stdout]     |
[INFO] [stdout] 174 |                     Quote::new(def_site::<Span>())
[INFO] [stdout]     |                                ^^^^^^^^-------- help: remove these generics
[INFO] [stdout]     |                                |
[INFO] [stdout]     |                                expected 0 generic arguments
[INFO] [stdout]     |
[INFO] [stdout] note: function defined here, with 0 generic parameters
[INFO] [stdout]    --> /opt/rustwide/cargo-home/registry/src/index.crates.io-6f17d22bba15001f/swc_macros_common-0.3.9/src/lib.rs:22:8
[INFO] [stdout]     |
[INFO] [stdout] 22  | pub fn def_site() -> Span {
[INFO] [stdout]     |        ^^^^^^^^
[INFO] [stdout] 
[INFO] [stdout] 
[INFO] [stdout] error[E0308]: mismatched types
[INFO] [stdout]    --> src/lib.rs:191:34
[INFO] [stdout]     |
[INFO] [stdout] 191 |                 fat_arrow_token: def_site(),
[INFO] [stdout]     |                                  ^^^^^^^^^^ expected `FatArrow`, found `Span`
[INFO] [stdout] 
[INFO] [stdout] 
[INFO] [stdout] error[E0308]: mismatched types
[INFO] [stdout]    --> src/lib.rs:192:29
[INFO] [stdout]     |
[INFO] [stdout] 192 |                 comma: Some(def_site()),
[INFO] [stdout]     |                        ---- ^^^^^^^^^^ expected `Comma`, found `Span`
[INFO] [stdout]     |                        |
[INFO] [stdout]     |                        arguments to this enum variant are incorrect
[INFO] [stdout]     |
[INFO] [stdout] help: the type constructed contains `proc_macro2::Span` due to the type of the argument passed
[INFO] [stdout]    --> src/lib.rs:192:24
[INFO] [stdout]     |
[INFO] [stdout] 192 |                 comma: Some(def_site()),
[INFO] [stdout]     |                        ^^^^^----------^
[INFO] [stdout]     |                             |
[INFO] [stdout]     |                             this argument influences the type of `Some`
[INFO] [stdout] note: tuple variant defined here
[INFO] [stdout]    --> /rustc/82e1608dfa6e0b5569232559e3d385fea5a93112/library/core/src/option.rs:577:5
[INFO] [stdout] 
[INFO] [stdout] 
[INFO] [stdout] error[E0308]: mismatched types
[INFO] [stdout]    --> src/lib.rs:206:22
[INFO] [stdout]     |
[INFO] [stdout] 206 |         match_token: def_site(),
[INFO] [stdout]     |                      ^^^^^^^^^^ expected `Match`, found `Span`
[INFO] [stdout]     |
[INFO] [stdout] help: try wrapping the expression in `syn::token::Match`
[INFO] [stdout]     |
[INFO] [stdout] 206 |         match_token: syn::token::Match { span: def_site() },
[INFO] [stdout]     |                      +++++++++++++++++++++++++            +
[INFO] [stdout] 
[INFO] [stdout] 
[INFO] [stdout] error[E0308]: mismatched types
[INFO] [stdout]    --> src/lib.rs:207:22
[INFO] [stdout]     |
[INFO] [stdout] 207 |         brace_token: def_site(),
[INFO] [stdout]     |                      ^^^^^^^^^^ expected `Brace`, found `Span`
[INFO] [stdout] 
[INFO] [stdout] 
[INFO] [stdout] error[E0107]: function takes 0 generic arguments but 1 generic argument was supplied
[INFO] [stdout]    --> src/lib.rs:247:28
[INFO] [stdout]     |
[INFO] [stdout] 247 |                 Quote::new(def_site::<Span>())
[INFO] [stdout]     |                            ^^^^^^^^-------- help: remove these generics
[INFO] [stdout]     |                            |
[INFO] [stdout]     |                            expected 0 generic arguments
[INFO] [stdout]     |
[INFO] [stdout] note: function defined here, with 0 generic parameters
[INFO] [stdout]    --> /opt/rustwide/cargo-home/registry/src/index.crates.io-6f17d22bba15001f/swc_macros_common-0.3.9/src/lib.rs:22:8
[INFO] [stdout]     |
[INFO] [stdout] 22  | pub fn def_site() -> Span {
[INFO] [stdout]     |        ^^^^^^^^
[INFO] [stdout] 
[INFO] [stdout] 
[INFO] [stdout] error[E0308]: mismatched types
[INFO] [stdout]    --> src/lib.rs:266:37
[INFO] [stdout]     |
[INFO] [stdout] 266 |                         dot2_token: def_site(),
[INFO] [stdout]     |                                     ^^^^^^^^^^ expected `DotDot`, found `Span`
[INFO] [stdout] 
[INFO] [stdout] 
[INFO] [stdout] error[E0308]: mismatched types
[INFO] [stdout]    --> src/lib.rs:280:32
[INFO] [stdout]     |
[INFO] [stdout] 280 |                     and_token: def_site(),
[INFO] [stdout]     |                                ^^^^^^^^^^ expected `And`, found `Span`
[INFO] [stdout] 
[INFO] [stdout] 
[INFO] [stdout] error[E0308]: mismatched types
[INFO] [stdout]    --> src/lib.rs:286:34
[INFO] [stdout]     |
[INFO] [stdout] 286 |                 fat_arrow_token: def_site(),
[INFO] [stdout]     |                                  ^^^^^^^^^^ expected `FatArrow`, found `Span`
[INFO] [stdout] 
[INFO] [stdout] 
[INFO] [stdout] error[E0308]: mismatched types
[INFO] [stdout]    --> src/lib.rs:287:29
[INFO] [stdout]     |
[INFO] [stdout] 287 |                 comma: Some(def_site()),
[INFO] [stdout]     |                        ---- ^^^^^^^^^^ expected `Comma`, found `Span`
[INFO] [stdout]     |                        |
[INFO] [stdout]     |                        arguments to this enum variant are incorrect
[INFO] [stdout]     |
[INFO] [stdout] help: the type constructed contains `proc_macro2::Span` due to the type of the argument passed
[INFO] [stdout]    --> src/lib.rs:287:24
[INFO] [stdout]     |
[INFO] [stdout] 287 |                 comma: Some(def_site()),
[INFO] [stdout]     |                        ^^^^^----------^
[INFO] [stdout]     |                             |
[INFO] [stdout]     |                             this argument influences the type of `Some`
[INFO] [stdout] note: tuple variant defined here
[INFO] [stdout]    --> /rustc/82e1608dfa6e0b5569232559e3d385fea5a93112/library/core/src/option.rs:577:5
[INFO] [stdout] 
[INFO] [stdout] 
[INFO] [stdout] error[E0308]: mismatched types
[INFO] [stdout]    --> src/lib.rs:294:22
[INFO] [stdout]     |
[INFO] [stdout] 294 |         match_token: def_site(),
[INFO] [stdout]     |                      ^^^^^^^^^^ expected `Match`, found `Span`
[INFO] [stdout]     |
[INFO] [stdout] help: try wrapping the expression in `syn::token::Match`
[INFO] [stdout]     |
[INFO] [stdout] 294 |         match_token: syn::token::Match { span: def_site() },
[INFO] [stdout]     |                      +++++++++++++++++++++++++            +
[INFO] [stdout] 
[INFO] [stdout] 
[INFO] [stdout] error[E0308]: mismatched types
[INFO] [stdout]    --> src/lib.rs:295:22
[INFO] [stdout]     |
[INFO] [stdout] 295 |         brace_token: def_site(),
[INFO] [stdout]     |                      ^^^^^^^^^^ expected `Brace`, found `Span`
[INFO] [stdout] 
[INFO] [stdout] 
[INFO] [stdout] error[E0107]: function takes 0 generic arguments but 1 generic argument was supplied
[INFO] [stdout]    --> src/lib.rs:297:24
[INFO] [stdout]     |
[INFO] [stdout] 297 |             Quote::new(def_site::<Span>())
[INFO] [stdout]     |                        ^^^^^^^^-------- help: remove these generics
[INFO] [stdout]     |                        |
[INFO] [stdout]     |                        expected 0 generic arguments
[INFO] [stdout]     |
[INFO] [stdout] note: function defined here, with 0 generic parameters
[INFO] [stdout]    --> /opt/rustwide/cargo-home/registry/src/index.crates.io-6f17d22bba15001f/swc_macros_common-0.3.9/src/lib.rs:22:8
[INFO] [stdout]     |
[INFO] [stdout] 22  | pub fn def_site() -> Span {
[INFO] [stdout]     |        ^^^^^^^^
[INFO] [stdout] 
[INFO] [stdout] 
[INFO] [stdout] error[E0107]: function takes 0 generic arguments but 1 generic argument was supplied
[INFO] [stdout]    --> src/lib.rs:304:16
[INFO] [stdout]     |
[INFO] [stdout] 304 |     Quote::new(def_site::<Span>())
[INFO] [stdout]     |                ^^^^^^^^-------- help: remove these generics
[INFO] [stdout]     |                |
[INFO] [stdout]     |                expected 0 generic arguments
[INFO] [stdout]     |
[INFO] [stdout] note: function defined here, with 0 generic parameters
[INFO] [stdout]    --> /opt/rustwide/cargo-home/registry/src/index.crates.io-6f17d22bba15001f/swc_macros_common-0.3.9/src/lib.rs:22:8
[INFO] [stdout]     |
[INFO] [stdout] 22  | pub fn def_site() -> Span {
[INFO] [stdout]     |        ^^^^^^^^
[INFO] [stdout] 
[INFO] [stdout] 
[INFO] [stdout] error: aborting due to 15 previous errors
[INFO] [stdout] 
[INFO] [stdout] 
[INFO] [stdout] Some errors have detailed explanations: E0107, E0308.
[INFO] [stdout] 
[INFO] [stdout] For more information about an error, try `rustc --explain E0107`.
[INFO] [stdout] 
[INFO] [stderr] error: could not compile `string_enum` (lib) due to 16 previous errors
[INFO] running `Command { std: "docker" "inspect" "845e52616df3da780c582fbb40eb095c3495b38cdc1c026762240f27271dc8cc", kill_on_drop: false }`
[INFO] running `Command { std: "docker" "rm" "-f" "845e52616df3da780c582fbb40eb095c3495b38cdc1c026762240f27271dc8cc", kill_on_drop: false }`
[INFO] [stdout] 845e52616df3da780c582fbb40eb095c3495b38cdc1c026762240f27271dc8cc
[INFO] testing string_enum-0.4.1 against beta-2023-12-22 for beta-1.76-1
[INFO] extracting crate string_enum 0.4.1 into /workspace/builds/worker-2-tc2/source
[INFO] validating manifest of crates.io crate string_enum 0.4.1 on toolchain beta-2023-12-22
[INFO] running `Command { std: CARGO_HOME="/workspace/cargo-home" RUSTUP_HOME="/workspace/rustup-home" "/workspace/cargo-home/bin/cargo" "+beta-2023-12-22" "metadata" "--manifest-path" "Cargo.toml" "--no-deps", kill_on_drop: false }`
[INFO] started tweaking crates.io crate string_enum 0.4.1
[INFO] finished tweaking crates.io crate string_enum 0.4.1
[INFO] tweaked toml for crates.io crate string_enum 0.4.1 written to /workspace/builds/worker-2-tc2/source/Cargo.toml
[INFO] running `Command { std: CARGO_HOME="/workspace/cargo-home" RUSTUP_HOME="/workspace/rustup-home" "/workspace/cargo-home/bin/cargo" "+beta-2023-12-22" "generate-lockfile" "--manifest-path" "Cargo.toml", kill_on_drop: false }`
[INFO] [stderr]     Updating crates.io index
[INFO] running `Command { std: CARGO_HOME="/workspace/cargo-home" RUSTUP_HOME="/workspace/rustup-home" "/workspace/cargo-home/bin/cargo" "+beta-2023-12-22" "fetch" "--manifest-path" "Cargo.toml", kill_on_drop: false }`
[INFO] running `Command { std: "docker" "create" "-v" "/var/lib/crater-agent-workspace/builds/worker-2-tc2/target:/opt/rustwide/target:rw,Z" "-v" "/var/lib/crater-agent-workspace/builds/worker-2-tc2/source:/opt/rustwide/workdir:ro,Z" "-v" "/var/lib/crater-agent-workspace/cargo-home:/opt/rustwide/cargo-home:ro,Z" "-v" "/var/lib/crater-agent-workspace/rustup-home:/opt/rustwide/rustup-home:ro,Z" "-e" "SOURCE_DIR=/opt/rustwide/workdir" "-e" "CARGO_TARGET_DIR=/opt/rustwide/target" "-e" "CARGO_HOME=/opt/rustwide/cargo-home" "-e" "RUSTUP_HOME=/opt/rustwide/rustup-home" "-w" "/opt/rustwide/workdir" "-m" "1610612736" "--user" "0:0" "--network" "none" "ghcr.io/rust-lang/crates-build-env/linux@sha256:2788e3201cd34a07e3172128adcd8b3090168a8e3bcc40d7c032b9dda1df7d1c" "/opt/rustwide/cargo-home/bin/cargo" "+beta-2023-12-22" "metadata" "--no-deps" "--format-version=1", kill_on_drop: false }`
[INFO] [stdout] 2fa7fcd40ee87e910bbb9c91391ecc42b4a64fb691ef774e33b9704b7cd7fd59
[INFO] running `Command { std: "docker" "start" "-a" "2fa7fcd40ee87e910bbb9c91391ecc42b4a64fb691ef774e33b9704b7cd7fd59", kill_on_drop: false }`
[INFO] running `Command { std: "docker" "inspect" "2fa7fcd40ee87e910bbb9c91391ecc42b4a64fb691ef774e33b9704b7cd7fd59", kill_on_drop: false }`
[INFO] running `Command { std: "docker" "rm" "-f" "2fa7fcd40ee87e910bbb9c91391ecc42b4a64fb691ef774e33b9704b7cd7fd59", kill_on_drop: false }`
[INFO] [stdout] 2fa7fcd40ee87e910bbb9c91391ecc42b4a64fb691ef774e33b9704b7cd7fd59
[INFO] running `Command { std: "docker" "create" "-v" "/var/lib/crater-agent-workspace/builds/worker-2-tc2/target:/opt/rustwide/target:rw,Z" "-v" "/var/lib/crater-agent-workspace/builds/worker-2-tc2/source:/opt/rustwide/workdir:ro,Z" "-v" "/var/lib/crater-agent-workspace/cargo-home:/opt/rustwide/cargo-home:ro,Z" "-v" "/var/lib/crater-agent-workspace/rustup-home:/opt/rustwide/rustup-home:ro,Z" "-e" "SOURCE_DIR=/opt/rustwide/workdir" "-e" "CARGO_TARGET_DIR=/opt/rustwide/target" "-e" "CARGO_INCREMENTAL=0" "-e" "RUST_BACKTRACE=full" "-e" "RUSTFLAGS=--cap-lints=warn" "-e" "RUSTDOCFLAGS=--cap-lints=warn" "-e" "CARGO_HOME=/opt/rustwide/cargo-home" "-e" "RUSTUP_HOME=/opt/rustwide/rustup-home" "-w" "/opt/rustwide/workdir" "-m" "1610612736" "--user" "0:0" "--network" "none" "ghcr.io/rust-lang/crates-build-env/linux@sha256:2788e3201cd34a07e3172128adcd8b3090168a8e3bcc40d7c032b9dda1df7d1c" "/opt/rustwide/cargo-home/bin/cargo" "+beta-2023-12-22" "build" "--frozen" "--message-format=json", kill_on_drop: false }`
[INFO] [stdout] c47d0e4ee5147b3af0507458557ddca2d2114c2a38d38ee6d068cb3fdfbda0dc
[INFO] running `Command { std: "docker" "start" "-a" "c47d0e4ee5147b3af0507458557ddca2d2114c2a38d38ee6d068cb3fdfbda0dc", kill_on_drop: false }`
[INFO] [stderr]    Compiling syn v2.0.48
[INFO] [stderr]    Compiling swc_macros_common v0.3.9
[INFO] [stderr]    Compiling pmutil v0.6.1
[INFO] [stderr]    Compiling string_enum v0.4.1 (/opt/rustwide/workdir)
[INFO] [stdout] error[E0107]: function takes 0 generic arguments but 1 generic argument was supplied
[INFO] [stdout]   --> src/lib.rs:89:16
[INFO] [stdout]    |
[INFO] [stdout] 89 |     Quote::new(def_site::<Span>())
[INFO] [stdout]    |                ^^^^^^^^-------- help: remove these generics
[INFO] [stdout]    |                |
[INFO] [stdout]    |                expected 0 generic arguments
[INFO] [stdout]    |
[INFO] [stdout] note: function defined here, with 0 generic parameters
[INFO] [stdout]   --> /opt/rustwide/cargo-home/registry/src/index.crates.io-6f17d22bba15001f/swc_macros_common-0.3.9/src/lib.rs:22:8
[INFO] [stdout]    |
[INFO] [stdout] 22 | pub fn def_site() -> Span {
[INFO] [stdout]    |        ^^^^^^^^
[INFO] [stdout] 
[INFO] [stdout] 
[INFO] [stdout] error[E0107]: function takes 0 generic arguments but 1 generic argument was supplied
[INFO] [stdout]    --> src/lib.rs:174:32
[INFO] [stdout]     |
[INFO] [stdout] 174 |                     Quote::new(def_site::<Span>())
[INFO] [stdout]     |                                ^^^^^^^^-------- help: remove these generics
[INFO] [stdout]     |                                |
[INFO] [stdout]     |                                expected 0 generic arguments
[INFO] [stdout]     |
[INFO] [stdout] note: function defined here, with 0 generic parameters
[INFO] [stdout]    --> /opt/rustwide/cargo-home/registry/src/index.crates.io-6f17d22bba15001f/swc_macros_common-0.3.9/src/lib.rs:22:8
[INFO] [stdout]     |
[INFO] [stdout] 22  | pub fn def_site() -> Span {
[INFO] [stdout]     |        ^^^^^^^^
[INFO] [stdout] 
[INFO] [stdout] 
[INFO] [stdout] error[E0308]: mismatched types
[INFO] [stdout]    --> src/lib.rs:191:34
[INFO] [stdout]     |
[INFO] [stdout] 191 |                 fat_arrow_token: def_site(),
[INFO] [stdout]     |                                  ^^^^^^^^^^ expected `FatArrow`, found `Span`
[INFO] [stdout] 
[INFO] [stdout] 
[INFO] [stdout] error[E0308]: mismatched types
[INFO] [stdout]    --> src/lib.rs:192:29
[INFO] [stdout]     |
[INFO] [stdout] 192 |                 comma: Some(def_site()),
[INFO] [stdout]     |                        ---- ^^^^^^^^^^ expected `Comma`, found `Span`
[INFO] [stdout]     |                        |
[INFO] [stdout]     |                        arguments to this enum variant are incorrect
[INFO] [stdout]     |
[INFO] [stdout] help: the type constructed contains `proc_macro2::Span` due to the type of the argument passed
[INFO] [stdout]    --> src/lib.rs:192:24
[INFO] [stdout]     |
[INFO] [stdout] 192 |                 comma: Some(def_site()),
[INFO] [stdout]     |                        ^^^^^----------^
[INFO] [stdout]     |                             |
[INFO] [stdout]     |                             this argument influences the type of `Some`
[INFO] [stdout] note: tuple variant defined here
[INFO] [stdout]    --> /rustc/0e09125c6c3c2fd70d7de961bcf0e51575235fad/library/core/src/option.rs:578:5
[INFO] [stdout] 
[INFO] [stdout] 
[INFO] [stdout] error[E0308]: mismatched types
[INFO] [stdout]    --> src/lib.rs:206:22
[INFO] [stdout]     |
[INFO] [stdout] 206 |         match_token: def_site(),
[INFO] [stdout]     |                      ^^^^^^^^^^ expected `Match`, found `Span`
[INFO] [stdout]     |
[INFO] [stdout] help: try wrapping the expression in `syn::token::Match`
[INFO] [stdout]     |
[INFO] [stdout] 206 |         match_token: syn::token::Match { span: def_site() },
[INFO] [stdout]     |                      +++++++++++++++++++++++++            +
[INFO] [stdout] 
[INFO] [stdout] 
[INFO] [stdout] error[E0308]: mismatched types
[INFO] [stdout]    --> src/lib.rs:207:22
[INFO] [stdout]     |
[INFO] [stdout] 207 |         brace_token: def_site(),
[INFO] [stdout]     |                      ^^^^^^^^^^ expected `Brace`, found `Span`
[INFO] [stdout] 
[INFO] [stdout] 
[INFO] [stdout] error[E0107]: function takes 0 generic arguments but 1 generic argument was supplied
[INFO] [stdout]    --> src/lib.rs:247:28
[INFO] [stdout]     |
[INFO] [stdout] 247 |                 Quote::new(def_site::<Span>())
[INFO] [stdout]     |                            ^^^^^^^^-------- help: remove these generics
[INFO] [stdout]     |                            |
[INFO] [stdout]     |                            expected 0 generic arguments
[INFO] [stdout]     |
[INFO] [stdout] note: function defined here, with 0 generic parameters
[INFO] [stdout]    --> /opt/rustwide/cargo-home/registry/src/index.crates.io-6f17d22bba15001f/swc_macros_common-0.3.9/src/lib.rs:22:8
[INFO] [stdout]     |
[INFO] [stdout] 22  | pub fn def_site() -> Span {
[INFO] [stdout]     |        ^^^^^^^^
[INFO] [stdout] 
[INFO] [stdout] 
[INFO] [stdout] error[E0308]: mismatched types
[INFO] [stdout]    --> src/lib.rs:266:37
[INFO] [stdout]     |
[INFO] [stdout] 266 |                         dot2_token: def_site(),
[INFO] [stdout]     |                                     ^^^^^^^^^^ expected `DotDot`, found `Span`
[INFO] [stdout] 
[INFO] [stdout] 
[INFO] [stdout] error[E0308]: mismatched types
[INFO] [stdout]    --> src/lib.rs:280:32
[INFO] [stdout]     |
[INFO] [stdout] 280 |                     and_token: def_site(),
[INFO] [stdout]     |                                ^^^^^^^^^^ expected `And`, found `Span`
[INFO] [stdout] 
[INFO] [stdout] 
[INFO] [stdout] error[E0308]: mismatched types
[INFO] [stdout]    --> src/lib.rs:286:34
[INFO] [stdout]     |
[INFO] [stdout] 286 |                 fat_arrow_token: def_site(),
[INFO] [stdout]     |                                  ^^^^^^^^^^ expected `FatArrow`, found `Span`
[INFO] [stdout] 
[INFO] [stdout] 
[INFO] [stdout] error[E0308]: mismatched types
[INFO] [stdout]    --> src/lib.rs:287:29
[INFO] [stdout]     |
[INFO] [stdout] 287 |                 comma: Some(def_site()),
[INFO] [stdout]     |                        ---- ^^^^^^^^^^ expected `Comma`, found `Span`
[INFO] [stdout]     |                        |
[INFO] [stdout]     |                        arguments to this enum variant are incorrect
[INFO] [stdout]     |
[INFO] [stdout] help: the type constructed contains `proc_macro2::Span` due to the type of the argument passed
[INFO] [stdout]    --> src/lib.rs:287:24
[INFO] [stdout]     |
[INFO] [stdout] 287 |                 comma: Some(def_site()),
[INFO] [stdout]     |                        ^^^^^----------^
[INFO] [stdout]     |                             |
[INFO] [stdout]     |                             this argument influences the type of `Some`
[INFO] [stdout] note: tuple variant defined here
[INFO] [stdout]    --> /rustc/0e09125c6c3c2fd70d7de961bcf0e51575235fad/library/core/src/option.rs:578:5
[INFO] [stdout] 
[INFO] [stdout] 
[INFO] [stdout] error[E0308]: mismatched types
[INFO] [stdout]    --> src/lib.rs:294:22
[INFO] [stdout]     |
[INFO] [stdout] 294 |         match_token: def_site(),
[INFO] [stdout]     |                      ^^^^^^^^^^ expected `Match`, found `Span`
[INFO] [stdout]     |
[INFO] [stdout] help: try wrapping the expression in `syn::token::Match`
[INFO] [stdout]     |
[INFO] [stdout] 294 |         match_token: syn::token::Match { span: def_site() },
[INFO] [stdout]     |                      +++++++++++++++++++++++++            +
[INFO] [stdout] 
[INFO] [stdout] 
[INFO] [stdout] error[E0308]: mismatched types
[INFO] [stdout]    --> src/lib.rs:295:22
[INFO] [stdout]     |
[INFO] [stdout] 295 |         brace_token: def_site(),
[INFO] [stdout]     |                      ^^^^^^^^^^ expected `Brace`, found `Span`
[INFO] [stdout] 
[INFO] [stdout] 
[INFO] [stdout] error[E0107]: function takes 0 generic arguments but 1 generic argument was supplied
[INFO] [stdout]    --> src/lib.rs:297:24
[INFO] [stdout]     |
[INFO] [stdout] 297 |             Quote::new(def_site::<Span>())
[INFO] [stdout]     |                        ^^^^^^^^-------- help: remove these generics
[INFO] [stdout]     |                        |
[INFO] [stdout]     |                        expected 0 generic arguments
[INFO] [stdout]     |
[INFO] [stdout] note: function defined here, with 0 generic parameters
[INFO] [stdout]    --> /opt/rustwide/cargo-home/registry/src/index.crates.io-6f17d22bba15001f/swc_macros_common-0.3.9/src/lib.rs:22:8
[INFO] [stdout]     |
[INFO] [stdout] 22  | pub fn def_site() -> Span {
[INFO] [stdout]     |        ^^^^^^^^
[INFO] [stdout] 
[INFO] [stdout] 
[INFO] [stdout] error[E0107]: function takes 0 generic arguments but 1 generic argument was supplied
[INFO] [stdout]    --> src/lib.rs:304:16
[INFO] [stdout]     |
[INFO] [stdout] 304 |     Quote::new(def_site::<Span>())
[INFO] [stdout]     |                ^^^^^^^^-------- help: remove these generics
[INFO] [stdout]     |                |
[INFO] [stdout]     |                expected 0 generic arguments
[INFO] [stdout]     |
[INFO] [stdout] note: function defined here, with 0 generic parameters
[INFO] [stdout]    --> /opt/rustwide/cargo-home/registry/src/index.crates.io-6f17d22bba15001f/swc_macros_common-0.3.9/src/lib.rs:22:8
[INFO] [stdout]     |
[INFO] [stdout] 22  | pub fn def_site() -> Span {
[INFO] [stdout]     |        ^^^^^^^^
[INFO] [stdout] 
[INFO] [stdout] 
[INFO] [stdout] error: aborting due to 15 previous errors
[INFO] [stdout] 
[INFO] [stdout] 
[INFO] [stderr] error: could not compile `string_enum` (lib) due to 16 previous errors
[INFO] [stdout] Some errors have detailed explanations: E0107, E0308.
[INFO] [stdout] 
[INFO] [stdout] For more information about an error, try `rustc --explain E0107`.
[INFO] [stdout] 
[INFO] running `Command { std: "docker" "inspect" "c47d0e4ee5147b3af0507458557ddca2d2114c2a38d38ee6d068cb3fdfbda0dc", kill_on_drop: false }`
[INFO] running `Command { std: "docker" "rm" "-f" "c47d0e4ee5147b3af0507458557ddca2d2114c2a38d38ee6d068cb3fdfbda0dc", kill_on_drop: false }`
[INFO] [stdout] c47d0e4ee5147b3af0507458557ddca2d2114c2a38d38ee6d068cb3fdfbda0dc
