[INFO] fetching crate stepflow-session 0.0.7...
[INFO] testing stepflow-session-0.0.7 against 1.75.0 for beta-1.76-1
[INFO] extracting crate stepflow-session 0.0.7 into /workspace/builds/worker-5-tc1/source
[INFO] validating manifest of crates.io crate stepflow-session 0.0.7 on toolchain 1.75.0
[INFO] running `Command { std: CARGO_HOME="/workspace/cargo-home" RUSTUP_HOME="/workspace/rustup-home" "/workspace/cargo-home/bin/cargo" "+1.75.0" "metadata" "--manifest-path" "Cargo.toml" "--no-deps", kill_on_drop: false }`
[INFO] started tweaking crates.io crate stepflow-session 0.0.7
[INFO] finished tweaking crates.io crate stepflow-session 0.0.7
[INFO] tweaked toml for crates.io crate stepflow-session 0.0.7 written to /workspace/builds/worker-5-tc1/source/Cargo.toml
[INFO] running `Command { std: CARGO_HOME="/workspace/cargo-home" RUSTUP_HOME="/workspace/rustup-home" "/workspace/cargo-home/bin/cargo" "+1.75.0" "generate-lockfile" "--manifest-path" "Cargo.toml", kill_on_drop: false }`
[INFO] [stderr]     Updating crates.io index
[INFO] running `Command { std: CARGO_HOME="/workspace/cargo-home" RUSTUP_HOME="/workspace/rustup-home" "/workspace/cargo-home/bin/cargo" "+1.75.0" "fetch" "--manifest-path" "Cargo.toml", kill_on_drop: false }`
[INFO] [stderr]  Downloading crates ...
[INFO] [stderr]   Downloaded urlencoding v1.3.3
[INFO] [stderr]   Downloaded stepflow-base v0.0.5
[INFO] [stderr]   Downloaded stepflow-data v0.0.5
[INFO] [stderr]   Downloaded stepflow-step v0.0.5
[INFO] [stderr]   Downloaded stepflow-action v0.0.6
[INFO] [stderr]   Downloaded stepflow-test-util v0.0.1
[INFO] running `Command { std: "docker" "create" "-v" "/var/lib/crater-agent-workspace/builds/worker-5-tc1/target:/opt/rustwide/target:rw,Z" "-v" "/var/lib/crater-agent-workspace/builds/worker-5-tc1/source:/opt/rustwide/workdir:ro,Z" "-v" "/var/lib/crater-agent-workspace/cargo-home:/opt/rustwide/cargo-home:ro,Z" "-v" "/var/lib/crater-agent-workspace/rustup-home:/opt/rustwide/rustup-home:ro,Z" "-e" "SOURCE_DIR=/opt/rustwide/workdir" "-e" "CARGO_TARGET_DIR=/opt/rustwide/target" "-e" "CARGO_HOME=/opt/rustwide/cargo-home" "-e" "RUSTUP_HOME=/opt/rustwide/rustup-home" "-w" "/opt/rustwide/workdir" "-m" "1610612736" "--user" "0:0" "--network" "none" "ghcr.io/rust-lang/crates-build-env/linux@sha256:2788e3201cd34a07e3172128adcd8b3090168a8e3bcc40d7c032b9dda1df7d1c" "/opt/rustwide/cargo-home/bin/cargo" "+1.75.0" "metadata" "--no-deps" "--format-version=1", kill_on_drop: false }`
[INFO] [stdout] 2b5e07e872c3dda7f7770b3b03b2d98fea9dbe0ff1af2e46a735bb52a0d8cf81
[INFO] running `Command { std: "docker" "start" "-a" "2b5e07e872c3dda7f7770b3b03b2d98fea9dbe0ff1af2e46a735bb52a0d8cf81", kill_on_drop: false }`
[INFO] running `Command { std: "docker" "inspect" "2b5e07e872c3dda7f7770b3b03b2d98fea9dbe0ff1af2e46a735bb52a0d8cf81", kill_on_drop: false }`
[INFO] running `Command { std: "docker" "rm" "-f" "2b5e07e872c3dda7f7770b3b03b2d98fea9dbe0ff1af2e46a735bb52a0d8cf81", kill_on_drop: false }`
[INFO] [stdout] 2b5e07e872c3dda7f7770b3b03b2d98fea9dbe0ff1af2e46a735bb52a0d8cf81
[INFO] running `Command { std: "docker" "create" "-v" "/var/lib/crater-agent-workspace/builds/worker-5-tc1/target:/opt/rustwide/target:rw,Z" "-v" "/var/lib/crater-agent-workspace/builds/worker-5-tc1/source:/opt/rustwide/workdir:ro,Z" "-v" "/var/lib/crater-agent-workspace/cargo-home:/opt/rustwide/cargo-home:ro,Z" "-v" "/var/lib/crater-agent-workspace/rustup-home:/opt/rustwide/rustup-home:ro,Z" "-e" "SOURCE_DIR=/opt/rustwide/workdir" "-e" "CARGO_TARGET_DIR=/opt/rustwide/target" "-e" "CARGO_INCREMENTAL=0" "-e" "RUST_BACKTRACE=full" "-e" "RUSTFLAGS=--cap-lints=warn" "-e" "RUSTDOCFLAGS=--cap-lints=warn" "-e" "CARGO_HOME=/opt/rustwide/cargo-home" "-e" "RUSTUP_HOME=/opt/rustwide/rustup-home" "-w" "/opt/rustwide/workdir" "-m" "1610612736" "--user" "0:0" "--network" "none" "ghcr.io/rust-lang/crates-build-env/linux@sha256:2788e3201cd34a07e3172128adcd8b3090168a8e3bcc40d7c032b9dda1df7d1c" "/opt/rustwide/cargo-home/bin/cargo" "+1.75.0" "build" "--frozen" "--message-format=json", kill_on_drop: false }`
[INFO] [stdout] 579856b1a695b0cf65697b0589eb37a607f8d3d330d92449925570f230821ef4
[INFO] running `Command { std: "docker" "start" "-a" "579856b1a695b0cf65697b0589eb37a607f8d3d330d92449925570f230821ef4", kill_on_drop: false }`
[INFO] [stderr]    Compiling stepflow-base v0.0.5
[INFO] [stderr]    Compiling htmlescape v0.3.1
[INFO] [stderr]    Compiling urlencoding v1.3.3
[INFO] [stderr]    Compiling stepflow-data v0.0.5
[INFO] [stderr]    Compiling stepflow-step v0.0.5
[INFO] [stderr]    Compiling stepflow-action v0.0.6
[INFO] [stderr]    Compiling stepflow-session v0.0.7 (/opt/rustwide/workdir)
[INFO] [stderr]     Finished dev [unoptimized + debuginfo] target(s) in 0.53s
[INFO] running `Command { std: "docker" "inspect" "579856b1a695b0cf65697b0589eb37a607f8d3d330d92449925570f230821ef4", kill_on_drop: false }`
[INFO] running `Command { std: "docker" "rm" "-f" "579856b1a695b0cf65697b0589eb37a607f8d3d330d92449925570f230821ef4", kill_on_drop: false }`
[INFO] [stdout] 579856b1a695b0cf65697b0589eb37a607f8d3d330d92449925570f230821ef4
[INFO] running `Command { std: "docker" "create" "-v" "/var/lib/crater-agent-workspace/builds/worker-5-tc1/target:/opt/rustwide/target:rw,Z" "-v" "/var/lib/crater-agent-workspace/builds/worker-5-tc1/source:/opt/rustwide/workdir:ro,Z" "-v" "/var/lib/crater-agent-workspace/cargo-home:/opt/rustwide/cargo-home:ro,Z" "-v" "/var/lib/crater-agent-workspace/rustup-home:/opt/rustwide/rustup-home:ro,Z" "-e" "SOURCE_DIR=/opt/rustwide/workdir" "-e" "CARGO_TARGET_DIR=/opt/rustwide/target" "-e" "CARGO_INCREMENTAL=0" "-e" "RUST_BACKTRACE=full" "-e" "RUSTFLAGS=--cap-lints=warn" "-e" "RUSTDOCFLAGS=--cap-lints=warn" "-e" "CARGO_HOME=/opt/rustwide/cargo-home" "-e" "RUSTUP_HOME=/opt/rustwide/rustup-home" "-w" "/opt/rustwide/workdir" "-m" "1610612736" "--user" "0:0" "--network" "none" "ghcr.io/rust-lang/crates-build-env/linux@sha256:2788e3201cd34a07e3172128adcd8b3090168a8e3bcc40d7c032b9dda1df7d1c" "/opt/rustwide/cargo-home/bin/cargo" "+1.75.0" "test" "--frozen" "--no-run" "--message-format=json", kill_on_drop: false }`
[INFO] [stdout] b985445ddfa1af3ba04a9d10ec2e6f43cf5ff66b4091b0ef1bdea390d2702c87
[INFO] running `Command { std: "docker" "start" "-a" "b985445ddfa1af3ba04a9d10ec2e6f43cf5ff66b4091b0ef1bdea390d2702c87", kill_on_drop: false }`
[INFO] [stderr]    Compiling stepflow-test-util v0.0.1
[INFO] [stderr]    Compiling stepflow-session v0.0.7 (/opt/rustwide/workdir)
[INFO] [stdout] error[E0308]: mismatched types
[INFO] [stdout]    --> src/session.rs:331:36
[INFO] [stdout]     |
[INFO] [stdout] 331 |     let mut session = Session::new(stepflow_test_util::test_id!(SessionId));
[INFO] [stdout]     |                                    ^^^^^^^^^^^^^^^^^^^^^^^^^^^^^^^^^^^^^^^
[INFO] [stdout]     |                                    |
[INFO] [stdout]     |                                    expected `u16`, found `u32`
[INFO] [stdout]     |                                    arguments to this function are incorrect
[INFO] [stdout]     |
[INFO] [stdout] note: associated function defined here
[INFO] [stdout]    --> src/session.rs:9:1
[INFO] [stdout]     |
[INFO] [stdout] 9   | generate_id_type!(SessionId);
[INFO] [stdout]     | ^^^^^^^^^^^^^^^^^^^^^^^^^^^^
[INFO] [stdout]     = note: this error originates in the macro `stepflow_test_util::test_id` which comes from the expansion of the macro `generate_id_type` (in Nightly builds, run with -Z macro-backtrace for more info)
[INFO] [stdout] 
[INFO] [stdout] 
[INFO] [stdout] error[E0308]: mismatched types
[INFO] [stdout]    --> src/session.rs:339:18
[INFO] [stdout]     |
[INFO] [stdout] 339 |     let var_id = stepflow_test_util::test_id!(VarId);
[INFO] [stdout]     |                  ^^^^^^^^^^^^^^^^^^^^^^^^^^^^^^^^^^^
[INFO] [stdout]     |                  |
[INFO] [stdout]     |                  expected `u16`, found `u32`
[INFO] [stdout]     |                  arguments to this function are incorrect
[INFO] [stdout]     |
[INFO] [stdout] note: associated function defined here
[INFO] [stdout]    --> /opt/rustwide/cargo-home/registry/src/index.crates.io-6f17d22bba15001f/stepflow-data-0.0.5/src/var.rs:9:1
[INFO] [stdout]     |
[INFO] [stdout] 9   | generate_id_type!(VarId);
[INFO] [stdout]     | ^^^^^^^^^^^^^^^^^^^^^^^^
[INFO] [stdout]     = note: this error originates in the macro `stepflow_test_util::test_id` which comes from the expansion of the macro `generate_id_type` (in Nightly builds, run with -Z macro-backtrace for more info)
[INFO] [stdout] 
[INFO] [stdout] 
[INFO] [stdout] error[E0308]: mismatched types
[INFO] [stdout]    --> src/session.rs:413:36
[INFO] [stdout]     |
[INFO] [stdout] 413 |     let mut session = Session::new(test_id!(SessionId));
[INFO] [stdout]     |                                    ^^^^^^^^^^^^^^^^^^^
[INFO] [stdout]     |                                    |
[INFO] [stdout]     |                                    expected `u16`, found `u32`
[INFO] [stdout]     |                                    arguments to this function are incorrect
[INFO] [stdout]     |
[INFO] [stdout] note: associated function defined here
[INFO] [stdout]    --> src/session.rs:9:1
[INFO] [stdout]     |
[INFO] [stdout] 9   | generate_id_type!(SessionId);
[INFO] [stdout]     | ^^^^^^^^^^^^^^^^^^^^^^^^^^^^
[INFO] [stdout]     = note: this error originates in the macro `test_id` which comes from the expansion of the macro `generate_id_type` (in Nightly builds, run with -Z macro-backtrace for more info)
[INFO] [stdout] 
[INFO] [stdout] 
[INFO] [stdout] error[E0308]: mismatched types
[INFO] [stdout]    --> src/session.rs:420:36
[INFO] [stdout]     |
[INFO] [stdout] 420 |     let mut session = Session::new(test_id!(SessionId));
[INFO] [stdout]     |                                    ^^^^^^^^^^^^^^^^^^^
[INFO] [stdout]     |                                    |
[INFO] [stdout]     |                                    expected `u16`, found `u32`
[INFO] [stdout]     |                                    arguments to this function are incorrect
[INFO] [stdout]     |
[INFO] [stdout] note: associated function defined here
[INFO] [stdout]    --> src/session.rs:9:1
[INFO] [stdout]     |
[INFO] [stdout] 9   | generate_id_type!(SessionId);
[INFO] [stdout]     | ^^^^^^^^^^^^^^^^^^^^^^^^^^^^
[INFO] [stdout]     = note: this error originates in the macro `test_id` which comes from the expansion of the macro `generate_id_type` (in Nightly builds, run with -Z macro-backtrace for more info)
[INFO] [stdout] 
[INFO] [stdout] 
[INFO] [stdout] error[E0308]: mismatched types
[INFO] [stdout]    --> src/session.rs:594:21
[INFO] [stdout]     |
[INFO] [stdout] 594 |     let action_id = test_id!(ActionId);
[INFO] [stdout]     |                     ^^^^^^^^^^^^^^^^^^
[INFO] [stdout]     |                     |
[INFO] [stdout]     |                     expected `u16`, found `u32`
[INFO] [stdout]     |                     arguments to this function are incorrect
[INFO] [stdout]     |
[INFO] [stdout] note: associated function defined here
[INFO] [stdout]    --> /opt/rustwide/cargo-home/registry/src/index.crates.io-6f17d22bba15001f/stepflow-action-0.0.6/src/action.rs:15:1
[INFO] [stdout]     |
[INFO] [stdout] 15  | generate_id_type!(ActionId);
[INFO] [stdout]     | ^^^^^^^^^^^^^^^^^^^^^^^^^^^
[INFO] [stdout]     = note: this error originates in the macro `test_id` which comes from the expansion of the macro `generate_id_type` (in Nightly builds, run with -Z macro-backtrace for more info)
[INFO] [stdout] 
[INFO] [stdout] 
[INFO] [stdout] error: aborting due to 5 previous errors
[INFO] [stdout] 
[INFO] [stdout] 
[INFO] [stdout] For more information about this error, try `rustc --explain E0308`.
[INFO] [stdout] 
[INFO] [stderr] error: could not compile `stepflow-session` (lib test) due to 6 previous errors
[INFO] running `Command { std: "docker" "inspect" "b985445ddfa1af3ba04a9d10ec2e6f43cf5ff66b4091b0ef1bdea390d2702c87", kill_on_drop: false }`
[INFO] running `Command { std: "docker" "rm" "-f" "b985445ddfa1af3ba04a9d10ec2e6f43cf5ff66b4091b0ef1bdea390d2702c87", kill_on_drop: false }`
[INFO] [stdout] b985445ddfa1af3ba04a9d10ec2e6f43cf5ff66b4091b0ef1bdea390d2702c87
[INFO] testing stepflow-session-0.0.7 against beta-2023-12-22 for beta-1.76-1
[INFO] extracting crate stepflow-session 0.0.7 into /workspace/builds/worker-5-tc2/source
[INFO] validating manifest of crates.io crate stepflow-session 0.0.7 on toolchain beta-2023-12-22
[INFO] running `Command { std: CARGO_HOME="/workspace/cargo-home" RUSTUP_HOME="/workspace/rustup-home" "/workspace/cargo-home/bin/cargo" "+beta-2023-12-22" "metadata" "--manifest-path" "Cargo.toml" "--no-deps", kill_on_drop: false }`
[INFO] started tweaking crates.io crate stepflow-session 0.0.7
[INFO] finished tweaking crates.io crate stepflow-session 0.0.7
[INFO] tweaked toml for crates.io crate stepflow-session 0.0.7 written to /workspace/builds/worker-5-tc2/source/Cargo.toml
[INFO] running `Command { std: CARGO_HOME="/workspace/cargo-home" RUSTUP_HOME="/workspace/rustup-home" "/workspace/cargo-home/bin/cargo" "+beta-2023-12-22" "generate-lockfile" "--manifest-path" "Cargo.toml", kill_on_drop: false }`
[INFO] [stderr]     Updating crates.io index
[INFO] running `Command { std: CARGO_HOME="/workspace/cargo-home" RUSTUP_HOME="/workspace/rustup-home" "/workspace/cargo-home/bin/cargo" "+beta-2023-12-22" "fetch" "--manifest-path" "Cargo.toml", kill_on_drop: false }`
[INFO] running `Command { std: "docker" "create" "-v" "/var/lib/crater-agent-workspace/builds/worker-5-tc2/target:/opt/rustwide/target:rw,Z" "-v" "/var/lib/crater-agent-workspace/builds/worker-5-tc2/source:/opt/rustwide/workdir:ro,Z" "-v" "/var/lib/crater-agent-workspace/cargo-home:/opt/rustwide/cargo-home:ro,Z" "-v" "/var/lib/crater-agent-workspace/rustup-home:/opt/rustwide/rustup-home:ro,Z" "-e" "SOURCE_DIR=/opt/rustwide/workdir" "-e" "CARGO_TARGET_DIR=/opt/rustwide/target" "-e" "CARGO_HOME=/opt/rustwide/cargo-home" "-e" "RUSTUP_HOME=/opt/rustwide/rustup-home" "-w" "/opt/rustwide/workdir" "-m" "1610612736" "--user" "0:0" "--network" "none" "ghcr.io/rust-lang/crates-build-env/linux@sha256:2788e3201cd34a07e3172128adcd8b3090168a8e3bcc40d7c032b9dda1df7d1c" "/opt/rustwide/cargo-home/bin/cargo" "+beta-2023-12-22" "metadata" "--no-deps" "--format-version=1", kill_on_drop: false }`
[INFO] [stdout] 6ad55c8db2e0597af13fc6790378b75ed959d640d9628083c3f1f0ce6fb96025
[INFO] running `Command { std: "docker" "start" "-a" "6ad55c8db2e0597af13fc6790378b75ed959d640d9628083c3f1f0ce6fb96025", kill_on_drop: false }`
[INFO] running `Command { std: "docker" "inspect" "6ad55c8db2e0597af13fc6790378b75ed959d640d9628083c3f1f0ce6fb96025", kill_on_drop: false }`
[INFO] running `Command { std: "docker" "rm" "-f" "6ad55c8db2e0597af13fc6790378b75ed959d640d9628083c3f1f0ce6fb96025", kill_on_drop: false }`
[INFO] [stdout] 6ad55c8db2e0597af13fc6790378b75ed959d640d9628083c3f1f0ce6fb96025
[INFO] running `Command { std: "docker" "create" "-v" "/var/lib/crater-agent-workspace/builds/worker-5-tc2/target:/opt/rustwide/target:rw,Z" "-v" "/var/lib/crater-agent-workspace/builds/worker-5-tc2/source:/opt/rustwide/workdir:ro,Z" "-v" "/var/lib/crater-agent-workspace/cargo-home:/opt/rustwide/cargo-home:ro,Z" "-v" "/var/lib/crater-agent-workspace/rustup-home:/opt/rustwide/rustup-home:ro,Z" "-e" "SOURCE_DIR=/opt/rustwide/workdir" "-e" "CARGO_TARGET_DIR=/opt/rustwide/target" "-e" "CARGO_INCREMENTAL=0" "-e" "RUST_BACKTRACE=full" "-e" "RUSTFLAGS=--cap-lints=warn" "-e" "RUSTDOCFLAGS=--cap-lints=warn" "-e" "CARGO_HOME=/opt/rustwide/cargo-home" "-e" "RUSTUP_HOME=/opt/rustwide/rustup-home" "-w" "/opt/rustwide/workdir" "-m" "1610612736" "--user" "0:0" "--network" "none" "ghcr.io/rust-lang/crates-build-env/linux@sha256:2788e3201cd34a07e3172128adcd8b3090168a8e3bcc40d7c032b9dda1df7d1c" "/opt/rustwide/cargo-home/bin/cargo" "+beta-2023-12-22" "build" "--frozen" "--message-format=json", kill_on_drop: false }`
[INFO] [stdout] c69cf538c806a0335349ca11c83c5a9ec3eba5bd7de7f2740e791cea64d53c0f
[INFO] running `Command { std: "docker" "start" "-a" "c69cf538c806a0335349ca11c83c5a9ec3eba5bd7de7f2740e791cea64d53c0f", kill_on_drop: false }`
[INFO] [stderr]    Compiling stepflow-base v0.0.5
[INFO] [stderr]    Compiling htmlescape v0.3.1
[INFO] [stderr]    Compiling urlencoding v1.3.3
[INFO] [stderr]    Compiling stepflow-data v0.0.5
[INFO] [stderr]    Compiling stepflow-step v0.0.5
[INFO] [stderr]    Compiling stepflow-action v0.0.6
[INFO] [stderr]    Compiling stepflow-session v0.0.7 (/opt/rustwide/workdir)
[INFO] [stderr]     Finished dev [unoptimized + debuginfo] target(s) in 0.53s
[INFO] running `Command { std: "docker" "inspect" "c69cf538c806a0335349ca11c83c5a9ec3eba5bd7de7f2740e791cea64d53c0f", kill_on_drop: false }`
[INFO] running `Command { std: "docker" "rm" "-f" "c69cf538c806a0335349ca11c83c5a9ec3eba5bd7de7f2740e791cea64d53c0f", kill_on_drop: false }`
[INFO] [stdout] c69cf538c806a0335349ca11c83c5a9ec3eba5bd7de7f2740e791cea64d53c0f
[INFO] running `Command { std: "docker" "create" "-v" "/var/lib/crater-agent-workspace/builds/worker-5-tc2/target:/opt/rustwide/target:rw,Z" "-v" "/var/lib/crater-agent-workspace/builds/worker-5-tc2/source:/opt/rustwide/workdir:ro,Z" "-v" "/var/lib/crater-agent-workspace/cargo-home:/opt/rustwide/cargo-home:ro,Z" "-v" "/var/lib/crater-agent-workspace/rustup-home:/opt/rustwide/rustup-home:ro,Z" "-e" "SOURCE_DIR=/opt/rustwide/workdir" "-e" "CARGO_TARGET_DIR=/opt/rustwide/target" "-e" "CARGO_INCREMENTAL=0" "-e" "RUST_BACKTRACE=full" "-e" "RUSTFLAGS=--cap-lints=warn" "-e" "RUSTDOCFLAGS=--cap-lints=warn" "-e" "CARGO_HOME=/opt/rustwide/cargo-home" "-e" "RUSTUP_HOME=/opt/rustwide/rustup-home" "-w" "/opt/rustwide/workdir" "-m" "1610612736" "--user" "0:0" "--network" "none" "ghcr.io/rust-lang/crates-build-env/linux@sha256:2788e3201cd34a07e3172128adcd8b3090168a8e3bcc40d7c032b9dda1df7d1c" "/opt/rustwide/cargo-home/bin/cargo" "+beta-2023-12-22" "test" "--frozen" "--no-run" "--message-format=json", kill_on_drop: false }`
[INFO] [stdout] d7de02a48d0cb67f456344dccf46acf50c9b7a4a60ea3ca0cdb3a6f5d1026da9
[INFO] running `Command { std: "docker" "start" "-a" "d7de02a48d0cb67f456344dccf46acf50c9b7a4a60ea3ca0cdb3a6f5d1026da9", kill_on_drop: false }`
[INFO] [stderr]    Compiling stepflow-test-util v0.0.1
[INFO] [stderr]    Compiling stepflow-session v0.0.7 (/opt/rustwide/workdir)
[INFO] [stdout] error[E0308]: mismatched types
[INFO] [stdout]    --> src/session.rs:331:36
[INFO] [stdout]     |
[INFO] [stdout] 331 |     let mut session = Session::new(stepflow_test_util::test_id!(SessionId));
[INFO] [stdout]     |                                    ^^^^^^^^^^^^^^^^^^^^^^^^^^^^^^^^^^^^^^^
[INFO] [stdout]     |                                    |
[INFO] [stdout]     |                                    expected `u16`, found `u32`
[INFO] [stdout]     |                                    arguments to this function are incorrect
[INFO] [stdout]     |
[INFO] [stdout] note: associated function defined here
[INFO] [stdout]    --> src/session.rs:9:1
[INFO] [stdout]     |
[INFO] [stdout] 9   | generate_id_type!(SessionId);
[INFO] [stdout]     | ^^^^^^^^^^^^^^^^^^^^^^^^^^^^
[INFO] [stdout]     = note: this error originates in the macro `stepflow_test_util::test_id` which comes from the expansion of the macro `generate_id_type` (in Nightly builds, run with -Z macro-backtrace for more info)
[INFO] [stdout] 
[INFO] [stdout] 
[INFO] [stdout] error[E0308]: mismatched types
[INFO] [stdout]    --> src/session.rs:339:18
[INFO] [stdout]     |
[INFO] [stdout] 339 |     let var_id = stepflow_test_util::test_id!(VarId);
[INFO] [stdout]     |                  ^^^^^^^^^^^^^^^^^^^^^^^^^^^^^^^^^^^
[INFO] [stdout]     |                  |
[INFO] [stdout]     |                  expected `u16`, found `u32`
[INFO] [stdout]     |                  arguments to this function are incorrect
[INFO] [stdout]     |
[INFO] [stdout] note: associated function defined here
[INFO] [stdout]    --> /opt/rustwide/cargo-home/registry/src/index.crates.io-6f17d22bba15001f/stepflow-data-0.0.5/src/var.rs:9:1
[INFO] [stdout]     |
[INFO] [stdout] 9   | generate_id_type!(VarId);
[INFO] [stdout]     | ^^^^^^^^^^^^^^^^^^^^^^^^
[INFO] [stdout]     = note: this error originates in the macro `stepflow_test_util::test_id` which comes from the expansion of the macro `generate_id_type` (in Nightly builds, run with -Z macro-backtrace for more info)
[INFO] [stdout] 
[INFO] [stdout] 
[INFO] [stdout] error[E0308]: mismatched types
[INFO] [stdout]    --> src/session.rs:413:36
[INFO] [stdout]     |
[INFO] [stdout] 413 |     let mut session = Session::new(test_id!(SessionId));
[INFO] [stdout]     |                                    ^^^^^^^^^^^^^^^^^^^
[INFO] [stdout]     |                                    |
[INFO] [stdout]     |                                    expected `u16`, found `u32`
[INFO] [stdout]     |                                    arguments to this function are incorrect
[INFO] [stdout]     |
[INFO] [stdout] note: associated function defined here
[INFO] [stdout]    --> src/session.rs:9:1
[INFO] [stdout]     |
[INFO] [stdout] 9   | generate_id_type!(SessionId);
[INFO] [stdout]     | ^^^^^^^^^^^^^^^^^^^^^^^^^^^^
[INFO] [stdout]     = note: this error originates in the macro `test_id` which comes from the expansion of the macro `generate_id_type` (in Nightly builds, run with -Z macro-backtrace for more info)
[INFO] [stdout] 
[INFO] [stdout] 
[INFO] [stdout] error[E0308]: mismatched types
[INFO] [stdout]    --> src/session.rs:420:36
[INFO] [stdout]     |
[INFO] [stdout] 420 |     let mut session = Session::new(test_id!(SessionId));
[INFO] [stdout]     |                                    ^^^^^^^^^^^^^^^^^^^
[INFO] [stdout]     |                                    |
[INFO] [stdout]     |                                    expected `u16`, found `u32`
[INFO] [stdout]     |                                    arguments to this function are incorrect
[INFO] [stdout]     |
[INFO] [stdout] note: associated function defined here
[INFO] [stdout]    --> src/session.rs:9:1
[INFO] [stdout]     |
[INFO] [stdout] 9   | generate_id_type!(SessionId);
[INFO] [stdout]     | ^^^^^^^^^^^^^^^^^^^^^^^^^^^^
[INFO] [stdout]     = note: this error originates in the macro `test_id` which comes from the expansion of the macro `generate_id_type` (in Nightly builds, run with -Z macro-backtrace for more info)
[INFO] [stdout] 
[INFO] [stdout] 
[INFO] [stdout] error[E0308]: mismatched types
[INFO] [stdout]    --> src/session.rs:594:21
[INFO] [stdout]     |
[INFO] [stdout] 594 |     let action_id = test_id!(ActionId);
[INFO] [stdout]     |                     ^^^^^^^^^^^^^^^^^^
[INFO] [stdout]     |                     |
[INFO] [stdout]     |                     expected `u16`, found `u32`
[INFO] [stdout]     |                     arguments to this function are incorrect
[INFO] [stdout]     |
[INFO] [stdout] note: associated function defined here
[INFO] [stdout]    --> /opt/rustwide/cargo-home/registry/src/index.crates.io-6f17d22bba15001f/stepflow-action-0.0.6/src/action.rs:15:1
[INFO] [stdout]     |
[INFO] [stdout] 15  | generate_id_type!(ActionId);
[INFO] [stdout]     | ^^^^^^^^^^^^^^^^^^^^^^^^^^^
[INFO] [stdout]     = note: this error originates in the macro `test_id` which comes from the expansion of the macro `generate_id_type` (in Nightly builds, run with -Z macro-backtrace for more info)
[INFO] [stdout] 
[INFO] [stdout] 
[INFO] [stdout] error: aborting due to 5 previous errors
[INFO] [stdout] 
[INFO] [stdout] 
[INFO] [stdout] For more information about this error, try `rustc --explain E0308`.
[INFO] [stdout] 
[INFO] [stderr] error: could not compile `stepflow-session` (lib test) due to 6 previous errors
[INFO] running `Command { std: "docker" "inspect" "d7de02a48d0cb67f456344dccf46acf50c9b7a4a60ea3ca0cdb3a6f5d1026da9", kill_on_drop: false }`
[INFO] running `Command { std: "docker" "rm" "-f" "d7de02a48d0cb67f456344dccf46acf50c9b7a4a60ea3ca0cdb3a6f5d1026da9", kill_on_drop: false }`
[INFO] [stdout] d7de02a48d0cb67f456344dccf46acf50c9b7a4a60ea3ca0cdb3a6f5d1026da9
