[INFO] fetching crate stepflow-data 0.0.5...
[INFO] testing stepflow-data-0.0.5 against 1.75.0 for beta-1.76-1
[INFO] extracting crate stepflow-data 0.0.5 into /workspace/builds/worker-2-tc1/source
[INFO] validating manifest of crates.io crate stepflow-data 0.0.5 on toolchain 1.75.0
[INFO] running `Command { std: CARGO_HOME="/workspace/cargo-home" RUSTUP_HOME="/workspace/rustup-home" "/workspace/cargo-home/bin/cargo" "+1.75.0" "metadata" "--manifest-path" "Cargo.toml" "--no-deps", kill_on_drop: false }`
[INFO] started tweaking crates.io crate stepflow-data 0.0.5
[INFO] finished tweaking crates.io crate stepflow-data 0.0.5
[INFO] tweaked toml for crates.io crate stepflow-data 0.0.5 written to /workspace/builds/worker-2-tc1/source/Cargo.toml
[INFO] running `Command { std: CARGO_HOME="/workspace/cargo-home" RUSTUP_HOME="/workspace/rustup-home" "/workspace/cargo-home/bin/cargo" "+1.75.0" "generate-lockfile" "--manifest-path" "Cargo.toml", kill_on_drop: false }`
[INFO] [stderr]     Updating crates.io index
[INFO] running `Command { std: CARGO_HOME="/workspace/cargo-home" RUSTUP_HOME="/workspace/rustup-home" "/workspace/cargo-home/bin/cargo" "+1.75.0" "fetch" "--manifest-path" "Cargo.toml", kill_on_drop: false }`
[INFO] [stderr]  Downloading crates ...
[INFO] [stderr]   Downloaded stepflow-test-util v0.0.1
[INFO] [stderr]   Downloaded stepflow-base v0.0.5
[INFO] running `Command { std: "docker" "create" "-v" "/var/lib/crater-agent-workspace/builds/worker-2-tc1/target:/opt/rustwide/target:rw,Z" "-v" "/var/lib/crater-agent-workspace/builds/worker-2-tc1/source:/opt/rustwide/workdir:ro,Z" "-v" "/var/lib/crater-agent-workspace/cargo-home:/opt/rustwide/cargo-home:ro,Z" "-v" "/var/lib/crater-agent-workspace/rustup-home:/opt/rustwide/rustup-home:ro,Z" "-e" "SOURCE_DIR=/opt/rustwide/workdir" "-e" "CARGO_TARGET_DIR=/opt/rustwide/target" "-e" "CARGO_HOME=/opt/rustwide/cargo-home" "-e" "RUSTUP_HOME=/opt/rustwide/rustup-home" "-w" "/opt/rustwide/workdir" "-m" "1610612736" "--user" "0:0" "--network" "none" "ghcr.io/rust-lang/crates-build-env/linux@sha256:2788e3201cd34a07e3172128adcd8b3090168a8e3bcc40d7c032b9dda1df7d1c" "/opt/rustwide/cargo-home/bin/cargo" "+1.75.0" "metadata" "--no-deps" "--format-version=1", kill_on_drop: false }`
[INFO] [stdout] a03783e30760ae066231fac1820a56e41f76c95aa0df239b7dade670c7735c60
[INFO] running `Command { std: "docker" "start" "-a" "a03783e30760ae066231fac1820a56e41f76c95aa0df239b7dade670c7735c60", kill_on_drop: false }`
[INFO] running `Command { std: "docker" "inspect" "a03783e30760ae066231fac1820a56e41f76c95aa0df239b7dade670c7735c60", kill_on_drop: false }`
[INFO] running `Command { std: "docker" "rm" "-f" "a03783e30760ae066231fac1820a56e41f76c95aa0df239b7dade670c7735c60", kill_on_drop: false }`
[INFO] [stdout] a03783e30760ae066231fac1820a56e41f76c95aa0df239b7dade670c7735c60
[INFO] running `Command { std: "docker" "create" "-v" "/var/lib/crater-agent-workspace/builds/worker-2-tc1/target:/opt/rustwide/target:rw,Z" "-v" "/var/lib/crater-agent-workspace/builds/worker-2-tc1/source:/opt/rustwide/workdir:ro,Z" "-v" "/var/lib/crater-agent-workspace/cargo-home:/opt/rustwide/cargo-home:ro,Z" "-v" "/var/lib/crater-agent-workspace/rustup-home:/opt/rustwide/rustup-home:ro,Z" "-e" "SOURCE_DIR=/opt/rustwide/workdir" "-e" "CARGO_TARGET_DIR=/opt/rustwide/target" "-e" "CARGO_INCREMENTAL=0" "-e" "RUST_BACKTRACE=full" "-e" "RUSTFLAGS=--cap-lints=warn" "-e" "RUSTDOCFLAGS=--cap-lints=warn" "-e" "CARGO_HOME=/opt/rustwide/cargo-home" "-e" "RUSTUP_HOME=/opt/rustwide/rustup-home" "-w" "/opt/rustwide/workdir" "-m" "1610612736" "--user" "0:0" "--network" "none" "ghcr.io/rust-lang/crates-build-env/linux@sha256:2788e3201cd34a07e3172128adcd8b3090168a8e3bcc40d7c032b9dda1df7d1c" "/opt/rustwide/cargo-home/bin/cargo" "+1.75.0" "build" "--frozen" "--message-format=json", kill_on_drop: false }`
[INFO] [stdout] b43bf35faf3ef43636f7d0680b8a2b261e4eadf98d31815cea90cb8530f205bf
[INFO] running `Command { std: "docker" "start" "-a" "b43bf35faf3ef43636f7d0680b8a2b261e4eadf98d31815cea90cb8530f205bf", kill_on_drop: false }`
[INFO] [stderr]    Compiling stepflow-base v0.0.5
[INFO] [stderr]    Compiling stepflow-data v0.0.5 (/opt/rustwide/workdir)
[INFO] [stdout] warning: `#[macro_use]` only has an effect on `extern crate` and modules
[INFO] [stdout]   --> src/value.rs:64:1
[INFO] [stdout]    |
[INFO] [stdout] 64 | #[macro_use]
[INFO] [stdout]    | ^^^^^^^^^^^^
[INFO] [stdout]    |
[INFO] [stdout]    = note: `#[warn(unused_attributes)]` on by default
[INFO] [stdout] 
[INFO] [stdout] 
[INFO] [stdout] warning: `#[macro_use]` only has an effect on `extern crate` and modules
[INFO] [stdout]   --> src/value.rs:87:1
[INFO] [stdout]    |
[INFO] [stdout] 87 | #[macro_use]
[INFO] [stdout]    | ^^^^^^^^^^^^
[INFO] [stdout] 
[INFO] [stdout] 
[INFO] [stdout] warning: `#[macro_use]` only has an effect on `extern crate` and modules
[INFO] [stdout]    --> src/value.rs:108:1
[INFO] [stdout]     |
[INFO] [stdout] 108 | #[macro_use]
[INFO] [stdout]     | ^^^^^^^^^^^^
[INFO] [stdout] 
[INFO] [stdout] 
[INFO] [stdout] warning: 3 warnings emitted
[INFO] [stdout] 
[INFO] [stdout] 
[INFO] [stderr]     Finished dev [unoptimized + debuginfo] target(s) in 0.31s
[INFO] running `Command { std: "docker" "inspect" "b43bf35faf3ef43636f7d0680b8a2b261e4eadf98d31815cea90cb8530f205bf", kill_on_drop: false }`
[INFO] running `Command { std: "docker" "rm" "-f" "b43bf35faf3ef43636f7d0680b8a2b261e4eadf98d31815cea90cb8530f205bf", kill_on_drop: false }`
[INFO] [stdout] b43bf35faf3ef43636f7d0680b8a2b261e4eadf98d31815cea90cb8530f205bf
[INFO] running `Command { std: "docker" "create" "-v" "/var/lib/crater-agent-workspace/builds/worker-2-tc1/target:/opt/rustwide/target:rw,Z" "-v" "/var/lib/crater-agent-workspace/builds/worker-2-tc1/source:/opt/rustwide/workdir:ro,Z" "-v" "/var/lib/crater-agent-workspace/cargo-home:/opt/rustwide/cargo-home:ro,Z" "-v" "/var/lib/crater-agent-workspace/rustup-home:/opt/rustwide/rustup-home:ro,Z" "-e" "SOURCE_DIR=/opt/rustwide/workdir" "-e" "CARGO_TARGET_DIR=/opt/rustwide/target" "-e" "CARGO_INCREMENTAL=0" "-e" "RUST_BACKTRACE=full" "-e" "RUSTFLAGS=--cap-lints=warn" "-e" "RUSTDOCFLAGS=--cap-lints=warn" "-e" "CARGO_HOME=/opt/rustwide/cargo-home" "-e" "RUSTUP_HOME=/opt/rustwide/rustup-home" "-w" "/opt/rustwide/workdir" "-m" "1610612736" "--user" "0:0" "--network" "none" "ghcr.io/rust-lang/crates-build-env/linux@sha256:2788e3201cd34a07e3172128adcd8b3090168a8e3bcc40d7c032b9dda1df7d1c" "/opt/rustwide/cargo-home/bin/cargo" "+1.75.0" "test" "--frozen" "--no-run" "--message-format=json", kill_on_drop: false }`
[INFO] [stdout] 1c98f92fe0b25774dfd411f32b1dd119cfb11dbae0f733b83154303372469b09
[INFO] running `Command { std: "docker" "start" "-a" "1c98f92fe0b25774dfd411f32b1dd119cfb11dbae0f733b83154303372469b09", kill_on_drop: false }`
[INFO] [stderr]    Compiling stepflow-test-util v0.0.1
[INFO] [stdout] warning: `#[macro_use]` only has an effect on `extern crate` and modules
[INFO] [stdout]   --> src/value.rs:64:1
[INFO] [stdout]    |
[INFO] [stdout] 64 | #[macro_use]
[INFO] [stdout]    | ^^^^^^^^^^^^
[INFO] [stdout]    |
[INFO] [stdout]    = note: `#[warn(unused_attributes)]` on by default
[INFO] [stdout] 
[INFO] [stdout] 
[INFO] [stdout] warning: `#[macro_use]` only has an effect on `extern crate` and modules
[INFO] [stdout]   --> src/value.rs:87:1
[INFO] [stdout]    |
[INFO] [stdout] 87 | #[macro_use]
[INFO] [stdout]    | ^^^^^^^^^^^^
[INFO] [stdout] 
[INFO] [stdout] 
[INFO] [stdout] warning: `#[macro_use]` only has an effect on `extern crate` and modules
[INFO] [stdout]    --> src/value.rs:108:1
[INFO] [stdout]     |
[INFO] [stdout] 108 | #[macro_use]
[INFO] [stdout]     | ^^^^^^^^^^^^
[INFO] [stdout] 
[INFO] [stdout] 
[INFO] [stdout] warning: 3 warnings emitted
[INFO] [stdout] 
[INFO] [stdout] 
[INFO] [stderr]    Compiling stepflow-data v0.0.5 (/opt/rustwide/workdir)
[INFO] [stdout] warning: `#[macro_use]` only has an effect on `extern crate` and modules
[INFO] [stdout]   --> src/value.rs:64:1
[INFO] [stdout]    |
[INFO] [stdout] 64 | #[macro_use]
[INFO] [stdout]    | ^^^^^^^^^^^^
[INFO] [stdout]    |
[INFO] [stdout]    = note: `#[warn(unused_attributes)]` on by default
[INFO] [stdout] 
[INFO] [stdout] 
[INFO] [stdout] warning: `#[macro_use]` only has an effect on `extern crate` and modules
[INFO] [stdout]   --> src/value.rs:87:1
[INFO] [stdout]    |
[INFO] [stdout] 87 | #[macro_use]
[INFO] [stdout]    | ^^^^^^^^^^^^
[INFO] [stdout] 
[INFO] [stdout] 
[INFO] [stdout] warning: `#[macro_use]` only has an effect on `extern crate` and modules
[INFO] [stdout]    --> src/value.rs:108:1
[INFO] [stdout]     |
[INFO] [stdout] 108 | #[macro_use]
[INFO] [stdout]     | ^^^^^^^^^^^^
[INFO] [stdout] 
[INFO] [stdout] 
[INFO] [stdout] error[E0308]: mismatched types
[INFO] [stdout]    --> src/statedata.rs:141:31
[INFO] [stdout]     |
[INFO] [stdout] 141 |       Box::new(StringVar::new(test_id!(VarId))),
[INFO] [stdout]     |                               ^^^^^^^^^^^^^^^
[INFO] [stdout]     |                               |
[INFO] [stdout]     |                               expected `u16`, found `u32`
[INFO] [stdout]     |                               arguments to this function are incorrect
[INFO] [stdout]     |
[INFO] [stdout] note: associated function defined here
[INFO] [stdout]    --> src/var.rs:9:1
[INFO] [stdout]     |
[INFO] [stdout] 9   | generate_id_type!(VarId);
[INFO] [stdout]     | ^^^^^^^^^^^^^^^^^^^^^^^^
[INFO] [stdout]     = note: this error originates in the macro `test_id` which comes from the expansion of the macro `generate_id_type` (in Nightly builds, run with -Z macro-backtrace for more info)
[INFO] [stdout] 
[INFO] [stdout] 
[INFO] [stdout] error[E0308]: mismatched types
[INFO] [stdout]    --> src/statedata.rs:144:31
[INFO] [stdout]     |
[INFO] [stdout] 144 |       Box::new(StringVar::new(test_id!(VarId))),
[INFO] [stdout]     |                               ^^^^^^^^^^^^^^^
[INFO] [stdout]     |                               |
[INFO] [stdout]     |                               expected `u16`, found `u32`
[INFO] [stdout]     |                               arguments to this function are incorrect
[INFO] [stdout]     |
[INFO] [stdout] note: associated function defined here
[INFO] [stdout]    --> src/var.rs:9:1
[INFO] [stdout]     |
[INFO] [stdout] 9   | generate_id_type!(VarId);
[INFO] [stdout]     | ^^^^^^^^^^^^^^^^^^^^^^^^
[INFO] [stdout]     = note: this error originates in the macro `test_id` which comes from the expansion of the macro `generate_id_type` (in Nightly builds, run with -Z macro-backtrace for more info)
[INFO] [stdout] 
[INFO] [stdout] 
[INFO] [stdout] error[E0308]: mismatched types
[INFO] [stdout]   --> src/var.rs:97:37
[INFO] [stdout]    |
[INFO] [stdout] 97 |   let var = Box::new(StringVar::new(stepflow_test_util::test_id!(VarId)));
[INFO] [stdout]    |                                     ^^^^^^^^^^^^^^^^^^^^^^^^^^^^^^^^^^^
[INFO] [stdout]    |                                     |
[INFO] [stdout]    |                                     expected `u16`, found `u32`
[INFO] [stdout]    |                                     arguments to this function are incorrect
[INFO] [stdout]    |
[INFO] [stdout] note: associated function defined here
[INFO] [stdout]   --> src/var.rs:9:1
[INFO] [stdout]    |
[INFO] [stdout] 9  | generate_id_type!(VarId);
[INFO] [stdout]    | ^^^^^^^^^^^^^^^^^^^^^^^^
[INFO] [stdout]    = note: this error originates in the macro `stepflow_test_util::test_id` which comes from the expansion of the macro `generate_id_type` (in Nightly builds, run with -Z macro-backtrace for more info)
[INFO] [stdout] 
[INFO] [stdout] 
[INFO] [stdout] error[E0308]: mismatched types
[INFO] [stdout]    --> src/var.rs:111:35
[INFO] [stdout]     |
[INFO] [stdout] 111 |     let email_var = EmailVar::new(test_id!(VarId));
[INFO] [stdout]     |                                   ^^^^^^^^^^^^^^^
[INFO] [stdout]     |                                   |
[INFO] [stdout]     |                                   expected `u16`, found `u32`
[INFO] [stdout]     |                                   arguments to this function are incorrect
[INFO] [stdout]     |
[INFO] [stdout] note: associated function defined here
[INFO] [stdout]    --> src/var.rs:9:1
[INFO] [stdout]     |
[INFO] [stdout] 9   | generate_id_type!(VarId);
[INFO] [stdout]     | ^^^^^^^^^^^^^^^^^^^^^^^^
[INFO] [stdout]     = note: this error originates in the macro `test_id` which comes from the expansion of the macro `generate_id_type` (in Nightly builds, run with -Z macro-backtrace for more info)
[INFO] [stdout] 
[INFO] [stdout] 
[INFO] [stdout] error[E0308]: mismatched types
[INFO] [stdout]    --> src/var.rs:121:36
[INFO] [stdout]     |
[INFO] [stdout] 121 |     let stringvar = StringVar::new(test_id!(VarId));
[INFO] [stdout]     |                                    ^^^^^^^^^^^^^^^
[INFO] [stdout]     |                                    |
[INFO] [stdout]     |                                    expected `u16`, found `u32`
[INFO] [stdout]     |                                    arguments to this function are incorrect
[INFO] [stdout]     |
[INFO] [stdout] note: associated function defined here
[INFO] [stdout]    --> src/var.rs:9:1
[INFO] [stdout]     |
[INFO] [stdout] 9   | generate_id_type!(VarId);
[INFO] [stdout]     | ^^^^^^^^^^^^^^^^^^^^^^^^
[INFO] [stdout]     = note: this error originates in the macro `test_id` which comes from the expansion of the macro `generate_id_type` (in Nightly builds, run with -Z macro-backtrace for more info)
[INFO] [stdout] 
[INFO] [stdout] 
[INFO] [stdout] error[E0308]: mismatched types
[INFO] [stdout]   --> src/value/valid_value.rs:46:82
[INFO] [stdout]    |
[INFO] [stdout] 46 |     let email_var: Box<dyn Var + Send + Sync + 'static> = Box::new(EmailVar::new(test_id!(VarId)));
[INFO] [stdout]    |                                                                                  ^^^^^^^^^^^^^^^
[INFO] [stdout]    |                                                                                  |
[INFO] [stdout]    |                                                                                  expected `u16`, found `u32`
[INFO] [stdout]    |                                                                                  arguments to this function are incorrect
[INFO] [stdout]    |
[INFO] [stdout] note: associated function defined here
[INFO] [stdout]   --> src/var.rs:9:1
[INFO] [stdout]    |
[INFO] [stdout] 9  | generate_id_type!(VarId);
[INFO] [stdout]    | ^^^^^^^^^^^^^^^^^^^^^^^^
[INFO] [stdout]    = note: this error originates in the macro `test_id` which comes from the expansion of the macro `generate_id_type` (in Nightly builds, run with -Z macro-backtrace for more info)
[INFO] [stdout] 
[INFO] [stdout] 
[INFO] [stdout] error[E0308]: mismatched types
[INFO] [stdout]   --> src/value/valid_value.rs:56:84
[INFO] [stdout]    |
[INFO] [stdout] 56 |     let string_var: Box<dyn Var + Send + Sync + 'static> = Box::new(StringVar::new(test_id!(VarId)));
[INFO] [stdout]    |                                                                                    ^^^^^^^^^^^^^^^
[INFO] [stdout]    |                                                                                    |
[INFO] [stdout]    |                                                                                    expected `u16`, found `u32`
[INFO] [stdout]    |                                                                                    arguments to this function are incorrect
[INFO] [stdout]    |
[INFO] [stdout] note: associated function defined here
[INFO] [stdout]   --> src/var.rs:9:1
[INFO] [stdout]    |
[INFO] [stdout] 9  | generate_id_type!(VarId);
[INFO] [stdout]    | ^^^^^^^^^^^^^^^^^^^^^^^^
[INFO] [stdout]    = note: this error originates in the macro `test_id` which comes from the expansion of the macro `generate_id_type` (in Nightly builds, run with -Z macro-backtrace for more info)
[INFO] [stdout] 
[INFO] [stdout] 
[INFO] [stdout] error: aborting due to 7 previous errors; 3 warnings emitted
[INFO] [stdout] 
[INFO] [stdout] 
[INFO] [stdout] For more information about this error, try `rustc --explain E0308`.
[INFO] [stdout] 
[INFO] [stderr] error: could not compile `stepflow-data` (lib test) due to 8 previous errors; 3 warnings emitted
[INFO] running `Command { std: "docker" "inspect" "1c98f92fe0b25774dfd411f32b1dd119cfb11dbae0f733b83154303372469b09", kill_on_drop: false }`
[INFO] running `Command { std: "docker" "rm" "-f" "1c98f92fe0b25774dfd411f32b1dd119cfb11dbae0f733b83154303372469b09", kill_on_drop: false }`
[INFO] [stdout] 1c98f92fe0b25774dfd411f32b1dd119cfb11dbae0f733b83154303372469b09
