[INFO] fetching crate stepflow-base 0.0.5...
[INFO] testing stepflow-base-0.0.5 against 1.75.0 for beta-1.76-1
[INFO] extracting crate stepflow-base 0.0.5 into /workspace/builds/worker-4-tc1/source
[INFO] validating manifest of crates.io crate stepflow-base 0.0.5 on toolchain 1.75.0
[INFO] running `Command { std: CARGO_HOME="/workspace/cargo-home" RUSTUP_HOME="/workspace/rustup-home" "/workspace/cargo-home/bin/cargo" "+1.75.0" "metadata" "--manifest-path" "Cargo.toml" "--no-deps", kill_on_drop: false }`
[INFO] started tweaking crates.io crate stepflow-base 0.0.5
[INFO] finished tweaking crates.io crate stepflow-base 0.0.5
[INFO] tweaked toml for crates.io crate stepflow-base 0.0.5 written to /workspace/builds/worker-4-tc1/source/Cargo.toml
[INFO] running `Command { std: CARGO_HOME="/workspace/cargo-home" RUSTUP_HOME="/workspace/rustup-home" "/workspace/cargo-home/bin/cargo" "+1.75.0" "generate-lockfile" "--manifest-path" "Cargo.toml", kill_on_drop: false }`
[INFO] [stderr]     Updating crates.io index
[INFO] running `Command { std: CARGO_HOME="/workspace/cargo-home" RUSTUP_HOME="/workspace/rustup-home" "/workspace/cargo-home/bin/cargo" "+1.75.0" "fetch" "--manifest-path" "Cargo.toml", kill_on_drop: false }`
[INFO] [stderr]  Downloading crates ...
[INFO] [stderr]   Downloaded stepflow-test-util v0.0.1
[INFO] running `Command { std: "docker" "create" "-v" "/var/lib/crater-agent-workspace/builds/worker-4-tc1/target:/opt/rustwide/target:rw,Z" "-v" "/var/lib/crater-agent-workspace/builds/worker-4-tc1/source:/opt/rustwide/workdir:ro,Z" "-v" "/var/lib/crater-agent-workspace/cargo-home:/opt/rustwide/cargo-home:ro,Z" "-v" "/var/lib/crater-agent-workspace/rustup-home:/opt/rustwide/rustup-home:ro,Z" "-e" "SOURCE_DIR=/opt/rustwide/workdir" "-e" "CARGO_TARGET_DIR=/opt/rustwide/target" "-e" "CARGO_HOME=/opt/rustwide/cargo-home" "-e" "RUSTUP_HOME=/opt/rustwide/rustup-home" "-w" "/opt/rustwide/workdir" "-m" "1610612736" "--user" "0:0" "--network" "none" "ghcr.io/rust-lang/crates-build-env/linux@sha256:2788e3201cd34a07e3172128adcd8b3090168a8e3bcc40d7c032b9dda1df7d1c" "/opt/rustwide/cargo-home/bin/cargo" "+1.75.0" "metadata" "--no-deps" "--format-version=1", kill_on_drop: false }`
[INFO] [stdout] 4257fecd38aa30f4ca0e256b6ee7015a10d62119e838dd3eed22d03c0ddd0a3d
[INFO] running `Command { std: "docker" "start" "-a" "4257fecd38aa30f4ca0e256b6ee7015a10d62119e838dd3eed22d03c0ddd0a3d", kill_on_drop: false }`
[INFO] running `Command { std: "docker" "inspect" "4257fecd38aa30f4ca0e256b6ee7015a10d62119e838dd3eed22d03c0ddd0a3d", kill_on_drop: false }`
[INFO] running `Command { std: "docker" "rm" "-f" "4257fecd38aa30f4ca0e256b6ee7015a10d62119e838dd3eed22d03c0ddd0a3d", kill_on_drop: false }`
[INFO] [stdout] 4257fecd38aa30f4ca0e256b6ee7015a10d62119e838dd3eed22d03c0ddd0a3d
[INFO] running `Command { std: "docker" "create" "-v" "/var/lib/crater-agent-workspace/builds/worker-4-tc1/target:/opt/rustwide/target:rw,Z" "-v" "/var/lib/crater-agent-workspace/builds/worker-4-tc1/source:/opt/rustwide/workdir:ro,Z" "-v" "/var/lib/crater-agent-workspace/cargo-home:/opt/rustwide/cargo-home:ro,Z" "-v" "/var/lib/crater-agent-workspace/rustup-home:/opt/rustwide/rustup-home:ro,Z" "-e" "SOURCE_DIR=/opt/rustwide/workdir" "-e" "CARGO_TARGET_DIR=/opt/rustwide/target" "-e" "CARGO_INCREMENTAL=0" "-e" "RUST_BACKTRACE=full" "-e" "RUSTFLAGS=--cap-lints=warn" "-e" "RUSTDOCFLAGS=--cap-lints=warn" "-e" "CARGO_HOME=/opt/rustwide/cargo-home" "-e" "RUSTUP_HOME=/opt/rustwide/rustup-home" "-w" "/opt/rustwide/workdir" "-m" "1610612736" "--user" "0:0" "--network" "none" "ghcr.io/rust-lang/crates-build-env/linux@sha256:2788e3201cd34a07e3172128adcd8b3090168a8e3bcc40d7c032b9dda1df7d1c" "/opt/rustwide/cargo-home/bin/cargo" "+1.75.0" "build" "--frozen" "--message-format=json", kill_on_drop: false }`
[INFO] [stdout] e68014f5f4ed36ff278394a4c0ce9ea1362d3159e24eea3a313da5b946c7a593
[INFO] running `Command { std: "docker" "start" "-a" "e68014f5f4ed36ff278394a4c0ce9ea1362d3159e24eea3a313da5b946c7a593", kill_on_drop: false }`
[INFO] [stderr]    Compiling stepflow-base v0.0.5 (/opt/rustwide/workdir)
[INFO] [stderr]     Finished dev [unoptimized + debuginfo] target(s) in 0.06s
[INFO] running `Command { std: "docker" "inspect" "e68014f5f4ed36ff278394a4c0ce9ea1362d3159e24eea3a313da5b946c7a593", kill_on_drop: false }`
[INFO] running `Command { std: "docker" "rm" "-f" "e68014f5f4ed36ff278394a4c0ce9ea1362d3159e24eea3a313da5b946c7a593", kill_on_drop: false }`
[INFO] [stdout] e68014f5f4ed36ff278394a4c0ce9ea1362d3159e24eea3a313da5b946c7a593
[INFO] running `Command { std: "docker" "create" "-v" "/var/lib/crater-agent-workspace/builds/worker-4-tc1/target:/opt/rustwide/target:rw,Z" "-v" "/var/lib/crater-agent-workspace/builds/worker-4-tc1/source:/opt/rustwide/workdir:ro,Z" "-v" "/var/lib/crater-agent-workspace/cargo-home:/opt/rustwide/cargo-home:ro,Z" "-v" "/var/lib/crater-agent-workspace/rustup-home:/opt/rustwide/rustup-home:ro,Z" "-e" "SOURCE_DIR=/opt/rustwide/workdir" "-e" "CARGO_TARGET_DIR=/opt/rustwide/target" "-e" "CARGO_INCREMENTAL=0" "-e" "RUST_BACKTRACE=full" "-e" "RUSTFLAGS=--cap-lints=warn" "-e" "RUSTDOCFLAGS=--cap-lints=warn" "-e" "CARGO_HOME=/opt/rustwide/cargo-home" "-e" "RUSTUP_HOME=/opt/rustwide/rustup-home" "-w" "/opt/rustwide/workdir" "-m" "1610612736" "--user" "0:0" "--network" "none" "ghcr.io/rust-lang/crates-build-env/linux@sha256:2788e3201cd34a07e3172128adcd8b3090168a8e3bcc40d7c032b9dda1df7d1c" "/opt/rustwide/cargo-home/bin/cargo" "+1.75.0" "test" "--frozen" "--no-run" "--message-format=json", kill_on_drop: false }`
[INFO] [stdout] e83127844ff82de5489a7354d58e20908c5eb910da664f2025723a0b73fc3429
[INFO] running `Command { std: "docker" "start" "-a" "e83127844ff82de5489a7354d58e20908c5eb910da664f2025723a0b73fc3429", kill_on_drop: false }`
[INFO] [stderr]    Compiling stepflow-test-util v0.0.1
[INFO] [stderr]    Compiling stepflow-base v0.0.5 (/opt/rustwide/workdir)
[INFO] [stdout] error[E0308]: mismatched types
[INFO] [stdout]   --> src/id.rs:56:29
[INFO] [stdout]    |
[INFO] [stdout] 56 |     let test_id1: TestId =  test_id!(TestId);
[INFO] [stdout]    |                             ^^^^^^^^^^^^^^^^
[INFO] [stdout]    |                             |
[INFO] [stdout]    |                             expected `u16`, found `u32`
[INFO] [stdout]    |                             arguments to this function are incorrect
[INFO] [stdout]    |
[INFO] [stdout] note: associated function defined here
[INFO] [stdout]   --> src/id.rs:9:14
[INFO] [stdout]    |
[INFO] [stdout] 9  |       pub fn new(val: u16) -> Self {
[INFO] [stdout]    |              ^^^ --------
[INFO] [stdout] ...
[INFO] [stdout] 43 |   generate_id_type!(TestId);
[INFO] [stdout]    |   ------------------------- in this macro invocation
[INFO] [stdout]    = note: this error originates in the macro `test_id` which comes from the expansion of the macro `generate_id_type` (in Nightly builds, run with -Z macro-backtrace for more info)
[INFO] [stdout] 
[INFO] [stdout] 
[INFO] [stdout] error[E0308]: mismatched types
[INFO] [stdout]   --> src/id.rs:57:28
[INFO] [stdout]    |
[INFO] [stdout] 57 |     let test_id2: TestId = test_id!(TestId);
[INFO] [stdout]    |                            ^^^^^^^^^^^^^^^^
[INFO] [stdout]    |                            |
[INFO] [stdout]    |                            expected `u16`, found `u32`
[INFO] [stdout]    |                            arguments to this function are incorrect
[INFO] [stdout]    |
[INFO] [stdout] note: associated function defined here
[INFO] [stdout]   --> src/id.rs:9:14
[INFO] [stdout]    |
[INFO] [stdout] 9  |       pub fn new(val: u16) -> Self {
[INFO] [stdout]    |              ^^^ --------
[INFO] [stdout] ...
[INFO] [stdout] 43 |   generate_id_type!(TestId);
[INFO] [stdout]    |   ------------------------- in this macro invocation
[INFO] [stdout]    = note: this error originates in the macro `test_id` which comes from the expansion of the macro `generate_id_type` (in Nightly builds, run with -Z macro-backtrace for more info)
[INFO] [stdout] 
[INFO] [stdout] 
[INFO] [stdout] error[E0308]: mismatched types
[INFO] [stdout]    --> src/object_store.rs:215:15
[INFO] [stdout]     |
[INFO] [stdout] 215 |     let id1 = test_id!(TestObjectId);
[INFO] [stdout]     |               ^^^^^^^^^^^^^^^^^^^^^^
[INFO] [stdout]     |               |
[INFO] [stdout]     |               expected `u16`, found `u32`
[INFO] [stdout]     |               arguments to this function are incorrect
[INFO] [stdout]     |
[INFO] [stdout] note: associated function defined here
[INFO] [stdout]    --> src/id.rs:9:14
[INFO] [stdout]     |
[INFO] [stdout] 9   |       pub fn new(val: u16) -> Self {
[INFO] [stdout]     |              ^^^ --------
[INFO] [stdout]     |
[INFO] [stdout]    ::: src/test/test_object.rs:3:1
[INFO] [stdout]     |
[INFO] [stdout] 3   | generate_id_type!(TestObjectId);
[INFO] [stdout]     | ------------------------------- in this macro invocation
[INFO] [stdout]     = note: this error originates in the macro `test_id` which comes from the expansion of the macro `generate_id_type` (in Nightly builds, run with -Z macro-backtrace for more info)
[INFO] [stdout] 
[INFO] [stdout] 
[INFO] [stdout] error[E0308]: mismatched types
[INFO] [stdout]    --> src/object_store.rs:216:15
[INFO] [stdout]     |
[INFO] [stdout] 216 |     let id2 = test_id!(TestObjectId);
[INFO] [stdout]     |               ^^^^^^^^^^^^^^^^^^^^^^
[INFO] [stdout]     |               |
[INFO] [stdout]     |               expected `u16`, found `u32`
[INFO] [stdout]     |               arguments to this function are incorrect
[INFO] [stdout]     |
[INFO] [stdout] note: associated function defined here
[INFO] [stdout]    --> src/id.rs:9:14
[INFO] [stdout]     |
[INFO] [stdout] 9   |       pub fn new(val: u16) -> Self {
[INFO] [stdout]     |              ^^^ --------
[INFO] [stdout]     |
[INFO] [stdout]    ::: src/test/test_object.rs:3:1
[INFO] [stdout]     |
[INFO] [stdout] 3   | generate_id_type!(TestObjectId);
[INFO] [stdout]     | ------------------------------- in this macro invocation
[INFO] [stdout]     = note: this error originates in the macro `test_id` which comes from the expansion of the macro `generate_id_type` (in Nightly builds, run with -Z macro-backtrace for more info)
[INFO] [stdout] 
[INFO] [stdout] 
[INFO] [stdout] error: aborting due to 4 previous errors
[INFO] [stdout] 
[INFO] [stdout] 
[INFO] [stdout] For more information about this error, try `rustc --explain E0308`.
[INFO] [stdout] 
[INFO] [stderr] error: could not compile `stepflow-base` (lib test) due to 5 previous errors
[INFO] running `Command { std: "docker" "inspect" "e83127844ff82de5489a7354d58e20908c5eb910da664f2025723a0b73fc3429", kill_on_drop: false }`
[INFO] running `Command { std: "docker" "rm" "-f" "e83127844ff82de5489a7354d58e20908c5eb910da664f2025723a0b73fc3429", kill_on_drop: false }`
[INFO] [stdout] e83127844ff82de5489a7354d58e20908c5eb910da664f2025723a0b73fc3429
