[INFO] fetching crate stegano 0.0.1...
[INFO] testing stegano-0.0.1 against 1.75.0 for beta-1.76-1
[INFO] extracting crate stegano 0.0.1 into /workspace/builds/worker-0-tc1/source
[INFO] validating manifest of crates.io crate stegano 0.0.1 on toolchain 1.75.0
[INFO] running `Command { std: CARGO_HOME="/workspace/cargo-home" RUSTUP_HOME="/workspace/rustup-home" "/workspace/cargo-home/bin/cargo" "+1.75.0" "metadata" "--manifest-path" "Cargo.toml" "--no-deps", kill_on_drop: false }`
[INFO] started tweaking crates.io crate stegano 0.0.1
[INFO] finished tweaking crates.io crate stegano 0.0.1
[INFO] tweaked toml for crates.io crate stegano 0.0.1 written to /workspace/builds/worker-0-tc1/source/Cargo.toml
[INFO] crate crates.io crate stegano 0.0.1 already has a lockfile, it will not be regenerated
[INFO] running `Command { std: CARGO_HOME="/workspace/cargo-home" RUSTUP_HOME="/workspace/rustup-home" "/workspace/cargo-home/bin/cargo" "+1.75.0" "fetch" "--manifest-path" "Cargo.toml", kill_on_drop: false }`
[INFO] [stderr]     Updating crates.io index
[INFO] [stderr]  Downloading crates ...
[INFO] [stderr]   Downloaded crc32-v2 v0.0.3
[INFO] running `Command { std: "docker" "create" "-v" "/var/lib/crater-agent-workspace/builds/worker-0-tc1/target:/opt/rustwide/target:rw,Z" "-v" "/var/lib/crater-agent-workspace/builds/worker-0-tc1/source:/opt/rustwide/workdir:ro,Z" "-v" "/var/lib/crater-agent-workspace/cargo-home:/opt/rustwide/cargo-home:ro,Z" "-v" "/var/lib/crater-agent-workspace/rustup-home:/opt/rustwide/rustup-home:ro,Z" "-e" "SOURCE_DIR=/opt/rustwide/workdir" "-e" "CARGO_TARGET_DIR=/opt/rustwide/target" "-e" "CARGO_HOME=/opt/rustwide/cargo-home" "-e" "RUSTUP_HOME=/opt/rustwide/rustup-home" "-w" "/opt/rustwide/workdir" "-m" "1610612736" "--user" "0:0" "--network" "none" "ghcr.io/rust-lang/crates-build-env/linux@sha256:2788e3201cd34a07e3172128adcd8b3090168a8e3bcc40d7c032b9dda1df7d1c" "/opt/rustwide/cargo-home/bin/cargo" "+1.75.0" "metadata" "--no-deps" "--format-version=1", kill_on_drop: false }`
[INFO] [stdout] 4a8a91c811427a8da972173ad3e1772fa223bdeca651f9dfbd1760c31d223d60
[INFO] running `Command { std: "docker" "start" "-a" "4a8a91c811427a8da972173ad3e1772fa223bdeca651f9dfbd1760c31d223d60", kill_on_drop: false }`
[INFO] running `Command { std: "docker" "inspect" "4a8a91c811427a8da972173ad3e1772fa223bdeca651f9dfbd1760c31d223d60", kill_on_drop: false }`
[INFO] running `Command { std: "docker" "rm" "-f" "4a8a91c811427a8da972173ad3e1772fa223bdeca651f9dfbd1760c31d223d60", kill_on_drop: false }`
[INFO] [stdout] 4a8a91c811427a8da972173ad3e1772fa223bdeca651f9dfbd1760c31d223d60
[INFO] running `Command { std: "docker" "create" "-v" "/var/lib/crater-agent-workspace/builds/worker-0-tc1/target:/opt/rustwide/target:rw,Z" "-v" "/var/lib/crater-agent-workspace/builds/worker-0-tc1/source:/opt/rustwide/workdir:ro,Z" "-v" "/var/lib/crater-agent-workspace/cargo-home:/opt/rustwide/cargo-home:ro,Z" "-v" "/var/lib/crater-agent-workspace/rustup-home:/opt/rustwide/rustup-home:ro,Z" "-e" "SOURCE_DIR=/opt/rustwide/workdir" "-e" "CARGO_TARGET_DIR=/opt/rustwide/target" "-e" "CARGO_INCREMENTAL=0" "-e" "RUST_BACKTRACE=full" "-e" "RUSTFLAGS=--cap-lints=warn" "-e" "RUSTDOCFLAGS=--cap-lints=warn" "-e" "CARGO_HOME=/opt/rustwide/cargo-home" "-e" "RUSTUP_HOME=/opt/rustwide/rustup-home" "-w" "/opt/rustwide/workdir" "-m" "1610612736" "--user" "0:0" "--network" "none" "ghcr.io/rust-lang/crates-build-env/linux@sha256:2788e3201cd34a07e3172128adcd8b3090168a8e3bcc40d7c032b9dda1df7d1c" "/opt/rustwide/cargo-home/bin/cargo" "+1.75.0" "build" "--frozen" "--message-format=json", kill_on_drop: false }`
[INFO] [stdout] 551ddd7f896768d9254ade4b688589d6f1c86fa0c0299eeb0583f96870d1f053
[INFO] running `Command { std: "docker" "start" "-a" "551ddd7f896768d9254ade4b688589d6f1c86fa0c0299eeb0583f96870d1f053", kill_on_drop: false }`
[INFO] [stderr]    Compiling proc-macro2 v1.0.70
[INFO] [stderr]    Compiling unicode-ident v1.0.12
[INFO] [stderr]    Compiling utf8parse v0.2.1
[INFO] [stderr]    Compiling colorchoice v1.0.0
[INFO] [stderr]    Compiling anstyle v1.0.4
[INFO] [stderr]    Compiling anstyle-query v1.0.0
[INFO] [stderr]    Compiling heck v0.4.1
[INFO] [stderr]    Compiling strsim v0.10.0
[INFO] [stderr]    Compiling crc32-v2 v0.0.3
[INFO] [stderr]    Compiling clap_lex v0.6.0
[INFO] [stderr]    Compiling anstyle-parse v0.2.2
[INFO] [stderr]    Compiling anstream v0.6.4
[INFO] [stderr]    Compiling clap_builder v4.4.9
[INFO] [stdout] error[E0583]: file not found for module `crc32tables`
[INFO] [stdout]   --> /opt/rustwide/cargo-home/registry/src/index.crates.io-6f17d22bba15001f/crc32-v2-0.0.3/src/lib.rs:12:1
[INFO] [stdout]    |
[INFO] [stdout] 12 | mod crc32tables;
[INFO] [stdout]    | ^^^^^^^^^^^^^^^^
[INFO] [stdout]    |
[INFO] [stdout]    = help: to create the module `crc32tables`, create file "/opt/rustwide/cargo-home/registry/src/index.crates.io-6f17d22bba15001f/crc32-v2-0.0.3/src/crc32tables.rs" or "/opt/rustwide/cargo-home/registry/src/index.crates.io-6f17d22bba15001f/crc32-v2-0.0.3/src/crc32tables/mod.rs"
[INFO] [stdout]    = note: if there is a `mod crc32tables` elsewhere in the crate already, import it with `use crate::...` instead
[INFO] [stdout] 
[INFO] [stdout] 
[INFO] [stdout] error[E0432]: unresolved import `crate::crc32tables::CRC_TABLE`
[INFO] [stdout]   --> /opt/rustwide/cargo-home/registry/src/index.crates.io-6f17d22bba15001f/crc32-v2-0.0.3/src/lib.rs:14:5
[INFO] [stdout]    |
[INFO] [stdout] 14 | use crate::crc32tables::CRC_TABLE;
[INFO] [stdout]    |     ^^^^^^^^^^^^^^^^^^^^^^^^^^^^^ no `CRC_TABLE` in `crc32tables`
[INFO] [stdout] 
[INFO] [stdout] 
[INFO] [stdout] error[E0432]: unresolved import `crate::crc32tables::CRC_TABLE`
[INFO] [stdout]   --> /opt/rustwide/cargo-home/registry/src/index.crates.io-6f17d22bba15001f/crc32-v2-0.0.3/src/lib.rs:63:9
[INFO] [stdout]    |
[INFO] [stdout] 63 |     use crate::crc32tables::CRC_TABLE;
[INFO] [stdout]    |         ^^^^^^^^^^^^^^^^^^^^^^^^^^^^^ no `CRC_TABLE` in `crc32tables`
[INFO] [stdout]    |
[INFO] [stdout] help: consider importing this unresolved item through its public re-export instead
[INFO] [stdout]    |
[INFO] [stdout] 63 |     use crate::CRC_TABLE;
[INFO] [stdout]    |         ~~~~~~~~~~~~~~~~
[INFO] [stdout] 
[INFO] [stdout] 
[INFO] [stdout] error: aborting due to 3 previous errors
[INFO] [stdout] 
[INFO] [stdout] 
[INFO] [stdout] Some errors have detailed explanations: E0432, E0583.
[INFO] [stdout] 
[INFO] [stdout] For more information about an error, try `rustc --explain E0432`.
[INFO] [stdout] 
[INFO] [stderr] error: could not compile `crc32-v2` (lib) due to 4 previous errors
[INFO] [stderr] warning: build failed, waiting for other jobs to finish...
[INFO] running `Command { std: "docker" "inspect" "551ddd7f896768d9254ade4b688589d6f1c86fa0c0299eeb0583f96870d1f053", kill_on_drop: false }`
[INFO] running `Command { std: "docker" "rm" "-f" "551ddd7f896768d9254ade4b688589d6f1c86fa0c0299eeb0583f96870d1f053", kill_on_drop: false }`
[INFO] [stdout] 551ddd7f896768d9254ade4b688589d6f1c86fa0c0299eeb0583f96870d1f053
