[INFO] fetching crate stealth 0.0.0...
[INFO] testing stealth-0.0.0 against 1.75.0 for beta-1.76-1
[INFO] extracting crate stealth 0.0.0 into /workspace/builds/worker-1-tc1/source
[INFO] validating manifest of crates.io crate stealth 0.0.0 on toolchain 1.75.0
[INFO] running `Command { std: CARGO_HOME="/workspace/cargo-home" RUSTUP_HOME="/workspace/rustup-home" "/workspace/cargo-home/bin/cargo" "+1.75.0" "metadata" "--manifest-path" "Cargo.toml" "--no-deps", kill_on_drop: false }`
[INFO] removed /workspace/builds/worker-1-tc1/source/.cargo/config.toml
[INFO] started tweaking crates.io crate stealth 0.0.0
[INFO] finished tweaking crates.io crate stealth 0.0.0
[INFO] tweaked toml for crates.io crate stealth 0.0.0 written to /workspace/builds/worker-1-tc1/source/Cargo.toml
[INFO] crate crates.io crate stealth 0.0.0 already has a lockfile, it will not be regenerated
[INFO] running `Command { std: CARGO_HOME="/workspace/cargo-home" RUSTUP_HOME="/workspace/rustup-home" "/workspace/cargo-home/bin/cargo" "+1.75.0" "fetch" "--manifest-path" "Cargo.toml", kill_on_drop: false }`
[INFO] [stderr]     Updating crates.io index
[INFO] [stderr]  Downloading crates ...
[INFO] [stderr]   Downloaded stealth_macro v0.0.0
[INFO] running `Command { std: "docker" "create" "-v" "/var/lib/crater-agent-workspace/builds/worker-1-tc1/target:/opt/rustwide/target:rw,Z" "-v" "/var/lib/crater-agent-workspace/builds/worker-1-tc1/source:/opt/rustwide/workdir:ro,Z" "-v" "/var/lib/crater-agent-workspace/cargo-home:/opt/rustwide/cargo-home:ro,Z" "-v" "/var/lib/crater-agent-workspace/rustup-home:/opt/rustwide/rustup-home:ro,Z" "-e" "SOURCE_DIR=/opt/rustwide/workdir" "-e" "CARGO_TARGET_DIR=/opt/rustwide/target" "-e" "CARGO_HOME=/opt/rustwide/cargo-home" "-e" "RUSTUP_HOME=/opt/rustwide/rustup-home" "-w" "/opt/rustwide/workdir" "-m" "1610612736" "--user" "0:0" "--network" "none" "ghcr.io/rust-lang/crates-build-env/linux@sha256:2788e3201cd34a07e3172128adcd8b3090168a8e3bcc40d7c032b9dda1df7d1c" "/opt/rustwide/cargo-home/bin/cargo" "+1.75.0" "metadata" "--no-deps" "--format-version=1", kill_on_drop: false }`
[INFO] [stdout] f25f5b3103b6836b53727f3237b98e93fc6344504382bca2fb76f572786e41b8
[INFO] running `Command { std: "docker" "start" "-a" "f25f5b3103b6836b53727f3237b98e93fc6344504382bca2fb76f572786e41b8", kill_on_drop: false }`
[INFO] running `Command { std: "docker" "inspect" "f25f5b3103b6836b53727f3237b98e93fc6344504382bca2fb76f572786e41b8", kill_on_drop: false }`
[INFO] running `Command { std: "docker" "rm" "-f" "f25f5b3103b6836b53727f3237b98e93fc6344504382bca2fb76f572786e41b8", kill_on_drop: false }`
[INFO] [stdout] f25f5b3103b6836b53727f3237b98e93fc6344504382bca2fb76f572786e41b8
[INFO] running `Command { std: "docker" "create" "-v" "/var/lib/crater-agent-workspace/builds/worker-1-tc1/target:/opt/rustwide/target:rw,Z" "-v" "/var/lib/crater-agent-workspace/builds/worker-1-tc1/source:/opt/rustwide/workdir:ro,Z" "-v" "/var/lib/crater-agent-workspace/cargo-home:/opt/rustwide/cargo-home:ro,Z" "-v" "/var/lib/crater-agent-workspace/rustup-home:/opt/rustwide/rustup-home:ro,Z" "-e" "SOURCE_DIR=/opt/rustwide/workdir" "-e" "CARGO_TARGET_DIR=/opt/rustwide/target" "-e" "CARGO_INCREMENTAL=0" "-e" "RUST_BACKTRACE=full" "-e" "RUSTFLAGS=--cap-lints=warn" "-e" "RUSTDOCFLAGS=--cap-lints=warn" "-e" "CARGO_HOME=/opt/rustwide/cargo-home" "-e" "RUSTUP_HOME=/opt/rustwide/rustup-home" "-w" "/opt/rustwide/workdir" "-m" "1610612736" "--user" "0:0" "--network" "none" "ghcr.io/rust-lang/crates-build-env/linux@sha256:2788e3201cd34a07e3172128adcd8b3090168a8e3bcc40d7c032b9dda1df7d1c" "/opt/rustwide/cargo-home/bin/cargo" "+1.75.0" "build" "--frozen" "--message-format=json", kill_on_drop: false }`
[INFO] [stdout] 6d0c398b93f6b36fa919fc8c6fee139e8b3fa3c05f297a77cc6e26e6f0616259
[INFO] running `Command { std: "docker" "start" "-a" "6d0c398b93f6b36fa919fc8c6fee139e8b3fa3c05f297a77cc6e26e6f0616259", kill_on_drop: false }`
[INFO] [stderr]    Compiling libc v0.2.147
[INFO] [stderr]    Compiling proc-macro2 v1.0.66
[INFO] [stderr]    Compiling cfg-if v1.0.0
[INFO] [stderr]    Compiling unicode-ident v1.0.11
[INFO] [stderr]    Compiling ppv-lite86 v0.2.17
[INFO] [stderr]    Compiling quote v1.0.32
[INFO] [stderr]    Compiling getrandom v0.2.10
[INFO] [stderr]    Compiling syn v2.0.27
[INFO] [stderr]    Compiling rand_core v0.6.4
[INFO] [stderr]    Compiling rand_chacha v0.3.1
[INFO] [stderr]    Compiling rand v0.8.5
[INFO] [stderr]    Compiling stealth_macro v0.0.0
[INFO] [stderr]    Compiling stealth v0.0.0 (/opt/rustwide/workdir)
[INFO] [stderr]     Finished dev [unoptimized + debuginfo] target(s) in 5.35s
[INFO] running `Command { std: "docker" "inspect" "6d0c398b93f6b36fa919fc8c6fee139e8b3fa3c05f297a77cc6e26e6f0616259", kill_on_drop: false }`
[INFO] running `Command { std: "docker" "rm" "-f" "6d0c398b93f6b36fa919fc8c6fee139e8b3fa3c05f297a77cc6e26e6f0616259", kill_on_drop: false }`
[INFO] [stdout] 6d0c398b93f6b36fa919fc8c6fee139e8b3fa3c05f297a77cc6e26e6f0616259
[INFO] running `Command { std: "docker" "create" "-v" "/var/lib/crater-agent-workspace/builds/worker-1-tc1/target:/opt/rustwide/target:rw,Z" "-v" "/var/lib/crater-agent-workspace/builds/worker-1-tc1/source:/opt/rustwide/workdir:ro,Z" "-v" "/var/lib/crater-agent-workspace/cargo-home:/opt/rustwide/cargo-home:ro,Z" "-v" "/var/lib/crater-agent-workspace/rustup-home:/opt/rustwide/rustup-home:ro,Z" "-e" "SOURCE_DIR=/opt/rustwide/workdir" "-e" "CARGO_TARGET_DIR=/opt/rustwide/target" "-e" "CARGO_INCREMENTAL=0" "-e" "RUST_BACKTRACE=full" "-e" "RUSTFLAGS=--cap-lints=warn" "-e" "RUSTDOCFLAGS=--cap-lints=warn" "-e" "CARGO_HOME=/opt/rustwide/cargo-home" "-e" "RUSTUP_HOME=/opt/rustwide/rustup-home" "-w" "/opt/rustwide/workdir" "-m" "1610612736" "--user" "0:0" "--network" "none" "ghcr.io/rust-lang/crates-build-env/linux@sha256:2788e3201cd34a07e3172128adcd8b3090168a8e3bcc40d7c032b9dda1df7d1c" "/opt/rustwide/cargo-home/bin/cargo" "+1.75.0" "test" "--frozen" "--no-run" "--message-format=json", kill_on_drop: false }`
[INFO] [stdout] f17676b38d2a07e984dbf10c9aa992765568f173826ceceb311a05bf1bfc4ef6
[INFO] running `Command { std: "docker" "start" "-a" "f17676b38d2a07e984dbf10c9aa992765568f173826ceceb311a05bf1bfc4ef6", kill_on_drop: false }`
[INFO] [stderr]    Compiling stealth v0.0.0 (/opt/rustwide/workdir)
[INFO] [stdout] error[E0433]: failed to resolve: use of undeclared crate or module `windows_sys`
[INFO] [stdout]  --> examples/hello_world.rs:1:5
[INFO] [stdout]   |
[INFO] [stdout] 1 | use windows_sys::Win32::UI::WindowsAndMessaging::MB_OK;
[INFO] [stdout]   |     ^^^^^^^^^^^ use of undeclared crate or module `windows_sys`
[INFO] [stdout] 
[INFO] [stdout] 
[INFO] [stdout] error[E0432]: unresolved imports `stealth::debug`, `stealth::import`
[INFO] [stdout]  --> examples/hello_world.rs:4:5
[INFO] [stdout]   |
[INFO] [stdout] 4 |     debug::{check_being_debugged, check_debug_port, check_nt_global_flag},
[INFO] [stdout]   |     ^^^^^ could not find `debug` in `stealth`
[INFO] [stdout] 5 |     hash::fnv1a_ci,
[INFO] [stdout] 6 |     import::{get_function, get_module},
[INFO] [stdout]   |     ^^^^^^ could not find `import` in `stealth`
[INFO] [stdout] 
[INFO] [stdout] 
[INFO] [stdout] error[E0433]: failed to resolve: use of undeclared crate or module `windows_sys`
[INFO] [stdout]   --> examples/hello_world.rs:11:31
[INFO] [stdout]    |
[INFO] [stdout] 11 |     unsafe extern "system" fn(windows_sys::core::PCSTR) -> windows_sys::Win32::Foundation::HMODULE;
[INFO] [stdout]    |                               ^^^^^^^^^^^ use of undeclared crate or module `windows_sys`
[INFO] [stdout] 
[INFO] [stdout] 
[INFO] [stdout] error[E0433]: failed to resolve: use of undeclared crate or module `windows_sys`
[INFO] [stdout]   --> examples/hello_world.rs:11:60
[INFO] [stdout]    |
[INFO] [stdout] 11 |     unsafe extern "system" fn(windows_sys::core::PCSTR) -> windows_sys::Win32::Foundation::HMODULE;
[INFO] [stdout]    |                                                            ^^^^^^^^^^^ use of undeclared crate or module `windows_sys`
[INFO] [stdout] 
[INFO] [stdout] 
[INFO] [stdout] error[E0433]: failed to resolve: use of undeclared crate or module `windows_sys`
[INFO] [stdout]   --> examples/hello_world.rs:14:9
[INFO] [stdout]    |
[INFO] [stdout] 14 |         windows_sys::Win32::Foundation::HWND,
[INFO] [stdout]    |         ^^^^^^^^^^^ use of undeclared crate or module `windows_sys`
[INFO] [stdout] 
[INFO] [stdout] 
[INFO] [stdout] error[E0433]: failed to resolve: use of undeclared crate or module `windows_sys`
[INFO] [stdout]   --> examples/hello_world.rs:15:9
[INFO] [stdout]    |
[INFO] [stdout] 15 |         windows_sys::core::PCSTR,
[INFO] [stdout]    |         ^^^^^^^^^^^ use of undeclared crate or module `windows_sys`
[INFO] [stdout] 
[INFO] [stdout] 
[INFO] [stdout] error[E0433]: failed to resolve: use of undeclared crate or module `windows_sys`
[INFO] [stdout]   --> examples/hello_world.rs:16:9
[INFO] [stdout]    |
[INFO] [stdout] 16 |         windows_sys::core::PCSTR,
[INFO] [stdout]    |         ^^^^^^^^^^^ use of undeclared crate or module `windows_sys`
[INFO] [stdout] 
[INFO] [stdout] 
[INFO] [stdout] error[E0433]: failed to resolve: use of undeclared crate or module `windows_sys`
[INFO] [stdout]   --> examples/hello_world.rs:17:9
[INFO] [stdout]    |
[INFO] [stdout] 17 |         windows_sys::Win32::UI::WindowsAndMessaging::MESSAGEBOX_STYLE,
[INFO] [stdout]    |         ^^^^^^^^^^^ use of undeclared crate or module `windows_sys`
[INFO] [stdout] 
[INFO] [stdout] 
[INFO] [stdout] error[E0433]: failed to resolve: use of undeclared crate or module `windows_sys`
[INFO] [stdout]   --> examples/hello_world.rs:19:12
[INFO] [stdout]    |
[INFO] [stdout] 19 |         -> windows_sys::Win32::UI::WindowsAndMessaging::MESSAGEBOX_RESULT;
[INFO] [stdout]    |            ^^^^^^^^^^^ use of undeclared crate or module `windows_sys`
[INFO] [stdout] 
[INFO] [stdout] 
[INFO] [stdout] warning: unused imports: `hash::fnv1a_ci`, `string::hs`
[INFO] [stdout]  --> examples/hello_world.rs:5:5
[INFO] [stdout]   |
[INFO] [stdout] 5 |     hash::fnv1a_ci,
[INFO] [stdout]   |     ^^^^^^^^^^^^^^
[INFO] [stdout] 6 |     import::{get_function, get_module},
[INFO] [stdout] 7 |     string::hs,
[INFO] [stdout]   |     ^^^^^^^^^^
[INFO] [stdout]   |
[INFO] [stdout]   = note: `#[warn(unused_imports)]` on by default
[INFO] [stdout] 
[INFO] [stdout] 
[INFO] [stdout] error: aborting due to 9 previous errors; 1 warning emitted
[INFO] [stdout] 
[INFO] [stdout] 
[INFO] [stdout] Some errors have detailed explanations: E0432, E0433.
[INFO] [stdout] 
[INFO] [stdout] For more information about an error, try `rustc --explain E0432`.
[INFO] [stdout] 
[INFO] [stderr] error: could not compile `stealth` (example "hello_world") due to 10 previous errors; 1 warning emitted
[INFO] [stderr] warning: build failed, waiting for other jobs to finish...
[INFO] running `Command { std: "docker" "inspect" "f17676b38d2a07e984dbf10c9aa992765568f173826ceceb311a05bf1bfc4ef6", kill_on_drop: false }`
[INFO] running `Command { std: "docker" "rm" "-f" "f17676b38d2a07e984dbf10c9aa992765568f173826ceceb311a05bf1bfc4ef6", kill_on_drop: false }`
[INFO] [stdout] f17676b38d2a07e984dbf10c9aa992765568f173826ceceb311a05bf1bfc4ef6
[INFO] testing stealth-0.0.0 against beta-2023-12-22 for beta-1.76-1
[INFO] extracting crate stealth 0.0.0 into /workspace/builds/worker-1-tc2/source
[INFO] validating manifest of crates.io crate stealth 0.0.0 on toolchain beta-2023-12-22
[INFO] running `Command { std: CARGO_HOME="/workspace/cargo-home" RUSTUP_HOME="/workspace/rustup-home" "/workspace/cargo-home/bin/cargo" "+beta-2023-12-22" "metadata" "--manifest-path" "Cargo.toml" "--no-deps", kill_on_drop: false }`
[INFO] removed /workspace/builds/worker-1-tc2/source/.cargo/config.toml
[INFO] started tweaking crates.io crate stealth 0.0.0
[INFO] finished tweaking crates.io crate stealth 0.0.0
[INFO] tweaked toml for crates.io crate stealth 0.0.0 written to /workspace/builds/worker-1-tc2/source/Cargo.toml
[INFO] crate crates.io crate stealth 0.0.0 already has a lockfile, it will not be regenerated
[INFO] running `Command { std: CARGO_HOME="/workspace/cargo-home" RUSTUP_HOME="/workspace/rustup-home" "/workspace/cargo-home/bin/cargo" "+beta-2023-12-22" "fetch" "--manifest-path" "Cargo.toml", kill_on_drop: false }`
[INFO] running `Command { std: "docker" "create" "-v" "/var/lib/crater-agent-workspace/builds/worker-1-tc2/target:/opt/rustwide/target:rw,Z" "-v" "/var/lib/crater-agent-workspace/builds/worker-1-tc2/source:/opt/rustwide/workdir:ro,Z" "-v" "/var/lib/crater-agent-workspace/cargo-home:/opt/rustwide/cargo-home:ro,Z" "-v" "/var/lib/crater-agent-workspace/rustup-home:/opt/rustwide/rustup-home:ro,Z" "-e" "SOURCE_DIR=/opt/rustwide/workdir" "-e" "CARGO_TARGET_DIR=/opt/rustwide/target" "-e" "CARGO_HOME=/opt/rustwide/cargo-home" "-e" "RUSTUP_HOME=/opt/rustwide/rustup-home" "-w" "/opt/rustwide/workdir" "-m" "1610612736" "--user" "0:0" "--network" "none" "ghcr.io/rust-lang/crates-build-env/linux@sha256:2788e3201cd34a07e3172128adcd8b3090168a8e3bcc40d7c032b9dda1df7d1c" "/opt/rustwide/cargo-home/bin/cargo" "+beta-2023-12-22" "metadata" "--no-deps" "--format-version=1", kill_on_drop: false }`
[INFO] [stdout] 165b972fd564cda36b6f36b485355d01360b718affadde301bc0e6d793717690
[INFO] running `Command { std: "docker" "start" "-a" "165b972fd564cda36b6f36b485355d01360b718affadde301bc0e6d793717690", kill_on_drop: false }`
[INFO] running `Command { std: "docker" "inspect" "165b972fd564cda36b6f36b485355d01360b718affadde301bc0e6d793717690", kill_on_drop: false }`
[INFO] running `Command { std: "docker" "rm" "-f" "165b972fd564cda36b6f36b485355d01360b718affadde301bc0e6d793717690", kill_on_drop: false }`
[INFO] [stdout] 165b972fd564cda36b6f36b485355d01360b718affadde301bc0e6d793717690
[INFO] running `Command { std: "docker" "create" "-v" "/var/lib/crater-agent-workspace/builds/worker-1-tc2/target:/opt/rustwide/target:rw,Z" "-v" "/var/lib/crater-agent-workspace/builds/worker-1-tc2/source:/opt/rustwide/workdir:ro,Z" "-v" "/var/lib/crater-agent-workspace/cargo-home:/opt/rustwide/cargo-home:ro,Z" "-v" "/var/lib/crater-agent-workspace/rustup-home:/opt/rustwide/rustup-home:ro,Z" "-e" "SOURCE_DIR=/opt/rustwide/workdir" "-e" "CARGO_TARGET_DIR=/opt/rustwide/target" "-e" "CARGO_INCREMENTAL=0" "-e" "RUST_BACKTRACE=full" "-e" "RUSTFLAGS=--cap-lints=warn" "-e" "RUSTDOCFLAGS=--cap-lints=warn" "-e" "CARGO_HOME=/opt/rustwide/cargo-home" "-e" "RUSTUP_HOME=/opt/rustwide/rustup-home" "-w" "/opt/rustwide/workdir" "-m" "1610612736" "--user" "0:0" "--network" "none" "ghcr.io/rust-lang/crates-build-env/linux@sha256:2788e3201cd34a07e3172128adcd8b3090168a8e3bcc40d7c032b9dda1df7d1c" "/opt/rustwide/cargo-home/bin/cargo" "+beta-2023-12-22" "build" "--frozen" "--message-format=json", kill_on_drop: false }`
[INFO] [stdout] 358c89c27fd75ec7064a03c80c73fbfacdeeb1b75f1319f9326d9149f74ae16a
[INFO] running `Command { std: "docker" "start" "-a" "358c89c27fd75ec7064a03c80c73fbfacdeeb1b75f1319f9326d9149f74ae16a", kill_on_drop: false }`
[INFO] [stderr]    Compiling libc v0.2.147
[INFO] [stderr]    Compiling proc-macro2 v1.0.66
[INFO] [stderr]    Compiling cfg-if v1.0.0
[INFO] [stderr]    Compiling unicode-ident v1.0.11
[INFO] [stderr]    Compiling ppv-lite86 v0.2.17
[INFO] [stderr]    Compiling quote v1.0.32
[INFO] [stderr]    Compiling syn v2.0.27
[INFO] [stderr]    Compiling getrandom v0.2.10
[INFO] [stderr]    Compiling rand_core v0.6.4
[INFO] [stderr]    Compiling rand_chacha v0.3.1
[INFO] [stderr]    Compiling rand v0.8.5
[INFO] [stderr]    Compiling stealth_macro v0.0.0
[INFO] [stderr]    Compiling stealth v0.0.0 (/opt/rustwide/workdir)
[INFO] [stderr]     Finished dev [unoptimized + debuginfo] target(s) in 4.07s
[INFO] running `Command { std: "docker" "inspect" "358c89c27fd75ec7064a03c80c73fbfacdeeb1b75f1319f9326d9149f74ae16a", kill_on_drop: false }`
[INFO] running `Command { std: "docker" "rm" "-f" "358c89c27fd75ec7064a03c80c73fbfacdeeb1b75f1319f9326d9149f74ae16a", kill_on_drop: false }`
[INFO] [stdout] 358c89c27fd75ec7064a03c80c73fbfacdeeb1b75f1319f9326d9149f74ae16a
[INFO] running `Command { std: "docker" "create" "-v" "/var/lib/crater-agent-workspace/builds/worker-1-tc2/target:/opt/rustwide/target:rw,Z" "-v" "/var/lib/crater-agent-workspace/builds/worker-1-tc2/source:/opt/rustwide/workdir:ro,Z" "-v" "/var/lib/crater-agent-workspace/cargo-home:/opt/rustwide/cargo-home:ro,Z" "-v" "/var/lib/crater-agent-workspace/rustup-home:/opt/rustwide/rustup-home:ro,Z" "-e" "SOURCE_DIR=/opt/rustwide/workdir" "-e" "CARGO_TARGET_DIR=/opt/rustwide/target" "-e" "CARGO_INCREMENTAL=0" "-e" "RUST_BACKTRACE=full" "-e" "RUSTFLAGS=--cap-lints=warn" "-e" "RUSTDOCFLAGS=--cap-lints=warn" "-e" "CARGO_HOME=/opt/rustwide/cargo-home" "-e" "RUSTUP_HOME=/opt/rustwide/rustup-home" "-w" "/opt/rustwide/workdir" "-m" "1610612736" "--user" "0:0" "--network" "none" "ghcr.io/rust-lang/crates-build-env/linux@sha256:2788e3201cd34a07e3172128adcd8b3090168a8e3bcc40d7c032b9dda1df7d1c" "/opt/rustwide/cargo-home/bin/cargo" "+beta-2023-12-22" "test" "--frozen" "--no-run" "--message-format=json", kill_on_drop: false }`
[INFO] [stdout] bf441e7374f37decda27cfd51a50a853815990ca35cdc1de042bfde61623f9d4
[INFO] running `Command { std: "docker" "start" "-a" "bf441e7374f37decda27cfd51a50a853815990ca35cdc1de042bfde61623f9d4", kill_on_drop: false }`
[INFO] [stderr]    Compiling stealth v0.0.0 (/opt/rustwide/workdir)
[INFO] [stdout] error[E0433]: failed to resolve: use of undeclared crate or module `windows_sys`
[INFO] [stdout]  --> examples/hello_world.rs:1:5
[INFO] [stdout]   |
[INFO] [stdout] 1 | use windows_sys::Win32::UI::WindowsAndMessaging::MB_OK;
[INFO] [stdout]   |     ^^^^^^^^^^^ use of undeclared crate or module `windows_sys`
[INFO] [stdout] 
[INFO] [stdout] 
[INFO] [stdout] error[E0432]: unresolved imports `stealth::debug`, `stealth::import`
[INFO] [stdout]  --> examples/hello_world.rs:4:5
[INFO] [stdout]   |
[INFO] [stdout] 4 |     debug::{check_being_debugged, check_debug_port, check_nt_global_flag},
[INFO] [stdout]   |     ^^^^^ could not find `debug` in `stealth`
[INFO] [stdout] 5 |     hash::fnv1a_ci,
[INFO] [stdout] 6 |     import::{get_function, get_module},
[INFO] [stdout]   |     ^^^^^^ could not find `import` in `stealth`
[INFO] [stdout] 
[INFO] [stdout] 
[INFO] [stdout] error[E0433]: failed to resolve: use of undeclared crate or module `windows_sys`
[INFO] [stdout]   --> examples/hello_world.rs:11:31
[INFO] [stdout]    |
[INFO] [stdout] 11 |     unsafe extern "system" fn(windows_sys::core::PCSTR) -> windows_sys::Win32::Foundation::HMODULE;
[INFO] [stdout]    |                               ^^^^^^^^^^^ use of undeclared crate or module `windows_sys`
[INFO] [stdout] 
[INFO] [stdout] 
[INFO] [stdout] error[E0433]: failed to resolve: use of undeclared crate or module `windows_sys`
[INFO] [stdout]   --> examples/hello_world.rs:11:60
[INFO] [stdout]    |
[INFO] [stdout] 11 |     unsafe extern "system" fn(windows_sys::core::PCSTR) -> windows_sys::Win32::Foundation::HMODULE;
[INFO] [stdout]    |                                                            ^^^^^^^^^^^ use of undeclared crate or module `windows_sys`
[INFO] [stdout] 
[INFO] [stdout] 
[INFO] [stdout] error[E0433]: failed to resolve: use of undeclared crate or module `windows_sys`
[INFO] [stdout]   --> examples/hello_world.rs:14:9
[INFO] [stdout]    |
[INFO] [stdout] 14 |         windows_sys::Win32::Foundation::HWND,
[INFO] [stdout]    |         ^^^^^^^^^^^ use of undeclared crate or module `windows_sys`
[INFO] [stdout] 
[INFO] [stdout] 
[INFO] [stdout] error[E0433]: failed to resolve: use of undeclared crate or module `windows_sys`
[INFO] [stdout]   --> examples/hello_world.rs:15:9
[INFO] [stdout]    |
[INFO] [stdout] 15 |         windows_sys::core::PCSTR,
[INFO] [stdout]    |         ^^^^^^^^^^^ use of undeclared crate or module `windows_sys`
[INFO] [stdout] 
[INFO] [stdout] 
[INFO] [stdout] error[E0433]: failed to resolve: use of undeclared crate or module `windows_sys`
[INFO] [stdout]   --> examples/hello_world.rs:16:9
[INFO] [stdout]    |
[INFO] [stdout] 16 |         windows_sys::core::PCSTR,
[INFO] [stdout]    |         ^^^^^^^^^^^ use of undeclared crate or module `windows_sys`
[INFO] [stdout] 
[INFO] [stdout] 
[INFO] [stdout] error[E0433]: failed to resolve: use of undeclared crate or module `windows_sys`
[INFO] [stdout]   --> examples/hello_world.rs:17:9
[INFO] [stdout]    |
[INFO] [stdout] 17 |         windows_sys::Win32::UI::WindowsAndMessaging::MESSAGEBOX_STYLE,
[INFO] [stdout]    |         ^^^^^^^^^^^ use of undeclared crate or module `windows_sys`
[INFO] [stdout] 
[INFO] [stdout] 
[INFO] [stdout] error[E0433]: failed to resolve: use of undeclared crate or module `windows_sys`
[INFO] [stdout]   --> examples/hello_world.rs:19:12
[INFO] [stdout]    |
[INFO] [stdout] 19 |         -> windows_sys::Win32::UI::WindowsAndMessaging::MESSAGEBOX_RESULT;
[INFO] [stdout]    |            ^^^^^^^^^^^ use of undeclared crate or module `windows_sys`
[INFO] [stdout] 
[INFO] [stdout] 
[INFO] [stdout] warning: unused imports: `hash::fnv1a_ci`, `string::hs`
[INFO] [stdout]  --> examples/hello_world.rs:5:5
[INFO] [stdout]   |
[INFO] [stdout] 5 |     hash::fnv1a_ci,
[INFO] [stdout]   |     ^^^^^^^^^^^^^^
[INFO] [stdout] 6 |     import::{get_function, get_module},
[INFO] [stdout] 7 |     string::hs,
[INFO] [stdout]   |     ^^^^^^^^^^
[INFO] [stdout]   |
[INFO] [stdout]   = note: `#[warn(unused_imports)]` on by default
[INFO] [stdout] 
[INFO] [stdout] 
[INFO] [stdout] error: aborting due to 9 previous errors; 1 warning emitted
[INFO] [stdout] 
[INFO] [stdout] 
[INFO] [stdout] Some errors have detailed explanations: E0432, E0433.
[INFO] [stdout] 
[INFO] [stdout] For more information about an error, try `rustc --explain E0432`.
[INFO] [stdout] 
[INFO] [stderr] error: could not compile `stealth` (example "hello_world") due to 10 previous errors; 1 warning emitted
[INFO] [stderr] warning: build failed, waiting for other jobs to finish...
[INFO] running `Command { std: "docker" "inspect" "bf441e7374f37decda27cfd51a50a853815990ca35cdc1de042bfde61623f9d4", kill_on_drop: false }`
[INFO] running `Command { std: "docker" "rm" "-f" "bf441e7374f37decda27cfd51a50a853815990ca35cdc1de042bfde61623f9d4", kill_on_drop: false }`
[INFO] [stdout] bf441e7374f37decda27cfd51a50a853815990ca35cdc1de042bfde61623f9d4
