[INFO] fetching crate statusbar 0.3.5...
[INFO] testing statusbar-0.3.5 against 1.75.0 for beta-1.76-1
[INFO] extracting crate statusbar 0.3.5 into /workspace/builds/worker-2-tc1/source
[INFO] validating manifest of crates.io crate statusbar 0.3.5 on toolchain 1.75.0
[INFO] running `Command { std: CARGO_HOME="/workspace/cargo-home" RUSTUP_HOME="/workspace/rustup-home" "/workspace/cargo-home/bin/cargo" "+1.75.0" "metadata" "--manifest-path" "Cargo.toml" "--no-deps", kill_on_drop: false }`
[INFO] removed /workspace/builds/worker-2-tc1/source/.cargo/config
[INFO] started tweaking crates.io crate statusbar 0.3.5
[INFO] finished tweaking crates.io crate statusbar 0.3.5
[INFO] tweaked toml for crates.io crate statusbar 0.3.5 written to /workspace/builds/worker-2-tc1/source/Cargo.toml
[INFO] crate crates.io crate statusbar 0.3.5 already has a lockfile, it will not be regenerated
[INFO] running `Command { std: CARGO_HOME="/workspace/cargo-home" RUSTUP_HOME="/workspace/rustup-home" "/workspace/cargo-home/bin/cargo" "+1.75.0" "fetch" "--manifest-path" "Cargo.toml", kill_on_drop: false }`
[INFO] [stderr]     Updating crates.io index
[INFO] [stderr]  Downloading crates ...
[INFO] [stderr]   Downloaded neli-proc-macros v0.1.3
[INFO] [stderr]   Downloaded neli v0.6.4
[INFO] [stderr]   Downloaded local-ip-address v0.5.4
[INFO] running `Command { std: "docker" "create" "-v" "/var/lib/crater-agent-workspace/builds/worker-2-tc1/target:/opt/rustwide/target:rw,Z" "-v" "/var/lib/crater-agent-workspace/builds/worker-2-tc1/source:/opt/rustwide/workdir:ro,Z" "-v" "/var/lib/crater-agent-workspace/cargo-home:/opt/rustwide/cargo-home:ro,Z" "-v" "/var/lib/crater-agent-workspace/rustup-home:/opt/rustwide/rustup-home:ro,Z" "-e" "SOURCE_DIR=/opt/rustwide/workdir" "-e" "CARGO_TARGET_DIR=/opt/rustwide/target" "-e" "CARGO_HOME=/opt/rustwide/cargo-home" "-e" "RUSTUP_HOME=/opt/rustwide/rustup-home" "-w" "/opt/rustwide/workdir" "-m" "1610612736" "--user" "0:0" "--network" "none" "ghcr.io/rust-lang/crates-build-env/linux@sha256:2788e3201cd34a07e3172128adcd8b3090168a8e3bcc40d7c032b9dda1df7d1c" "/opt/rustwide/cargo-home/bin/cargo" "+1.75.0" "metadata" "--no-deps" "--format-version=1", kill_on_drop: false }`
[INFO] [stdout] c10495b680744ffc02610d05fd62382fc0a1df70e83a384d61b535a0312e477c
[INFO] running `Command { std: "docker" "start" "-a" "c10495b680744ffc02610d05fd62382fc0a1df70e83a384d61b535a0312e477c", kill_on_drop: false }`
[INFO] running `Command { std: "docker" "inspect" "c10495b680744ffc02610d05fd62382fc0a1df70e83a384d61b535a0312e477c", kill_on_drop: false }`
[INFO] running `Command { std: "docker" "rm" "-f" "c10495b680744ffc02610d05fd62382fc0a1df70e83a384d61b535a0312e477c", kill_on_drop: false }`
[INFO] [stdout] c10495b680744ffc02610d05fd62382fc0a1df70e83a384d61b535a0312e477c
[INFO] running `Command { std: "docker" "create" "-v" "/var/lib/crater-agent-workspace/builds/worker-2-tc1/target:/opt/rustwide/target:rw,Z" "-v" "/var/lib/crater-agent-workspace/builds/worker-2-tc1/source:/opt/rustwide/workdir:ro,Z" "-v" "/var/lib/crater-agent-workspace/cargo-home:/opt/rustwide/cargo-home:ro,Z" "-v" "/var/lib/crater-agent-workspace/rustup-home:/opt/rustwide/rustup-home:ro,Z" "-e" "SOURCE_DIR=/opt/rustwide/workdir" "-e" "CARGO_TARGET_DIR=/opt/rustwide/target" "-e" "CARGO_INCREMENTAL=0" "-e" "RUST_BACKTRACE=full" "-e" "RUSTFLAGS=--cap-lints=warn" "-e" "RUSTDOCFLAGS=--cap-lints=warn" "-e" "CARGO_HOME=/opt/rustwide/cargo-home" "-e" "RUSTUP_HOME=/opt/rustwide/rustup-home" "-w" "/opt/rustwide/workdir" "-m" "1610612736" "--user" "0:0" "--network" "none" "ghcr.io/rust-lang/crates-build-env/linux@sha256:2788e3201cd34a07e3172128adcd8b3090168a8e3bcc40d7c032b9dda1df7d1c" "/opt/rustwide/cargo-home/bin/cargo" "+1.75.0" "build" "--frozen" "--message-format=json", kill_on_drop: false }`
[INFO] [stdout] e8114b53f9bf3b4349dd080ddae7ee466b530c2941bc4e509fb30eb304c4ea47
[INFO] running `Command { std: "docker" "start" "-a" "e8114b53f9bf3b4349dd080ddae7ee466b530c2941bc4e509fb30eb304c4ea47", kill_on_drop: false }`
[INFO] [stderr]    Compiling proc-macro2 v1.0.66
[INFO] [stderr]    Compiling unicode-ident v1.0.11
[INFO] [stderr]    Compiling crossbeam-utils v0.8.16
[INFO] [stderr]    Compiling libc v0.2.147
[INFO] [stderr]    Compiling serde v1.0.188
[INFO] [stderr]    Compiling rayon-core v1.11.0
[INFO] [stderr]    Compiling anstyle v1.0.2
[INFO] [stderr]    Compiling either v1.9.0
[INFO] [stderr]    Compiling thiserror v1.0.48
[INFO] [stderr]    Compiling memoffset v0.9.0
[INFO] [stderr]    Compiling crossbeam-epoch v0.9.15
[INFO] [stderr]    Compiling anstyle-parse v0.2.1
[INFO] [stderr]    Compiling byteorder v1.4.3
[INFO] [stderr]    Compiling clap_lex v0.5.1
[INFO] [stderr]    Compiling anstream v0.5.0
[INFO] [stderr]    Compiling clap_builder v4.4.2
[INFO] [stderr]    Compiling crossbeam-channel v0.5.8
[INFO] [stderr]    Compiling quote v1.0.33
[INFO] [stderr]    Compiling crossbeam-deque v0.8.3
[INFO] [stderr]    Compiling syn v2.0.32
[INFO] [stderr]    Compiling syn v1.0.109
[INFO] [stderr]    Compiling num_cpus v1.16.0
[INFO] [stderr]    Compiling rayon v1.7.0
[INFO] [stderr]    Compiling sysinfo v0.28.4
[INFO] [stderr]    Compiling serde_derive v1.0.188
[INFO] [stderr]    Compiling thiserror-impl v1.0.48
[INFO] [stderr]    Compiling clap_derive v4.4.2
[INFO] [stderr]    Compiling clap v4.4.2
[INFO] [stderr]    Compiling neli-proc-macros v0.1.3
[INFO] [stderr]    Compiling neli v0.6.4
[INFO] [stderr]    Compiling local-ip-address v0.5.4
[INFO] [stderr]    Compiling statusbar v0.3.5 (/opt/rustwide/workdir)
[INFO] [stdout] error[E0554]: `#![feature]` may not be used on the stable release channel
[INFO] [stdout]  --> src/main.rs:1:1
[INFO] [stdout]   |
[INFO] [stdout] 1 | #![feature(string_remove_matches)]
[INFO] [stdout]   | ^^^^^^^^^^^^^^^^^^^^^^^^^^^^^^^^^^
[INFO] [stdout] 
[INFO] [stdout] 
[INFO] [stdout] error[E0554]: `#![feature]` may not be used on the stable release channel
[INFO] [stdout]  --> src/main.rs:2:1
[INFO] [stdout]   |
[INFO] [stdout] 2 | #![feature(let_chains)]
[INFO] [stdout]   | ^^^^^^^^^^^^^^^^^^^^^^^
[INFO] [stdout] 
[INFO] [stdout] 
[INFO] [stdout] error[E0554]: `#![feature]` may not be used on the stable release channel
[INFO] [stdout]  --> src/main.rs:1:12
[INFO] [stdout]   |
[INFO] [stdout] 1 | #![feature(string_remove_matches)]
[INFO] [stdout]   |            ^^^^^^^^^^^^^^^^^^^^^
[INFO] [stdout] 
[INFO] [stdout] 
[INFO] [stdout] error: aborting due to 3 previous errors
[INFO] [stdout] 
[INFO] [stdout] 
[INFO] [stdout] For more information about this error, try `rustc --explain E0554`.
[INFO] [stdout] 
[INFO] [stderr] error: could not compile `statusbar` (bin "statusbar") due to 4 previous errors
[INFO] running `Command { std: "docker" "inspect" "e8114b53f9bf3b4349dd080ddae7ee466b530c2941bc4e509fb30eb304c4ea47", kill_on_drop: false }`
[INFO] running `Command { std: "docker" "rm" "-f" "e8114b53f9bf3b4349dd080ddae7ee466b530c2941bc4e509fb30eb304c4ea47", kill_on_drop: false }`
[INFO] [stdout] e8114b53f9bf3b4349dd080ddae7ee466b530c2941bc4e509fb30eb304c4ea47
