[INFO] fetching crate statics 0.2.0...
[INFO] testing statics-0.2.0 against 1.75.0 for beta-1.76-1
[INFO] extracting crate statics 0.2.0 into /workspace/builds/worker-4-tc1/source
[INFO] validating manifest of crates.io crate statics 0.2.0 on toolchain 1.75.0
[INFO] running `Command { std: CARGO_HOME="/workspace/cargo-home" RUSTUP_HOME="/workspace/rustup-home" "/workspace/cargo-home/bin/cargo" "+1.75.0" "metadata" "--manifest-path" "Cargo.toml" "--no-deps", kill_on_drop: false }`
[INFO] started tweaking crates.io crate statics 0.2.0
[INFO] finished tweaking crates.io crate statics 0.2.0
[INFO] tweaked toml for crates.io crate statics 0.2.0 written to /workspace/builds/worker-4-tc1/source/Cargo.toml
[INFO] running `Command { std: CARGO_HOME="/workspace/cargo-home" RUSTUP_HOME="/workspace/rustup-home" "/workspace/cargo-home/bin/cargo" "+1.75.0" "generate-lockfile" "--manifest-path" "Cargo.toml", kill_on_drop: false }`
[INFO] [stderr]     Updating crates.io index
[INFO] running `Command { std: CARGO_HOME="/workspace/cargo-home" RUSTUP_HOME="/workspace/rustup-home" "/workspace/cargo-home/bin/cargo" "+1.75.0" "fetch" "--manifest-path" "Cargo.toml", kill_on_drop: false }`
[INFO] [stderr]  Downloading crates ...
[INFO] [stderr]   Downloaded derive_builder_macro v0.10.2
[INFO] [stderr]   Downloaded derive_builder v0.10.2
[INFO] [stderr]   Downloaded extra-asserts v0.1.1
[INFO] [stderr]   Downloaded watchexec v1.17.2
[INFO] [stderr]   Downloaded clearscreen v1.0.11
[INFO] [stderr]   Downloaded derive_builder_core v0.10.2
[INFO] [stderr]   Downloaded cargo-watch v6.0.0
[INFO] running `Command { std: "docker" "create" "-v" "/var/lib/crater-agent-workspace/builds/worker-4-tc1/target:/opt/rustwide/target:rw,Z" "-v" "/var/lib/crater-agent-workspace/builds/worker-4-tc1/source:/opt/rustwide/workdir:ro,Z" "-v" "/var/lib/crater-agent-workspace/cargo-home:/opt/rustwide/cargo-home:ro,Z" "-v" "/var/lib/crater-agent-workspace/rustup-home:/opt/rustwide/rustup-home:ro,Z" "-e" "SOURCE_DIR=/opt/rustwide/workdir" "-e" "CARGO_TARGET_DIR=/opt/rustwide/target" "-e" "CARGO_HOME=/opt/rustwide/cargo-home" "-e" "RUSTUP_HOME=/opt/rustwide/rustup-home" "-w" "/opt/rustwide/workdir" "-m" "1610612736" "--user" "0:0" "--network" "none" "ghcr.io/rust-lang/crates-build-env/linux@sha256:2788e3201cd34a07e3172128adcd8b3090168a8e3bcc40d7c032b9dda1df7d1c" "/opt/rustwide/cargo-home/bin/cargo" "+1.75.0" "metadata" "--no-deps" "--format-version=1", kill_on_drop: false }`
[INFO] [stdout] aeef03c253a29bef68f7e0a84b7d444d7ae9a02ef29ad69f5e404a70db51fcba
[INFO] running `Command { std: "docker" "start" "-a" "aeef03c253a29bef68f7e0a84b7d444d7ae9a02ef29ad69f5e404a70db51fcba", kill_on_drop: false }`
[INFO] running `Command { std: "docker" "inspect" "aeef03c253a29bef68f7e0a84b7d444d7ae9a02ef29ad69f5e404a70db51fcba", kill_on_drop: false }`
[INFO] running `Command { std: "docker" "rm" "-f" "aeef03c253a29bef68f7e0a84b7d444d7ae9a02ef29ad69f5e404a70db51fcba", kill_on_drop: false }`
[INFO] [stdout] aeef03c253a29bef68f7e0a84b7d444d7ae9a02ef29ad69f5e404a70db51fcba
[INFO] running `Command { std: "docker" "create" "-v" "/var/lib/crater-agent-workspace/builds/worker-4-tc1/target:/opt/rustwide/target:rw,Z" "-v" "/var/lib/crater-agent-workspace/builds/worker-4-tc1/source:/opt/rustwide/workdir:ro,Z" "-v" "/var/lib/crater-agent-workspace/cargo-home:/opt/rustwide/cargo-home:ro,Z" "-v" "/var/lib/crater-agent-workspace/rustup-home:/opt/rustwide/rustup-home:ro,Z" "-e" "SOURCE_DIR=/opt/rustwide/workdir" "-e" "CARGO_TARGET_DIR=/opt/rustwide/target" "-e" "CARGO_INCREMENTAL=0" "-e" "RUST_BACKTRACE=full" "-e" "RUSTFLAGS=--cap-lints=warn" "-e" "RUSTDOCFLAGS=--cap-lints=warn" "-e" "CARGO_HOME=/opt/rustwide/cargo-home" "-e" "RUSTUP_HOME=/opt/rustwide/rustup-home" "-w" "/opt/rustwide/workdir" "-m" "1610612736" "--user" "0:0" "--network" "none" "ghcr.io/rust-lang/crates-build-env/linux@sha256:2788e3201cd34a07e3172128adcd8b3090168a8e3bcc40d7c032b9dda1df7d1c" "/opt/rustwide/cargo-home/bin/cargo" "+1.75.0" "build" "--frozen" "--message-format=json", kill_on_drop: false }`
[INFO] [stdout] 3d3d19525d5276a89c05e6019b0a6c99df1a042e735286275911e3adc4171bf5
[INFO] running `Command { std: "docker" "start" "-a" "3d3d19525d5276a89c05e6019b0a6c99df1a042e735286275911e3adc4171bf5", kill_on_drop: false }`
[INFO] [stderr]    Compiling statics v0.2.0 (/opt/rustwide/workdir)
[INFO] [stderr]     Finished dev [unoptimized + debuginfo] target(s) in 0.07s
[INFO] running `Command { std: "docker" "inspect" "3d3d19525d5276a89c05e6019b0a6c99df1a042e735286275911e3adc4171bf5", kill_on_drop: false }`
[INFO] running `Command { std: "docker" "rm" "-f" "3d3d19525d5276a89c05e6019b0a6c99df1a042e735286275911e3adc4171bf5", kill_on_drop: false }`
[INFO] [stdout] 3d3d19525d5276a89c05e6019b0a6c99df1a042e735286275911e3adc4171bf5
[INFO] running `Command { std: "docker" "create" "-v" "/var/lib/crater-agent-workspace/builds/worker-4-tc1/target:/opt/rustwide/target:rw,Z" "-v" "/var/lib/crater-agent-workspace/builds/worker-4-tc1/source:/opt/rustwide/workdir:ro,Z" "-v" "/var/lib/crater-agent-workspace/cargo-home:/opt/rustwide/cargo-home:ro,Z" "-v" "/var/lib/crater-agent-workspace/rustup-home:/opt/rustwide/rustup-home:ro,Z" "-e" "SOURCE_DIR=/opt/rustwide/workdir" "-e" "CARGO_TARGET_DIR=/opt/rustwide/target" "-e" "CARGO_INCREMENTAL=0" "-e" "RUST_BACKTRACE=full" "-e" "RUSTFLAGS=--cap-lints=warn" "-e" "RUSTDOCFLAGS=--cap-lints=warn" "-e" "CARGO_HOME=/opt/rustwide/cargo-home" "-e" "RUSTUP_HOME=/opt/rustwide/rustup-home" "-w" "/opt/rustwide/workdir" "-m" "1610612736" "--user" "0:0" "--network" "none" "ghcr.io/rust-lang/crates-build-env/linux@sha256:2788e3201cd34a07e3172128adcd8b3090168a8e3bcc40d7c032b9dda1df7d1c" "/opt/rustwide/cargo-home/bin/cargo" "+1.75.0" "test" "--frozen" "--no-run" "--message-format=json", kill_on_drop: false }`
[INFO] [stdout] f925af66e70c218262efe2fdfad7d9dbce964cd63fef3efe8fad26e59f9cf03e
[INFO] running `Command { std: "docker" "start" "-a" "f925af66e70c218262efe2fdfad7d9dbce964cd63fef3efe8fad26e59f9cf03e", kill_on_drop: false }`
[INFO] [stderr] warning: statics v0.2.0 (/opt/rustwide/workdir) ignoring invalid dependency `cargo-watch` which is missing a lib target
[INFO] [stderr]    Compiling extra-asserts v0.1.1
[INFO] [stderr]    Compiling statics v0.2.0 (/opt/rustwide/workdir)
[INFO] [stdout] error[E0308]: mismatched types
[INFO] [stdout]   --> src/mass.rs:64:60
[INFO] [stdout]    |
[INFO] [stdout] 64 |         assert_approx_eq(f64::from(mass.as_gram()), 453.0, 1.0);
[INFO] [stdout]    |         ----------------                                   ^^^ expected `&f64`, found floating-point number
[INFO] [stdout]    |         |
[INFO] [stdout]    |         arguments to this function are incorrect
[INFO] [stdout]    |
[INFO] [stdout] note: function defined here
[INFO] [stdout]   --> /opt/rustwide/cargo-home/registry/src/index.crates.io-6f17d22bba15001f/extra-asserts-0.1.1/src/lib.rs:23:8
[INFO] [stdout]    |
[INFO] [stdout] 23 | pub fn assert_approx_eq<T>(l: T, r: T, epsilon: &T::Output)
[INFO] [stdout]    |        ^^^^^^^^^^^^^^^^
[INFO] [stdout] help: consider borrowing here
[INFO] [stdout]    |
[INFO] [stdout] 64 |         assert_approx_eq(f64::from(mass.as_gram()), 453.0, &1.0);
[INFO] [stdout]    |                                                            +
[INFO] [stdout] 
[INFO] [stdout] 
[INFO] [stdout] error[E0308]: mismatched types
[INFO] [stdout]   --> src/mass.rs:70:56
[INFO] [stdout]    |
[INFO] [stdout] 70 |         assert_approx_eq(f64::from(mass.as_lb()), 2.2, 1e-1);
[INFO] [stdout]    |         ----------------                               ^^^^ expected `&f64`, found floating-point number
[INFO] [stdout]    |         |
[INFO] [stdout]    |         arguments to this function are incorrect
[INFO] [stdout]    |
[INFO] [stdout] note: function defined here
[INFO] [stdout]   --> /opt/rustwide/cargo-home/registry/src/index.crates.io-6f17d22bba15001f/extra-asserts-0.1.1/src/lib.rs:23:8
[INFO] [stdout]    |
[INFO] [stdout] 23 | pub fn assert_approx_eq<T>(l: T, r: T, epsilon: &T::Output)
[INFO] [stdout]    |        ^^^^^^^^^^^^^^^^
[INFO] [stdout] help: consider borrowing here
[INFO] [stdout]    |
[INFO] [stdout] 70 |         assert_approx_eq(f64::from(mass.as_lb()), 2.2, &1e-1);
[INFO] [stdout]    |                                                        +
[INFO] [stdout] 
[INFO] [stdout] 
[INFO] [stdout] error[E0308]: mismatched types
[INFO] [stdout]   --> src/vector.rs:91:55
[INFO] [stdout]    |
[INFO] [stdout] 91 |         assert_approx_eq(vert.mag(), Mass::Lb(171.0), Mass::Lb(1e-1));
[INFO] [stdout]    |         ----------------                              ^^^^^^^^^^^^^^ expected `&Mass`, found `Mass`
[INFO] [stdout]    |         |
[INFO] [stdout]    |         arguments to this function are incorrect
[INFO] [stdout]    |
[INFO] [stdout] note: function defined here
[INFO] [stdout]   --> /opt/rustwide/cargo-home/registry/src/index.crates.io-6f17d22bba15001f/extra-asserts-0.1.1/src/lib.rs:23:8
[INFO] [stdout]    |
[INFO] [stdout] 23 | pub fn assert_approx_eq<T>(l: T, r: T, epsilon: &T::Output)
[INFO] [stdout]    |        ^^^^^^^^^^^^^^^^
[INFO] [stdout] help: consider borrowing here
[INFO] [stdout]    |
[INFO] [stdout] 91 |         assert_approx_eq(vert.mag(), Mass::Lb(171.0), &Mass::Lb(1e-1));
[INFO] [stdout]    |                                                       +
[INFO] [stdout] 
[INFO] [stdout] 
[INFO] [stdout] error[E0308]: mismatched types
[INFO] [stdout]   --> src/vector.rs:99:56
[INFO] [stdout]    |
[INFO] [stdout] 99 |         assert_approx_eq(horiz.mag(), Mass::Lb(469.8), Mass::Lb(1e-1));
[INFO] [stdout]    |         ----------------                               ^^^^^^^^^^^^^^ expected `&Mass`, found `Mass`
[INFO] [stdout]    |         |
[INFO] [stdout]    |         arguments to this function are incorrect
[INFO] [stdout]    |
[INFO] [stdout] note: function defined here
[INFO] [stdout]   --> /opt/rustwide/cargo-home/registry/src/index.crates.io-6f17d22bba15001f/extra-asserts-0.1.1/src/lib.rs:23:8
[INFO] [stdout]    |
[INFO] [stdout] 23 | pub fn assert_approx_eq<T>(l: T, r: T, epsilon: &T::Output)
[INFO] [stdout]    |        ^^^^^^^^^^^^^^^^
[INFO] [stdout] help: consider borrowing here
[INFO] [stdout]    |
[INFO] [stdout] 99 |         assert_approx_eq(horiz.mag(), Mass::Lb(469.8), &Mass::Lb(1e-1));
[INFO] [stdout]    |                                                        +
[INFO] [stdout] 
[INFO] [stdout] 
[INFO] [stdout] error: aborting due to 4 previous errors
[INFO] [stdout] 
[INFO] [stdout] 
[INFO] [stdout] For more information about this error, try `rustc --explain E0308`.
[INFO] [stdout] 
[INFO] [stderr] error: could not compile `statics` (lib test) due to 5 previous errors
[INFO] running `Command { std: "docker" "inspect" "f925af66e70c218262efe2fdfad7d9dbce964cd63fef3efe8fad26e59f9cf03e", kill_on_drop: false }`
[INFO] running `Command { std: "docker" "rm" "-f" "f925af66e70c218262efe2fdfad7d9dbce964cd63fef3efe8fad26e59f9cf03e", kill_on_drop: false }`
[INFO] [stdout] f925af66e70c218262efe2fdfad7d9dbce964cd63fef3efe8fad26e59f9cf03e
