[INFO] fetching crate statez 0.1.2...
[INFO] testing statez-0.1.2 against 1.75.0 for beta-1.76-1
[INFO] extracting crate statez 0.1.2 into /workspace/builds/worker-2-tc1/source
[INFO] validating manifest of crates.io crate statez 0.1.2 on toolchain 1.75.0
[INFO] running `Command { std: CARGO_HOME="/workspace/cargo-home" RUSTUP_HOME="/workspace/rustup-home" "/workspace/cargo-home/bin/cargo" "+1.75.0" "metadata" "--manifest-path" "Cargo.toml" "--no-deps", kill_on_drop: false }`
[INFO] started tweaking crates.io crate statez 0.1.2
[INFO] finished tweaking crates.io crate statez 0.1.2
[INFO] tweaked toml for crates.io crate statez 0.1.2 written to /workspace/builds/worker-2-tc1/source/Cargo.toml
[INFO] running `Command { std: CARGO_HOME="/workspace/cargo-home" RUSTUP_HOME="/workspace/rustup-home" "/workspace/cargo-home/bin/cargo" "+1.75.0" "generate-lockfile" "--manifest-path" "Cargo.toml", kill_on_drop: false }`
[INFO] [stderr]     Updating crates.io index
[INFO] running `Command { std: CARGO_HOME="/workspace/cargo-home" RUSTUP_HOME="/workspace/rustup-home" "/workspace/cargo-home/bin/cargo" "+1.75.0" "fetch" "--manifest-path" "Cargo.toml", kill_on_drop: false }`
[INFO] [stderr]  Downloading crates ...
[INFO] [stderr]   Downloaded gfx_window_sdl v0.8.0
[INFO] [stderr]   Downloaded zip v0.3.3
[INFO] [stderr]   Downloaded app_dirs2 v2.5.5
[INFO] [stderr]   Downloaded smart-default v0.2.0
[INFO] [stderr]   Downloaded ogg v0.4.1
[INFO] [stderr]   Downloaded xi-unicode v0.1.0
[INFO] [stderr]   Downloaded lyon_path v0.10.1
[INFO] [stderr]   Downloaded alga v0.5.4
[INFO] [stderr]   Downloaded cgmath v0.14.1
[INFO] [stderr]   Downloaded lyon_tessellation v0.10.2
[INFO] [stderr]   Downloaded sdl2-sys v0.31.0
[INFO] [stderr]   Downloaded gfx_glyph v0.10.2
[INFO] [stderr]   Downloaded ggez v0.4.4
[INFO] [stderr]   Downloaded rodio v0.7.0
[INFO] [stderr]   Downloaded nalgebra v0.14.4
[INFO] [stderr]   Downloaded sdl2 v0.31.0
[INFO] [stderr]   Downloaded claxon v0.3.3
[INFO] [stderr]   Downloaded lewton v0.5.2
[INFO] [stderr]   Downloaded rusttype v0.5.2
[INFO] [stderr]   Downloaded image v0.19.0
[INFO] [stderr]   Downloaded euclid v0.17.3
[INFO] [stderr]   Downloaded png v0.12.0
[INFO] [stderr]   Downloaded lyon_geom v0.10.1
[INFO] [stderr]   Downloaded lyon v0.10.2
[INFO] running `Command { std: "docker" "create" "-v" "/var/lib/crater-agent-workspace/builds/worker-2-tc1/target:/opt/rustwide/target:rw,Z" "-v" "/var/lib/crater-agent-workspace/builds/worker-2-tc1/source:/opt/rustwide/workdir:ro,Z" "-v" "/var/lib/crater-agent-workspace/cargo-home:/opt/rustwide/cargo-home:ro,Z" "-v" "/var/lib/crater-agent-workspace/rustup-home:/opt/rustwide/rustup-home:ro,Z" "-e" "SOURCE_DIR=/opt/rustwide/workdir" "-e" "CARGO_TARGET_DIR=/opt/rustwide/target" "-e" "CARGO_HOME=/opt/rustwide/cargo-home" "-e" "RUSTUP_HOME=/opt/rustwide/rustup-home" "-w" "/opt/rustwide/workdir" "-m" "1610612736" "--user" "0:0" "--network" "none" "ghcr.io/rust-lang/crates-build-env/linux@sha256:2788e3201cd34a07e3172128adcd8b3090168a8e3bcc40d7c032b9dda1df7d1c" "/opt/rustwide/cargo-home/bin/cargo" "+1.75.0" "metadata" "--no-deps" "--format-version=1", kill_on_drop: false }`
[INFO] [stdout] c1f34b46eb91ec124f909c63b0ac2a3ed60fbd248ecd69d5e72c1b6bbbb6ab90
[INFO] running `Command { std: "docker" "start" "-a" "c1f34b46eb91ec124f909c63b0ac2a3ed60fbd248ecd69d5e72c1b6bbbb6ab90", kill_on_drop: false }`
[INFO] running `Command { std: "docker" "inspect" "c1f34b46eb91ec124f909c63b0ac2a3ed60fbd248ecd69d5e72c1b6bbbb6ab90", kill_on_drop: false }`
[INFO] running `Command { std: "docker" "rm" "-f" "c1f34b46eb91ec124f909c63b0ac2a3ed60fbd248ecd69d5e72c1b6bbbb6ab90", kill_on_drop: false }`
[INFO] [stdout] c1f34b46eb91ec124f909c63b0ac2a3ed60fbd248ecd69d5e72c1b6bbbb6ab90
[INFO] running `Command { std: "docker" "create" "-v" "/var/lib/crater-agent-workspace/builds/worker-2-tc1/target:/opt/rustwide/target:rw,Z" "-v" "/var/lib/crater-agent-workspace/builds/worker-2-tc1/source:/opt/rustwide/workdir:ro,Z" "-v" "/var/lib/crater-agent-workspace/cargo-home:/opt/rustwide/cargo-home:ro,Z" "-v" "/var/lib/crater-agent-workspace/rustup-home:/opt/rustwide/rustup-home:ro,Z" "-e" "SOURCE_DIR=/opt/rustwide/workdir" "-e" "CARGO_TARGET_DIR=/opt/rustwide/target" "-e" "CARGO_INCREMENTAL=0" "-e" "RUST_BACKTRACE=full" "-e" "RUSTFLAGS=--cap-lints=warn" "-e" "RUSTDOCFLAGS=--cap-lints=warn" "-e" "CARGO_HOME=/opt/rustwide/cargo-home" "-e" "RUSTUP_HOME=/opt/rustwide/rustup-home" "-w" "/opt/rustwide/workdir" "-m" "1610612736" "--user" "0:0" "--network" "none" "ghcr.io/rust-lang/crates-build-env/linux@sha256:2788e3201cd34a07e3172128adcd8b3090168a8e3bcc40d7c032b9dda1df7d1c" "/opt/rustwide/cargo-home/bin/cargo" "+1.75.0" "build" "--frozen" "--message-format=json", kill_on_drop: false }`
[INFO] [stdout] ec81ce578ce1d27f510eb0ec235d024254677281b734673d832807afc6f52bd0
[INFO] running `Command { std: "docker" "start" "-a" "ec81ce578ce1d27f510eb0ec235d024254677281b734673d832807afc6f52bd0", kill_on_drop: false }`
[INFO] [stderr]    Compiling libc v0.2.151
[INFO] [stderr]    Compiling num-traits v0.2.17
[INFO] [stderr]    Compiling proc-macro2 v0.4.30
[INFO] [stderr]    Compiling unicode-xid v0.1.0
[INFO] [stderr]    Compiling byteorder v1.5.0
[INFO] [stderr]    Compiling pkg-config v0.3.28
[INFO] [stderr]    Compiling syn v0.15.44
[INFO] [stderr]    Compiling num-integer v0.1.45
[INFO] [stderr]    Compiling log v0.4.20
[INFO] [stderr]    Compiling nodrop v0.1.14
[INFO] [stderr]    Compiling arrayvec v0.4.12
[INFO] [stderr]    Compiling khronos_api v2.2.0
[INFO] [stderr]    Compiling num-iter v0.1.43
[INFO] [stderr]    Compiling xml-rs v0.7.0
[INFO] [stderr]    Compiling approx v0.1.1
[INFO] [stderr]    Compiling draw_state v0.8.0
[INFO] [stderr]    Compiling cfg-if v0.1.10
[INFO] [stderr]    Compiling alsa-sys v0.1.2
[INFO] [stderr]    Compiling sdl2-sys v0.31.0
[INFO] [stderr]    Compiling void v1.0.2
[INFO] [stderr]    Compiling adler32 v1.2.0
[INFO] [stderr]    Compiling cc v1.0.83
[INFO] [stderr]    Compiling quote v0.6.13
[INFO] [stderr]    Compiling rand v0.4.6
[INFO] [stderr]    Compiling getrandom v0.2.11
[INFO] [stderr]    Compiling gl_generator v0.9.0
[INFO] [stderr]    Compiling rand_core v0.6.4
[INFO] [stderr]    Compiling unreachable v1.0.0
[INFO] [stderr]    Compiling rand v0.3.23
[INFO] [stderr]    Compiling rand_chacha v0.3.1
[INFO] [stderr]    Compiling stb_truetype v0.3.1
[INFO] [stderr]    Compiling memchr v2.7.1
[INFO] [stderr]    Compiling num-derive v0.2.5
[INFO] [stderr]    Compiling gimli v0.28.1
[INFO] [stderr]    Compiling gfx_gl v0.5.0
[INFO] [stderr]    Compiling num-traits v0.1.43
[INFO] [stderr]    Compiling euclid v0.17.3
[INFO] [stderr]    Compiling matrixmultiply v0.1.15
[INFO] [stderr]    Compiling unicode-xid v0.0.4
[INFO] [stderr]    Compiling adler v1.0.2
[INFO] [stderr]    Compiling miniz_oxide v0.7.1
[INFO] [stderr]    Compiling serde v1.0.194
[INFO] [stderr]    Compiling synom v0.11.3
[INFO] [stderr]    Compiling lyon_geom v0.10.1
[INFO] [stderr]    Compiling num v0.1.42
[INFO] [stderr]    Compiling bzip2-sys v0.1.11+1.0.8
[INFO] [stderr]    Compiling backtrace v0.3.69
[INFO] [stderr]    Compiling object v0.32.2
[INFO] [stderr]    Compiling sid v0.5.2
[INFO] [stderr]    Compiling lyon_path v0.10.1
[INFO] [stderr]    Compiling ordered-float v0.5.2
[INFO] [stderr]    Compiling num-complex v0.1.43
[INFO] [stderr]    Compiling rand v0.8.5
[INFO] [stderr]    Compiling stb_truetype v0.2.8
[INFO] [stderr]    Compiling inflate v0.4.5
[INFO] [stderr]    Compiling deflate v0.7.20
[INFO] [stderr]    Compiling time v0.1.45
[INFO] [stderr]    Compiling ogg v0.4.1
[INFO] [stderr]    Compiling addr2line v0.21.0
[INFO] [stderr]    Compiling quote v0.3.15
[INFO] [stderr]    Compiling rawpointer v0.1.0
[INFO] [stderr]    Compiling linked-hash-map v0.5.6
[INFO] [stderr]    Compiling static_assertions v1.1.0
[INFO] [stderr]    Compiling color_quant v1.1.0
[INFO] [stderr]    Compiling bitflags v0.7.0
[INFO] [stderr]    Compiling rustc-demangle v0.1.23
[INFO] [stderr]    Compiling lzw v0.10.0
[INFO] [stderr]    Compiling lazy_static v0.2.11
[INFO] [stderr]    Compiling cpal v0.8.2
[INFO] [stderr]    Compiling gif v0.10.3
[INFO] [stderr]    Compiling sdl2 v0.31.0
[INFO] [stderr]    Compiling rusttype v0.5.2
[INFO] [stderr]    Compiling twox-hash v1.6.3
[INFO] [stderr]    Compiling syn v0.11.11
[INFO] [stderr]    Compiling derivative v1.0.4
[INFO] [stderr]    Compiling msdos_time v0.1.6
[INFO] [stderr]    Compiling lewton v0.5.2
[INFO] [stderr]    Compiling png v0.12.0
[INFO] [stderr]    Compiling bzip2 v0.3.3
[INFO] [stderr]    Compiling syn v2.0.48
[INFO] [stderr]    Compiling alga v0.5.4
[INFO] [stderr]    Compiling generic-array v0.8.4
[INFO] [stderr]    Compiling lyon_tessellation v0.10.2
[INFO] [stderr]    Compiling num-rational v0.1.42
[INFO] [stderr]    Compiling cgmath v0.14.1
[INFO] [stderr]    Compiling xdg v2.5.2
[INFO] [stderr]    Compiling gfx_core v0.8.3
[INFO] [stderr]    Compiling claxon v0.3.3
[INFO] [stderr]    Compiling xi-unicode v0.1.0
[INFO] [stderr]    Compiling hound v3.5.1
[INFO] [stderr]    Compiling jpeg-decoder v0.1.22
[INFO] [stderr]    Compiling podio v0.1.7
[INFO] [stderr]    Compiling zip v0.3.3
[INFO] [stderr]    Compiling app_dirs2 v2.5.5
[INFO] [stderr]    Compiling lyon v0.10.2
[INFO] [stderr]    Compiling nalgebra v0.14.4
[INFO] [stderr]    Compiling gfx v0.17.1
[INFO] [stderr]    Compiling gfx_device_gl v0.15.5
[INFO] [stderr]    Compiling rodio v0.7.0
[INFO] [stderr]    Compiling gfx_glyph v0.10.2
[INFO] [stderr]    Compiling toml v0.4.10
[INFO] [stdout] error[E0592]: duplicate definitions with name `new`
[INFO] [stdout]    --> /opt/rustwide/cargo-home/registry/src/index.crates.io-6f17d22bba15001f/nalgebra-0.14.4/src/core/construction.rs:510:13
[INFO] [stdout]     |
[INFO] [stdout] 510 |               pub fn new($($args: N),*) -> Self {
[INFO] [stdout]     |               ^^^^^^^^^^^^^^^^^^^^^^^^^^^^^^^^^ duplicate definitions for `new`
[INFO] [stdout] ...
[INFO] [stdout] 522 | / componentwise_constructors_impl!(
[INFO] [stdout] 523 | |     /*
[INFO] [stdout] 524 | |      * Square matrices 1 .. 6.
[INFO] [stdout] 525 | |      */
[INFO] [stdout] ...   |
[INFO] [stdout] 664 | |     U6, U1, x:(0,0), y:(1,0), z:(2,0), w:(3,0), a:(4,0), b:(5,0);
[INFO] [stdout] 665 | | );
[INFO] [stdout]     | |_- in this macro invocation
[INFO] [stdout]     |
[INFO] [stdout]    ::: /opt/rustwide/cargo-home/registry/src/index.crates.io-6f17d22bba15001f/nalgebra-0.14.4/src/core/construction_slice_deprecated.rs:171:13
[INFO] [stdout]     |
[INFO] [stdout] 171 |               pub fn new(data: &'a [N], $($args: usize),*) -> Self {
[INFO] [stdout]     |               ---------------------------------------------------- other definition for `new`
[INFO] [stdout]     |
[INFO] [stdout]     = note: this error originates in the macro `componentwise_constructors_impl` (in Nightly builds, run with -Z macro-backtrace for more info)
[INFO] [stdout] 
[INFO] [stdout] 
[INFO] [stdout] error[E0592]: duplicate definitions with name `new`
[INFO] [stdout]    --> /opt/rustwide/cargo-home/registry/src/index.crates.io-6f17d22bba15001f/nalgebra-0.14.4/src/core/construction.rs:510:13
[INFO] [stdout]     |
[INFO] [stdout] 510 |               pub fn new($($args: N),*) -> Self {
[INFO] [stdout]     |               ^^^^^^^^^^^^^^^^^^^^^^^^^^^^^^^^^ duplicate definitions for `new`
[INFO] [stdout] ...
[INFO] [stdout] 522 | / componentwise_constructors_impl!(
[INFO] [stdout] 523 | |     /*
[INFO] [stdout] 524 | |      * Square matrices 1 .. 6.
[INFO] [stdout] 525 | |      */
[INFO] [stdout] ...   |
[INFO] [stdout] 664 | |     U6, U1, x:(0,0), y:(1,0), z:(2,0), w:(3,0), a:(4,0), b:(5,0);
[INFO] [stdout] 665 | | );
[INFO] [stdout]     | |_- in this macro invocation
[INFO] [stdout]     |
[INFO] [stdout]    ::: /opt/rustwide/cargo-home/registry/src/index.crates.io-6f17d22bba15001f/nalgebra-0.14.4/src/core/construction_slice_deprecated.rs:232:13
[INFO] [stdout]     |
[INFO] [stdout] 232 |               pub fn new(data: &'a mut [N], $($args: usize),*) -> Self {
[INFO] [stdout]     |               -------------------------------------------------------- other definition for `new`
[INFO] [stdout]     |
[INFO] [stdout]     = note: this error originates in the macro `componentwise_constructors_impl` (in Nightly builds, run with -Z macro-backtrace for more info)
[INFO] [stdout] 
[INFO] [stdout] 
[INFO] [stderr]    Compiling gfx_window_sdl v0.8.0
[INFO] [stderr]    Compiling image v0.19.0
[INFO] [stderr]    Compiling smart-default v0.2.0
[INFO] [stdout] error: aborting due to 2 previous errors
[INFO] [stdout] 
[INFO] [stdout] 
[INFO] [stdout] For more information about this error, try `rustc --explain E0592`.
[INFO] [stdout] 
[INFO] [stderr] error: could not compile `nalgebra` (lib) due to 3 previous errors
[INFO] [stderr] warning: build failed, waiting for other jobs to finish...
[INFO] running `Command { std: "docker" "inspect" "ec81ce578ce1d27f510eb0ec235d024254677281b734673d832807afc6f52bd0", kill_on_drop: false }`
[INFO] running `Command { std: "docker" "rm" "-f" "ec81ce578ce1d27f510eb0ec235d024254677281b734673d832807afc6f52bd0", kill_on_drop: false }`
[INFO] [stdout] ec81ce578ce1d27f510eb0ec235d024254677281b734673d832807afc6f52bd0
[INFO] testing statez-0.1.2 against beta-2023-12-22 for beta-1.76-1
[INFO] extracting crate statez 0.1.2 into /workspace/builds/worker-2-tc2/source
[INFO] validating manifest of crates.io crate statez 0.1.2 on toolchain beta-2023-12-22
[INFO] running `Command { std: CARGO_HOME="/workspace/cargo-home" RUSTUP_HOME="/workspace/rustup-home" "/workspace/cargo-home/bin/cargo" "+beta-2023-12-22" "metadata" "--manifest-path" "Cargo.toml" "--no-deps", kill_on_drop: false }`
[INFO] started tweaking crates.io crate statez 0.1.2
[INFO] finished tweaking crates.io crate statez 0.1.2
[INFO] tweaked toml for crates.io crate statez 0.1.2 written to /workspace/builds/worker-2-tc2/source/Cargo.toml
[INFO] running `Command { std: CARGO_HOME="/workspace/cargo-home" RUSTUP_HOME="/workspace/rustup-home" "/workspace/cargo-home/bin/cargo" "+beta-2023-12-22" "generate-lockfile" "--manifest-path" "Cargo.toml", kill_on_drop: false }`
[INFO] [stderr]     Updating crates.io index
[INFO] running `Command { std: CARGO_HOME="/workspace/cargo-home" RUSTUP_HOME="/workspace/rustup-home" "/workspace/cargo-home/bin/cargo" "+beta-2023-12-22" "fetch" "--manifest-path" "Cargo.toml", kill_on_drop: false }`
[INFO] running `Command { std: "docker" "create" "-v" "/var/lib/crater-agent-workspace/builds/worker-2-tc2/target:/opt/rustwide/target:rw,Z" "-v" "/var/lib/crater-agent-workspace/builds/worker-2-tc2/source:/opt/rustwide/workdir:ro,Z" "-v" "/var/lib/crater-agent-workspace/cargo-home:/opt/rustwide/cargo-home:ro,Z" "-v" "/var/lib/crater-agent-workspace/rustup-home:/opt/rustwide/rustup-home:ro,Z" "-e" "SOURCE_DIR=/opt/rustwide/workdir" "-e" "CARGO_TARGET_DIR=/opt/rustwide/target" "-e" "CARGO_HOME=/opt/rustwide/cargo-home" "-e" "RUSTUP_HOME=/opt/rustwide/rustup-home" "-w" "/opt/rustwide/workdir" "-m" "1610612736" "--user" "0:0" "--network" "none" "ghcr.io/rust-lang/crates-build-env/linux@sha256:2788e3201cd34a07e3172128adcd8b3090168a8e3bcc40d7c032b9dda1df7d1c" "/opt/rustwide/cargo-home/bin/cargo" "+beta-2023-12-22" "metadata" "--no-deps" "--format-version=1", kill_on_drop: false }`
[INFO] [stdout] f612977fcd004c0a1349d1f21cea396bcd340a4802e6520dc8700f61a9c3596a
[INFO] running `Command { std: "docker" "start" "-a" "f612977fcd004c0a1349d1f21cea396bcd340a4802e6520dc8700f61a9c3596a", kill_on_drop: false }`
[INFO] running `Command { std: "docker" "inspect" "f612977fcd004c0a1349d1f21cea396bcd340a4802e6520dc8700f61a9c3596a", kill_on_drop: false }`
[INFO] running `Command { std: "docker" "rm" "-f" "f612977fcd004c0a1349d1f21cea396bcd340a4802e6520dc8700f61a9c3596a", kill_on_drop: false }`
[INFO] [stdout] f612977fcd004c0a1349d1f21cea396bcd340a4802e6520dc8700f61a9c3596a
[INFO] running `Command { std: "docker" "create" "-v" "/var/lib/crater-agent-workspace/builds/worker-2-tc2/target:/opt/rustwide/target:rw,Z" "-v" "/var/lib/crater-agent-workspace/builds/worker-2-tc2/source:/opt/rustwide/workdir:ro,Z" "-v" "/var/lib/crater-agent-workspace/cargo-home:/opt/rustwide/cargo-home:ro,Z" "-v" "/var/lib/crater-agent-workspace/rustup-home:/opt/rustwide/rustup-home:ro,Z" "-e" "SOURCE_DIR=/opt/rustwide/workdir" "-e" "CARGO_TARGET_DIR=/opt/rustwide/target" "-e" "CARGO_INCREMENTAL=0" "-e" "RUST_BACKTRACE=full" "-e" "RUSTFLAGS=--cap-lints=warn" "-e" "RUSTDOCFLAGS=--cap-lints=warn" "-e" "CARGO_HOME=/opt/rustwide/cargo-home" "-e" "RUSTUP_HOME=/opt/rustwide/rustup-home" "-w" "/opt/rustwide/workdir" "-m" "1610612736" "--user" "0:0" "--network" "none" "ghcr.io/rust-lang/crates-build-env/linux@sha256:2788e3201cd34a07e3172128adcd8b3090168a8e3bcc40d7c032b9dda1df7d1c" "/opt/rustwide/cargo-home/bin/cargo" "+beta-2023-12-22" "build" "--frozen" "--message-format=json", kill_on_drop: false }`
[INFO] [stdout] f15b0d0f19cf98fb462cae7e725adf8f2df94258b3238809e135ef31d15401e4
[INFO] running `Command { std: "docker" "start" "-a" "f15b0d0f19cf98fb462cae7e725adf8f2df94258b3238809e135ef31d15401e4", kill_on_drop: false }`
[INFO] [stderr]    Compiling num-traits v0.2.17
[INFO] [stderr]    Compiling proc-macro2 v0.4.30
[INFO] [stderr]    Compiling unicode-xid v0.1.0
[INFO] [stderr]    Compiling syn v0.15.44
[INFO] [stderr]    Compiling pkg-config v0.3.28
[INFO] [stderr]    Compiling byteorder v1.5.0
[INFO] [stderr]    Compiling libc v0.2.151
[INFO] [stderr]    Compiling num-integer v0.1.45
[INFO] [stderr]    Compiling log v0.4.20
[INFO] [stderr]    Compiling nodrop v0.1.14
[INFO] [stderr]    Compiling khronos_api v2.2.0
[INFO] [stderr]    Compiling arrayvec v0.4.12
[INFO] [stderr]    Compiling num-iter v0.1.43
[INFO] [stderr]    Compiling xml-rs v0.7.0
[INFO] [stderr]    Compiling approx v0.1.1
[INFO] [stderr]    Compiling draw_state v0.8.0
[INFO] [stderr]    Compiling cfg-if v0.1.10
[INFO] [stderr]    Compiling quote v0.6.13
[INFO] [stderr]    Compiling cc v1.0.83
[INFO] [stderr]    Compiling rand v0.4.6
[INFO] [stderr]    Compiling gl_generator v0.9.0
[INFO] [stderr]    Compiling getrandom v0.2.11
[INFO] [stderr]    Compiling sdl2-sys v0.31.0
[INFO] [stderr]    Compiling rand_core v0.6.4
[INFO] [stderr]    Compiling rand v0.3.23
[INFO] [stderr]    Compiling alsa-sys v0.1.2
[INFO] [stderr]    Compiling void v1.0.2
[INFO] [stderr]    Compiling adler32 v1.2.0
[INFO] [stderr]    Compiling rand_chacha v0.3.1
[INFO] [stderr]    Compiling num-traits v0.1.43
[INFO] [stderr]    Compiling gfx_gl v0.5.0
[INFO] [stderr]    Compiling euclid v0.17.3
[INFO] [stderr]    Compiling unreachable v1.0.0
[INFO] [stderr]    Compiling stb_truetype v0.3.1
[INFO] [stderr]    Compiling unicode-xid v0.0.4
[INFO] [stderr]    Compiling matrixmultiply v0.1.15
[INFO] [stderr]    Compiling gimli v0.28.1
[INFO] [stderr]    Compiling memchr v2.7.1
[INFO] [stderr]    Compiling bzip2-sys v0.1.11+1.0.8
[INFO] [stderr]    Compiling backtrace v0.3.69
[INFO] [stderr]    Compiling lyon_geom v0.10.1
[INFO] [stderr]    Compiling adler v1.0.2
[INFO] [stderr]    Compiling num-derive v0.2.5
[INFO] [stderr]    Compiling object v0.32.2
[INFO] [stderr]    Compiling lyon_path v0.10.1
[INFO] [stderr]    Compiling miniz_oxide v0.7.1
[INFO] [stderr]    Compiling serde v1.0.194
[INFO] [stderr]    Compiling stb_truetype v0.2.8
[INFO] [stderr]    Compiling num v0.1.42
[INFO] [stderr]    Compiling synom v0.11.3
[INFO] [stderr]    Compiling ordered-float v0.5.2
[INFO] [stderr]    Compiling rand v0.8.5
[INFO] [stderr]    Compiling sid v0.5.2
[INFO] [stderr]    Compiling deflate v0.7.20
[INFO] [stderr]    Compiling inflate v0.4.5
[INFO] [stderr]    Compiling num-complex v0.1.43
[INFO] [stderr]    Compiling time v0.1.45
[INFO] [stderr]    Compiling derivative v1.0.4
[INFO] [stderr]    Compiling addr2line v0.21.0
[INFO] [stderr]    Compiling ogg v0.4.1
[INFO] [stderr]    Compiling rawpointer v0.1.0
[INFO] [stderr]    Compiling quote v0.3.15
[INFO] [stderr]    Compiling bitflags v0.7.0
[INFO] [stderr]    Compiling linked-hash-map v0.5.6
[INFO] [stderr]    Compiling lzw v0.10.0
[INFO] [stderr]    Compiling rustc-demangle v0.1.23
[INFO] [stderr]    Compiling static_assertions v1.1.0
[INFO] [stderr]    Compiling lazy_static v0.2.11
[INFO] [stderr]    Compiling color_quant v1.1.0
[INFO] [stderr]    Compiling sdl2 v0.31.0
[INFO] [stderr]    Compiling twox-hash v1.6.3
[INFO] [stderr]    Compiling cpal v0.8.2
[INFO] [stderr]    Compiling gif v0.10.3
[INFO] [stderr]    Compiling rusttype v0.5.2
[INFO] [stderr]    Compiling syn v0.11.11
[INFO] [stderr]    Compiling lewton v0.5.2
[INFO] [stderr]    Compiling msdos_time v0.1.6
[INFO] [stderr]    Compiling alga v0.5.4
[INFO] [stderr]    Compiling png v0.12.0
[INFO] [stderr]    Compiling bzip2 v0.3.3
[INFO] [stderr]    Compiling lyon_tessellation v0.10.2
[INFO] [stderr]    Compiling gfx_core v0.8.3
[INFO] [stderr]    Compiling generic-array v0.8.4
[INFO] [stderr]    Compiling syn v2.0.48
[INFO] [stderr]    Compiling num-rational v0.1.42
[INFO] [stderr]    Compiling cgmath v0.14.1
[INFO] [stderr]    Compiling hound v3.5.1
[INFO] [stderr]    Compiling claxon v0.3.3
[INFO] [stderr]    Compiling podio v0.1.7
[INFO] [stderr]    Compiling jpeg-decoder v0.1.22
[INFO] [stderr]    Compiling xdg v2.5.2
[INFO] [stderr]    Compiling xi-unicode v0.1.0
[INFO] [stderr]    Compiling zip v0.3.3
[INFO] [stderr]    Compiling gfx v0.17.1
[INFO] [stderr]    Compiling gfx_device_gl v0.15.5
[INFO] [stderr]    Compiling image v0.19.0
[INFO] [stderr]    Compiling gfx_glyph v0.10.2
[INFO] [stderr]    Compiling app_dirs2 v2.5.5
[INFO] [stderr]    Compiling gfx_window_sdl v0.8.0
[INFO] [stderr]    Compiling rodio v0.7.0
[INFO] [stderr]    Compiling smart-default v0.2.0
[INFO] [stderr]    Compiling nalgebra v0.14.4
[INFO] [stderr]    Compiling lyon v0.10.2
[INFO] [stderr]    Compiling toml v0.4.10
[INFO] [stdout] error[E0592]: duplicate definitions with name `new`
[INFO] [stdout]    --> /opt/rustwide/cargo-home/registry/src/index.crates.io-6f17d22bba15001f/nalgebra-0.14.4/src/core/construction.rs:510:13
[INFO] [stdout]     |
[INFO] [stdout] 510 |               pub fn new($($args: N),*) -> Self {
[INFO] [stdout]     |               ^^^^^^^^^^^^^^^^^^^^^^^^^^^^^^^^^ duplicate definitions for `new`
[INFO] [stdout] ...
[INFO] [stdout] 522 | / componentwise_constructors_impl!(
[INFO] [stdout] 523 | |     /*
[INFO] [stdout] 524 | |      * Square matrices 1 .. 6.
[INFO] [stdout] 525 | |      */
[INFO] [stdout] ...   |
[INFO] [stdout] 664 | |     U6, U1, x:(0,0), y:(1,0), z:(2,0), w:(3,0), a:(4,0), b:(5,0);
[INFO] [stdout] 665 | | );
[INFO] [stdout]     | |_- in this macro invocation
[INFO] [stdout]     |
[INFO] [stdout]    ::: /opt/rustwide/cargo-home/registry/src/index.crates.io-6f17d22bba15001f/nalgebra-0.14.4/src/core/construction_slice_deprecated.rs:171:13
[INFO] [stdout]     |
[INFO] [stdout] 171 |               pub fn new(data: &'a [N], $($args: usize),*) -> Self {
[INFO] [stdout]     |               ---------------------------------------------------- other definition for `new`
[INFO] [stdout]     |
[INFO] [stdout]     = note: this error originates in the macro `componentwise_constructors_impl` (in Nightly builds, run with -Z macro-backtrace for more info)
[INFO] [stdout] 
[INFO] [stdout] 
[INFO] [stdout] error[E0592]: duplicate definitions with name `new`
[INFO] [stdout]    --> /opt/rustwide/cargo-home/registry/src/index.crates.io-6f17d22bba15001f/nalgebra-0.14.4/src/core/construction.rs:510:13
[INFO] [stdout]     |
[INFO] [stdout] 510 |               pub fn new($($args: N),*) -> Self {
[INFO] [stdout]     |               ^^^^^^^^^^^^^^^^^^^^^^^^^^^^^^^^^ duplicate definitions for `new`
[INFO] [stdout] ...
[INFO] [stdout] 522 | / componentwise_constructors_impl!(
[INFO] [stdout] 523 | |     /*
[INFO] [stdout] 524 | |      * Square matrices 1 .. 6.
[INFO] [stdout] 525 | |      */
[INFO] [stdout] ...   |
[INFO] [stdout] 664 | |     U6, U1, x:(0,0), y:(1,0), z:(2,0), w:(3,0), a:(4,0), b:(5,0);
[INFO] [stdout] 665 | | );
[INFO] [stdout]     | |_- in this macro invocation
[INFO] [stdout]     |
[INFO] [stdout]    ::: /opt/rustwide/cargo-home/registry/src/index.crates.io-6f17d22bba15001f/nalgebra-0.14.4/src/core/construction_slice_deprecated.rs:232:13
[INFO] [stdout]     |
[INFO] [stdout] 232 |               pub fn new(data: &'a mut [N], $($args: usize),*) -> Self {
[INFO] [stdout]     |               -------------------------------------------------------- other definition for `new`
[INFO] [stdout]     |
[INFO] [stdout]     = note: this error originates in the macro `componentwise_constructors_impl` (in Nightly builds, run with -Z macro-backtrace for more info)
[INFO] [stdout] 
[INFO] [stdout] 
[INFO] [stdout] error: aborting due to 2 previous errors
[INFO] [stdout] 
[INFO] [stdout] 
[INFO] [stdout] For more information about this error, try `rustc --explain E0592`.
[INFO] [stdout] 
[INFO] [stderr] error: could not compile `nalgebra` (lib) due to 3 previous errors
[INFO] [stderr] warning: build failed, waiting for other jobs to finish...
[INFO] running `Command { std: "docker" "inspect" "f15b0d0f19cf98fb462cae7e725adf8f2df94258b3238809e135ef31d15401e4", kill_on_drop: false }`
[INFO] running `Command { std: "docker" "rm" "-f" "f15b0d0f19cf98fb462cae7e725adf8f2df94258b3238809e135ef31d15401e4", kill_on_drop: false }`
[INFO] [stdout] f15b0d0f19cf98fb462cae7e725adf8f2df94258b3238809e135ef31d15401e4
