[INFO] fetching crate starbase_utils 0.3.11...
[INFO] testing starbase_utils-0.3.11 against 1.75.0 for beta-1.76-1
[INFO] extracting crate starbase_utils 0.3.11 into /workspace/builds/worker-1-tc1/source
[INFO] validating manifest of crates.io crate starbase_utils 0.3.11 on toolchain 1.75.0
[INFO] running `Command { std: CARGO_HOME="/workspace/cargo-home" RUSTUP_HOME="/workspace/rustup-home" "/workspace/cargo-home/bin/cargo" "+1.75.0" "metadata" "--manifest-path" "Cargo.toml" "--no-deps", kill_on_drop: false }`
[INFO] started tweaking crates.io crate starbase_utils 0.3.11
[INFO] finished tweaking crates.io crate starbase_utils 0.3.11
[INFO] tweaked toml for crates.io crate starbase_utils 0.3.11 written to /workspace/builds/worker-1-tc1/source/Cargo.toml
[INFO] running `Command { std: CARGO_HOME="/workspace/cargo-home" RUSTUP_HOME="/workspace/rustup-home" "/workspace/cargo-home/bin/cargo" "+1.75.0" "generate-lockfile" "--manifest-path" "Cargo.toml", kill_on_drop: false }`
[INFO] [stderr]     Updating crates.io index
[INFO] running `Command { std: CARGO_HOME="/workspace/cargo-home" RUSTUP_HOME="/workspace/rustup-home" "/workspace/cargo-home/bin/cargo" "+1.75.0" "fetch" "--manifest-path" "Cargo.toml", kill_on_drop: false }`
[INFO] [stderr]     Blocking waiting for file lock on package cache
[INFO] [stderr]     Blocking waiting for file lock on package cache
[INFO] [stderr]  Downloading crates ...
[INFO] [stderr]   Downloaded tardar v0.1.0
[INFO] [stderr]   Downloaded ec4rs v1.0.2
[INFO] [stderr]   Downloaded pori v0.0.0
[INFO] [stderr]   Downloaded starbase_styles v0.1.16
[INFO] [stderr]   Downloaded wax v0.6.0
[INFO] running `Command { std: "docker" "create" "-v" "/var/lib/crater-agent-workspace/builds/worker-1-tc1/target:/opt/rustwide/target:rw,Z" "-v" "/var/lib/crater-agent-workspace/builds/worker-1-tc1/source:/opt/rustwide/workdir:ro,Z" "-v" "/var/lib/crater-agent-workspace/cargo-home:/opt/rustwide/cargo-home:ro,Z" "-v" "/var/lib/crater-agent-workspace/rustup-home:/opt/rustwide/rustup-home:ro,Z" "-e" "SOURCE_DIR=/opt/rustwide/workdir" "-e" "CARGO_TARGET_DIR=/opt/rustwide/target" "-e" "CARGO_HOME=/opt/rustwide/cargo-home" "-e" "RUSTUP_HOME=/opt/rustwide/rustup-home" "-w" "/opt/rustwide/workdir" "-m" "1610612736" "--user" "0:0" "--network" "none" "ghcr.io/rust-lang/crates-build-env/linux@sha256:2788e3201cd34a07e3172128adcd8b3090168a8e3bcc40d7c032b9dda1df7d1c" "/opt/rustwide/cargo-home/bin/cargo" "+1.75.0" "metadata" "--no-deps" "--format-version=1", kill_on_drop: false }`
[INFO] [stdout] d1d68849cbe7b05b7f039888f32556aa6311568a93abd74760814ae9800d0b9a
[INFO] running `Command { std: "docker" "start" "-a" "d1d68849cbe7b05b7f039888f32556aa6311568a93abd74760814ae9800d0b9a", kill_on_drop: false }`
[INFO] running `Command { std: "docker" "inspect" "d1d68849cbe7b05b7f039888f32556aa6311568a93abd74760814ae9800d0b9a", kill_on_drop: false }`
[INFO] running `Command { std: "docker" "rm" "-f" "d1d68849cbe7b05b7f039888f32556aa6311568a93abd74760814ae9800d0b9a", kill_on_drop: false }`
[INFO] [stdout] d1d68849cbe7b05b7f039888f32556aa6311568a93abd74760814ae9800d0b9a
[INFO] running `Command { std: "docker" "create" "-v" "/var/lib/crater-agent-workspace/builds/worker-1-tc1/target:/opt/rustwide/target:rw,Z" "-v" "/var/lib/crater-agent-workspace/builds/worker-1-tc1/source:/opt/rustwide/workdir:ro,Z" "-v" "/var/lib/crater-agent-workspace/cargo-home:/opt/rustwide/cargo-home:ro,Z" "-v" "/var/lib/crater-agent-workspace/rustup-home:/opt/rustwide/rustup-home:ro,Z" "-e" "SOURCE_DIR=/opt/rustwide/workdir" "-e" "CARGO_TARGET_DIR=/opt/rustwide/target" "-e" "CARGO_INCREMENTAL=0" "-e" "RUST_BACKTRACE=full" "-e" "RUSTFLAGS=--cap-lints=warn" "-e" "RUSTDOCFLAGS=--cap-lints=warn" "-e" "CARGO_HOME=/opt/rustwide/cargo-home" "-e" "RUSTUP_HOME=/opt/rustwide/rustup-home" "-w" "/opt/rustwide/workdir" "-m" "1610612736" "--user" "0:0" "--network" "none" "ghcr.io/rust-lang/crates-build-env/linux@sha256:2788e3201cd34a07e3172128adcd8b3090168a8e3bcc40d7c032b9dda1df7d1c" "/opt/rustwide/cargo-home/bin/cargo" "+1.75.0" "build" "--frozen" "--message-format=json", kill_on_drop: false }`
[INFO] [stdout] 447ca0e7159c3521fe79ef9ebf576476e8b73853a57054ef3513ba8de988763d
[INFO] running `Command { std: "docker" "start" "-a" "447ca0e7159c3521fe79ef9ebf576476e8b73853a57054ef3513ba8de988763d", kill_on_drop: false }`
[INFO] [stderr]    Compiling libc v0.2.151
[INFO] [stderr]    Compiling rustix v0.38.28
[INFO] [stderr]    Compiling linux-raw-sys v0.4.12
[INFO] [stderr]    Compiling option-ext v0.2.0
[INFO] [stderr]    Compiling is_ci v1.1.1
[INFO] [stderr]    Compiling owo-colors v3.5.0
[INFO] [stderr]    Compiling unicode-width v0.1.11
[INFO] [stderr]    Compiling relative-path v1.9.2
[INFO] [stderr]    Compiling tracing-core v0.1.32
[INFO] [stderr]    Compiling syn v2.0.48
[INFO] [stderr]    Compiling dirs-sys v0.4.1
[INFO] [stderr]    Compiling is-terminal v0.4.10
[INFO] [stderr]    Compiling supports-color v2.1.0
[INFO] [stderr]    Compiling dirs v5.0.1
[INFO] [stderr]    Compiling starbase_styles v0.1.16
[INFO] [stderr]    Compiling thiserror-impl v1.0.56
[INFO] [stderr]    Compiling miette-derive v5.10.0
[INFO] [stderr]    Compiling tracing-attributes v0.1.27
[INFO] [stderr]    Compiling thiserror v1.0.56
[INFO] [stderr]    Compiling miette v5.10.0
[INFO] [stderr]    Compiling tracing v0.1.40
[INFO] [stderr]    Compiling starbase_utils v0.3.11 (/opt/rustwide/workdir)
[INFO] [stderr]     Finished dev [unoptimized + debuginfo] target(s) in 9.12s
[INFO] running `Command { std: "docker" "inspect" "447ca0e7159c3521fe79ef9ebf576476e8b73853a57054ef3513ba8de988763d", kill_on_drop: false }`
[INFO] running `Command { std: "docker" "rm" "-f" "447ca0e7159c3521fe79ef9ebf576476e8b73853a57054ef3513ba8de988763d", kill_on_drop: false }`
[INFO] [stdout] 447ca0e7159c3521fe79ef9ebf576476e8b73853a57054ef3513ba8de988763d
[INFO] running `Command { std: "docker" "create" "-v" "/var/lib/crater-agent-workspace/builds/worker-1-tc1/target:/opt/rustwide/target:rw,Z" "-v" "/var/lib/crater-agent-workspace/builds/worker-1-tc1/source:/opt/rustwide/workdir:ro,Z" "-v" "/var/lib/crater-agent-workspace/cargo-home:/opt/rustwide/cargo-home:ro,Z" "-v" "/var/lib/crater-agent-workspace/rustup-home:/opt/rustwide/rustup-home:ro,Z" "-e" "SOURCE_DIR=/opt/rustwide/workdir" "-e" "CARGO_TARGET_DIR=/opt/rustwide/target" "-e" "CARGO_INCREMENTAL=0" "-e" "RUST_BACKTRACE=full" "-e" "RUSTFLAGS=--cap-lints=warn" "-e" "RUSTDOCFLAGS=--cap-lints=warn" "-e" "CARGO_HOME=/opt/rustwide/cargo-home" "-e" "RUSTUP_HOME=/opt/rustwide/rustup-home" "-w" "/opt/rustwide/workdir" "-m" "1610612736" "--user" "0:0" "--network" "none" "ghcr.io/rust-lang/crates-build-env/linux@sha256:2788e3201cd34a07e3172128adcd8b3090168a8e3bcc40d7c032b9dda1df7d1c" "/opt/rustwide/cargo-home/bin/cargo" "+1.75.0" "test" "--frozen" "--no-run" "--message-format=json", kill_on_drop: false }`
[INFO] [stdout] b950996fbbb3a72b958e1ff0b6966929b1067e15a47f1cf91d211c5f6418d744
[INFO] running `Command { std: "docker" "start" "-a" "b950996fbbb3a72b958e1ff0b6966929b1067e15a47f1cf91d211c5f6418d744", kill_on_drop: false }`
[INFO] [stderr]    Compiling starbase_utils v0.3.11 (/opt/rustwide/workdir)
[INFO] [stdout] error[E0432]: unresolved import `starbase_utils::glob`
[INFO] [stdout]  --> tests/glob_test.rs:1:21
[INFO] [stdout]   |
[INFO] [stdout] 1 | use starbase_utils::glob::*;
[INFO] [stdout]   |                     ^^^^ could not find `glob` in `starbase_utils`
[INFO] [stdout] 
[INFO] [stdout] 
[INFO] [stdout] error[E0432]: unresolved import `starbase_sandbox`
[INFO] [stdout]  --> tests/fs_test.rs:3:5
[INFO] [stdout]   |
[INFO] [stdout] 3 | use starbase_sandbox::create_empty_sandbox;
[INFO] [stdout]   |     ^^^^^^^^^^^^^^^^ use of undeclared crate or module `starbase_sandbox`
[INFO] [stdout] 
[INFO] [stdout] 
[INFO] [stdout] error[E0432]: unresolved import `starbase_sandbox`
[INFO] [stdout]  --> tests/fs_lock_test.rs:1:5
[INFO] [stdout]   |
[INFO] [stdout] 1 | use starbase_sandbox::create_empty_sandbox;
[INFO] [stdout]   |     ^^^^^^^^^^^^^^^^ use of undeclared crate or module `starbase_sandbox`
[INFO] [stdout] 
[INFO] [stdout] 
[INFO] [stdout] error[E0425]: cannot find function `lock_directory` in module `fs`
[INFO] [stdout]   --> tests/fs_lock_test.rs:27:37
[INFO] [stdout]    |
[INFO] [stdout] 27 |                     let _lock = fs::lock_directory(dir_clone).unwrap();
[INFO] [stdout]    |                                     ^^^^^^^^^^^^^^ not found in `fs`
[INFO] [stdout] 
[INFO] [stdout] 
[INFO] [stdout] error[E0432]: unresolved import `starbase_utils::json`
[INFO] [stdout]  --> tests/json_test.rs:2:21
[INFO] [stdout]   |
[INFO] [stdout] 2 | use starbase_utils::json::json as object;
[INFO] [stdout]   |                     ^^^^ could not find `json` in `starbase_utils`
[INFO] [stdout] 
[INFO] [stdout] 
[INFO] [stdout] error[E0432]: unresolved import `starbase_utils::json`
[INFO] [stdout]   --> tests/json_test.rs:3:26
[INFO] [stdout]    |
[INFO] [stdout] 3  | use starbase_utils::{fs, json};
[INFO] [stdout]    |                          ^^^^ no `json` in the root
[INFO] [stdout]    |
[INFO] [stdout] note: found an item that was configured out
[INFO] [stdout]   --> /opt/rustwide/workdir/src/lib.rs:10:9
[INFO] [stdout]    |
[INFO] [stdout] 10 | pub mod json;
[INFO] [stdout]    |         ^^^^
[INFO] [stdout]    = note: the item is gated behind the `json` feature
[INFO] [stdout] 
[INFO] [stdout] 
[INFO] [stdout] error[E0432]: unresolved import `starbase_sandbox`
[INFO] [stdout]  --> tests/json_test.rs:1:5
[INFO] [stdout]   |
[INFO] [stdout] 1 | use starbase_sandbox::{assert_snapshot, create_sandbox};
[INFO] [stdout]   |     ^^^^^^^^^^^^^^^^ use of undeclared crate or module `starbase_sandbox`
[INFO] [stdout] 
[INFO] [stdout] 
[INFO] [stdout] warning: unused import: `super::*`
[INFO] [stdout]  --> tests/glob_test.rs:4:9
[INFO] [stdout]   |
[INFO] [stdout] 4 |     use super::*;
[INFO] [stdout]   |         ^^^^^^^^
[INFO] [stdout]   |
[INFO] [stdout]   = note: `#[warn(unused_imports)]` on by default
[INFO] [stdout] 
[INFO] [stdout] 
[INFO] [stdout] error[E0433]: failed to resolve: use of undeclared type `GlobSet`
[INFO] [stdout]  --> tests/glob_test.rs:9:19
[INFO] [stdout]   |
[INFO] [stdout] 9 |         let set = GlobSet::new(&list).unwrap();
[INFO] [stdout]   |                   ^^^^^^^ use of undeclared type `GlobSet`
[INFO] [stdout] 
[INFO] [stdout] 
[INFO] [stdout] error: cannot determine resolution for the macro `object`
[INFO] [stdout]   --> tests/json_test.rs:44:20
[INFO] [stdout]    |
[INFO] [stdout] 44 |         let prev = object!({
[INFO] [stdout]    |                    ^^^^^^
[INFO] [stdout]    |
[INFO] [stdout]    = note: import resolution is stuck, try simplifying macro imports
[INFO] [stdout] 
[INFO] [stdout] 
[INFO] [stdout] error: cannot determine resolution for the macro `object`
[INFO] [stdout]   --> tests/json_test.rs:57:20
[INFO] [stdout]    |
[INFO] [stdout] 57 |         let next = object!({
[INFO] [stdout]    |                    ^^^^^^
[INFO] [stdout]    |
[INFO] [stdout]    = note: import resolution is stuck, try simplifying macro imports
[INFO] [stdout] 
[INFO] [stdout] 
[INFO] [stdout] error: cannot determine resolution for the macro `object`
[INFO] [stdout]   --> tests/json_test.rs:71:13
[INFO] [stdout]    |
[INFO] [stdout] 71 |             object!({
[INFO] [stdout]    |             ^^^^^^
[INFO] [stdout]    |
[INFO] [stdout]    = note: import resolution is stuck, try simplifying macro imports
[INFO] [stdout] 
[INFO] [stdout] 
[INFO] [stdout] error: cannot determine resolution for the macro `assert_snapshot`
[INFO] [stdout]    --> tests/json_test.rs:111:9
[INFO] [stdout]     |
[INFO] [stdout] 111 |         assert_snapshot!(fs::read_file(&path).unwrap());
[INFO] [stdout]     |         ^^^^^^^^^^^^^^^
[INFO] [stdout]     |
[INFO] [stdout]     = note: import resolution is stuck, try simplifying macro imports
[INFO] [stdout] 
[INFO] [stdout] 
[INFO] [stdout] error: cannot determine resolution for the macro `assert_snapshot`
[INFO] [stdout]    --> tests/json_test.rs:121:9
[INFO] [stdout]     |
[INFO] [stdout] 121 |         assert_snapshot!(fs::read_file(&path).unwrap());
[INFO] [stdout]     |         ^^^^^^^^^^^^^^^
[INFO] [stdout]     |
[INFO] [stdout]     = note: import resolution is stuck, try simplifying macro imports
[INFO] [stdout] 
[INFO] [stdout] 
[INFO] [stdout] error: cannot determine resolution for the macro `assert_snapshot`
[INFO] [stdout]    --> tests/json_test.rs:133:9
[INFO] [stdout]     |
[INFO] [stdout] 133 |         assert_snapshot!(fs::read_file(&path).unwrap());
[INFO] [stdout]     |         ^^^^^^^^^^^^^^^
[INFO] [stdout]     |
[INFO] [stdout]     = note: import resolution is stuck, try simplifying macro imports
[INFO] [stdout] 
[INFO] [stdout] 
[INFO] [stdout] error: cannot determine resolution for the macro `assert_snapshot`
[INFO] [stdout]    --> tests/json_test.rs:145:9
[INFO] [stdout]     |
[INFO] [stdout] 145 |         assert_snapshot!(fs::read_file(&path).unwrap());
[INFO] [stdout]     |         ^^^^^^^^^^^^^^^
[INFO] [stdout]     |
[INFO] [stdout]     = note: import resolution is stuck, try simplifying macro imports
[INFO] [stdout] 
[INFO] [stdout] 
[INFO] [stdout] error[E0433]: failed to resolve: use of undeclared type `GlobSet`
[INFO] [stdout]   --> tests/glob_test.rs:15:19
[INFO] [stdout]    |
[INFO] [stdout] 15 |         let set = GlobSet::new(list).unwrap();
[INFO] [stdout]    |                   ^^^^^^^ use of undeclared type `GlobSet`
[INFO] [stdout] 
[INFO] [stdout] 
[INFO] [stdout] error[E0433]: failed to resolve: use of undeclared type `GlobSet`
[INFO] [stdout]   --> tests/glob_test.rs:22:19
[INFO] [stdout]    |
[INFO] [stdout] 22 |         let set = GlobSet::new(["source"]).unwrap();
[INFO] [stdout]    |                   ^^^^^^^ use of undeclared type `GlobSet`
[INFO] [stdout] 
[INFO] [stdout] 
[INFO] [stdout] error[E0433]: failed to resolve: use of undeclared type `GlobSet`
[INFO] [stdout]   --> tests/glob_test.rs:30:19
[INFO] [stdout]    |
[INFO] [stdout] 30 |         let set = GlobSet::new(["files/*.ts"]).unwrap();
[INFO] [stdout]    |                   ^^^^^^^ use of undeclared type `GlobSet`
[INFO] [stdout] 
[INFO] [stdout] 
[INFO] [stdout] error[E0433]: failed to resolve: use of undeclared type `GlobSet`
[INFO] [stdout]   --> tests/glob_test.rs:41:19
[INFO] [stdout]    |
[INFO] [stdout] 41 |         let set = GlobSet::new(["files/*", "!**/*.ts"]).unwrap();
[INFO] [stdout]    |                   ^^^^^^^ use of undeclared type `GlobSet`
[INFO] [stdout] 
[INFO] [stdout] 
[INFO] [stdout] error: aborting due to previous error
[INFO] [stdout] 
[INFO] [stdout] 
[INFO] [stdout] error[E0433]: failed to resolve: use of undeclared type `GlobSet`
[INFO] [stdout]   --> tests/glob_test.rs:50:19
[INFO] [stdout]    |
[INFO] [stdout] 50 |         let set = GlobSet::new_split(["files/*"], ["**/*.ts"]).unwrap();
[INFO] [stdout]    |                   ^^^^^^^ use of undeclared type `GlobSet`
[INFO] [stdout] 
[INFO] [stdout] 
[INFO] [stdout] error[E0433]: failed to resolve: use of undeclared type `GlobSet`
[INFO] [stdout]   --> tests/glob_test.rs:59:19
[INFO] [stdout]    |
[INFO] [stdout] 59 |         let set = GlobSet::new(["files/**/*"]).unwrap();
[INFO] [stdout]    |                   ^^^^^^^ use of undeclared type `GlobSet`
[INFO] [stdout] 
[INFO] [stdout] 
[INFO] [stdout] error: aborting due to 2 previous errors
[INFO] [stdout] 
[INFO] [stdout] 
[INFO] [stdout] error: aborting due to 10 previous errors
[INFO] [stdout] 
[INFO] [stdout] 
[INFO] [stdout] error[E0432]: unresolved import `starbase_utils::yaml`
[INFO] [stdout]   --> tests/yaml_test.rs:3:26
[INFO] [stdout]    |
[INFO] [stdout] 3  | use starbase_utils::{fs, yaml};
[INFO] [stdout]    |                          ^^^^ no `yaml` in the root
[INFO] [stdout]    |
[INFO] [stdout] note: found an item that was configured out
[INFO] [stdout]   --> /opt/rustwide/workdir/src/lib.rs:16:9
[INFO] [stdout]    |
[INFO] [stdout] 16 | pub mod yaml;
[INFO] [stdout]    |         ^^^^
[INFO] [stdout]    = note: the item is gated behind the `yaml` feature
[INFO] [stdout] 
[INFO] [stdout] 
[INFO] [stdout] error[E0432]: unresolved import `serde_yaml`
[INFO] [stdout]  --> tests/yaml_test.rs:1:5
[INFO] [stdout]   |
[INFO] [stdout] 1 | use serde_yaml::Value;
[INFO] [stdout]   |     ^^^^^^^^^^ use of undeclared crate or module `serde_yaml`
[INFO] [stdout] 
[INFO] [stdout] 
[INFO] [stdout] error[E0432]: unresolved import `starbase_sandbox`
[INFO] [stdout]  --> tests/yaml_test.rs:2:5
[INFO] [stdout]   |
[INFO] [stdout] 2 | use starbase_sandbox::{assert_snapshot, create_sandbox};
[INFO] [stdout]   |     ^^^^^^^^^^^^^^^^ use of undeclared crate or module `starbase_sandbox`
[INFO] [stdout] 
[INFO] [stdout] 
[INFO] [stderr] error: could not compile `starbase_utils` (test "fs_test") due to 2 previous errors
[INFO] [stdout] error: cannot determine resolution for the macro `assert_snapshot`
[INFO] [stdout]   --> tests/yaml_test.rs:29:9
[INFO] [stdout]    |
[INFO] [stdout] 29 |         assert_snapshot!(fs::read_file(&path).unwrap());
[INFO] [stdout]    |         ^^^^^^^^^^^^^^^
[INFO] [stdout]    |
[INFO] [stdout]    = note: import resolution is stuck, try simplifying macro imports
[INFO] [stdout] 
[INFO] [stdout] 
[INFO] [stderr] warning: build failed, waiting for other jobs to finish...
[INFO] [stdout] For more information about this error, try `rustc --explain E0432`.
[INFO] [stdout] 
[INFO] [stdout] Some errors have detailed explanations: E0425, E0432.
[INFO] [stdout] 
[INFO] [stdout] For more information about an error, try `rustc --explain E0425`.
[INFO] [stdout] 
[INFO] [stdout] error: cannot determine resolution for the macro `assert_snapshot`
[INFO] [stdout]   --> tests/yaml_test.rs:43:9
[INFO] [stdout]    |
[INFO] [stdout] 43 |         assert_snapshot!(fs::read_file(&path).unwrap());
[INFO] [stdout]    |         ^^^^^^^^^^^^^^^
[INFO] [stdout]    |
[INFO] [stdout]    = note: import resolution is stuck, try simplifying macro imports
[INFO] [stdout] 
[INFO] [stdout] 
[INFO] [stderr] error: could not compile `starbase_utils` (test "fs_lock_test") due to 3 previous errors
[INFO] [stdout] error: cannot determine resolution for the macro `assert_snapshot`
[INFO] [stdout]   --> tests/yaml_test.rs:57:9
[INFO] [stdout]    |
[INFO] [stdout] 57 |         assert_snapshot!(fs::read_file(&path).unwrap());
[INFO] [stdout]    |         ^^^^^^^^^^^^^^^
[INFO] [stdout]    |
[INFO] [stdout]    = note: import resolution is stuck, try simplifying macro imports
[INFO] [stdout] 
[INFO] [stdout] 
[INFO] [stdout] For more information about this error, try `rustc --explain E0432`.
[INFO] [stdout] 
[INFO] [stderr] error: could not compile `starbase_utils` (test "json_test") due to 11 previous errors
[INFO] [stdout] error: aborting due to 6 previous errors
[INFO] [stdout] 
[INFO] [stdout] 
[INFO] [stdout] For more information about this error, try `rustc --explain E0432`.
[INFO] [stdout] 
[INFO] [stderr] error: could not compile `starbase_utils` (test "yaml_test") due to 7 previous errors
[INFO] [stdout] error[E0423]: expected function, found module `is_glob`
[INFO] [stdout]   --> tests/glob_test.rs:72:17
[INFO] [stdout]    |
[INFO] [stdout] 72 |         assert!(is_glob("**"));
[INFO] [stdout]    |                 ^^^^^^^ not a function
[INFO] [stdout] 
[INFO] [stdout] 
[INFO] [stdout] error[E0423]: expected function, found module `is_glob`
[INFO] [stdout]   --> tests/glob_test.rs:73:17
[INFO] [stdout]    |
[INFO] [stdout] 73 |         assert!(is_glob("**/src/*"));
[INFO] [stdout]    |                 ^^^^^^^ not a function
[INFO] [stdout] 
[INFO] [stdout] 
[INFO] [stdout] error[E0423]: expected function, found module `is_glob`
[INFO] [stdout]   --> tests/glob_test.rs:74:17
[INFO] [stdout]    |
[INFO] [stdout] 74 |         assert!(is_glob("src/**"));
[INFO] [stdout]    |                 ^^^^^^^ not a function
[INFO] [stdout] 
[INFO] [stdout] 
[INFO] [stdout] error[E0423]: expected function, found module `is_glob`
[INFO] [stdout]   --> tests/glob_test.rs:75:17
[INFO] [stdout]    |
[INFO] [stdout] 75 |         assert!(is_glob("*.ts"));
[INFO] [stdout]    |                 ^^^^^^^ not a function
[INFO] [stdout] 
[INFO] [stdout] 
[INFO] [stdout] error[E0423]: expected function, found module `is_glob`
[INFO] [stdout]   --> tests/glob_test.rs:76:17
[INFO] [stdout]    |
[INFO] [stdout] 76 |         assert!(is_glob("file.*"));
[INFO] [stdout]    |                 ^^^^^^^ not a function
[INFO] [stdout] 
[INFO] [stdout] 
[INFO] [stdout] error[E0423]: expected function, found module `is_glob`
[INFO] [stdout]   --> tests/glob_test.rs:77:17
[INFO] [stdout]    |
[INFO] [stdout] 77 |         assert!(is_glob("file.{js,ts}"));
[INFO] [stdout]    |                 ^^^^^^^ not a function
[INFO] [stdout] 
[INFO] [stdout] 
[INFO] [stdout] error[E0423]: expected function, found module `is_glob`
[INFO] [stdout]   --> tests/glob_test.rs:78:17
[INFO] [stdout]    |
[INFO] [stdout] 78 |         assert!(is_glob("file.[jstx]"));
[INFO] [stdout]    |                 ^^^^^^^ not a function
[INFO] [stdout] 
[INFO] [stdout] 
[INFO] [stdout] error[E0423]: expected function, found module `is_glob`
[INFO] [stdout]   --> tests/glob_test.rs:79:17
[INFO] [stdout]    |
[INFO] [stdout] 79 |         assert!(is_glob("file.tsx?"));
[INFO] [stdout]    |                 ^^^^^^^ not a function
[INFO] [stdout] 
[INFO] [stdout] 
[INFO] [stdout] error[E0423]: expected function, found module `is_glob`
[INFO] [stdout]   --> tests/glob_test.rs:84:18
[INFO] [stdout]    |
[INFO] [stdout] 84 |         assert!(!is_glob("dir"));
[INFO] [stdout]    |                  ^^^^^^^ not a function
[INFO] [stdout] 
[INFO] [stdout] 
[INFO] [stdout] error[E0423]: expected function, found module `is_glob`
[INFO] [stdout]   --> tests/glob_test.rs:85:18
[INFO] [stdout]    |
[INFO] [stdout] 85 |         assert!(!is_glob("file.rs"));
[INFO] [stdout]    |                  ^^^^^^^ not a function
[INFO] [stdout] 
[INFO] [stdout] 
[INFO] [stdout] error[E0423]: expected function, found module `is_glob`
[INFO] [stdout]   --> tests/glob_test.rs:86:18
[INFO] [stdout]    |
[INFO] [stdout] 86 |         assert!(!is_glob("dir/file.ts"));
[INFO] [stdout]    |                  ^^^^^^^ not a function
[INFO] [stdout] 
[INFO] [stdout] 
[INFO] [stdout] error[E0423]: expected function, found module `is_glob`
[INFO] [stdout]   --> tests/glob_test.rs:87:18
[INFO] [stdout]    |
[INFO] [stdout] 87 |         assert!(!is_glob("dir/dir/file_test.rs"));
[INFO] [stdout]    |                  ^^^^^^^ not a function
[INFO] [stdout] 
[INFO] [stdout] 
[INFO] [stdout] error[E0423]: expected function, found module `is_glob`
[INFO] [stdout]   --> tests/glob_test.rs:88:18
[INFO] [stdout]    |
[INFO] [stdout] 88 |         assert!(!is_glob("dir/dirDir/file-ts.js"));
[INFO] [stdout]    |                  ^^^^^^^ not a function
[INFO] [stdout] 
[INFO] [stdout] 
[INFO] [stdout] error[E0423]: expected function, found module `is_glob`
[INFO] [stdout]   --> tests/glob_test.rs:93:18
[INFO] [stdout]    |
[INFO] [stdout] 93 |         assert!(!is_glob("\\*.rs"));
[INFO] [stdout]    |                  ^^^^^^^ not a function
[INFO] [stdout] 
[INFO] [stdout] 
[INFO] [stdout] error[E0423]: expected function, found module `is_glob`
[INFO] [stdout]   --> tests/glob_test.rs:94:18
[INFO] [stdout]    |
[INFO] [stdout] 94 |         assert!(!is_glob("file\\?.js"));
[INFO] [stdout]    |                  ^^^^^^^ not a function
[INFO] [stdout] 
[INFO] [stdout] 
[INFO] [stdout] error[E0423]: expected function, found module `is_glob`
[INFO] [stdout]   --> tests/glob_test.rs:95:18
[INFO] [stdout]    |
[INFO] [stdout] 95 |         assert!(!is_glob("folder-\\[id\\]"));
[INFO] [stdout]    |                  ^^^^^^^ not a function
[INFO] [stdout] 
[INFO] [stdout] 
[INFO] [stdout] error[E0423]: expected function, found module `split_patterns`
[INFO] [stdout]    --> tests/glob_test.rs:105:13
[INFO] [stdout]     |
[INFO] [stdout] 105 |             split_patterns(["*.file", "!neg1.*", "/*.file2", "/!neg2.*", "!/neg3.*"]),
[INFO] [stdout]     |             ^^^^^^^^^^^^^^ not a function
[INFO] [stdout] 
[INFO] [stdout] 
[INFO] [stdout] error: aborting due to 25 previous errors; 1 warning emitted
[INFO] [stdout] 
[INFO] [stdout] 
[INFO] [stdout] Some errors have detailed explanations: E0423, E0432, E0433.
[INFO] [stdout] 
[INFO] [stdout] For more information about an error, try `rustc --explain E0423`.
[INFO] [stdout] 
[INFO] [stderr] error: could not compile `starbase_utils` (test "glob_test") due to 26 previous errors; 1 warning emitted
[INFO] running `Command { std: "docker" "inspect" "b950996fbbb3a72b958e1ff0b6966929b1067e15a47f1cf91d211c5f6418d744", kill_on_drop: false }`
[INFO] running `Command { std: "docker" "rm" "-f" "b950996fbbb3a72b958e1ff0b6966929b1067e15a47f1cf91d211c5f6418d744", kill_on_drop: false }`
[INFO] [stdout] b950996fbbb3a72b958e1ff0b6966929b1067e15a47f1cf91d211c5f6418d744
