[INFO] fetching crate starbase_archive 0.2.4...
[INFO] testing starbase_archive-0.2.4 against 1.75.0 for beta-1.76-1
[INFO] extracting crate starbase_archive 0.2.4 into /workspace/builds/worker-4-tc1/source
[INFO] validating manifest of crates.io crate starbase_archive 0.2.4 on toolchain 1.75.0
[INFO] running `Command { std: CARGO_HOME="/workspace/cargo-home" RUSTUP_HOME="/workspace/rustup-home" "/workspace/cargo-home/bin/cargo" "+1.75.0" "metadata" "--manifest-path" "Cargo.toml" "--no-deps", kill_on_drop: false }`
[INFO] started tweaking crates.io crate starbase_archive 0.2.4
[INFO] finished tweaking crates.io crate starbase_archive 0.2.4
[INFO] tweaked toml for crates.io crate starbase_archive 0.2.4 written to /workspace/builds/worker-4-tc1/source/Cargo.toml
[INFO] running `Command { std: CARGO_HOME="/workspace/cargo-home" RUSTUP_HOME="/workspace/rustup-home" "/workspace/cargo-home/bin/cargo" "+1.75.0" "generate-lockfile" "--manifest-path" "Cargo.toml", kill_on_drop: false }`
[INFO] [stderr]     Updating crates.io index
[INFO] running `Command { std: CARGO_HOME="/workspace/cargo-home" RUSTUP_HOME="/workspace/rustup-home" "/workspace/cargo-home/bin/cargo" "+1.75.0" "fetch" "--manifest-path" "Cargo.toml", kill_on_drop: false }`
[INFO] [stderr]  Downloading crates ...
[INFO] [stderr]   Downloaded starbase_styles v0.1.16
[INFO] [stderr]   Downloaded vec1 v1.10.1
[INFO] [stderr]   Downloaded wax v0.6.0
[INFO] [stderr]   Downloaded starbase_utils v0.3.11
[INFO] [stderr]   Downloaded tardar v0.1.0
[INFO] running `Command { std: "docker" "create" "-v" "/var/lib/crater-agent-workspace/builds/worker-4-tc1/target:/opt/rustwide/target:rw,Z" "-v" "/var/lib/crater-agent-workspace/builds/worker-4-tc1/source:/opt/rustwide/workdir:ro,Z" "-v" "/var/lib/crater-agent-workspace/cargo-home:/opt/rustwide/cargo-home:ro,Z" "-v" "/var/lib/crater-agent-workspace/rustup-home:/opt/rustwide/rustup-home:ro,Z" "-e" "SOURCE_DIR=/opt/rustwide/workdir" "-e" "CARGO_TARGET_DIR=/opt/rustwide/target" "-e" "CARGO_HOME=/opt/rustwide/cargo-home" "-e" "RUSTUP_HOME=/opt/rustwide/rustup-home" "-w" "/opt/rustwide/workdir" "-m" "1610612736" "--user" "0:0" "--network" "none" "ghcr.io/rust-lang/crates-build-env/linux@sha256:2788e3201cd34a07e3172128adcd8b3090168a8e3bcc40d7c032b9dda1df7d1c" "/opt/rustwide/cargo-home/bin/cargo" "+1.75.0" "metadata" "--no-deps" "--format-version=1", kill_on_drop: false }`
[INFO] [stdout] c3246c52c0776300a70d83437a806ea42330d5617b69ac1eaa25a10c6b41bb9a
[INFO] running `Command { std: "docker" "start" "-a" "c3246c52c0776300a70d83437a806ea42330d5617b69ac1eaa25a10c6b41bb9a", kill_on_drop: false }`
[INFO] running `Command { std: "docker" "inspect" "c3246c52c0776300a70d83437a806ea42330d5617b69ac1eaa25a10c6b41bb9a", kill_on_drop: false }`
[INFO] running `Command { std: "docker" "rm" "-f" "c3246c52c0776300a70d83437a806ea42330d5617b69ac1eaa25a10c6b41bb9a", kill_on_drop: false }`
[INFO] [stdout] c3246c52c0776300a70d83437a806ea42330d5617b69ac1eaa25a10c6b41bb9a
[INFO] running `Command { std: "docker" "create" "-v" "/var/lib/crater-agent-workspace/builds/worker-4-tc1/target:/opt/rustwide/target:rw,Z" "-v" "/var/lib/crater-agent-workspace/builds/worker-4-tc1/source:/opt/rustwide/workdir:ro,Z" "-v" "/var/lib/crater-agent-workspace/cargo-home:/opt/rustwide/cargo-home:ro,Z" "-v" "/var/lib/crater-agent-workspace/rustup-home:/opt/rustwide/rustup-home:ro,Z" "-e" "SOURCE_DIR=/opt/rustwide/workdir" "-e" "CARGO_TARGET_DIR=/opt/rustwide/target" "-e" "CARGO_INCREMENTAL=0" "-e" "RUST_BACKTRACE=full" "-e" "RUSTFLAGS=--cap-lints=warn" "-e" "RUSTDOCFLAGS=--cap-lints=warn" "-e" "CARGO_HOME=/opt/rustwide/cargo-home" "-e" "RUSTUP_HOME=/opt/rustwide/rustup-home" "-w" "/opt/rustwide/workdir" "-m" "1610612736" "--user" "0:0" "--network" "none" "ghcr.io/rust-lang/crates-build-env/linux@sha256:2788e3201cd34a07e3172128adcd8b3090168a8e3bcc40d7c032b9dda1df7d1c" "/opt/rustwide/cargo-home/bin/cargo" "+1.75.0" "build" "--frozen" "--message-format=json", kill_on_drop: false }`
[INFO] [stdout] bfb919c78d54f413f37c459ba4f540f3115fff88d831f4c31218a960f32dd262
[INFO] running `Command { std: "docker" "start" "-a" "bfb919c78d54f413f37c459ba4f540f3115fff88d831f4c31218a960f32dd262", kill_on_drop: false }`
[INFO] [stderr]    Compiling proc-macro2 v1.0.75
[INFO] [stderr]    Compiling unicode-ident v1.0.12
[INFO] [stderr]    Compiling rustix v0.38.28
[INFO] [stderr]    Compiling libc v0.2.151
[INFO] [stderr]    Compiling linux-raw-sys v0.4.12
[INFO] [stderr]    Compiling bitflags v2.4.1
[INFO] [stderr]    Compiling memchr v2.7.1
[INFO] [stderr]    Compiling thiserror v1.0.56
[INFO] [stderr]    Compiling once_cell v1.19.0
[INFO] [stderr]    Compiling regex-syntax v0.8.2
[INFO] [stderr]    Compiling unicode-width v0.1.11
[INFO] [stderr]    Compiling option-ext v0.2.0
[INFO] [stderr]    Compiling cfg-if v1.0.0
[INFO] [stderr]    Compiling minimal-lexical v0.2.1
[INFO] [stderr]    Compiling unicode-xid v0.2.4
[INFO] [stderr]    Compiling is_ci v1.1.1
[INFO] [stderr]    Compiling vec1 v1.10.1
[INFO] [stderr]    Compiling crc32fast v1.3.2
[INFO] [stderr]    Compiling aho-corasick v1.1.2
[INFO] [stderr]    Compiling nom v7.1.3
[INFO] [stderr]    Compiling quote v1.0.35
[INFO] [stderr]    Compiling same-file v1.0.6
[INFO] [stderr]    Compiling syn v2.0.48
[INFO] [stderr]    Compiling either v1.9.0
[INFO] [stderr]    Compiling const_format_proc_macros v0.2.32
[INFO] [stderr]    Compiling dirs-sys v0.4.1
[INFO] [stderr]    Compiling itertools v0.11.0
[INFO] [stderr]    Compiling dirs v5.0.1
[INFO] [stderr]    Compiling walkdir v2.4.0
[INFO] [stderr]    Compiling regex-automata v0.4.3
[INFO] [stderr]    Compiling pori v0.0.0
[INFO] [stderr]    Compiling const_format v0.2.32
[INFO] [stderr]    Compiling tracing-core v0.1.32
[INFO] [stderr]    Compiling owo-colors v3.5.0
[INFO] [stderr]    Compiling adler v1.0.2
[INFO] [stderr]    Compiling is-terminal v0.4.10
[INFO] [stderr]    Compiling supports-color v2.1.0
[INFO] [stderr]    Compiling pin-project-lite v0.2.13
[INFO] [stderr]    Compiling miniz_oxide v0.7.1
[INFO] [stderr]    Compiling xattr v1.2.0
[INFO] [stderr]    Compiling starbase_styles v0.1.16
[INFO] [stderr]    Compiling filetime v0.2.23
[INFO] [stderr]    Compiling relative-path v1.9.2
[INFO] [stderr]    Compiling tar v0.4.40
[INFO] [stderr]    Compiling flate2 v1.0.28
[INFO] [stderr]    Compiling rustc-hash v1.1.0
[INFO] [stderr]    Compiling regex v1.10.2
[INFO] [stderr]    Compiling thiserror-impl v1.0.56
[INFO] [stderr]    Compiling miette-derive v5.10.0
[INFO] [stderr]    Compiling tracing-attributes v0.1.27
[INFO] [stderr]    Compiling tracing v0.1.40
[INFO] [stderr]    Compiling miette v5.10.0
[INFO] [stderr]    Compiling tardar v0.1.0
[INFO] [stderr]    Compiling wax v0.6.0
[INFO] [stderr]    Compiling starbase_utils v0.3.11
[INFO] [stderr]    Compiling starbase_archive v0.2.4 (/opt/rustwide/workdir)
[INFO] [stderr]     Finished dev [unoptimized + debuginfo] target(s) in 40.18s
[INFO] running `Command { std: "docker" "inspect" "bfb919c78d54f413f37c459ba4f540f3115fff88d831f4c31218a960f32dd262", kill_on_drop: false }`
[INFO] running `Command { std: "docker" "rm" "-f" "bfb919c78d54f413f37c459ba4f540f3115fff88d831f4c31218a960f32dd262", kill_on_drop: false }`
[INFO] [stdout] bfb919c78d54f413f37c459ba4f540f3115fff88d831f4c31218a960f32dd262
[INFO] running `Command { std: "docker" "create" "-v" "/var/lib/crater-agent-workspace/builds/worker-4-tc1/target:/opt/rustwide/target:rw,Z" "-v" "/var/lib/crater-agent-workspace/builds/worker-4-tc1/source:/opt/rustwide/workdir:ro,Z" "-v" "/var/lib/crater-agent-workspace/cargo-home:/opt/rustwide/cargo-home:ro,Z" "-v" "/var/lib/crater-agent-workspace/rustup-home:/opt/rustwide/rustup-home:ro,Z" "-e" "SOURCE_DIR=/opt/rustwide/workdir" "-e" "CARGO_TARGET_DIR=/opt/rustwide/target" "-e" "CARGO_INCREMENTAL=0" "-e" "RUST_BACKTRACE=full" "-e" "RUSTFLAGS=--cap-lints=warn" "-e" "RUSTDOCFLAGS=--cap-lints=warn" "-e" "CARGO_HOME=/opt/rustwide/cargo-home" "-e" "RUSTUP_HOME=/opt/rustwide/rustup-home" "-w" "/opt/rustwide/workdir" "-m" "1610612736" "--user" "0:0" "--network" "none" "ghcr.io/rust-lang/crates-build-env/linux@sha256:2788e3201cd34a07e3172128adcd8b3090168a8e3bcc40d7c032b9dda1df7d1c" "/opt/rustwide/cargo-home/bin/cargo" "+1.75.0" "test" "--frozen" "--no-run" "--message-format=json", kill_on_drop: false }`
[INFO] [stdout] 9c86014fd421ec29f806896f059392504f3eb9edd00461f9da2fe5a2e88a346e
[INFO] running `Command { std: "docker" "start" "-a" "9c86014fd421ec29f806896f059392504f3eb9edd00461f9da2fe5a2e88a346e", kill_on_drop: false }`
[INFO] [stderr]    Compiling starbase_archive v0.2.4 (/opt/rustwide/workdir)
[INFO] [stdout] error[E0432]: unresolved import `starbase_sandbox`
[INFO] [stdout]  --> tests/archive_test.rs:2:5
[INFO] [stdout]   |
[INFO] [stdout] 2 | use starbase_sandbox::{create_empty_sandbox, create_sandbox};
[INFO] [stdout]   |     ^^^^^^^^^^^^^^^^ use of undeclared crate or module `starbase_sandbox`
[INFO] [stdout] 
[INFO] [stdout] 
[INFO] [stdout] error[E0432]: unresolved import `starbase_sandbox`
[INFO] [stdout]  --> tests/tar_test.rs:5:5
[INFO] [stdout]   |
[INFO] [stdout] 5 | use starbase_sandbox::create_sandbox;
[INFO] [stdout]   |     ^^^^^^^^^^^^^^^^ use of undeclared crate or module `starbase_sandbox`
[INFO] [stdout] 
[INFO] [stdout] 
[INFO] [stdout] error: aborting due to previous error
[INFO] [stdout] 
[INFO] [stdout] 
[INFO] [stdout] For more information about this error, try `rustc --explain E0432`.
[INFO] [stdout] 
[INFO] [stderr] error: could not compile `starbase_archive` (test "archive_test") due to 2 previous errors
[INFO] [stderr] warning: build failed, waiting for other jobs to finish...
[INFO] [stdout] error[E0432]: unresolved import `starbase_archive::zip`
[INFO] [stdout]  --> tests/zip_test.rs:3:23
[INFO] [stdout]   |
[INFO] [stdout] 3 | use starbase_archive::zip::*;
[INFO] [stdout]   |                       ^^^ could not find `zip` in `starbase_archive`
[INFO] [stdout] 
[INFO] [stdout] 
[INFO] [stdout] error[E0432]: unresolved import `starbase_sandbox`
[INFO] [stdout]  --> tests/zip_test.rs:5:5
[INFO] [stdout]   |
[INFO] [stdout] 5 | use starbase_sandbox::create_sandbox;
[INFO] [stdout]   |     ^^^^^^^^^^^^^^^^ use of undeclared crate or module `starbase_sandbox`
[INFO] [stdout] 
[INFO] [stdout] 
[INFO] [stdout] error[E0432]: unresolved import `starbase_sandbox`
[INFO] [stdout]  --> tests/tree_differ_test.rs:2:5
[INFO] [stdout]   |
[INFO] [stdout] 2 | use starbase_sandbox::{create_empty_sandbox, Sandbox};
[INFO] [stdout]   |     ^^^^^^^^^^^^^^^^ use of undeclared crate or module `starbase_sandbox`
[INFO] [stdout] 
[INFO] [stdout] 
[INFO] [stdout] error: aborting due to previous error
[INFO] [stdout] 
[INFO] [stdout] 
[INFO] [stdout] For more information about this error, try `rustc --explain E0432`.
[INFO] [stdout] 
[INFO] [stderr] error: could not compile `starbase_archive` (test "tree_differ_test") due to 2 previous errors
[INFO] [stdout] error[E0599]: no function or associated item named `new_xz` found for struct `starbase_archive::tar::TarPacker` in the current scope
[INFO] [stdout]   --> tests/tar_test.rs:23:46
[INFO] [stdout]    |
[INFO] [stdout] 23 |     generate_tests!("out.tar.xz", TarPacker::new_xz, TarUnpacker::new_xz);
[INFO] [stdout]    |                                              ^^^^^^
[INFO] [stdout]    |                                              |
[INFO] [stdout]    |                                              function or associated item not found in `TarPacker`
[INFO] [stdout]    |                                              help: there is an associated function with a similar name: `new_gz`
[INFO] [stdout]    |
[INFO] [stdout] note: if you're trying to build a new `starbase_archive::tar::TarPacker` consider using one of the following associated functions:
[INFO] [stdout]       starbase_archive::tar::TarPacker::create
[INFO] [stdout]       starbase_archive::tar::TarPacker::new
[INFO] [stdout]       starbase_archive::tar::TarPacker::new_gz
[INFO] [stdout]       starbase_archive::tar::TarPacker::new_gz_with_level
[INFO] [stdout]   --> /opt/rustwide/workdir/src/tar.rs:52:5
[INFO] [stdout]    |
[INFO] [stdout] 52 |     pub fn create(writer: Box<dyn Write>) -> miette::Result<Self> {
[INFO] [stdout]    |     ^^^^^^^^^^^^^^^^^^^^^^^^^^^^^^^^^^^^^^^^^^^^^^^^^^^^^^^^^^^^^
[INFO] [stdout] ...
[INFO] [stdout] 59 |     pub fn new(output_file: &Path) -> miette::Result<Self> {
[INFO] [stdout]    |     ^^^^^^^^^^^^^^^^^^^^^^^^^^^^^^^^^^^^^^^^^^^^^^^^^^^^^^
[INFO] [stdout] ...
[INFO] [stdout] 65 |     pub fn new_gz(output_file: &Path) -> miette::Result<Self> {
[INFO] [stdout]    |     ^^^^^^^^^^^^^^^^^^^^^^^^^^^^^^^^^^^^^^^^^^^^^^^^^^^^^^^^^
[INFO] [stdout] ...
[INFO] [stdout] 71 |     pub fn new_gz_with_level(output_file: &Path, level: u32) -> miette::Result<Self> {
[INFO] [stdout]    |     ^^^^^^^^^^^^^^^^^^^^^^^^^^^^^^^^^^^^^^^^^^^^^^^^^^^^^^^^^^^^^^^^^^^^^^^^^^^^^^^^
[INFO] [stdout] 
[INFO] [stdout] 
[INFO] [stdout] error[E0599]: no function or associated item named `new_xz` found for struct `starbase_archive::tar::TarUnpacker` in the current scope
[INFO] [stdout]    --> tests/tar_test.rs:23:67
[INFO] [stdout]     |
[INFO] [stdout] 23  |     generate_tests!("out.tar.xz", TarPacker::new_xz, TarUnpacker::new_xz);
[INFO] [stdout]     |                                                                   ^^^^^^
[INFO] [stdout]     |                                                                   |
[INFO] [stdout]     |                                                                   function or associated item not found in `TarUnpacker`
[INFO] [stdout]     |                                                                   help: there is an associated function with a similar name: `new_gz`
[INFO] [stdout]     |
[INFO] [stdout] note: if you're trying to build a new `starbase_archive::tar::TarUnpacker` consider using one of the following associated functions:
[INFO] [stdout]       starbase_archive::tar::TarUnpacker::create
[INFO] [stdout]       starbase_archive::tar::TarUnpacker::new
[INFO] [stdout]       starbase_archive::tar::TarUnpacker::new_gz
[INFO] [stdout]    --> /opt/rustwide/workdir/src/tar.rs:156:5
[INFO] [stdout]     |
[INFO] [stdout] 156 |     pub fn create(output_dir: &Path, reader: Box<dyn Read>) -> miette::Result<Self> {
[INFO] [stdout]     |     ^^^^^^^^^^^^^^^^^^^^^^^^^^^^^^^^^^^^^^^^^^^^^^^^^^^^^^^^^^^^^^^^^^^^^^^^^^^^^^^
[INFO] [stdout] ...
[INFO] [stdout] 166 |     pub fn new(output_dir: &Path, input_file: &Path) -> miette::Result<Self> {
[INFO] [stdout]     |     ^^^^^^^^^^^^^^^^^^^^^^^^^^^^^^^^^^^^^^^^^^^^^^^^^^^^^^^^^^^^^^^^^^^^^^^^
[INFO] [stdout] ...
[INFO] [stdout] 172 |     pub fn new_gz(output_dir: &Path, input_file: &Path) -> miette::Result<Self> {
[INFO] [stdout]     |     ^^^^^^^^^^^^^^^^^^^^^^^^^^^^^^^^^^^^^^^^^^^^^^^^^^^^^^^^^^^^^^^^^^^^^^^^^^^
[INFO] [stdout] 
[INFO] [stdout] 
[INFO] [stdout] error[E0599]: no function or associated item named `new_zstd` found for struct `starbase_archive::tar::TarPacker` in the current scope
[INFO] [stdout]   --> tests/tar_test.rs:29:47
[INFO] [stdout]    |
[INFO] [stdout] 29 |     generate_tests!("out.tar.zst", TarPacker::new_zstd, TarUnpacker::new_zstd);
[INFO] [stdout]    |                                               ^^^^^^^^ function or associated item not found in `TarPacker`
[INFO] [stdout]    |
[INFO] [stdout] note: if you're trying to build a new `starbase_archive::tar::TarPacker` consider using one of the following associated functions:
[INFO] [stdout]       starbase_archive::tar::TarPacker::create
[INFO] [stdout]       starbase_archive::tar::TarPacker::new
[INFO] [stdout]       starbase_archive::tar::TarPacker::new_gz
[INFO] [stdout]       starbase_archive::tar::TarPacker::new_gz_with_level
[INFO] [stdout]   --> /opt/rustwide/workdir/src/tar.rs:52:5
[INFO] [stdout]    |
[INFO] [stdout] 52 |     pub fn create(writer: Box<dyn Write>) -> miette::Result<Self> {
[INFO] [stdout]    |     ^^^^^^^^^^^^^^^^^^^^^^^^^^^^^^^^^^^^^^^^^^^^^^^^^^^^^^^^^^^^^
[INFO] [stdout] ...
[INFO] [stdout] 59 |     pub fn new(output_file: &Path) -> miette::Result<Self> {
[INFO] [stdout]    |     ^^^^^^^^^^^^^^^^^^^^^^^^^^^^^^^^^^^^^^^^^^^^^^^^^^^^^^
[INFO] [stdout] ...
[INFO] [stdout] 65 |     pub fn new_gz(output_file: &Path) -> miette::Result<Self> {
[INFO] [stdout]    |     ^^^^^^^^^^^^^^^^^^^^^^^^^^^^^^^^^^^^^^^^^^^^^^^^^^^^^^^^^
[INFO] [stdout] ...
[INFO] [stdout] 71 |     pub fn new_gz_with_level(output_file: &Path, level: u32) -> miette::Result<Self> {
[INFO] [stdout]    |     ^^^^^^^^^^^^^^^^^^^^^^^^^^^^^^^^^^^^^^^^^^^^^^^^^^^^^^^^^^^^^^^^^^^^^^^^^^^^^^^^
[INFO] [stdout] 
[INFO] [stdout] 
[INFO] [stdout] error[E0599]: no function or associated item named `new_zstd` found for struct `starbase_archive::tar::TarUnpacker` in the current scope
[INFO] [stdout]    --> tests/tar_test.rs:29:70
[INFO] [stdout]     |
[INFO] [stdout] 29  |     generate_tests!("out.tar.zst", TarPacker::new_zstd, TarUnpacker::new_zstd);
[INFO] [stdout]     |                                                                      ^^^^^^^^ function or associated item not found in `TarUnpacker`
[INFO] [stdout]     |
[INFO] [stdout] note: if you're trying to build a new `starbase_archive::tar::TarUnpacker` consider using one of the following associated functions:
[INFO] [stdout]       starbase_archive::tar::TarUnpacker::create
[INFO] [stdout]       starbase_archive::tar::TarUnpacker::new
[INFO] [stdout]       starbase_archive::tar::TarUnpacker::new_gz
[INFO] [stdout]    --> /opt/rustwide/workdir/src/tar.rs:156:5
[INFO] [stdout]     |
[INFO] [stdout] 156 |     pub fn create(output_dir: &Path, reader: Box<dyn Read>) -> miette::Result<Self> {
[INFO] [stdout]     |     ^^^^^^^^^^^^^^^^^^^^^^^^^^^^^^^^^^^^^^^^^^^^^^^^^^^^^^^^^^^^^^^^^^^^^^^^^^^^^^^
[INFO] [stdout] ...
[INFO] [stdout] 166 |     pub fn new(output_dir: &Path, input_file: &Path) -> miette::Result<Self> {
[INFO] [stdout]     |     ^^^^^^^^^^^^^^^^^^^^^^^^^^^^^^^^^^^^^^^^^^^^^^^^^^^^^^^^^^^^^^^^^^^^^^^^
[INFO] [stdout] ...
[INFO] [stdout] 172 |     pub fn new_gz(output_dir: &Path, input_file: &Path) -> miette::Result<Self> {
[INFO] [stdout]     |     ^^^^^^^^^^^^^^^^^^^^^^^^^^^^^^^^^^^^^^^^^^^^^^^^^^^^^^^^^^^^^^^^^^^^^^^^^^^
[INFO] [stdout] 
[INFO] [stdout] 
[INFO] [stdout] error[E0433]: failed to resolve: use of undeclared type `ZipPacker`
[INFO] [stdout]   --> tests/zip_test.rs:11:32
[INFO] [stdout]    |
[INFO] [stdout] 11 |     generate_tests!("out.zip", ZipPacker::new, ZipUnpacker::new);
[INFO] [stdout]    |                                ^^^^^^^^^ use of undeclared type `ZipPacker`
[INFO] [stdout] 
[INFO] [stdout] 
[INFO] [stdout] error[E0433]: failed to resolve: use of undeclared type `ZipUnpacker`
[INFO] [stdout]   --> tests/zip_test.rs:11:48
[INFO] [stdout]    |
[INFO] [stdout] 11 |     generate_tests!("out.zip", ZipPacker::new, ZipUnpacker::new);
[INFO] [stdout]    |                                                ^^^^^^^^^^^ use of undeclared type `ZipUnpacker`
[INFO] [stdout] 
[INFO] [stdout] 
[INFO] [stdout] error[E0433]: failed to resolve: use of undeclared type `ZipPacker`
[INFO] [stdout]   --> tests/zip_test.rs:17:32
[INFO] [stdout]    |
[INFO] [stdout] 17 |     generate_tests!("out.zip", ZipPacker::new_deflate, ZipUnpacker::new_deflate);
[INFO] [stdout]    |                                ^^^^^^^^^ use of undeclared type `ZipPacker`
[INFO] [stdout] 
[INFO] [stdout] 
[INFO] [stdout] error[E0433]: failed to resolve: use of undeclared type `ZipUnpacker`
[INFO] [stdout]   --> tests/zip_test.rs:17:56
[INFO] [stdout]    |
[INFO] [stdout] 17 |     generate_tests!("out.zip", ZipPacker::new_deflate, ZipUnpacker::new_deflate);
[INFO] [stdout]    |                                                        ^^^^^^^^^^^ use of undeclared type `ZipUnpacker`
[INFO] [stdout] 
[INFO] [stdout] 
[INFO] [stdout] error: aborting due to 5 previous errors
[INFO] [stdout] 
[INFO] [stdout] 
[INFO] [stdout] Some errors have detailed explanations: E0432, E0599.
[INFO] [stdout] 
[INFO] [stdout] For more information about an error, try `rustc --explain E0432`.
[INFO] [stdout] 
[INFO] [stderr] error: could not compile `starbase_archive` (test "tar_test") due to 6 previous errors
[INFO] [stdout] error: aborting due to 6 previous errors
[INFO] [stdout] 
[INFO] [stdout] 
[INFO] [stdout] Some errors have detailed explanations: E0432, E0433.
[INFO] [stdout] 
[INFO] [stdout] For more information about an error, try `rustc --explain E0432`.
[INFO] [stdout] 
[INFO] [stderr] error: could not compile `starbase_archive` (test "zip_test") due to 7 previous errors
[INFO] running `Command { std: "docker" "inspect" "9c86014fd421ec29f806896f059392504f3eb9edd00461f9da2fe5a2e88a346e", kill_on_drop: false }`
[INFO] running `Command { std: "docker" "rm" "-f" "9c86014fd421ec29f806896f059392504f3eb9edd00461f9da2fe5a2e88a346e", kill_on_drop: false }`
[INFO] [stdout] 9c86014fd421ec29f806896f059392504f3eb9edd00461f9da2fe5a2e88a346e
