[INFO] fetching crate stakebob 0.1.0...
[INFO] testing stakebob-0.1.0 against 1.75.0 for beta-1.76-1
[INFO] extracting crate stakebob 0.1.0 into /workspace/builds/worker-1-tc1/source
[INFO] validating manifest of crates.io crate stakebob 0.1.0 on toolchain 1.75.0
[INFO] running `Command { std: CARGO_HOME="/workspace/cargo-home" RUSTUP_HOME="/workspace/rustup-home" "/workspace/cargo-home/bin/cargo" "+1.75.0" "metadata" "--manifest-path" "Cargo.toml" "--no-deps", kill_on_drop: false }`
[INFO] started tweaking crates.io crate stakebob 0.1.0
[INFO] finished tweaking crates.io crate stakebob 0.1.0
[INFO] tweaked toml for crates.io crate stakebob 0.1.0 written to /workspace/builds/worker-1-tc1/source/Cargo.toml
[INFO] running `Command { std: CARGO_HOME="/workspace/cargo-home" RUSTUP_HOME="/workspace/rustup-home" "/workspace/cargo-home/bin/cargo" "+1.75.0" "generate-lockfile" "--manifest-path" "Cargo.toml", kill_on_drop: false }`
[INFO] [stderr]     Updating crates.io index
[INFO] running `Command { std: CARGO_HOME="/workspace/cargo-home" RUSTUP_HOME="/workspace/rustup-home" "/workspace/cargo-home/bin/cargo" "+1.75.0" "fetch" "--manifest-path" "Cargo.toml", kill_on_drop: false }`
[INFO] [stderr]  Downloading crates ...
[INFO] [stderr]   Downloaded solana-program v1.9.18
[INFO] [stderr]   Downloaded solana-frozen-abi-macro v1.9.18
[INFO] [stderr]   Downloaded solana-sdk-macro v1.9.18
[INFO] [stderr]   Downloaded pbkdf2 v0.9.0
[INFO] [stderr]   Downloaded zstd-safe v4.1.3+zstd.1.5.1
[INFO] [stderr]   Downloaded ouroboros_macro v0.13.0
[INFO] [stderr]   Downloaded rand_pcg v0.2.1
[INFO] [stderr]   Downloaded spl-token v3.3.0
[INFO] [stderr]   Downloaded mpl-token-metadata v1.4.3
[INFO] [stderr]   Downloaded solana_rbpf v0.2.24
[INFO] [stderr]   Downloaded zstd-sys v1.6.2+zstd.1.5.1
[INFO] [stderr]   Downloaded opentelemetry v0.16.0
[INFO] [stderr]   Downloaded goblin v0.4.3
[INFO] [stderr]   Downloaded tracing-opentelemetry v0.15.0
[INFO] [stderr]   Downloaded solana-bucket-map v1.9.18
[INFO] [stderr]   Downloaded hash32 v0.1.1
[INFO] [stderr]   Downloaded zstd v0.9.2+zstd.1.5.1
[INFO] [stderr]   Downloaded solana-metrics v1.9.18
[INFO] [stderr]   Downloaded solana-program-runtime v1.9.18
[INFO] [stderr]   Downloaded solana-vote-program v1.9.18
[INFO] [stderr]   Downloaded solana-frozen-abi v1.9.18
[INFO] [stderr]   Downloaded shank_macro_impl v0.0.12
[INFO] [stderr]   Downloaded crypto-mac v0.9.1
[INFO] [stderr]   Downloaded shank_render v0.0.1
[INFO] [stderr]   Downloaded solana-logger v1.9.18
[INFO] [stderr]   Downloaded scroll_derive v0.10.5
[INFO] [stderr]   Downloaded shank_macro_impl v0.0.2
[INFO] [stderr]   Downloaded ouroboros v0.13.0
[INFO] [stderr]   Downloaded ed25519-dalek-bip32 v0.1.1
[INFO] [stderr]   Downloaded solana-compute-budget-program v1.9.18
[INFO] [stderr]   Downloaded shank_macro v0.0.2
[INFO] [stderr]   Downloaded solana-bloom v1.9.18
[INFO] [stderr]   Downloaded solana-banks-server v1.9.18
[INFO] [stderr]   Downloaded solana-config-program v1.9.18
[INFO] [stderr]   Downloaded solana-measure v1.9.18
[INFO] [stderr]   Downloaded derivation-path v0.1.3
[INFO] [stderr]   Downloaded shank_macro v0.0.12
[INFO] [stderr]   Downloaded shank v0.0.12
[INFO] [stderr]   Downloaded tarpc v0.27.2
[INFO] [stderr]   Downloaded hmac v0.9.0
[INFO] [stderr]   Downloaded mpl-token-vault v0.1.0
[INFO] [stderr]   Downloaded solana-banks-interface v1.9.18
[INFO] [stderr]   Downloaded solana-sdk v1.9.18
[INFO] [stderr]   Downloaded solana-send-transaction-service v1.9.18
[INFO] [stderr]   Downloaded solana-address-lookup-table-program v1.9.18
[INFO] [stderr]   Downloaded shank v0.0.2
[INFO] [stderr]   Downloaded solana-stake-program v1.9.18
[INFO] [stderr]   Downloaded solana-banks-client v1.9.18
[INFO] [stderr]   Downloaded solana-rayon-threadlimit v1.9.18
[INFO] [stderr]   Downloaded solana-bpf-loader-program v1.9.18
[INFO] [stderr]   Downloaded solana-program-test v1.9.18
[INFO] [stderr]   Downloaded solana-runtime v1.9.18
[INFO] running `Command { std: "docker" "create" "-v" "/var/lib/crater-agent-workspace/builds/worker-1-tc1/target:/opt/rustwide/target:rw,Z" "-v" "/var/lib/crater-agent-workspace/builds/worker-1-tc1/source:/opt/rustwide/workdir:ro,Z" "-v" "/var/lib/crater-agent-workspace/cargo-home:/opt/rustwide/cargo-home:ro,Z" "-v" "/var/lib/crater-agent-workspace/rustup-home:/opt/rustwide/rustup-home:ro,Z" "-e" "SOURCE_DIR=/opt/rustwide/workdir" "-e" "CARGO_TARGET_DIR=/opt/rustwide/target" "-e" "CARGO_HOME=/opt/rustwide/cargo-home" "-e" "RUSTUP_HOME=/opt/rustwide/rustup-home" "-w" "/opt/rustwide/workdir" "-m" "1610612736" "--user" "0:0" "--network" "none" "ghcr.io/rust-lang/crates-build-env/linux@sha256:2788e3201cd34a07e3172128adcd8b3090168a8e3bcc40d7c032b9dda1df7d1c" "/opt/rustwide/cargo-home/bin/cargo" "+1.75.0" "metadata" "--no-deps" "--format-version=1", kill_on_drop: false }`
[INFO] [stdout] 1dcb8941d2b1eb1345bddb0cb72532eadab461637a3c77e718b9c7619c8b8fdc
[INFO] running `Command { std: "docker" "start" "-a" "1dcb8941d2b1eb1345bddb0cb72532eadab461637a3c77e718b9c7619c8b8fdc", kill_on_drop: false }`
[INFO] running `Command { std: "docker" "inspect" "1dcb8941d2b1eb1345bddb0cb72532eadab461637a3c77e718b9c7619c8b8fdc", kill_on_drop: false }`
[INFO] running `Command { std: "docker" "rm" "-f" "1dcb8941d2b1eb1345bddb0cb72532eadab461637a3c77e718b9c7619c8b8fdc", kill_on_drop: false }`
[INFO] [stdout] 1dcb8941d2b1eb1345bddb0cb72532eadab461637a3c77e718b9c7619c8b8fdc
[INFO] running `Command { std: "docker" "create" "-v" "/var/lib/crater-agent-workspace/builds/worker-1-tc1/target:/opt/rustwide/target:rw,Z" "-v" "/var/lib/crater-agent-workspace/builds/worker-1-tc1/source:/opt/rustwide/workdir:ro,Z" "-v" "/var/lib/crater-agent-workspace/cargo-home:/opt/rustwide/cargo-home:ro,Z" "-v" "/var/lib/crater-agent-workspace/rustup-home:/opt/rustwide/rustup-home:ro,Z" "-e" "SOURCE_DIR=/opt/rustwide/workdir" "-e" "CARGO_TARGET_DIR=/opt/rustwide/target" "-e" "CARGO_INCREMENTAL=0" "-e" "RUST_BACKTRACE=full" "-e" "RUSTFLAGS=--cap-lints=warn" "-e" "RUSTDOCFLAGS=--cap-lints=warn" "-e" "CARGO_HOME=/opt/rustwide/cargo-home" "-e" "RUSTUP_HOME=/opt/rustwide/rustup-home" "-w" "/opt/rustwide/workdir" "-m" "1610612736" "--user" "0:0" "--network" "none" "ghcr.io/rust-lang/crates-build-env/linux@sha256:2788e3201cd34a07e3172128adcd8b3090168a8e3bcc40d7c032b9dda1df7d1c" "/opt/rustwide/cargo-home/bin/cargo" "+1.75.0" "build" "--frozen" "--message-format=json", kill_on_drop: false }`
[INFO] [stdout] 70c5f40c2b1042b83dca61f3065aa52c9e23d866b8fbbdbe072cb9abd6cb36fd
[INFO] running `Command { std: "docker" "start" "-a" "70c5f40c2b1042b83dca61f3065aa52c9e23d866b8fbbdbe072cb9abd6cb36fd", kill_on_drop: false }`
[INFO] [stderr]    Compiling syn v1.0.109
[INFO] [stderr]    Compiling subtle v2.4.1
[INFO] [stderr]    Compiling semver v1.0.21
[INFO] [stderr]    Compiling crunchy v0.2.2
[INFO] [stderr]    Compiling getrandom v0.1.16
[INFO] [stderr]    Compiling once_cell v1.19.0
[INFO] [stderr]    Compiling wasm-bindgen-shared v0.2.89
[INFO] [stderr]    Compiling generic-array v0.14.7
[INFO] [stderr]    Compiling block-padding v0.2.1
[INFO] [stderr]    Compiling syn v2.0.48
[INFO] [stderr]    Compiling anyhow v1.0.79
[INFO] [stderr]    Compiling regex-automata v0.4.3
[INFO] [stderr]    Compiling ahash v0.7.7
[INFO] [stderr]    Compiling feature-probe v0.1.1
[INFO] [stderr]    Compiling equivalent v1.0.1
[INFO] [stderr]    Compiling bumpalo v3.14.0
[INFO] [stderr]    Compiling opaque-debug v0.3.0
[INFO] [stderr]    Compiling hashbrown v0.14.3
[INFO] [stderr]    Compiling log v0.4.20
[INFO] [stderr]    Compiling bv v0.11.1
[INFO] [stderr]    Compiling getrandom v0.2.11
[INFO] [stderr]    Compiling atty v0.2.14
[INFO] [stderr]    Compiling winnow v0.5.32
[INFO] [stderr]    Compiling rustversion v1.0.14
[INFO] [stderr]    Compiling toml_datetime v0.6.5
[INFO] [stderr]    Compiling num-traits v0.2.17
[INFO] [stderr]    Compiling rand_core v0.5.1
[INFO] [stderr]    Compiling blake3 v1.5.0
[INFO] [stderr]    Compiling wasm-bindgen v0.2.89
[INFO] [stderr]    Compiling bs58 v0.4.0
[INFO] [stderr]    Compiling rustc_version v0.4.0
[INFO] [stderr]    Compiling memmap2 v0.5.10
[INFO] [stderr]    Compiling rand_chacha v0.2.2
[INFO] [stderr]    Compiling hashbrown v0.11.2
[INFO] [stderr]    Compiling base64 v0.12.3
[INFO] [stderr]    Compiling digest v0.9.0
[INFO] [stderr]    Compiling keccak v0.1.4
[INFO] [stderr]    Compiling zeroize v1.3.0
[INFO] [stderr]    Compiling byteorder v1.5.0
[INFO] [stderr]    Compiling libsecp256k1-core v0.2.2
[INFO] [stderr]    Compiling indexmap v2.1.0
[INFO] [stderr]    Compiling rand v0.7.3
[INFO] [stderr]    Compiling solana-frozen-abi-macro v1.9.18
[INFO] [stderr]    Compiling solana-frozen-abi v1.9.18
[INFO] [stderr]    Compiling solana-program v1.9.18
[INFO] [stderr]    Compiling bitflags v1.3.2
[INFO] [stderr]    Compiling base64 v0.13.1
[INFO] [stderr]    Compiling libsecp256k1-gen-genmult v0.2.1
[INFO] [stderr]    Compiling libsecp256k1-gen-ecmult v0.2.1
[INFO] [stderr]    Compiling libsecp256k1 v0.6.0
[INFO] [stderr]    Compiling regex v1.10.2
[INFO] [stderr]    Compiling toml_edit v0.19.15
[INFO] [stderr]    Compiling env_logger v0.9.3
[INFO] [stderr]    Compiling solana-logger v1.9.18
[INFO] [stderr]    Compiling wasm-bindgen-backend v0.2.89
[INFO] [stderr]    Compiling serde_derive v1.0.194
[INFO] [stderr]    Compiling thiserror-impl v1.0.56
[INFO] [stderr]    Compiling bytemuck_derive v1.5.0
[INFO] [stderr]    Compiling proc-macro-crate v1.3.1
[INFO] [stderr]    Compiling borsh-schema-derive-internal v0.9.3
[INFO] [stderr]    Compiling borsh-derive-internal v0.9.3
[INFO] [stderr]    Compiling wasm-bindgen-macro-support v0.2.89
[INFO] [stderr]    Compiling wasm-bindgen-macro v0.2.89
[INFO] [stderr]    Compiling bytemuck v1.14.0
[INFO] [stderr]    Compiling num-derive v0.3.3
[INFO] [stderr]    Compiling num_enum_derive v0.5.11
[INFO] [stderr]    Compiling solana-sdk-macro v1.9.18
[INFO] [stderr]    Compiling thiserror v1.0.56
[INFO] [stderr]    Compiling num_enum v0.5.11
[INFO] [stderr]    Compiling serde v1.0.194
[INFO] [stderr]    Compiling toml v0.5.11
[INFO] [stderr]    Compiling bincode v1.3.3
[INFO] [stderr]    Compiling serde_bytes v0.11.14
[INFO] [stderr]    Compiling shank_macro_impl v0.0.12
[INFO] [stderr]    Compiling shank_macro_impl v0.0.2
[INFO] [stderr]    Compiling shank_render v0.0.1
[INFO] [stderr]    Compiling block-buffer v0.9.0
[INFO] [stderr]    Compiling crypto-mac v0.8.0
[INFO] [stderr]    Compiling crypto-common v0.1.6
[INFO] [stderr]    Compiling block-buffer v0.10.4
[INFO] [stderr]    Compiling hmac v0.8.1
[INFO] [stderr]    Compiling curve25519-dalek v3.2.1
[INFO] [stderr]    Compiling shank_macro v0.0.2
[INFO] [stderr]    Compiling sha2 v0.9.9
[INFO] [stderr]    Compiling sha3 v0.9.1
[INFO] [stderr]    Compiling digest v0.10.7
[INFO] [stderr]    Compiling hmac-drbg v0.3.0
[INFO] [stderr]    Compiling shank_macro v0.0.12
[INFO] [stderr]    Compiling proc-macro-crate v0.1.5
[INFO] [stderr]    Compiling borsh-derive v0.9.3
[INFO] [stderr]    Compiling shank v0.0.2
[INFO] [stderr]    Compiling shank v0.0.12
[INFO] [stderr]    Compiling borsh v0.9.3
[INFO] [stderr]    Compiling spl-token v3.3.0
[INFO] [stderr]    Compiling spl-associated-token-account v1.0.5
[INFO] [stderr]    Compiling mpl-token-vault v0.1.0
[INFO] [stderr]    Compiling mpl-token-metadata v1.4.3
[INFO] [stderr]    Compiling stakebob v0.1.0 (/opt/rustwide/workdir)
[INFO] [stdout] error[E0599]: no function or associated item named `from_account_info` found for struct `mpl_token_metadata::state::Metadata` in the current scope
[INFO] [stdout]   --> src/processor.rs:74:45
[INFO] [stdout]    |
[INFO] [stdout] 74 |         let collection_metadata = Metadata::from_account_info(collection_metadata_info)?;
[INFO] [stdout]    |                                             ^^^^^^^^^^^^^^^^^ function or associated item not found in `Metadata`
[INFO] [stdout]    |
[INFO] [stdout]    = help: items from traits can only be used if the trait is in scope
[INFO] [stdout] help: the following trait is implemented but not in scope; perhaps add a `use` for it:
[INFO] [stdout]    |
[INFO] [stdout] 1  + use mpl_token_metadata::state::TokenMetadataAccount;
[INFO] [stdout]    |
[INFO] [stdout] 
[INFO] [stdout] 
[INFO] [stdout] error[E0599]: no function or associated item named `from_account_info` found for struct `mpl_token_metadata::state::Metadata` in the current scope
[INFO] [stdout]    --> src/processor.rs:123:38
[INFO] [stdout]     |
[INFO] [stdout] 123 |         let nft_metadata = Metadata::from_account_info(nft_metadata_info)?;
[INFO] [stdout]     |                                      ^^^^^^^^^^^^^^^^^ function or associated item not found in `Metadata`
[INFO] [stdout]     |
[INFO] [stdout]     = help: items from traits can only be used if the trait is in scope
[INFO] [stdout] help: the following trait is implemented but not in scope; perhaps add a `use` for it:
[INFO] [stdout]     |
[INFO] [stdout] 1   + use mpl_token_metadata::state::TokenMetadataAccount;
[INFO] [stdout]     |
[INFO] [stdout] 
[INFO] [stdout] 
[INFO] [stdout] error[E0599]: no function or associated item named `from_account_info` found for struct `mpl_token_metadata::state::Metadata` in the current scope
[INFO] [stdout]    --> src/processor.rs:217:38
[INFO] [stdout]     |
[INFO] [stdout] 217 |         let nft_metadata = Metadata::from_account_info(nft_metadata_info)?;
[INFO] [stdout]     |                                      ^^^^^^^^^^^^^^^^^ function or associated item not found in `Metadata`
[INFO] [stdout]     |
[INFO] [stdout]     = help: items from traits can only be used if the trait is in scope
[INFO] [stdout] help: the following trait is implemented but not in scope; perhaps add a `use` for it:
[INFO] [stdout]     |
[INFO] [stdout] 1   + use mpl_token_metadata::state::TokenMetadataAccount;
[INFO] [stdout]     |
[INFO] [stdout] 
[INFO] [stdout] 
[INFO] [stdout] error: aborting due to 3 previous errors
[INFO] [stdout] 
[INFO] [stdout] 
[INFO] [stdout] For more information about this error, try `rustc --explain E0599`.
[INFO] [stdout] 
[INFO] [stderr] error: could not compile `stakebob` (lib) due to 4 previous errors
[INFO] running `Command { std: "docker" "inspect" "70c5f40c2b1042b83dca61f3065aa52c9e23d866b8fbbdbe072cb9abd6cb36fd", kill_on_drop: false }`
[INFO] running `Command { std: "docker" "rm" "-f" "70c5f40c2b1042b83dca61f3065aa52c9e23d866b8fbbdbe072cb9abd6cb36fd", kill_on_drop: false }`
[INFO] [stdout] 70c5f40c2b1042b83dca61f3065aa52c9e23d866b8fbbdbe072cb9abd6cb36fd
