[INFO] fetching crate staging-xcm-builder 5.0.0...
[INFO] testing staging-xcm-builder-5.0.0 against 1.75.0 for beta-1.76-1
[INFO] extracting crate staging-xcm-builder 5.0.0 into /workspace/builds/worker-4-tc1/source
[INFO] validating manifest of crates.io crate staging-xcm-builder 5.0.0 on toolchain 1.75.0
[INFO] running `Command { std: CARGO_HOME="/workspace/cargo-home" RUSTUP_HOME="/workspace/rustup-home" "/workspace/cargo-home/bin/cargo" "+1.75.0" "metadata" "--manifest-path" "Cargo.toml" "--no-deps", kill_on_drop: false }`
[INFO] started tweaking crates.io crate staging-xcm-builder 5.0.0
[INFO] finished tweaking crates.io crate staging-xcm-builder 5.0.0
[INFO] tweaked toml for crates.io crate staging-xcm-builder 5.0.0 written to /workspace/builds/worker-4-tc1/source/Cargo.toml
[INFO] running `Command { std: CARGO_HOME="/workspace/cargo-home" RUSTUP_HOME="/workspace/rustup-home" "/workspace/cargo-home/bin/cargo" "+1.75.0" "generate-lockfile" "--manifest-path" "Cargo.toml", kill_on_drop: false }`
[INFO] [stderr]     Updating crates.io index
[INFO] running `Command { std: CARGO_HOME="/workspace/cargo-home" RUSTUP_HOME="/workspace/rustup-home" "/workspace/cargo-home/bin/cargo" "+1.75.0" "fetch" "--manifest-path" "Cargo.toml", kill_on_drop: false }`
[INFO] running `Command { std: "docker" "create" "-v" "/var/lib/crater-agent-workspace/builds/worker-4-tc1/target:/opt/rustwide/target:rw,Z" "-v" "/var/lib/crater-agent-workspace/builds/worker-4-tc1/source:/opt/rustwide/workdir:ro,Z" "-v" "/var/lib/crater-agent-workspace/cargo-home:/opt/rustwide/cargo-home:ro,Z" "-v" "/var/lib/crater-agent-workspace/rustup-home:/opt/rustwide/rustup-home:ro,Z" "-e" "SOURCE_DIR=/opt/rustwide/workdir" "-e" "CARGO_TARGET_DIR=/opt/rustwide/target" "-e" "CARGO_HOME=/opt/rustwide/cargo-home" "-e" "RUSTUP_HOME=/opt/rustwide/rustup-home" "-w" "/opt/rustwide/workdir" "-m" "1610612736" "--user" "0:0" "--network" "none" "ghcr.io/rust-lang/crates-build-env/linux@sha256:2788e3201cd34a07e3172128adcd8b3090168a8e3bcc40d7c032b9dda1df7d1c" "/opt/rustwide/cargo-home/bin/cargo" "+1.75.0" "metadata" "--no-deps" "--format-version=1", kill_on_drop: false }`
[INFO] [stdout] abf0231c95227114dd7736505ca2ff1c528a9adb6ead9ffda4391f512f40ad16
[INFO] running `Command { std: "docker" "start" "-a" "abf0231c95227114dd7736505ca2ff1c528a9adb6ead9ffda4391f512f40ad16", kill_on_drop: false }`
[INFO] running `Command { std: "docker" "inspect" "abf0231c95227114dd7736505ca2ff1c528a9adb6ead9ffda4391f512f40ad16", kill_on_drop: false }`
[INFO] running `Command { std: "docker" "rm" "-f" "abf0231c95227114dd7736505ca2ff1c528a9adb6ead9ffda4391f512f40ad16", kill_on_drop: false }`
[INFO] [stdout] abf0231c95227114dd7736505ca2ff1c528a9adb6ead9ffda4391f512f40ad16
[INFO] running `Command { std: "docker" "create" "-v" "/var/lib/crater-agent-workspace/builds/worker-4-tc1/target:/opt/rustwide/target:rw,Z" "-v" "/var/lib/crater-agent-workspace/builds/worker-4-tc1/source:/opt/rustwide/workdir:ro,Z" "-v" "/var/lib/crater-agent-workspace/cargo-home:/opt/rustwide/cargo-home:ro,Z" "-v" "/var/lib/crater-agent-workspace/rustup-home:/opt/rustwide/rustup-home:ro,Z" "-e" "SOURCE_DIR=/opt/rustwide/workdir" "-e" "CARGO_TARGET_DIR=/opt/rustwide/target" "-e" "CARGO_INCREMENTAL=0" "-e" "RUST_BACKTRACE=full" "-e" "RUSTFLAGS=--cap-lints=warn" "-e" "RUSTDOCFLAGS=--cap-lints=warn" "-e" "CARGO_HOME=/opt/rustwide/cargo-home" "-e" "RUSTUP_HOME=/opt/rustwide/rustup-home" "-w" "/opt/rustwide/workdir" "-m" "1610612736" "--user" "0:0" "--network" "none" "ghcr.io/rust-lang/crates-build-env/linux@sha256:2788e3201cd34a07e3172128adcd8b3090168a8e3bcc40d7c032b9dda1df7d1c" "/opt/rustwide/cargo-home/bin/cargo" "+1.75.0" "build" "--frozen" "--message-format=json", kill_on_drop: false }`
[INFO] [stdout] 4f17bce3a3f1d7c33cc3ea365864f08561da61aac8ceed8ae4df34e6b8f28b65
[INFO] running `Command { std: "docker" "start" "-a" "4f17bce3a3f1d7c33cc3ea365864f08561da61aac8ceed8ae4df34e6b8f28b65", kill_on_drop: false }`
[INFO] [stderr]    Compiling syn v1.0.109
[INFO] [stderr]    Compiling generic-array v0.14.7
[INFO] [stderr]    Compiling serde v1.0.194
[INFO] [stderr]    Compiling libc v0.2.151
[INFO] [stderr]    Compiling syn v2.0.48
[INFO] [stderr]    Compiling subtle v2.4.1
[INFO] [stderr]    Compiling equivalent v1.0.1
[INFO] [stderr]    Compiling hashbrown v0.14.3
[INFO] [stderr]    Compiling winnow v0.5.32
[INFO] [stderr]    Compiling const-oid v0.9.6
[INFO] [stderr]    Compiling arrayvec v0.7.4
[INFO] [stderr]    Compiling aho-corasick v1.1.2
[INFO] [stderr]    Compiling ahash v0.7.7
[INFO] [stderr]    Compiling crunchy v0.2.2
[INFO] [stderr]    Compiling indexmap v2.1.0
[INFO] [stderr]    Compiling cc v1.0.83
[INFO] [stderr]    Compiling regex-syntax v0.8.2
[INFO] [stderr]    Compiling num-traits v0.2.17
[INFO] [stderr]    Compiling byte-slice-cast v1.2.2
[INFO] [stderr]    Compiling hashbrown v0.12.3
[INFO] [stderr]    Compiling indexmap v1.9.3
[INFO] [stderr]    Compiling byteorder v1.5.0
[INFO] [stderr]    Compiling bytes v1.5.0
[INFO] [stderr]    Compiling ahash v0.8.7
[INFO] [stderr]    Compiling rand v0.8.5
[INFO] [stderr]    Compiling unicode-normalization v0.1.22
[INFO] [stderr]    Compiling zerocopy v0.7.32
[INFO] [stderr]    Compiling regex-automata v0.4.3
[INFO] [stderr]    Compiling log v0.4.20
[INFO] [stderr]    Compiling getrandom v0.1.16
[INFO] [stderr]    Compiling paste v1.0.14
[INFO] [stderr]    Compiling idna v0.5.0
[INFO] [stderr]    Compiling hashbrown v0.13.2
[INFO] [stderr]    Compiling keccak v0.1.4
[INFO] [stderr]    Compiling crc32fast v1.3.2
[INFO] [stderr]    Compiling url v2.5.0
[INFO] [stderr]    Compiling rand_core v0.5.1
[INFO] [stderr]    Compiling rustix v0.38.28
[INFO] [stderr]    Compiling stable_deref_trait v1.2.0
[INFO] [stderr]    Compiling fallible-iterator v0.2.0
[INFO] [stderr]    Compiling io-lifetimes v1.0.11
[INFO] [stderr]    Compiling target-lexicon v0.12.13
[INFO] [stderr]    Compiling memoffset v0.8.0
[INFO] [stderr]    Compiling rustix v0.36.17
[INFO] [stderr]    Compiling regex v1.10.2
[INFO] [stderr]    Compiling sp-std v12.0.0
[INFO] [stderr]    Compiling linux-raw-sys v0.4.12
[INFO] [stderr]    Compiling Inflector v0.11.4
[INFO] [stderr]    Compiling wasmtime-runtime v8.0.1
[INFO] [stderr]    Compiling digest v0.9.0
[INFO] [stderr]    Compiling generic-array v0.12.4
[INFO] [stderr]    Compiling tracing-core v0.1.32
[INFO] [stderr]    Compiling cpp_demangle v0.3.5
[INFO] [stderr]    Compiling smallvec v1.11.2
[INFO] [stderr]    Compiling linux-raw-sys v0.1.4
[INFO] [stderr]    Compiling libsecp256k1-core v0.3.0
[INFO] [stderr]    Compiling psm v0.1.21
[INFO] [stderr]    Compiling wasmtime-asm-macros v8.0.1
[INFO] [stderr]    Compiling wasmtime-jit-debug v8.0.1
[INFO] [stderr]    Compiling serde_json v1.0.111
[INFO] [stderr]    Compiling regex-syntax v0.6.29
[INFO] [stderr]    Compiling serde_derive v1.0.194
[INFO] [stderr]    Compiling zeroize_derive v1.4.2
[INFO] [stderr]    Compiling thiserror-impl v1.0.56
[INFO] [stderr]    Compiling impl-trait-for-tuples v0.2.2
[INFO] [stderr]    Compiling derive_more v0.99.17
[INFO] [stderr]    Compiling memfd v0.6.4
[INFO] [stderr]    Compiling zeroize v1.7.0
[INFO] [stderr]    Compiling ref-cast v1.0.22
[INFO] [stderr]    Compiling byte-tools v0.3.1
[INFO] [stderr]    Compiling regex-automata v0.1.10
[INFO] [stderr]    Compiling block-padding v0.1.5
[INFO] [stderr]    Compiling tracing-attributes v0.1.27
[INFO] [stderr]    Compiling crypto-common v0.1.6
[INFO] [stderr]    Compiling block-buffer v0.10.4
[INFO] [stderr]    Compiling digest v0.10.7
[INFO] [stderr]    Compiling thiserror v1.0.56
[INFO] [stderr]    Compiling block-buffer v0.9.0
[INFO] [stderr]    Compiling ref-cast-impl v1.0.22
[INFO] [stderr]    Compiling digest v0.8.1
[INFO] [stderr]    Compiling wasmtime-jit-icache-coherence v8.0.1
[INFO] [stderr]    Compiling futures-core v0.3.30
[INFO] [stderr]    Compiling hex v0.4.3
[INFO] [stderr]    Compiling wasmtime v8.0.1
[INFO] [stderr]    Compiling rustc-hex v2.1.0
[INFO] [stderr]    Compiling futures-sink v0.3.30
[INFO] [stderr]    Compiling sha2 v0.9.9
[INFO] [stderr]    Compiling chrono v0.4.31
[INFO] [stderr]    Compiling futures-channel v0.3.30
[INFO] [stderr]    Compiling tracing v0.1.40
[INFO] [stderr]    Compiling sha2 v0.10.8
[INFO] [stderr]    Compiling matchers v0.0.1
[INFO] [stderr]    Compiling crypto-mac v0.8.0
[INFO] [stderr]    Compiling crypto-mac v0.11.1
[INFO] [stderr]    Compiling block-buffer v0.7.3
[INFO] [stderr]    Compiling sp-debug-derive v12.0.0
[INFO] [stderr]    Compiling futures-macro v0.3.30
[INFO] [stderr]    Compiling libsecp256k1-gen-ecmult v0.3.0
[INFO] [stderr]    Compiling libsecp256k1-gen-genmult v0.3.0
[INFO] [stderr]    Compiling tracing-log v0.1.4
[INFO] [stderr]    Compiling rand_chacha v0.2.2
[INFO] [stderr]    Compiling sharded-slab v0.1.7
[INFO] [stderr]    Compiling secp256k1-sys v0.6.1
[INFO] [stderr]    Compiling thread_local v1.1.7
[INFO] [stderr]    Compiling ansi_term v0.12.1
[INFO] [stderr]    Compiling fake-simd v0.1.2
[INFO] [stderr]    Compiling hash-db v0.16.0
[INFO] [stderr]    Compiling opaque-debug v0.2.3
[INFO] [stderr]    Compiling sha2 v0.8.2
[INFO] [stderr]    Compiling futures-util v0.3.30
[INFO] [stderr]    Compiling rand v0.7.3
[INFO] [stderr]    Compiling libsecp256k1 v0.7.1
[INFO] [stderr]    Compiling hmac v0.8.1
[INFO] [stderr]    Compiling uint v0.9.5
[INFO] [stderr]    Compiling fixed-hash v0.8.0
[INFO] [stderr]    Compiling curve25519-dalek v2.1.3
[INFO] [stderr]    Compiling merlin v2.0.1
[INFO] [stderr]    Compiling arrayvec v0.5.2
[INFO] [stderr]    Compiling environmental v1.1.4
[INFO] [stderr]    Compiling hmac-drbg v0.3.0
[INFO] [stderr]    Compiling parking_lot_core v0.9.9
[INFO] [stderr]    Compiling schnorrkel v0.9.1
[INFO] [stderr]    Compiling pbkdf2 v0.8.0
[INFO] [stderr]    Compiling hmac v0.11.0
[INFO] [stderr]    Compiling curve25519-dalek v3.2.0
[INFO] [stderr]    Compiling toml_datetime v0.6.3
[INFO] [stderr]    Compiling serde_spanned v0.6.5
[INFO] [stderr]    Compiling toml_edit v0.19.15
[INFO] [stderr]    Compiling toml_edit v0.20.2
[INFO] [stderr]    Compiling cranelift-entity v0.95.1
[INFO] [stderr]    Compiling bincode v1.3.3
[INFO] [stderr]    Compiling impl-serde v0.4.0
[INFO] [stderr]    Compiling wasmparser v0.102.0
[INFO] [stderr]    Compiling gimli v0.27.3
[INFO] [stderr]    Compiling object v0.30.4
[INFO] [stderr]    Compiling tracing-serde v0.1.3
[INFO] [stderr]    Compiling proc-macro-crate v2.0.1
[INFO] [stderr]    Compiling proc-macro-crate v1.3.1
[INFO] [stderr]    Compiling ss58-registry v1.44.0
[INFO] [stderr]    Compiling tracing-subscriber v0.2.25
[INFO] [stderr]    Compiling futures-executor v0.3.30
[INFO] [stderr]    Compiling scale-info-derive v2.10.0
[INFO] [stderr]    Compiling sp-runtime-interface-proc-macro v15.0.0
[INFO] [stderr]    Compiling sha3 v0.10.8
[INFO] [stderr]    Compiling wasmtime-types v8.0.1
[INFO] [stderr]    Compiling parity-scale-codec-derive v3.6.9
[INFO] [stderr]    Compiling addr2line v0.19.0
[INFO] [stderr]    Compiling wasmtime-environ v8.0.1
[INFO] [stderr]    Compiling twox-hash v1.6.3
[INFO] [stderr]    Compiling dyn-clonable-impl v0.9.0
[INFO] [stderr]    Compiling blake2b_simd v1.0.2
[INFO] [stderr]    Compiling num-format v0.4.4
[INFO] [stderr]    Compiling parity-scale-codec v3.6.9
[INFO] [stderr]    Compiling dyn-clone v1.0.16
[INFO] [stderr]    Compiling wasmtime-jit v8.0.1
[INFO] [stderr]    Compiling semver v1.0.21
[INFO] [stderr]    Compiling base64 v0.13.1
[INFO] [stderr]    Compiling bitcoin_hashes v0.11.0
[INFO] [stderr]    Compiling dyn-clonable v0.9.0
[INFO] [stderr]    Compiling scale-info v2.10.0
[INFO] [stderr]    Compiling sp-storage v17.0.0
[INFO] [stderr]    Compiling impl-codec v0.6.0
[INFO] [stderr]    Compiling sp-externalities v0.23.0
[INFO] [stderr]    Compiling sp-tracing v14.0.0
[INFO] [stderr]    Compiling bip39 v2.0.0
[INFO] [stderr]    Compiling primitive-types v0.12.2
[INFO] [stderr]    Compiling bounded-collections v0.1.9
[INFO] [stderr]    Compiling sp-core-hashing v13.0.0
[INFO] [stderr]    Compiling secp256k1 v0.24.3
[INFO] [stderr]    Compiling futures v0.3.30
[INFO] [stderr]    Compiling ed25519-zebra v3.1.0
[INFO] [stderr]    Compiling substrate-bip39 v0.4.5
[INFO] [stderr]    Compiling parking_lot v0.12.1
[INFO] [stderr]    Compiling blake2 v0.10.6
[INFO] [stderr]    Compiling sp-wasm-interface v18.0.0
[INFO] [stderr]    Compiling secrecy v0.8.0
[INFO] [stderr]    Compiling hash256-std-hasher v0.15.2
[INFO] [stderr]    Compiling getrandom v0.2.11
[INFO] [stderr]    Compiling bs58 v0.5.0
[INFO] [stderr]    Compiling array-bytes v6.2.2
[INFO] [stderr]    Compiling signature v2.2.0
[INFO] [stderr]    Compiling backtrace v0.3.69
[INFO] [stderr]    Compiling platforms v3.3.0
[INFO] [stderr]    Compiling rustc_version v0.4.0
[INFO] [stderr]    Compiling sp-runtime-interface v22.0.0
[INFO] [stderr]    Compiling object v0.32.2
[INFO] [stderr]    Compiling curve25519-dalek v4.1.1
[INFO] [stderr]    Compiling trie-root v0.18.0
[INFO] [stderr]    Compiling memory-db v0.32.0
[INFO] [stderr]    Compiling trie-db v0.28.0
[INFO] [stderr]    Compiling curve25519-dalek-derive v0.1.1
[INFO] [stderr]    Compiling schnellru v0.2.1
[INFO] [stderr]    Compiling nohash-hasher v0.2.0
[INFO] [stderr]    Compiling sp-io v28.0.0
[INFO] [stderr]    Compiling ed25519 v2.2.3
[INFO] [stderr]    Compiling integer-sqrt v0.1.5
[INFO] [stderr]    Compiling sp-arithmetic v21.0.0
[INFO] [stderr]    Compiling rand_core v0.6.4
[INFO] [stderr]    Compiling tiny-keccak v2.0.2
[INFO] [stderr]    Compiling sp-core v26.0.0
[INFO] [stderr]    Compiling rand_chacha v0.3.1
[INFO] [stderr]    Compiling derive-syn-parse v0.1.5
[INFO] [stderr]    Compiling fs-err v2.11.0
[INFO] [stderr]    Compiling ed25519-dalek v2.1.0
[INFO] [stderr]    Compiling const-random-macro v0.1.16
[INFO] [stderr]    Compiling sp-trie v27.0.0
[INFO] [stderr]    Compiling sp-keystore v0.32.0
[INFO] [stderr]    Compiling sp-weights v25.0.0
[INFO] [stderr]    Compiling sp-panic-handler v12.0.0
[INFO] [stderr]    Compiling expander v2.0.0
[INFO] [stderr]    Compiling const-random v0.1.17
[INFO] [stderr]    Compiling der v0.7.8
[INFO] [stderr]    Compiling macro_magic_core_macros v0.5.0
[INFO] [stderr]    Compiling sp-state-machine v0.33.0
[INFO] [stderr]    Compiling ff v0.13.0
[INFO] [stderr]    Compiling macro_magic_core v0.5.0
[INFO] [stderr]    Compiling proc-macro-error-attr v1.0.4
[INFO] [stderr]    Compiling base16ct v0.2.0
[INFO] [stderr]    Compiling group v0.13.0
[INFO] [stderr]    Compiling sp-core-hashing-proc-macro v13.0.0
[INFO] [stderr]    Compiling frame-metadata v16.0.0
[INFO] [stderr]    Compiling hmac v0.12.1
[INFO] [stderr]    Compiling sp-version-proc-macro v12.0.0
[INFO] [stderr]    Compiling crypto-bigint v0.5.5
[INFO] [stderr]    Compiling macro_magic_macros v0.5.0
[INFO] [stderr]    Compiling sec1 v0.7.3
[INFO] [stderr]    Compiling proc-macro-error v1.0.4
[INFO] [stderr]    Compiling parity-wasm v0.45.0
[INFO] [stderr]    Compiling same-file v1.0.6
[INFO] [stderr]    Compiling sp-metadata-ir v0.4.0
[INFO] [stderr]    Compiling walkdir v2.4.0
[INFO] [stderr]    Compiling spki v0.7.3
[INFO] [stderr]    Compiling rfc6979 v0.4.0
[INFO] [stderr]    Compiling sp-api-proc-macro v13.0.0
[INFO] [stderr]    Compiling toml v0.8.2
[INFO] [stderr]    Compiling frame-support-procedural-tools-derive v10.0.0
[INFO] [stderr]    Compiling include_dir_macros v0.7.3
[INFO] [stderr]    Compiling elliptic-curve v0.13.8
[INFO] [stderr]    Compiling num-integer v0.1.45
[INFO] [stderr]    Compiling common-path v1.0.0
[INFO] [stderr]    Compiling bytemuck v1.14.0
[INFO] [stderr]    Compiling frame-support-procedural-tools v9.0.0
[INFO] [stderr]    Compiling safe_arch v0.7.1
[INFO] [stderr]    Compiling ecdsa v0.16.9
[INFO] [stderr]    Compiling cfg-expr v0.15.6
[INFO] [stderr]    Compiling docify_macros v0.2.7
[INFO] [stderr]    Compiling include_dir v0.7.3
[INFO] [stderr]    Compiling async-trait v0.1.77
[INFO] [stderr]    Compiling macro_magic v0.5.0
[INFO] [stderr]    Compiling proc-macro-warning v1.0.2
[INFO] [stderr]    Compiling matrixmultiply v0.3.8
[INFO] [stderr]    Compiling sp-application-crypto v28.0.0
[INFO] [stderr]    Compiling num-rational v0.4.1
[INFO] [stderr]    Compiling frame-support-procedural v21.0.0
[INFO] [stderr]    Compiling aquamarine v0.3.3
[INFO] [stderr]    Compiling sp-runtime v29.0.0
[INFO] [stderr]    Compiling k256 v0.13.2
[INFO] [stderr]    Compiling wide v0.7.13
[INFO] [stderr]    Compiling approx v0.5.1
[INFO] [stderr]    Compiling num-complex v0.4.4
[INFO] [stderr]    Compiling rawpointer v0.2.1
[INFO] [stderr]    Compiling tt-call v1.0.9
[INFO] [stderr]    Compiling docify v0.2.7
[INFO] [stderr]    Compiling nalgebra-macros v0.2.1
[INFO] [stderr]    Compiling simba v0.8.1
[INFO] [stderr]    Compiling xcm-procedural v5.0.0
[INFO] [stderr]    Compiling derivative v2.2.0
[INFO] [stderr]    Compiling sp-version v27.0.0
[INFO] [stderr]    Compiling sp-inherents v24.0.0
[INFO] [stderr]    Compiling sp-staking v24.0.0
[INFO] [stderr]    Compiling staging-xcm v5.0.0
[INFO] [stderr]    Compiling polkadot-core-primitives v5.0.0
[INFO] [stderr]    Compiling polkadot-parachain-primitives v4.0.0
[INFO] [stderr]    Compiling sp-api v24.0.0
[INFO] [stderr]    Compiling sp-genesis-builder v0.5.0
[INFO] [stderr]    Compiling nalgebra v0.32.3
[INFO] [stderr]    Compiling frame-support v26.0.0
[INFO] [stderr]    Compiling linregress v0.5.3
[INFO] [stderr]    Compiling frame-system v26.0.0
[INFO] [stderr]    Compiling frame-benchmarking v26.0.0
[INFO] [stderr]    Compiling pallet-transaction-payment v26.0.0
[INFO] [stderr]    Compiling staging-xcm-executor v5.0.0
[INFO] [stderr]    Compiling staging-xcm-builder v5.0.0 (/opt/rustwide/workdir)
[INFO] [stderr]     Finished dev [unoptimized + debuginfo] target(s) in 2m 17s
[INFO] running `Command { std: "docker" "inspect" "4f17bce3a3f1d7c33cc3ea365864f08561da61aac8ceed8ae4df34e6b8f28b65", kill_on_drop: false }`
[INFO] running `Command { std: "docker" "rm" "-f" "4f17bce3a3f1d7c33cc3ea365864f08561da61aac8ceed8ae4df34e6b8f28b65", kill_on_drop: false }`
[INFO] [stdout] 4f17bce3a3f1d7c33cc3ea365864f08561da61aac8ceed8ae4df34e6b8f28b65
[INFO] running `Command { std: "docker" "create" "-v" "/var/lib/crater-agent-workspace/builds/worker-4-tc1/target:/opt/rustwide/target:rw,Z" "-v" "/var/lib/crater-agent-workspace/builds/worker-4-tc1/source:/opt/rustwide/workdir:ro,Z" "-v" "/var/lib/crater-agent-workspace/cargo-home:/opt/rustwide/cargo-home:ro,Z" "-v" "/var/lib/crater-agent-workspace/rustup-home:/opt/rustwide/rustup-home:ro,Z" "-e" "SOURCE_DIR=/opt/rustwide/workdir" "-e" "CARGO_TARGET_DIR=/opt/rustwide/target" "-e" "CARGO_INCREMENTAL=0" "-e" "RUST_BACKTRACE=full" "-e" "RUSTFLAGS=--cap-lints=warn" "-e" "RUSTDOCFLAGS=--cap-lints=warn" "-e" "CARGO_HOME=/opt/rustwide/cargo-home" "-e" "RUSTUP_HOME=/opt/rustwide/rustup-home" "-w" "/opt/rustwide/workdir" "-m" "1610612736" "--user" "0:0" "--network" "none" "ghcr.io/rust-lang/crates-build-env/linux@sha256:2788e3201cd34a07e3172128adcd8b3090168a8e3bcc40d7c032b9dda1df7d1c" "/opt/rustwide/cargo-home/bin/cargo" "+1.75.0" "test" "--frozen" "--no-run" "--message-format=json", kill_on_drop: false }`
[INFO] [stdout] 61a6a1c5f0ce0f3843675cddfdc3cf9d245c64548ba9b5c6c7f6dc441822185b
[INFO] running `Command { std: "docker" "start" "-a" "61a6a1c5f0ce0f3843675cddfdc3cf9d245c64548ba9b5c6c7f6dc441822185b", kill_on_drop: false }`
[INFO] [stderr]    Compiling primitive-types v0.12.2
[INFO] [stderr]    Compiling assert_matches v1.5.0
[INFO] [stderr]    Compiling sp-runtime-interface v22.0.0
[INFO] [stderr]    Compiling sp-core v26.0.0
[INFO] [stderr]    Compiling sp-trie v27.0.0
[INFO] [stderr]    Compiling sp-keystore v0.32.0
[INFO] [stderr]    Compiling sp-weights v25.0.0
[INFO] [stderr]    Compiling staging-xcm v5.0.0
[INFO] [stderr]    Compiling sp-state-machine v0.33.0
[INFO] [stderr]    Compiling sp-io v28.0.0
[INFO] [stderr]    Compiling sp-application-crypto v28.0.0
[INFO] [stderr]    Compiling sp-runtime v29.0.0
[INFO] [stderr]    Compiling sp-version v27.0.0
[INFO] [stderr]    Compiling sp-staking v24.0.0
[INFO] [stderr]    Compiling sp-inherents v24.0.0
[INFO] [stderr]    Compiling polkadot-core-primitives v5.0.0
[INFO] [stderr]    Compiling polkadot-parachain-primitives v4.0.0
[INFO] [stderr]    Compiling sp-api v24.0.0
[INFO] [stderr]    Compiling sp-genesis-builder v0.5.0
[INFO] [stderr]    Compiling frame-support v26.0.0
[INFO] [stderr]    Compiling frame-system v26.0.0
[INFO] [stderr]    Compiling frame-benchmarking v26.0.0
[INFO] [stderr]    Compiling pallet-transaction-payment v26.0.0
[INFO] [stderr]    Compiling staging-xcm-executor v5.0.0
[INFO] [stderr]    Compiling staging-xcm-builder v5.0.0 (/opt/rustwide/workdir)
[INFO] [stdout] error[E0432]: unresolved import `primitives`
[INFO] [stdout]    --> src/location_conversion.rs:479:6
[INFO] [stdout]     |
[INFO] [stdout] 479 |     use primitives::AccountId;
[INFO] [stdout]     |         ^^^^^^^^^^ help: a similar path exists: `polkadot_parachain_primitives::primitives`
[INFO] [stdout] 
[INFO] [stdout] 
[INFO] [stdout] error[E0432]: unresolved import `polkadot_test_runtime`
[INFO] [stdout]   --> src/process_xcm_message.rs:77:6
[INFO] [stdout]    |
[INFO] [stdout] 77 |     use polkadot_test_runtime::*;
[INFO] [stdout]    |         ^^^^^^^^^^^^^^^^^^^^^ use of undeclared crate or module `polkadot_test_runtime`
[INFO] [stdout] 
[INFO] [stdout] 
[INFO] [stdout] error[E0432]: unresolved import `polkadot_test_runtime`
[INFO] [stdout]   --> src/tests/pay/mock.rs:28:5
[INFO] [stdout]    |
[INFO] [stdout] 28 | use polkadot_test_runtime::SignedExtra;
[INFO] [stdout]    |     ^^^^^^^^^^^^^^^^^^^^^ use of undeclared crate or module `polkadot_test_runtime`
[INFO] [stdout] 
[INFO] [stdout] 
[INFO] [stdout] error[E0432]: unresolved import `primitives`
[INFO] [stdout]   --> src/tests/pay/mock.rs:29:5
[INFO] [stdout]    |
[INFO] [stdout] 29 | use primitives::{AccountIndex, BlakeTwo256, Signature};
[INFO] [stdout]    |     ^^^^^^^^^^ help: a similar path exists: `polkadot_parachain_primitives::primitives`
[INFO] [stdout] 
[INFO] [stdout] 
[INFO] [stdout] error[E0433]: failed to resolve: use of undeclared crate or module `pallet_xcm`
[INFO] [stdout]   --> src/tests/pay/mock.rs:48:14
[INFO] [stdout]    |
[INFO] [stdout] 48 |         XcmPallet: pallet_xcm,
[INFO] [stdout]    |                    ^^^^^^^^^^ use of undeclared crate or module `pallet_xcm`
[INFO] [stdout] 
[INFO] [stdout] 
[INFO] [stdout] error[E0432]: unresolved import `polkadot_runtime_parachains`
[INFO] [stdout]   --> tests/mock/mod.rs:29:5
[INFO] [stdout]    |
[INFO] [stdout] 29 | use polkadot_runtime_parachains::{configuration, origin, shared};
[INFO] [stdout]    |     ^^^^^^^^^^^^^^^^^^^^^^^^^^^ use of undeclared crate or module `polkadot_runtime_parachains`
[INFO] [stdout] 
[INFO] [stdout] 
[INFO] [stdout] error[E0432]: unresolved imports `mock::Balances`, `mock::System`
[INFO] [stdout]   --> tests/scenarios.rs:20:68
[INFO] [stdout]    |
[INFO] [stdout] 20 |     fake_message_hash, kusama_like_with_balances, AccountId, Balance, Balances, BaseXcmWeight,
[INFO] [stdout]    |                                                                       ^^^^^^^^
[INFO] [stdout]    |                                                                       |
[INFO] [stdout]    |                                                                       no `Balances` in `mock`
[INFO] [stdout]    |                                                                       help: a similar name exists in the module: `Balance`
[INFO] [stdout] 21 |     System, XcmConfig, CENTS,
[INFO] [stdout]    |     ^^^^^^ no `System` in `mock`
[INFO] [stdout]    |
[INFO] [stdout]    = help: consider importing one of these items instead:
[INFO] [stdout]            parity_scale_codec::alloc::alloc::System
[INFO] [stdout]            sp_std::alloc::System
[INFO] [stdout]            std::alloc::System
[INFO] [stdout] 
[INFO] [stdout] 
[INFO] [stdout] error[E0433]: failed to resolve: use of undeclared crate or module `pallet_xcm`
[INFO] [stdout]    --> tests/mock/mod.rs:250:14
[INFO] [stdout]     |
[INFO] [stdout] 250 |         XcmPallet: pallet_xcm::{Pallet, Call, Storage, Event<T>, Origin},
[INFO] [stdout]     |                    ^^^^^^^^^^ use of undeclared crate or module `pallet_xcm`
[INFO] [stdout] 
[INFO] [stdout] 
[INFO] [stdout] error[E0412]: cannot find type `Runtime` in this scope
[INFO] [stdout]   --> tests/mock/mod.rs:79:31
[INFO] [stdout]    |
[INFO] [stdout] 79 | impl frame_system::Config for Runtime {
[INFO] [stdout]    |                               ^^^^^^^ not found in this scope
[INFO] [stdout] 
[INFO] [stdout] 
[INFO] [stdout] error[E0412]: cannot find type `RuntimeOrigin` in this scope
[INFO] [stdout]   --> tests/mock/mod.rs:80:23
[INFO] [stdout]    |
[INFO] [stdout] 80 |     type RuntimeOrigin = RuntimeOrigin;
[INFO] [stdout]    |                          ^^^^^^^^^^^^^
[INFO] [stdout]    |
[INFO] [stdout] help: you might have meant to use the associated type
[INFO] [stdout]    |
[INFO] [stdout] 80 |     type RuntimeOrigin = Self::RuntimeOrigin;
[INFO] [stdout]    |                          ++++++
[INFO] [stdout] 
[INFO] [stdout] 
[INFO] [stdout] error[E0412]: cannot find type `RuntimeCall` in this scope
[INFO] [stdout]   --> tests/mock/mod.rs:81:21
[INFO] [stdout]    |
[INFO] [stdout] 81 |     type RuntimeCall = RuntimeCall;
[INFO] [stdout]    |                        ^^^^^^^^^^^
[INFO] [stdout]    |
[INFO] [stdout] help: you might have meant to use the associated type
[INFO] [stdout]    |
[INFO] [stdout] 81 |     type RuntimeCall = Self::RuntimeCall;
[INFO] [stdout]    |                        ++++++
[INFO] [stdout] 
[INFO] [stdout] 
[INFO] [stdout] error[E0412]: cannot find type `RuntimeEvent` in this scope
[INFO] [stdout]   --> tests/mock/mod.rs:88:22
[INFO] [stdout]    |
[INFO] [stdout] 88 |     type RuntimeEvent = RuntimeEvent;
[INFO] [stdout]    |                         ^^^^^^^^^^^^
[INFO] [stdout]    |
[INFO] [stdout] help: you might have meant to use the associated type
[INFO] [stdout]    |
[INFO] [stdout] 88 |     type RuntimeEvent = Self::RuntimeEvent;
[INFO] [stdout]    |                         ++++++
[INFO] [stdout] 
[INFO] [stdout] 
[INFO] [stdout] error[E0412]: cannot find type `Runtime` in this scope
[INFO] [stdout]    --> tests/mock/mod.rs:111:34
[INFO] [stdout]     |
[INFO] [stdout] 111 | impl pallet_balances::Config for Runtime {
[INFO] [stdout]     |                                  ^^^^^^^ not found in this scope
[INFO] [stdout] 
[INFO] [stdout] 
[INFO] [stdout] error[E0412]: cannot find type `RuntimeEvent` in this scope
[INFO] [stdout]    --> tests/mock/mod.rs:114:22
[INFO] [stdout]     |
[INFO] [stdout] 114 |     type RuntimeEvent = RuntimeEvent;
[INFO] [stdout]     |                         ^^^^^^^^^^^^ not found in this scope
[INFO] [stdout] 
[INFO] [stdout] 
[INFO] [stdout] error[E0412]: cannot find type `System` in this scope
[INFO] [stdout]    --> tests/mock/mod.rs:117:22
[INFO] [stdout]     |
[INFO] [stdout] 117 |     type AccountStore = System;
[INFO] [stdout]     |                         ^^^^^^ not found in this scope
[INFO] [stdout]     |
[INFO] [stdout] help: consider importing one of these items
[INFO] [stdout]     |
[INFO] [stdout] 17  + use parity_scale_codec::alloc::alloc::System;
[INFO] [stdout]     |
[INFO] [stdout] 17  + use sp_std::alloc::System;
[INFO] [stdout]     |
[INFO] [stdout] 17  + use std::alloc::System;
[INFO] [stdout]     |
[INFO] [stdout] 
[INFO] [stdout] 
[INFO] [stdout] error[E0412]: cannot find type `RuntimeHoldReason` in this scope
[INFO] [stdout]    --> tests/mock/mod.rs:121:27
[INFO] [stdout]     |
[INFO] [stdout] 121 |     type RuntimeHoldReason = RuntimeHoldReason;
[INFO] [stdout]     |                              ^^^^^^^^^^^^^^^^^ not found in this scope
[INFO] [stdout] 
[INFO] [stdout] 
[INFO] [stdout] error[E0412]: cannot find type `RuntimeFreezeReason` in this scope
[INFO] [stdout]    --> tests/mock/mod.rs:122:29
[INFO] [stdout]     |
[INFO] [stdout] 122 |     type RuntimeFreezeReason = RuntimeFreezeReason;
[INFO] [stdout]     |                                ^^^^^^^^^^^^^^^^^^^ not found in this scope
[INFO] [stdout] 
[INFO] [stdout] 
[INFO] [stdout] error[E0412]: cannot find type `Runtime` in this scope
[INFO] [stdout]    --> tests/mock/mod.rs:128:25
[INFO] [stdout]     |
[INFO] [stdout] 128 | impl shared::Config for Runtime {}
[INFO] [stdout]     |                         ^^^^^^^ not found in this scope
[INFO] [stdout] 
[INFO] [stdout] 
[INFO] [stdout] error[E0412]: cannot find type `Runtime` in this scope
[INFO] [stdout]    --> tests/mock/mod.rs:130:32
[INFO] [stdout]     |
[INFO] [stdout] 130 | impl configuration::Config for Runtime {
[INFO] [stdout]     |                                ^^^^^^^ not found in this scope
[INFO] [stdout] 
[INFO] [stdout] 
[INFO] [stdout] error[E0412]: cannot find type `Balances` in this scope
[INFO] [stdout]    --> tests/mock/mod.rs:146:2
[INFO] [stdout]     |
[INFO] [stdout] 44  | pub type Balance = u128;
[INFO] [stdout]     | ------------------------ similarly named type alias `Balance` defined here
[INFO] [stdout] ...
[INFO] [stdout] 146 |     Balances,
[INFO] [stdout]     |     ^^^^^^^^
[INFO] [stdout]     |
[INFO] [stdout] help: a type alias with a similar name exists
[INFO] [stdout]     |
[INFO] [stdout] 146 |     Balance,
[INFO] [stdout]     |     ~~~~~~~
[INFO] [stdout] help: you might be missing a type parameter
[INFO] [stdout]     |
[INFO] [stdout] 145 | pub type LocalCurrencyAdapter<Balances> = XcmCurrencyAdapter<
[INFO] [stdout]     |                              ++++++++++
[INFO] [stdout] 
[INFO] [stdout] 
[INFO] [stdout] error[E0412]: cannot find type `RuntimeOrigin` in this scope
[INFO] [stdout]    --> tests/mock/mod.rs:156:49
[INFO] [stdout]     |
[INFO] [stdout] 156 |     SovereignSignedViaLocation<SovereignAccountOf, RuntimeOrigin>,
[INFO] [stdout]     |                                                    ^^^^^^^^^^^^^ not found in this scope
[INFO] [stdout]     |
[INFO] [stdout] help: you might be missing a type parameter
[INFO] [stdout]     |
[INFO] [stdout] 155 | type LocalOriginConverter<RuntimeOrigin> = (
[INFO] [stdout]     |                          +++++++++++++++
[INFO] [stdout] 
[INFO] [stdout] 
[INFO] [stdout] error[E0412]: cannot find type `RuntimeOrigin` in this scope
[INFO] [stdout]    --> tests/mock/mod.rs:157:41
[INFO] [stdout]     |
[INFO] [stdout] 157 |     ChildParachainAsNative<origin::Origin, RuntimeOrigin>,
[INFO] [stdout]     |                                            ^^^^^^^^^^^^^ not found in this scope
[INFO] [stdout]     |
[INFO] [stdout] help: you might be missing a type parameter
[INFO] [stdout]     |
[INFO] [stdout] 155 | type LocalOriginConverter<RuntimeOrigin> = (
[INFO] [stdout]     |                          +++++++++++++++
[INFO] [stdout] 
[INFO] [stdout] 
[INFO] [stdout] error[E0412]: cannot find type `RuntimeOrigin` in this scope
[INFO] [stdout]    --> tests/mock/mod.rs:158:43
[INFO] [stdout]     |
[INFO] [stdout] 158 |     SignedAccountId32AsNative<KusamaNetwork, RuntimeOrigin>,
[INFO] [stdout]     |                                              ^^^^^^^^^^^^^ not found in this scope
[INFO] [stdout]     |
[INFO] [stdout] help: you might be missing a type parameter
[INFO] [stdout]     |
[INFO] [stdout] 155 | type LocalOriginConverter<RuntimeOrigin> = (
[INFO] [stdout]     |                          +++++++++++++++
[INFO] [stdout] 
[INFO] [stdout] 
[INFO] [stdout] error[E0412]: cannot find type `RuntimeOrigin` in this scope
[INFO] [stdout]    --> tests/mock/mod.rs:159:42
[INFO] [stdout]     |
[INFO] [stdout] 159 |     ChildSystemParachainAsSuperuser<ParaId, RuntimeOrigin>,
[INFO] [stdout]     |                                             ^^^^^^^^^^^^^ not found in this scope
[INFO] [stdout]     |
[INFO] [stdout] help: you might be missing a type parameter
[INFO] [stdout]     |
[INFO] [stdout] 155 | type LocalOriginConverter<RuntimeOrigin> = (
[INFO] [stdout]     |                          +++++++++++++++
[INFO] [stdout] 
[INFO] [stdout] 
[INFO] [stdout] error[E0412]: cannot find type `RuntimeCall` in this scope
[INFO] [stdout]    --> tests/mock/mod.rs:185:21
[INFO] [stdout]     |
[INFO] [stdout] 185 |     type RuntimeCall = RuntimeCall;
[INFO] [stdout]     |                        ^^^^^^^^^^^
[INFO] [stdout]     |
[INFO] [stdout] help: you might have meant to use the associated type
[INFO] [stdout]     |
[INFO] [stdout] 185 |     type RuntimeCall = Self::RuntimeCall;
[INFO] [stdout]     |                        ++++++
[INFO] [stdout] 
[INFO] [stdout] 
[INFO] [stdout] error[E0412]: cannot find type `XcmPallet` in this scope
[INFO] [stdout]    --> tests/mock/mod.rs:192:44
[INFO] [stdout]     |
[INFO] [stdout] 192 |     type Barrier = RespectSuspension<Barrier, XcmPallet>;
[INFO] [stdout]     |                                               ^^^^^^^^^ not found in this scope
[INFO] [stdout]     |
[INFO] [stdout] help: you might be missing a type parameter
[INFO] [stdout]     |
[INFO] [stdout] 184 | impl<XcmPallet> xcm_executor::Config for XcmConfig {
[INFO] [stdout]     |     +++++++++++
[INFO] [stdout] 
[INFO] [stdout] 
[INFO] [stdout] error[E0412]: cannot find type `RuntimeCall` in this scope
[INFO] [stdout]    --> tests/mock/mod.rs:193:50
[INFO] [stdout]     |
[INFO] [stdout] 193 |     type Weigher = FixedWeightBounds<BaseXcmWeight, RuntimeCall, MaxInstructions>;
[INFO] [stdout]     |                                                     ^^^^^^^^^^^
[INFO] [stdout]     |
[INFO] [stdout] help: you might have meant to use the associated type
[INFO] [stdout]     |
[INFO] [stdout] 193 |     type Weigher = FixedWeightBounds<BaseXcmWeight, Self::RuntimeCall, MaxInstructions>;
[INFO] [stdout]     |                                                     ++++++
[INFO] [stdout] help: you might be missing a type parameter
[INFO] [stdout]     |
[INFO] [stdout] 184 | impl<RuntimeCall> xcm_executor::Config for XcmConfig {
[INFO] [stdout]     |     +++++++++++++
[INFO] [stdout] 
[INFO] [stdout] 
[INFO] [stdout] error[E0412]: cannot find type `XcmPallet` in this scope
[INFO] [stdout]    --> tests/mock/mod.rs:195:25
[INFO] [stdout]     |
[INFO] [stdout] 195 |     type ResponseHandler = XcmPallet;
[INFO] [stdout]     |                            ^^^^^^^^^ not found in this scope
[INFO] [stdout] 
[INFO] [stdout] 
[INFO] [stdout] error[E0412]: cannot find type `XcmPallet` in this scope
[INFO] [stdout]    --> tests/mock/mod.rs:196:19
[INFO] [stdout]     |
[INFO] [stdout] 196 |     type AssetTrap = XcmPallet;
[INFO] [stdout]     |                      ^^^^^^^^^ not found in this scope
[INFO] [stdout] 
[INFO] [stdout] 
[INFO] [stdout] error[E0412]: cannot find type `XcmPallet` in this scope
[INFO] [stdout]    --> tests/mock/mod.rs:199:21
[INFO] [stdout]     |
[INFO] [stdout] 199 |     type AssetClaims = XcmPallet;
[INFO] [stdout]     |                        ^^^^^^^^^ not found in this scope
[INFO] [stdout] 
[INFO] [stdout] 
[INFO] [stdout] error[E0412]: cannot find type `XcmPallet` in this scope
[INFO] [stdout]    --> tests/mock/mod.rs:200:29
[INFO] [stdout]     |
[INFO] [stdout] 200 |     type SubscriptionService = XcmPallet;
[INFO] [stdout]     |                                ^^^^^^^^^ not found in this scope
[INFO] [stdout] 
[INFO] [stdout] 
[INFO] [stdout] error[E0412]: cannot find type `AllPalletsWithSystem` in this scope
[INFO] [stdout]    --> tests/mock/mod.rs:201:29
[INFO] [stdout]     |
[INFO] [stdout] 201 |     type PalletInstancesInfo = AllPalletsWithSystem;
[INFO] [stdout]     |                                ^^^^^^^^^^^^^^^^^^^^ not found in this scope
[INFO] [stdout] 
[INFO] [stdout] 
[INFO] [stdout] error[E0412]: cannot find type `RuntimeCall` in this scope
[INFO] [stdout]    --> tests/mock/mod.rs:206:24
[INFO] [stdout]     |
[INFO] [stdout] 206 |     type CallDispatcher = RuntimeCall;
[INFO] [stdout]     |                           ^^^^^^^^^^^
[INFO] [stdout]     |
[INFO] [stdout] help: you might have meant to use the associated type
[INFO] [stdout]     |
[INFO] [stdout] 206 |     type CallDispatcher = Self::RuntimeCall;
[INFO] [stdout]     |                           ++++++
[INFO] [stdout] 
[INFO] [stdout] 
[INFO] [stdout] error[E0412]: cannot find type `RuntimeOrigin` in this scope
[INFO] [stdout]    --> tests/mock/mod.rs:211:54
[INFO] [stdout]     |
[INFO] [stdout] 211 | pub type LocalOriginToLocation = SignedToAccountId32<RuntimeOrigin, AccountId, KusamaNetwork>;
[INFO] [stdout]     |                                                      ^^^^^^^^^^^^^ not found in this scope
[INFO] [stdout]     |
[INFO] [stdout] help: you might be missing a type parameter
[INFO] [stdout]     |
[INFO] [stdout] 211 | pub type LocalOriginToLocation<RuntimeOrigin> = SignedToAccountId32<RuntimeOrigin, AccountId, KusamaNetwork>;
[INFO] [stdout]     |                               +++++++++++++++
[INFO] [stdout] 
[INFO] [stdout] 
[INFO] [stdout] error[E0412]: cannot find type `Runtime` in this scope
[INFO] [stdout]    --> tests/mock/mod.rs:213:29
[INFO] [stdout]     |
[INFO] [stdout] 213 | impl pallet_xcm::Config for Runtime {
[INFO] [stdout]     |                             ^^^^^^^ not found in this scope
[INFO] [stdout] 
[INFO] [stdout] 
[INFO] [stdout] error[E0412]: cannot find type `RuntimeEvent` in this scope
[INFO] [stdout]    --> tests/mock/mod.rs:214:22
[INFO] [stdout]     |
[INFO] [stdout] 214 |     type RuntimeEvent = RuntimeEvent;
[INFO] [stdout]     |                         ^^^^^^^^^^^^ not found in this scope
[INFO] [stdout] 
[INFO] [stdout] 
[INFO] [stdout] error[E0412]: cannot find type `RuntimeOrigin` in this scope
[INFO] [stdout]    --> tests/mock/mod.rs:216:52
[INFO] [stdout]     |
[INFO] [stdout] 216 |     type SendXcmOrigin = xcm_builder::EnsureXcmOrigin<RuntimeOrigin, LocalOriginToLocation>;
[INFO] [stdout]     |                                                       ^^^^^^^^^^^^^ not found in this scope
[INFO] [stdout]     |
[INFO] [stdout] help: you might be missing a type parameter
[INFO] [stdout]     |
[INFO] [stdout] 213 | impl<RuntimeOrigin> pallet_xcm::Config for Runtime {
[INFO] [stdout]     |     +++++++++++++++
[INFO] [stdout] 
[INFO] [stdout] 
[INFO] [stdout] error[E0412]: cannot find type `RuntimeOrigin` in this scope
[INFO] [stdout]    --> tests/mock/mod.rs:219:55
[INFO] [stdout]     |
[INFO] [stdout] 219 |     type ExecuteXcmOrigin = xcm_builder::EnsureXcmOrigin<RuntimeOrigin, LocalOriginToLocation>;
[INFO] [stdout]     |                                                          ^^^^^^^^^^^^^ not found in this scope
[INFO] [stdout]     |
[INFO] [stdout] help: you might be missing a type parameter
[INFO] [stdout]     |
[INFO] [stdout] 213 | impl<RuntimeOrigin> pallet_xcm::Config for Runtime {
[INFO] [stdout]     |     +++++++++++++++
[INFO] [stdout] 
[INFO] [stdout] 
[INFO] [stdout] error[E0412]: cannot find type `RuntimeCall` in this scope
[INFO] [stdout]    --> tests/mock/mod.rs:224:50
[INFO] [stdout]     |
[INFO] [stdout] 224 |     type Weigher = FixedWeightBounds<BaseXcmWeight, RuntimeCall, MaxInstructions>;
[INFO] [stdout]     |                                                     ^^^^^^^^^^^ not found in this scope
[INFO] [stdout]     |
[INFO] [stdout] help: you might be missing a type parameter
[INFO] [stdout]     |
[INFO] [stdout] 213 | impl<RuntimeCall> pallet_xcm::Config for Runtime {
[INFO] [stdout]     |     +++++++++++++
[INFO] [stdout] 
[INFO] [stdout] 
[INFO] [stdout] error[E0412]: cannot find type `RuntimeCall` in this scope
[INFO] [stdout]    --> tests/mock/mod.rs:225:21
[INFO] [stdout]     |
[INFO] [stdout] 225 |     type RuntimeCall = RuntimeCall;
[INFO] [stdout]     |                        ^^^^^^^^^^^ not found in this scope
[INFO] [stdout] 
[INFO] [stdout] 
[INFO] [stdout] error[E0412]: cannot find type `RuntimeOrigin` in this scope
[INFO] [stdout]    --> tests/mock/mod.rs:226:23
[INFO] [stdout]     |
[INFO] [stdout] 226 |     type RuntimeOrigin = RuntimeOrigin;
[INFO] [stdout]     |                          ^^^^^^^^^^^^^ not found in this scope
[INFO] [stdout] 
[INFO] [stdout] 
[INFO] [stdout] error[E0412]: cannot find type `Balances` in this scope
[INFO] [stdout]    --> tests/mock/mod.rs:231:18
[INFO] [stdout]     |
[INFO] [stdout] 44  | pub type Balance = u128;
[INFO] [stdout]     | ------------------------ similarly named type alias `Balance` defined here
[INFO] [stdout] ...
[INFO] [stdout] 231 |     type Currency = Balances;
[INFO] [stdout]     |                     ^^^^^^^^ help: a type alias with a similar name exists: `Balance`
[INFO] [stdout] 
[INFO] [stdout] 
[INFO] [stdout] error[E0412]: cannot find type `Runtime` in this scope
[INFO] [stdout]    --> tests/mock/mod.rs:240:25
[INFO] [stdout]     |
[INFO] [stdout] 240 | impl origin::Config for Runtime {}
[INFO] [stdout]     |                         ^^^^^^^ not found in this scope
[INFO] [stdout] 
[INFO] [stdout] 
[INFO] [stdout] error[E0412]: cannot find type `Runtime` in this scope
[INFO] [stdout]    --> tests/mock/mod.rs:242:47
[INFO] [stdout]     |
[INFO] [stdout] 242 | type Block = frame_system::mocking::MockBlock<Runtime>;
[INFO] [stdout]     |                                               ^^^^^^^ not found in this scope
[INFO] [stdout]     |
[INFO] [stdout] help: you might be missing a type parameter
[INFO] [stdout]     |
[INFO] [stdout] 242 | type Block<Runtime> = frame_system::mocking::MockBlock<Runtime>;
[INFO] [stdout]     |           +++++++++
[INFO] [stdout] 
[INFO] [stdout] 
[INFO] [stdout] error[E0412]: cannot find type `Runtime` in this scope
[INFO] [stdout]    --> tests/mock/mod.rs:255:44
[INFO] [stdout]     |
[INFO] [stdout] 255 |     let mut t = frame_system::GenesisConfig::<Runtime>::default().build_storage().unwrap();
[INFO] [stdout]     |                                               ^^^^^^^ not found in this scope
[INFO] [stdout]     |
[INFO] [stdout] help: you might be missing a type parameter
[INFO] [stdout]     |
[INFO] [stdout] 254 | pub fn kusama_like_with_balances<Runtime>(balances: Vec<(AccountId, Balance)>) -> sp_io::TestExternalities {
[INFO] [stdout]     |                                 +++++++++
[INFO] [stdout] 
[INFO] [stdout] 
[INFO] [stdout] error[E0412]: cannot find type `Runtime` in this scope
[INFO] [stdout]    --> tests/mock/mod.rs:257:35
[INFO] [stdout]     |
[INFO] [stdout] 257 |     pallet_balances::GenesisConfig::<Runtime> { balances }
[INFO] [stdout]     |                                      ^^^^^^^ not found in this scope
[INFO] [stdout]     |
[INFO] [stdout] help: you might be missing a type parameter
[INFO] [stdout]     |
[INFO] [stdout] 254 | pub fn kusama_like_with_balances<Runtime>(balances: Vec<(AccountId, Balance)>) -> sp_io::TestExternalities {
[INFO] [stdout]     |                                 +++++++++
[INFO] [stdout] 
[INFO] [stdout] 
[INFO] [stdout] error[E0433]: failed to resolve: use of undeclared type `System`
[INFO] [stdout]    --> tests/mock/mod.rs:262:22
[INFO] [stdout]     |
[INFO] [stdout] 262 |     ext.execute_with(|| System::set_block_number(1));
[INFO] [stdout]     |                         ^^^^^^ use of undeclared type `System`
[INFO] [stdout]     |
[INFO] [stdout] help: consider importing one of these items
[INFO] [stdout]     |
[INFO] [stdout] 17  + use parity_scale_codec::alloc::alloc::System;
[INFO] [stdout]     |
[INFO] [stdout] 17  + use sp_std::alloc::System;
[INFO] [stdout]     |
[INFO] [stdout] 17  + use std::alloc::System;
[INFO] [stdout]     |
[INFO] [stdout] 
[INFO] [stdout] 
[INFO] [stdout] error[E0433]: failed to resolve: use of undeclared crate or module `pallet_balances`
[INFO] [stdout]   --> tests/scenarios.rs:92:4
[INFO] [stdout]    |
[INFO] [stdout] 92 |             pallet_balances::Event::Transfer { from: ALICE, to: bob.clone(), amount }.into(),
[INFO] [stdout]    |             ^^^^^^^^^^^^^^^ use of undeclared crate or module `pallet_balances`
[INFO] [stdout]    |
[INFO] [stdout] help: consider importing one of these items
[INFO] [stdout]    |
[INFO] [stdout] 19 + use frame_system::Event;
[INFO] [stdout]    |
[INFO] [stdout] 19 + use pallet_transaction_payment::Event;
[INFO] [stdout]    |
[INFO] [stdout] help: if you import `Event`, refer to it directly
[INFO] [stdout]    |
[INFO] [stdout] 92 -             pallet_balances::Event::Transfer { from: ALICE, to: bob.clone(), amount }.into(),
[INFO] [stdout] 92 +             Event::Transfer { from: ALICE, to: bob.clone(), amount }.into(),
[INFO] [stdout]    |
[INFO] [stdout] 
[INFO] [stdout] 
[INFO] [stdout] error[E0433]: failed to resolve: use of undeclared crate or module `pallet_balances`
[INFO] [stdout]   --> tests/mock/mod.rs:94:21
[INFO] [stdout]    |
[INFO] [stdout] 94 |     type AccountData = pallet_balances::AccountData<Balance>;
[INFO] [stdout]    |                        ^^^^^^^^^^^^^^^ use of undeclared crate or module `pallet_balances`
[INFO] [stdout] 
[INFO] [stdout] 
[INFO] [stdout] error[E0433]: failed to resolve: use of undeclared crate or module `pallet_balances`
[INFO] [stdout]    --> tests/mock/mod.rs:111:6
[INFO] [stdout]     |
[INFO] [stdout] 111 | impl pallet_balances::Config for Runtime {
[INFO] [stdout]     |      ^^^^^^^^^^^^^^^ use of undeclared crate or module `pallet_balances`
[INFO] [stdout] 
[INFO] [stdout] 
[INFO] [stdout] error[E0433]: failed to resolve: use of undeclared type `XcmPallet`
[INFO] [stdout]    --> tests/mock/mod.rs:139:49
[INFO] [stdout]     |
[INFO] [stdout] 139 |     pub CheckAccount: (AccountId, MintLocation) = (XcmPallet::check_account(), MintLocation::Local);
[INFO] [stdout]     |                                                    ^^^^^^^^^ use of undeclared type `XcmPallet`
[INFO] [stdout] 
[INFO] [stdout] 
[INFO] [stdout] error[E0433]: failed to resolve: use of undeclared crate or module `pallet_xcm`
[INFO] [stdout]    --> tests/mock/mod.rs:213:6
[INFO] [stdout]     |
[INFO] [stdout] 213 | impl pallet_xcm::Config for Runtime {
[INFO] [stdout]     |      ^^^^^^^^^^ use of undeclared crate or module `pallet_xcm`
[INFO] [stdout] 
[INFO] [stdout] 
[INFO] [stdout] error[E0433]: failed to resolve: use of undeclared crate or module `pallet_xcm`
[INFO] [stdout]    --> tests/mock/mod.rs:228:30
[INFO] [stdout]     |
[INFO] [stdout] 228 |     type AdvertisedXcmVersion = pallet_xcm::CurrentXcmVersion;
[INFO] [stdout]     |                                 ^^^^^^^^^^ use of undeclared crate or module `pallet_xcm`
[INFO] [stdout] 
[INFO] [stdout] 
[INFO] [stdout] error[E0433]: failed to resolve: use of undeclared crate or module `pallet_xcm`
[INFO] [stdout]    --> tests/mock/mod.rs:236:20
[INFO] [stdout]     |
[INFO] [stdout] 236 |     type WeightInfo = pallet_xcm::TestWeightInfo;
[INFO] [stdout]     |                       ^^^^^^^^^^ use of undeclared crate or module `pallet_xcm`
[INFO] [stdout] 
[INFO] [stdout] 
[INFO] [stdout] error[E0433]: failed to resolve: use of undeclared crate or module `pallet_balances`
[INFO] [stdout]    --> tests/mock/mod.rs:257:2
[INFO] [stdout]     |
[INFO] [stdout] 257 |     pallet_balances::GenesisConfig::<Runtime> { balances }
[INFO] [stdout]     |     ^^^^^^^^^^^^^^^ use of undeclared crate or module `pallet_balances`
[INFO] [stdout] 
[INFO] [stdout] 
[INFO] [stdout] error: aborting due to 50 previous errors
[INFO] [stdout] 
[INFO] [stdout] 
[INFO] [stdout] Some errors have detailed explanations: E0412, E0432, E0433.
[INFO] [stdout] 
[INFO] [stdout] For more information about an error, try `rustc --explain E0412`.
[INFO] [stdout] 
[INFO] [stderr] error: could not compile `staging-xcm-builder` (test "scenarios") due to 51 previous errors
[INFO] [stderr] warning: build failed, waiting for other jobs to finish...
[INFO] [stdout] error[E0412]: cannot find type `RuntimeCall` in this scope
[INFO] [stdout]   --> src/tests/pay/mock.rs:35:39
[INFO] [stdout]    |
[INFO] [stdout] 35 |     generic::UncheckedExtrinsic<Address, RuntimeCall, Signature, SignedExtra>;
[INFO] [stdout]    |                                          ^^^^^^^^^^^ not found in this scope
[INFO] [stdout]    |
[INFO] [stdout] help: you might be missing a type parameter
[INFO] [stdout]    |
[INFO] [stdout] 34 | pub type UncheckedExtrinsic<RuntimeCall> =
[INFO] [stdout]    |                            +++++++++++++
[INFO] [stdout] 
[INFO] [stdout] 
[INFO] [stdout] error[E0412]: cannot find type `Test` in this scope
[INFO] [stdout]   --> src/tests/pay/mock.rs:53:31
[INFO] [stdout]    |
[INFO] [stdout] 53 | impl frame_system::Config for Test {
[INFO] [stdout]    |                               ^^^^ not found in this scope
[INFO] [stdout] 
[INFO] [stdout] 
[INFO] [stdout] error[E0412]: cannot find type `RuntimeEvent` in this scope
[INFO] [stdout]   --> src/tests/pay/mock.rs:52:1
[INFO] [stdout]    |
[INFO] [stdout] 52 | #[derive_impl(frame_system::config_preludes::TestDefaultConfig as frame_system::DefaultConfig)]
[INFO] [stdout]    | ^^^^^^^^^^^^^^^^^^^^^^^^^^^^^^^^^^^^^^^^^^^^^^^^^^^^^^^^^^^^^^^^^^^^^^^^^^^^^^^^^^^^^^^^^^^^^^^
[INFO] [stdout]    |
[INFO] [stdout]    = note: this error originates in the macro `frame_system::config_preludes::TestDefaultConfig` which comes from the expansion of the macro `frame_support::macro_magic::forward_tokens_verbatim` (in Nightly builds, run with -Z macro-backtrace for more info)
[INFO] [stdout] help: you might have meant to use the associated type
[INFO] [stdout]   --> /opt/rustwide/cargo-home/registry/src/index.crates.io-6f17d22bba15001f/frame-system-26.0.0/src/lib.rs:236:9
[INFO] [stdout]    |
[INFO] [stdout] 236|             type Self::RuntimeEvent = ();
[INFO] [stdout]    |                  ++++++
[INFO] [stdout] 
[INFO] [stdout] 
[INFO] [stdout] error[E0412]: cannot find type `RuntimeOrigin` in this scope
[INFO] [stdout]   --> src/tests/pay/mock.rs:52:1
[INFO] [stdout]    |
[INFO] [stdout] 52 | #[derive_impl(frame_system::config_preludes::TestDefaultConfig as frame_system::DefaultConfig)]
[INFO] [stdout]    | ^^^^^^^^^^^^^^^^^^^^^^^^^^^^^^^^^^^^^^^^^^^^^^^^^^^^^^^^^^^^^^^^^^^^^^^^^^^^^^^^^^^^^^^^^^^^^^^
[INFO] [stdout]    |
[INFO] [stdout]    = note: this error originates in the macro `frame_system::config_preludes::TestDefaultConfig` which comes from the expansion of the macro `frame_support::macro_magic::forward_tokens_verbatim` (in Nightly builds, run with -Z macro-backtrace for more info)
[INFO] [stdout] help: you might have meant to use the associated type
[INFO] [stdout]   --> /opt/rustwide/cargo-home/registry/src/index.crates.io-6f17d22bba15001f/frame-system-26.0.0/src/lib.rs:238:9
[INFO] [stdout]    |
[INFO] [stdout] 238|             type Self::RuntimeOrigin = ();
[INFO] [stdout]    |                  ++++++
[INFO] [stdout] 
[INFO] [stdout] 
[INFO] [stdout] error[E0412]: cannot find type `RuntimeCall` in this scope
[INFO] [stdout]   --> src/tests/pay/mock.rs:52:1
[INFO] [stdout]    |
[INFO] [stdout] 52 | #[derive_impl(frame_system::config_preludes::TestDefaultConfig as frame_system::DefaultConfig)]
[INFO] [stdout]    | ^^^^^^^^^^^^^^^^^^^^^^^^^^^^^^^^^^^^^^^^^^^^^^^^^^^^^^^^^^^^^^^^^^^^^^^^^^^^^^^^^^^^^^^^^^^^^^^
[INFO] [stdout]    |
[INFO] [stdout]    = note: this error originates in the macro `frame_system::config_preludes::TestDefaultConfig` which comes from the expansion of the macro `frame_support::macro_magic::forward_tokens_verbatim` (in Nightly builds, run with -Z macro-backtrace for more info)
[INFO] [stdout] help: you might have meant to use the associated type
[INFO] [stdout]   --> /opt/rustwide/cargo-home/registry/src/index.crates.io-6f17d22bba15001f/frame-system-26.0.0/src/lib.rs:240:9
[INFO] [stdout]    |
[INFO] [stdout] 240|             type Self::RuntimeCall = ();
[INFO] [stdout]    |                  ++++++
[INFO] [stdout] 
[INFO] [stdout] 
[INFO] [stdout] error[E0412]: cannot find type `Test` in this scope
[INFO] [stdout]   --> src/tests/pay/mock.rs:67:34
[INFO] [stdout]    |
[INFO] [stdout] 67 | impl pallet_balances::Config for Test {
[INFO] [stdout]    |                                  ^^^^ not found in this scope
[INFO] [stdout] 
[INFO] [stdout] 
[INFO] [stdout] error[E0412]: cannot find type `RuntimeEvent` in this scope
[INFO] [stdout]   --> src/tests/pay/mock.rs:70:22
[INFO] [stdout]    |
[INFO] [stdout] 70 |     type RuntimeEvent = RuntimeEvent;
[INFO] [stdout]    |                         ^^^^^^^^^^^^ not found in this scope
[INFO] [stdout] 
[INFO] [stdout] 
[INFO] [stdout] error[E0412]: cannot find type `System` in this scope
[INFO] [stdout]   --> src/tests/pay/mock.rs:73:22
[INFO] [stdout]    |
[INFO] [stdout] 73 |     type AccountStore = System;
[INFO] [stdout]    |                         ^^^^^^ not found in this scope
[INFO] [stdout]    |
[INFO] [stdout] help: consider importing one of these items
[INFO] [stdout]    |
[INFO] [stdout] 17 + use parity_scale_codec::alloc::alloc::System;
[INFO] [stdout]    |
[INFO] [stdout] 17 + use sp_std::alloc::System;
[INFO] [stdout]    |
[INFO] [stdout] 17 + use std::alloc::System;
[INFO] [stdout]    |
[INFO] [stdout] 
[INFO] [stdout] 
[INFO] [stdout] error[E0412]: cannot find type `RuntimeHoldReason` in this scope
[INFO] [stdout]   --> src/tests/pay/mock.rs:77:27
[INFO] [stdout]    |
[INFO] [stdout] 77 |     type RuntimeHoldReason = RuntimeHoldReason;
[INFO] [stdout]    |                              ^^^^^^^^^^^^^^^^^ not found in this scope
[INFO] [stdout] 
[INFO] [stdout] 
[INFO] [stdout] error[E0412]: cannot find type `RuntimeFreezeReason` in this scope
[INFO] [stdout]   --> src/tests/pay/mock.rs:78:29
[INFO] [stdout]    |
[INFO] [stdout] 78 |     type RuntimeFreezeReason = RuntimeFreezeReason;
[INFO] [stdout]    |                                ^^^^^^^^^^^^^^^^^^^ not found in this scope
[INFO] [stdout] 
[INFO] [stdout] 
[INFO] [stdout] error[E0412]: cannot find type `Test` in this scope
[INFO] [stdout]   --> src/tests/pay/mock.rs:94:32
[INFO] [stdout]    |
[INFO] [stdout] 94 | impl pallet_assets::Config for Test {
[INFO] [stdout]    |                                ^^^^ not found in this scope
[INFO] [stdout] 
[INFO] [stdout] 
[INFO] [stdout] error[E0412]: cannot find type `RuntimeEvent` in this scope
[INFO] [stdout]   --> src/tests/pay/mock.rs:95:22
[INFO] [stdout]    |
[INFO] [stdout] 95 |     type RuntimeEvent = RuntimeEvent;
[INFO] [stdout]    |                         ^^^^^^^^^^^^ not found in this scope
[INFO] [stdout] 
[INFO] [stdout] 
[INFO] [stdout] error[E0412]: cannot find type `Balances` in this scope
[INFO] [stdout]   --> src/tests/pay/mock.rs:98:18
[INFO] [stdout]    |
[INFO] [stdout] 61 | pub type Balance = u128;
[INFO] [stdout]    | ------------------------ similarly named type alias `Balance` defined here
[INFO] [stdout] ...
[INFO] [stdout] 98 |     type Currency = Balances;
[INFO] [stdout]    |                     ^^^^^^^^ help: a type alias with a similar name exists: `Balance`
[INFO] [stdout] 
[INFO] [stdout] 
[INFO] [stdout] error[E0412]: cannot find type `RuntimeOrigin` in this scope
[INFO] [stdout]    --> src/tests/pay/mock.rs:160:54
[INFO] [stdout]     |
[INFO] [stdout] 160 | pub type LocalOriginToLocation = SignedToAccountId32<RuntimeOrigin, AccountId, AnyNetwork>;
[INFO] [stdout]     |                                                      ^^^^^^^^^^^^^ not found in this scope
[INFO] [stdout]     |
[INFO] [stdout] help: you might be missing a type parameter
[INFO] [stdout]     |
[INFO] [stdout] 160 | pub type LocalOriginToLocation<RuntimeOrigin> = SignedToAccountId32<RuntimeOrigin, AccountId, AnyNetwork>;
[INFO] [stdout]     |                               +++++++++++++++
[INFO] [stdout] 
[INFO] [stdout] 
[INFO] [stdout] error[E0412]: cannot find type `RuntimeOrigin` in this scope
[INFO] [stdout]    --> src/tests/pay/mock.rs:176:29
[INFO] [stdout]     |
[INFO] [stdout] 176 |     pallet_xcm::XcmPassthrough<RuntimeOrigin>,
[INFO] [stdout]     |                                ^^^^^^^^^^^^^ not found in this scope
[INFO] [stdout]     |
[INFO] [stdout] help: you might be missing a type parameter
[INFO] [stdout]     |
[INFO] [stdout] 175 | type OriginConverter<RuntimeOrigin> = (
[INFO] [stdout]     |                     +++++++++++++++
[INFO] [stdout] 
[INFO] [stdout] 
[INFO] [stdout] error[E0412]: cannot find type `RuntimeOrigin` in this scope
[INFO] [stdout]    --> src/tests/pay/mock.rs:177:40
[INFO] [stdout]     |
[INFO] [stdout] 177 |     SignedAccountId32AsNative<AnyNetwork, RuntimeOrigin>,
[INFO] [stdout]     |                                           ^^^^^^^^^^^^^ not found in this scope
[INFO] [stdout]     |
[INFO] [stdout] help: you might be missing a type parameter
[INFO] [stdout]     |
[INFO] [stdout] 175 | type OriginConverter<RuntimeOrigin> = (
[INFO] [stdout]     |                     +++++++++++++++
[INFO] [stdout] 
[INFO] [stdout] 
[INFO] [stdout] error[E0412]: cannot find type `RuntimeCall` in this scope
[INFO] [stdout]    --> src/tests/pay/mock.rs:199:21
[INFO] [stdout]     |
[INFO] [stdout] 199 |     type RuntimeCall = RuntimeCall;
[INFO] [stdout]     |                        ^^^^^^^^^^^
[INFO] [stdout]     |
[INFO] [stdout] help: you might have meant to use the associated type
[INFO] [stdout]     |
[INFO] [stdout] 199 |     type RuntimeCall = Self::RuntimeCall;
[INFO] [stdout]     |                        ++++++
[INFO] [stdout] 
[INFO] [stdout] 
[INFO] [stdout] error[E0412]: cannot find type `RuntimeCall` in this scope
[INFO] [stdout]    --> src/tests/pay/mock.rs:207:50
[INFO] [stdout]     |
[INFO] [stdout] 207 |     type Weigher = FixedWeightBounds<BaseXcmWeight, RuntimeCall, MaxInstructions>;
[INFO] [stdout]     |                                                     ^^^^^^^^^^^
[INFO] [stdout]     |
[INFO] [stdout] help: you might have meant to use the associated type
[INFO] [stdout]     |
[INFO] [stdout] 207 |     type Weigher = FixedWeightBounds<BaseXcmWeight, Self::RuntimeCall, MaxInstructions>;
[INFO] [stdout]     |                                                     ++++++
[INFO] [stdout] help: you might be missing a type parameter
[INFO] [stdout]     |
[INFO] [stdout] 198 | impl<RuntimeCall> xcm_executor::Config for XcmConfig {
[INFO] [stdout]     |     +++++++++++++
[INFO] [stdout] 
[INFO] [stdout] 
[INFO] [stdout] error[E0412]: cannot find type `XcmPallet` in this scope
[INFO] [stdout]    --> src/tests/pay/mock.rs:209:25
[INFO] [stdout]     |
[INFO] [stdout] 209 |     type ResponseHandler = XcmPallet;
[INFO] [stdout]     |                            ^^^^^^^^^ not found in this scope
[INFO] [stdout] 
[INFO] [stdout] 
[INFO] [stdout] error[E0412]: cannot find type `XcmPallet` in this scope
[INFO] [stdout]    --> src/tests/pay/mock.rs:210:19
[INFO] [stdout]     |
[INFO] [stdout] 210 |     type AssetTrap = XcmPallet;
[INFO] [stdout]     |                      ^^^^^^^^^ not found in this scope
[INFO] [stdout] 
[INFO] [stdout] 
[INFO] [stdout] error[E0412]: cannot find type `XcmPallet` in this scope
[INFO] [stdout]    --> src/tests/pay/mock.rs:213:21
[INFO] [stdout]     |
[INFO] [stdout] 213 |     type AssetClaims = XcmPallet;
[INFO] [stdout]     |                        ^^^^^^^^^ not found in this scope
[INFO] [stdout] 
[INFO] [stdout] 
[INFO] [stdout] error[E0412]: cannot find type `XcmPallet` in this scope
[INFO] [stdout]    --> src/tests/pay/mock.rs:214:29
[INFO] [stdout]     |
[INFO] [stdout] 214 |     type SubscriptionService = XcmPallet;
[INFO] [stdout]     |                                ^^^^^^^^^ not found in this scope
[INFO] [stdout] 
[INFO] [stdout] 
[INFO] [stdout] error[E0412]: cannot find type `RuntimeCall` in this scope
[INFO] [stdout]    --> src/tests/pay/mock.rs:220:24
[INFO] [stdout]     |
[INFO] [stdout] 220 |     type CallDispatcher = RuntimeCall;
[INFO] [stdout]     |                           ^^^^^^^^^^^
[INFO] [stdout]     |
[INFO] [stdout] help: you might have meant to use the associated type
[INFO] [stdout]     |
[INFO] [stdout] 220 |     type CallDispatcher = Self::RuntimeCall;
[INFO] [stdout]     |                           ++++++
[INFO] [stdout] 
[INFO] [stdout] 
[INFO] [stdout] error[E0412]: cannot find type `Test` in this scope
[INFO] [stdout]    --> src/tests/pay/mock.rs:249:29
[INFO] [stdout]     |
[INFO] [stdout] 249 | impl pallet_xcm::Config for Test {
[INFO] [stdout]     |                             ^^^^ not found in this scope
[INFO] [stdout] 
[INFO] [stdout] 
[INFO] [stdout] error[E0412]: cannot find type `RuntimeEvent` in this scope
[INFO] [stdout]    --> src/tests/pay/mock.rs:250:22
[INFO] [stdout]     |
[INFO] [stdout] 250 |     type RuntimeEvent = RuntimeEvent;
[INFO] [stdout]     |                         ^^^^^^^^^^^^ not found in this scope
[INFO] [stdout] 
[INFO] [stdout] 
[INFO] [stdout] error[E0412]: cannot find type `RuntimeOrigin` in this scope
[INFO] [stdout]    --> src/tests/pay/mock.rs:251:39
[INFO] [stdout]     |
[INFO] [stdout] 251 |     type SendXcmOrigin = EnsureXcmOrigin<RuntimeOrigin, LocalOriginToLocation>;
[INFO] [stdout]     |                                          ^^^^^^^^^^^^^ not found in this scope
[INFO] [stdout]     |
[INFO] [stdout] help: you might be missing a type parameter
[INFO] [stdout]     |
[INFO] [stdout] 249 | impl<RuntimeOrigin> pallet_xcm::Config for Test {
[INFO] [stdout]     |     +++++++++++++++
[INFO] [stdout] 
[INFO] [stdout] 
[INFO] [stdout] error[E0412]: cannot find type `RuntimeOrigin` in this scope
[INFO] [stdout]    --> src/tests/pay/mock.rs:253:42
[INFO] [stdout]     |
[INFO] [stdout] 253 |     type ExecuteXcmOrigin = EnsureXcmOrigin<RuntimeOrigin, LocalOriginToLocation>;
[INFO] [stdout]     |                                             ^^^^^^^^^^^^^ not found in this scope
[INFO] [stdout]     |
[INFO] [stdout] help: you might be missing a type parameter
[INFO] [stdout]     |
[INFO] [stdout] 249 | impl<RuntimeOrigin> pallet_xcm::Config for Test {
[INFO] [stdout]     |     +++++++++++++++
[INFO] [stdout] 
[INFO] [stdout] 
[INFO] [stdout] error[E0412]: cannot find type `RuntimeCall` in this scope
[INFO] [stdout]    --> src/tests/pay/mock.rs:258:50
[INFO] [stdout]     |
[INFO] [stdout] 258 |     type Weigher = FixedWeightBounds<BaseXcmWeight, RuntimeCall, MaxInstructions>;
[INFO] [stdout]     |                                                     ^^^^^^^^^^^ not found in this scope
[INFO] [stdout]     |
[INFO] [stdout] help: you might be missing a type parameter
[INFO] [stdout]     |
[INFO] [stdout] 249 | impl<RuntimeCall> pallet_xcm::Config for Test {
[INFO] [stdout]     |     +++++++++++++
[INFO] [stdout] 
[INFO] [stdout] 
[INFO] [stdout] error[E0412]: cannot find type `RuntimeOrigin` in this scope
[INFO] [stdout]    --> src/tests/pay/mock.rs:260:23
[INFO] [stdout]     |
[INFO] [stdout] 260 |     type RuntimeOrigin = RuntimeOrigin;
[INFO] [stdout]     |                          ^^^^^^^^^^^^^ not found in this scope
[INFO] [stdout] 
[INFO] [stdout] 
[INFO] [stdout] error[E0412]: cannot find type `RuntimeCall` in this scope
[INFO] [stdout]    --> src/tests/pay/mock.rs:261:21
[INFO] [stdout]     |
[INFO] [stdout] 261 |     type RuntimeCall = RuntimeCall;
[INFO] [stdout]     |                        ^^^^^^^^^^^ not found in this scope
[INFO] [stdout] 
[INFO] [stdout] 
[INFO] [stdout] error[E0412]: cannot find type `Balances` in this scope
[INFO] [stdout]    --> src/tests/pay/mock.rs:266:18
[INFO] [stdout]     |
[INFO] [stdout] 61  | pub type Balance = u128;
[INFO] [stdout]     | ------------------------ similarly named type alias `Balance` defined here
[INFO] [stdout] ...
[INFO] [stdout] 266 |     type Currency = Balances;
[INFO] [stdout]     |                     ^^^^^^^^ help: a type alias with a similar name exists: `Balance`
[INFO] [stdout] 
[INFO] [stdout] 
[INFO] [stdout] error[E0412]: cannot find type `Test` in this scope
[INFO] [stdout]    --> src/tests/pay/mock.rs:286:44
[INFO] [stdout]     |
[INFO] [stdout] 286 |     let mut t = frame_system::GenesisConfig::<Test>::default().build_storage().unwrap();
[INFO] [stdout]     |                                               ^^^^ not found in this scope
[INFO] [stdout]     |
[INFO] [stdout] help: you might be missing a type parameter
[INFO] [stdout]     |
[INFO] [stdout] 285 | pub fn new_test_ext<Test>() -> sp_io::TestExternalities {
[INFO] [stdout]     |                    ++++++
[INFO] [stdout] 
[INFO] [stdout] 
[INFO] [stdout] error[E0412]: cannot find type `Test` in this scope
[INFO] [stdout]    --> src/tests/pay/mock.rs:288:33
[INFO] [stdout]     |
[INFO] [stdout] 288 |     pallet_assets::GenesisConfig::<Test> {
[INFO] [stdout]     |                                    ^^^^ not found in this scope
[INFO] [stdout]     |
[INFO] [stdout] help: you might be missing a type parameter
[INFO] [stdout]     |
[INFO] [stdout] 285 | pub fn new_test_ext<Test>() -> sp_io::TestExternalities {
[INFO] [stdout]     |                    ++++++
[INFO] [stdout] 
[INFO] [stdout] 
[INFO] [stdout] error[E0433]: failed to resolve: use of undeclared type `System`
[INFO] [stdout]    --> src/tests/pay/mock.rs:308:22
[INFO] [stdout]     |
[INFO] [stdout] 308 |     ext.execute_with(|| System::set_block_number(1));
[INFO] [stdout]     |                         ^^^^^^ use of undeclared type `System`
[INFO] [stdout]     |
[INFO] [stdout] help: consider importing one of these items
[INFO] [stdout]     |
[INFO] [stdout] 17  + use parity_scale_codec::alloc::alloc::System;
[INFO] [stdout]     |
[INFO] [stdout] 17  + use sp_std::alloc::System;
[INFO] [stdout]     |
[INFO] [stdout] 17  + use std::alloc::System;
[INFO] [stdout]     |
[INFO] [stdout] 
[INFO] [stdout] 
[INFO] [stdout] error[E0433]: failed to resolve: use of undeclared type `System`
[INFO] [stdout]    --> src/tests/pay/mock.rs:313:2
[INFO] [stdout]     |
[INFO] [stdout] 313 |     System::set_block_number(System::block_number() + 1);
[INFO] [stdout]     |     ^^^^^^ use of undeclared type `System`
[INFO] [stdout]     |
[INFO] [stdout] help: consider importing one of these items
[INFO] [stdout]     |
[INFO] [stdout] 17  + use parity_scale_codec::alloc::alloc::System;
[INFO] [stdout]     |
[INFO] [stdout] 17  + use sp_std::alloc::System;
[INFO] [stdout]     |
[INFO] [stdout] 17  + use std::alloc::System;
[INFO] [stdout]     |
[INFO] [stdout] 
[INFO] [stdout] 
[INFO] [stdout] error[E0433]: failed to resolve: use of undeclared type `System`
[INFO] [stdout]    --> src/tests/pay/mock.rs:313:27
[INFO] [stdout]     |
[INFO] [stdout] 313 |     System::set_block_number(System::block_number() + 1);
[INFO] [stdout]     |                              ^^^^^^ use of undeclared type `System`
[INFO] [stdout]     |
[INFO] [stdout] help: consider importing one of these items
[INFO] [stdout]     |
[INFO] [stdout] 17  + use parity_scale_codec::alloc::alloc::System;
[INFO] [stdout]     |
[INFO] [stdout] 17  + use sp_std::alloc::System;
[INFO] [stdout]     |
[INFO] [stdout] 17  + use std::alloc::System;
[INFO] [stdout]     |
[INFO] [stdout] 
[INFO] [stdout] 
[INFO] [stdout] error[E0433]: failed to resolve: use of undeclared type `System`
[INFO] [stdout]    --> src/tests/pay/mock.rs:317:8
[INFO] [stdout]     |
[INFO] [stdout] 317 |     while System::block_number() < block_number {
[INFO] [stdout]     |           ^^^^^^ use of undeclared type `System`
[INFO] [stdout]     |
[INFO] [stdout] help: consider importing one of these items
[INFO] [stdout]     |
[INFO] [stdout] 17  + use parity_scale_codec::alloc::alloc::System;
[INFO] [stdout]     |
[INFO] [stdout] 17  + use sp_std::alloc::System;
[INFO] [stdout]     |
[INFO] [stdout] 17  + use std::alloc::System;
[INFO] [stdout]     |
[INFO] [stdout] 
[INFO] [stdout] 
[INFO] [stdout] error[E0412]: cannot find type `Test` in this scope
[INFO] [stdout]    --> src/tests/pay/salary.rs:107:32
[INFO] [stdout]     |
[INFO] [stdout] 107 | impl pallet_salary::Config for Test {
[INFO] [stdout]     |                                ^^^^ not found in this scope
[INFO] [stdout] 
[INFO] [stdout] 
[INFO] [stdout] error[E0412]: cannot find type `RuntimeEvent` in this scope
[INFO] [stdout]    --> src/tests/pay/salary.rs:109:22
[INFO] [stdout]     |
[INFO] [stdout] 109 |     type RuntimeEvent = RuntimeEvent;
[INFO] [stdout]     |                         ^^^^^^^^^^^^ not found in this scope
[INFO] [stdout] 
[INFO] [stdout] 
[INFO] [stdout] error[E0412]: cannot find type `RuntimeCall` in this scope
[INFO] [stdout]    --> src/tests/pay/salary.rs:148:29
[INFO] [stdout]     |
[INFO] [stdout] 148 |         let expected_message: Xcm<RuntimeCall> = Xcm::<RuntimeCall>(vec![
[INFO] [stdout]     |                                   ^^^^^^^^^^^ not found in this scope
[INFO] [stdout]     |
[INFO] [stdout] help: you might be missing a type parameter
[INFO] [stdout]     |
[INFO] [stdout] 123 | fn salary_pay_over_xcm_works<RuntimeCall>() {
[INFO] [stdout]     |                             +++++++++++++
[INFO] [stdout] 
[INFO] [stdout] 
[INFO] [stdout] error[E0412]: cannot find type `RuntimeCall` in this scope
[INFO] [stdout]    --> src/tests/pay/salary.rs:148:50
[INFO] [stdout]     |
[INFO] [stdout] 148 |         let expected_message: Xcm<RuntimeCall> = Xcm::<RuntimeCall>(vec![
[INFO] [stdout]     |                                                        ^^^^^^^^^^^ not found in this scope
[INFO] [stdout]     |
[INFO] [stdout] help: you might be missing a type parameter
[INFO] [stdout]     |
[INFO] [stdout] 123 | fn salary_pay_over_xcm_works<RuntimeCall>() {
[INFO] [stdout]     |                             +++++++++++++
[INFO] [stdout] 
[INFO] [stdout] 
[INFO] [stdout] error[E0412]: cannot find type `RuntimeCall` in this scope
[INFO] [stdout]   --> src/process_xcm_message.rs:83:81
[INFO] [stdout]    |
[INFO] [stdout] 83 |         ProcessXcmMessage<Junction, xcm_executor::XcmExecutor<xcm_config::XcmConfig>, RuntimeCall>;
[INFO] [stdout]    |                                                                                       ^^^^^^^^^^^ not found in this scope
[INFO] [stdout]    |
[INFO] [stdout] help: you might be missing a type parameter
[INFO] [stdout]    |
[INFO] [stdout] 82 |     type Processor<RuntimeCall> =
[INFO] [stdout]    |                   +++++++++++++
[INFO] [stdout] 
[INFO] [stdout] 
[INFO] [stdout] error[E0412]: cannot find type `RuntimeCall` in this scope
[INFO] [stdout]    --> src/process_xcm_message.rs:131:43
[INFO] [stdout]     |
[INFO] [stdout] 131 |     fn v2_xcm(success: bool) -> VersionedXcm<RuntimeCall> {
[INFO] [stdout]     |                                              ^^^^^^^^^^^ not found in this scope
[INFO] [stdout]     |
[INFO] [stdout] help: you might be missing a type parameter
[INFO] [stdout]     |
[INFO] [stdout] 131 |     fn v2_xcm<RuntimeCall>(success: bool) -> VersionedXcm<RuntimeCall> {
[INFO] [stdout]     |              +++++++++++++
[INFO] [stdout] 
[INFO] [stdout] 
[INFO] [stdout] error[E0412]: cannot find type `RuntimeCall` in this scope
[INFO] [stdout]    --> src/process_xcm_message.rs:133:22
[INFO] [stdout]     |
[INFO] [stdout] 133 |             v3::Instruction::<RuntimeCall>::ClearOrigin
[INFO] [stdout]     |                               ^^^^^^^^^^^ not found in this scope
[INFO] [stdout]     |
[INFO] [stdout] help: you might be missing a type parameter
[INFO] [stdout]     |
[INFO] [stdout] 131 |     fn v2_xcm<RuntimeCall>(success: bool) -> VersionedXcm<RuntimeCall> {
[INFO] [stdout]     |              +++++++++++++
[INFO] [stdout] 
[INFO] [stdout] 
[INFO] [stdout] error[E0412]: cannot find type `RuntimeCall` in this scope
[INFO] [stdout]    --> src/process_xcm_message.rs:135:22
[INFO] [stdout]     |
[INFO] [stdout] 135 |             v3::Instruction::<RuntimeCall>::Trap(1)
[INFO] [stdout]     |                               ^^^^^^^^^^^ not found in this scope
[INFO] [stdout]     |
[INFO] [stdout] help: you might be missing a type parameter
[INFO] [stdout]     |
[INFO] [stdout] 131 |     fn v2_xcm<RuntimeCall>(success: bool) -> VersionedXcm<RuntimeCall> {
[INFO] [stdout]     |              +++++++++++++
[INFO] [stdout] 
[INFO] [stdout] 
[INFO] [stdout] error[E0412]: cannot find type `RuntimeCall` in this scope
[INFO] [stdout]    --> src/process_xcm_message.rs:137:30
[INFO] [stdout]     |
[INFO] [stdout] 137 |         VersionedXcm::V3(v3::Xcm::<RuntimeCall>(vec![instr]))
[INFO] [stdout]     |                                    ^^^^^^^^^^^ not found in this scope
[INFO] [stdout]     |
[INFO] [stdout] help: you might be missing a type parameter
[INFO] [stdout]     |
[INFO] [stdout] 131 |     fn v2_xcm<RuntimeCall>(success: bool) -> VersionedXcm<RuntimeCall> {
[INFO] [stdout]     |              +++++++++++++
[INFO] [stdout] 
[INFO] [stdout] 
[INFO] [stdout] error[E0412]: cannot find type `RuntimeCall` in this scope
[INFO] [stdout]    --> src/process_xcm_message.rs:140:43
[INFO] [stdout]     |
[INFO] [stdout] 140 |     fn v3_xcm(success: bool) -> VersionedXcm<RuntimeCall> {
[INFO] [stdout]     |                                              ^^^^^^^^^^^ not found in this scope
[INFO] [stdout]     |
[INFO] [stdout] help: you might be missing a type parameter
[INFO] [stdout]     |
[INFO] [stdout] 140 |     fn v3_xcm<RuntimeCall>(success: bool) -> VersionedXcm<RuntimeCall> {
[INFO] [stdout]     |              +++++++++++++
[INFO] [stdout] 
[INFO] [stdout] 
[INFO] [stdout] error[E0412]: cannot find type `RuntimeCall` in this scope
[INFO] [stdout]    --> src/process_xcm_message.rs:142:22
[INFO] [stdout]     |
[INFO] [stdout] 142 |             v2::Instruction::<RuntimeCall>::ClearOrigin
[INFO] [stdout]     |                               ^^^^^^^^^^^ not found in this scope
[INFO] [stdout]     |
[INFO] [stdout] help: you might be missing a type parameter
[INFO] [stdout]     |
[INFO] [stdout] 140 |     fn v3_xcm<RuntimeCall>(success: bool) -> VersionedXcm<RuntimeCall> {
[INFO] [stdout]     |              +++++++++++++
[INFO] [stdout] 
[INFO] [stdout] 
[INFO] [stdout] error[E0412]: cannot find type `RuntimeCall` in this scope
[INFO] [stdout]    --> src/process_xcm_message.rs:144:22
[INFO] [stdout]     |
[INFO] [stdout] 144 |             v2::Instruction::<RuntimeCall>::Trap(1)
[INFO] [stdout]     |                               ^^^^^^^^^^^ not found in this scope
[INFO] [stdout]     |
[INFO] [stdout] help: you might be missing a type parameter
[INFO] [stdout]     |
[INFO] [stdout] 140 |     fn v3_xcm<RuntimeCall>(success: bool) -> VersionedXcm<RuntimeCall> {
[INFO] [stdout]     |              +++++++++++++
[INFO] [stdout] 
[INFO] [stdout] 
[INFO] [stdout] error[E0412]: cannot find type `RuntimeCall` in this scope
[INFO] [stdout]    --> src/process_xcm_message.rs:146:30
[INFO] [stdout]     |
[INFO] [stdout] 146 |         VersionedXcm::V2(v2::Xcm::<RuntimeCall>(vec![instr]))
[INFO] [stdout]     |                                    ^^^^^^^^^^^ not found in this scope
[INFO] [stdout]     |
[INFO] [stdout] help: you might be missing a type parameter
[INFO] [stdout]     |
[INFO] [stdout] 140 |     fn v3_xcm<RuntimeCall>(success: bool) -> VersionedXcm<RuntimeCall> {
[INFO] [stdout]     |              +++++++++++++
[INFO] [stdout] 
[INFO] [stdout] 
[INFO] [stdout] error[E0412]: cannot find type `RuntimeCall` in this scope
[INFO] [stdout]    --> src/process_xcm_message.rs:149:31
[INFO] [stdout]     |
[INFO] [stdout] 149 |     fn process(msg: VersionedXcm<RuntimeCall>) -> Result<bool, ProcessMessageError> {
[INFO] [stdout]     |                                  ^^^^^^^^^^^ not found in this scope
[INFO] [stdout]     |
[INFO] [stdout] help: you might be missing a type parameter
[INFO] [stdout]     |
[INFO] [stdout] 149 |     fn process<RuntimeCall>(msg: VersionedXcm<RuntimeCall>) -> Result<bool, ProcessMessageError> {
[INFO] [stdout]     |               +++++++++++++
[INFO] [stdout] 
[INFO] [stdout] 
[INFO] [stdout] error[E0603]: struct import `Assets` is private
[INFO] [stdout]   --> src/tests/pay/pay.rs:58:20
[INFO] [stdout]    |
[INFO] [stdout] 58 |         assert_eq!(mock::Assets::balance(0, &recipient), 0);
[INFO] [stdout]    |                          ^^^^^^ private struct import
[INFO] [stdout]    |
[INFO] [stdout] note: the struct import `Assets` is defined here...
[INFO] [stdout]   --> src/tests/pay/mock.rs:17:5
[INFO] [stdout]    |
[INFO] [stdout] 17 | use super::*;
[INFO] [stdout]    |     ^^^^^^^^
[INFO] [stdout] note: ...and refers to the struct import `Assets` which is defined here...
[INFO] [stdout]   --> src/tests/pay/mod.rs:17:5
[INFO] [stdout]    |
[INFO] [stdout] 17 | use super::*;
[INFO] [stdout]    |     ^^^^^^^^
[INFO] [stdout] note: ...and refers to the struct import `Assets` which is defined here...
[INFO] [stdout]   --> src/tests/mod.rs:27:5
[INFO] [stdout]    |
[INFO] [stdout] 27 | use mock::*;
[INFO] [stdout]    |     ^^^^^^^
[INFO] [stdout] note: ...and refers to the struct import `Assets` which is defined here...
[INFO] [stdout]   --> src/tests/mock.rs:52:2
[INFO] [stdout]    |
[INFO] [stdout] 52 |     Assets, Config,
[INFO] [stdout]    |     ^^^^^^ consider importing it directly
[INFO] [stdout] note: ...and refers to the struct `Assets` which is defined here
[INFO] [stdout]   --> /opt/rustwide/cargo-home/registry/src/index.crates.io-6f17d22bba15001f/staging-xcm-executor-5.0.0/src/lib.rs:39:9
[INFO] [stdout]    |
[INFO] [stdout] 39 | pub use assets::Assets;
[INFO] [stdout]    |         ^^^^^^^^^^^^^^ consider importing it directly
[INFO] [stdout] help: consider importing one of these items instead
[INFO] [stdout]    |
[INFO] [stdout] 58 |         assert_eq!(crate::test_utils::Assets::balance(0, &recipient), 0);
[INFO] [stdout]    |                    ~~~~~~~~~~~~~~~~~~~~~~~~~
[INFO] [stdout] 58 |         assert_eq!(xcm_executor::Assets::balance(0, &recipient), 0);
[INFO] [stdout]    |                    ~~~~~~~~~~~~~~~~~~~~
[INFO] [stdout] 
[INFO] [stdout] 
[INFO] [stdout] error[E0603]: struct import `Assets` is private
[INFO] [stdout]    --> src/tests/pay/pay.rs:101:20
[INFO] [stdout]     |
[INFO] [stdout] 101 |         assert_eq!(mock::Assets::balance(0, &recipient), amount);
[INFO] [stdout]     |                          ^^^^^^ private struct import
[INFO] [stdout]     |
[INFO] [stdout] note: the struct import `Assets` is defined here...
[INFO] [stdout]    --> src/tests/pay/mock.rs:17:5
[INFO] [stdout]     |
[INFO] [stdout] 17  | use super::*;
[INFO] [stdout]     |     ^^^^^^^^
[INFO] [stdout] note: ...and refers to the struct import `Assets` which is defined here...
[INFO] [stdout]    --> src/tests/pay/mod.rs:17:5
[INFO] [stdout]     |
[INFO] [stdout] 17  | use super::*;
[INFO] [stdout]     |     ^^^^^^^^
[INFO] [stdout] note: ...and refers to the struct import `Assets` which is defined here...
[INFO] [stdout]    --> src/tests/mod.rs:27:5
[INFO] [stdout]     |
[INFO] [stdout] 27  | use mock::*;
[INFO] [stdout]     |     ^^^^^^^
[INFO] [stdout] note: ...and refers to the struct import `Assets` which is defined here...
[INFO] [stdout]    --> src/tests/mock.rs:52:2
[INFO] [stdout]     |
[INFO] [stdout] 52  |     Assets, Config,
[INFO] [stdout]     |     ^^^^^^ consider importing it directly
[INFO] [stdout] note: ...and refers to the struct `Assets` which is defined here
[INFO] [stdout]    --> /opt/rustwide/cargo-home/registry/src/index.crates.io-6f17d22bba15001f/staging-xcm-executor-5.0.0/src/lib.rs:39:9
[INFO] [stdout]     |
[INFO] [stdout] 39  | pub use assets::Assets;
[INFO] [stdout]     |         ^^^^^^^^^^^^^^ consider importing it directly
[INFO] [stdout] help: consider importing one of these items instead
[INFO] [stdout]     |
[INFO] [stdout] 101 |         assert_eq!(crate::test_utils::Assets::balance(0, &recipient), amount);
[INFO] [stdout]     |                    ~~~~~~~~~~~~~~~~~~~~~~~~~
[INFO] [stdout] 101 |         assert_eq!(xcm_executor::Assets::balance(0, &recipient), amount);
[INFO] [stdout]     |                    ~~~~~~~~~~~~~~~~~~~~
[INFO] [stdout] 
[INFO] [stdout] 
[INFO] [stdout] error[E0603]: struct import `Assets` is private
[INFO] [stdout]    --> src/tests/pay/pay.rs:120:20
[INFO] [stdout]     |
[INFO] [stdout] 120 |         assert_eq!(mock::Assets::balance(relay_asset_index, &recipient), 0);
[INFO] [stdout]     |                          ^^^^^^ private struct import
[INFO] [stdout]     |
[INFO] [stdout] note: the struct import `Assets` is defined here...
[INFO] [stdout]    --> src/tests/pay/mock.rs:17:5
[INFO] [stdout]     |
[INFO] [stdout] 17  | use super::*;
[INFO] [stdout]     |     ^^^^^^^^
[INFO] [stdout] note: ...and refers to the struct import `Assets` which is defined here...
[INFO] [stdout]    --> src/tests/pay/mod.rs:17:5
[INFO] [stdout]     |
[INFO] [stdout] 17  | use super::*;
[INFO] [stdout]     |     ^^^^^^^^
[INFO] [stdout] note: ...and refers to the struct import `Assets` which is defined here...
[INFO] [stdout]    --> src/tests/mod.rs:27:5
[INFO] [stdout]     |
[INFO] [stdout] 27  | use mock::*;
[INFO] [stdout]     |     ^^^^^^^
[INFO] [stdout] note: ...and refers to the struct import `Assets` which is defined here...
[INFO] [stdout]    --> src/tests/mock.rs:52:2
[INFO] [stdout]     |
[INFO] [stdout] 52  |     Assets, Config,
[INFO] [stdout]     |     ^^^^^^ consider importing it directly
[INFO] [stdout] note: ...and refers to the struct `Assets` which is defined here
[INFO] [stdout]    --> /opt/rustwide/cargo-home/registry/src/index.crates.io-6f17d22bba15001f/staging-xcm-executor-5.0.0/src/lib.rs:39:9
[INFO] [stdout]     |
[INFO] [stdout] 39  | pub use assets::Assets;
[INFO] [stdout]     |         ^^^^^^^^^^^^^^ consider importing it directly
[INFO] [stdout] help: consider importing one of these items instead
[INFO] [stdout]     |
[INFO] [stdout] 120 |         assert_eq!(crate::test_utils::Assets::balance(relay_asset_index, &recipient), 0);
[INFO] [stdout]     |                    ~~~~~~~~~~~~~~~~~~~~~~~~~
[INFO] [stdout] 120 |         assert_eq!(xcm_executor::Assets::balance(relay_asset_index, &recipient), 0);
[INFO] [stdout]     |                    ~~~~~~~~~~~~~~~~~~~~
[INFO] [stdout] 
[INFO] [stdout] 
[INFO] [stdout] error[E0603]: struct import `Assets` is private
[INFO] [stdout]    --> src/tests/pay/pay.rs:162:20
[INFO] [stdout]     |
[INFO] [stdout] 162 |         assert_eq!(mock::Assets::balance(relay_asset_index, &recipient), amount);
[INFO] [stdout]     |                          ^^^^^^ private struct import
[INFO] [stdout]     |
[INFO] [stdout] note: the struct import `Assets` is defined here...
[INFO] [stdout]    --> src/tests/pay/mock.rs:17:5
[INFO] [stdout]     |
[INFO] [stdout] 17  | use super::*;
[INFO] [stdout]     |     ^^^^^^^^
[INFO] [stdout] note: ...and refers to the struct import `Assets` which is defined here...
[INFO] [stdout]    --> src/tests/pay/mod.rs:17:5
[INFO] [stdout]     |
[INFO] [stdout] 17  | use super::*;
[INFO] [stdout]     |     ^^^^^^^^
[INFO] [stdout] note: ...and refers to the struct import `Assets` which is defined here...
[INFO] [stdout]    --> src/tests/mod.rs:27:5
[INFO] [stdout]     |
[INFO] [stdout] 27  | use mock::*;
[INFO] [stdout]     |     ^^^^^^^
[INFO] [stdout] note: ...and refers to the struct import `Assets` which is defined here...
[INFO] [stdout]    --> src/tests/mock.rs:52:2
[INFO] [stdout]     |
[INFO] [stdout] 52  |     Assets, Config,
[INFO] [stdout]     |     ^^^^^^ consider importing it directly
[INFO] [stdout] note: ...and refers to the struct `Assets` which is defined here
[INFO] [stdout]    --> /opt/rustwide/cargo-home/registry/src/index.crates.io-6f17d22bba15001f/staging-xcm-executor-5.0.0/src/lib.rs:39:9
[INFO] [stdout]     |
[INFO] [stdout] 39  | pub use assets::Assets;
[INFO] [stdout]     |         ^^^^^^^^^^^^^^ consider importing it directly
[INFO] [stdout] help: consider importing one of these items instead
[INFO] [stdout]     |
[INFO] [stdout] 162 |         assert_eq!(crate::test_utils::Assets::balance(relay_asset_index, &recipient), amount);
[INFO] [stdout]     |                    ~~~~~~~~~~~~~~~~~~~~~~~~~
[INFO] [stdout] 162 |         assert_eq!(xcm_executor::Assets::balance(relay_asset_index, &recipient), amount);
[INFO] [stdout]     |                    ~~~~~~~~~~~~~~~~~~~~
[INFO] [stdout] 
[INFO] [stdout] 
[INFO] [stdout] error[E0603]: struct import `Assets` is private
[INFO] [stdout]    --> src/tests/pay/salary.rs:131:20
[INFO] [stdout]     |
[INFO] [stdout] 131 |         assert_eq!(mock::Assets::balance(AssetIdGeneralIndex::get(), &recipient.clone()), 0);
[INFO] [stdout]     |                          ^^^^^^ private struct import
[INFO] [stdout]     |
[INFO] [stdout] note: the struct import `Assets` is defined here...
[INFO] [stdout]    --> src/tests/pay/mock.rs:17:5
[INFO] [stdout]     |
[INFO] [stdout] 17  | use super::*;
[INFO] [stdout]     |     ^^^^^^^^
[INFO] [stdout] note: ...and refers to the struct import `Assets` which is defined here...
[INFO] [stdout]    --> src/tests/pay/mod.rs:17:5
[INFO] [stdout]     |
[INFO] [stdout] 17  | use super::*;
[INFO] [stdout]     |     ^^^^^^^^
[INFO] [stdout] note: ...and refers to the struct import `Assets` which is defined here...
[INFO] [stdout]    --> src/tests/mod.rs:27:5
[INFO] [stdout]     |
[INFO] [stdout] 27  | use mock::*;
[INFO] [stdout]     |     ^^^^^^^
[INFO] [stdout] note: ...and refers to the struct import `Assets` which is defined here...
[INFO] [stdout]    --> src/tests/mock.rs:52:2
[INFO] [stdout]     |
[INFO] [stdout] 52  |     Assets, Config,
[INFO] [stdout]     |     ^^^^^^ consider importing it directly
[INFO] [stdout] note: ...and refers to the struct `Assets` which is defined here
[INFO] [stdout]    --> /opt/rustwide/cargo-home/registry/src/index.crates.io-6f17d22bba15001f/staging-xcm-executor-5.0.0/src/lib.rs:39:9
[INFO] [stdout]     |
[INFO] [stdout] 39  | pub use assets::Assets;
[INFO] [stdout]     |         ^^^^^^^^^^^^^^ consider importing it directly
[INFO] [stdout] help: consider importing one of these items instead
[INFO] [stdout]     |
[INFO] [stdout] 131 |         assert_eq!(crate::test_utils::Assets::balance(AssetIdGeneralIndex::get(), &recipient.clone()), 0);
[INFO] [stdout]     |                    ~~~~~~~~~~~~~~~~~~~~~~~~~
[INFO] [stdout] 131 |         assert_eq!(xcm_executor::Assets::balance(AssetIdGeneralIndex::get(), &recipient.clone()), 0);
[INFO] [stdout]     |                    ~~~~~~~~~~~~~~~~~~~~
[INFO] [stdout] 
[INFO] [stdout] 
[INFO] [stdout] error[E0603]: struct import `Assets` is private
[INFO] [stdout]    --> src/tests/pay/salary.rs:171:10
[INFO] [stdout]     |
[INFO] [stdout] 171 |             mock::Assets::balance(AssetIdGeneralIndex::get(), &recipient),
[INFO] [stdout]     |                   ^^^^^^ private struct import
[INFO] [stdout]     |
[INFO] [stdout] note: the struct import `Assets` is defined here...
[INFO] [stdout]    --> src/tests/pay/mock.rs:17:5
[INFO] [stdout]     |
[INFO] [stdout] 17  | use super::*;
[INFO] [stdout]     |     ^^^^^^^^
[INFO] [stdout] note: ...and refers to the struct import `Assets` which is defined here...
[INFO] [stdout]    --> src/tests/pay/mod.rs:17:5
[INFO] [stdout]     |
[INFO] [stdout] 17  | use super::*;
[INFO] [stdout]     |     ^^^^^^^^
[INFO] [stdout] note: ...and refers to the struct import `Assets` which is defined here...
[INFO] [stdout]    --> src/tests/mod.rs:27:5
[INFO] [stdout]     |
[INFO] [stdout] 27  | use mock::*;
[INFO] [stdout]     |     ^^^^^^^
[INFO] [stdout] note: ...and refers to the struct import `Assets` which is defined here...
[INFO] [stdout]    --> src/tests/mock.rs:52:2
[INFO] [stdout]     |
[INFO] [stdout] 52  |     Assets, Config,
[INFO] [stdout]     |     ^^^^^^ consider importing it directly
[INFO] [stdout] note: ...and refers to the struct `Assets` which is defined here
[INFO] [stdout]    --> /opt/rustwide/cargo-home/registry/src/index.crates.io-6f17d22bba15001f/staging-xcm-executor-5.0.0/src/lib.rs:39:9
[INFO] [stdout]     |
[INFO] [stdout] 39  | pub use assets::Assets;
[INFO] [stdout]     |         ^^^^^^^^^^^^^^ consider importing it directly
[INFO] [stdout] help: consider importing one of these items instead
[INFO] [stdout]     |
[INFO] [stdout] 171 |             crate::test_utils::Assets::balance(AssetIdGeneralIndex::get(), &recipient),
[INFO] [stdout]     |             ~~~~~~~~~~~~~~~~~~~~~~~~~
[INFO] [stdout] 171 |             xcm_executor::Assets::balance(AssetIdGeneralIndex::get(), &recipient),
[INFO] [stdout]     |             ~~~~~~~~~~~~~~~~~~~~
[INFO] [stdout] 
[INFO] [stdout] 
[INFO] [stdout] warning: unused imports: `ConstU32`, `Parameter`
[INFO] [stdout]   --> src/tests/mock.rs:31:62
[INFO] [stdout]    |
[INFO] [stdout] 31 |         DispatchInfo, DispatchResultWithPostInfo, GetDispatchInfo, Parameter, PostDispatchInfo,
[INFO] [stdout]    |                                                                    ^^^^^^^^^
[INFO] [stdout] ...
[INFO] [stdout] 35 |     traits::{ConstU32, Contains, Get, IsInVec},
[INFO] [stdout]    |              ^^^^^^^^
[INFO] [stdout]    |
[INFO] [stdout]    = note: `#[warn(unused_imports)]` on by default
[INFO] [stdout] 
[INFO] [stdout] 
[INFO] [stdout] warning: unused import: `sp_io::hashing::blake2_256`
[INFO] [stdout]   --> src/tests/mock.rs:38:9
[INFO] [stdout]    |
[INFO] [stdout] 38 | pub use sp_io::hashing::blake2_256;
[INFO] [stdout]    |         ^^^^^^^^^^^^^^^^^^^^^^^^^^
[INFO] [stdout] 
[INFO] [stdout] 
[INFO] [stdout] warning: unused import: `marker::PhantomData`
[INFO] [stdout]   --> src/tests/mock.rs:43:2
[INFO] [stdout]    |
[INFO] [stdout] 43 |     marker::PhantomData,
[INFO] [stdout]    |     ^^^^^^^^^^^^^^^^^^^
[INFO] [stdout] 
[INFO] [stdout] 
[INFO] [stdout] error[E0433]: failed to resolve: use of undeclared crate or module `pallet_balances`
[INFO] [stdout]   --> src/tests/pay/mock.rs:55:21
[INFO] [stdout]    |
[INFO] [stdout] 55 |     type AccountData = pallet_balances::AccountData<Balance>;
[INFO] [stdout]    |                        ^^^^^^^^^^^^^^^ use of undeclared crate or module `pallet_balances`
[INFO] [stdout] 
[INFO] [stdout] 
[INFO] [stdout] error[E0433]: failed to resolve: use of undeclared crate or module `pallet_balances`
[INFO] [stdout]   --> src/tests/pay/mock.rs:67:6
[INFO] [stdout]    |
[INFO] [stdout] 67 | impl pallet_balances::Config for Test {
[INFO] [stdout]    |      ^^^^^^^^^^^^^^^ use of undeclared crate or module `pallet_balances`
[INFO] [stdout] 
[INFO] [stdout] 
[INFO] [stdout] error[E0433]: failed to resolve: use of undeclared crate or module `pallet_assets`
[INFO] [stdout]   --> src/tests/pay/mock.rs:94:6
[INFO] [stdout]    |
[INFO] [stdout] 94 | impl pallet_assets::Config for Test {
[INFO] [stdout]    |      ^^^^^^^^^^^^^ use of undeclared crate or module `pallet_assets`
[INFO] [stdout] 
[INFO] [stdout] 
[INFO] [stdout] error[E0433]: failed to resolve: use of undeclared type `XcmPallet`
[INFO] [stdout]    --> src/tests/pay/mock.rs:128:35
[INFO] [stdout]     |
[INFO] [stdout] 128 |     pub CheckingAccount: AccountId = XcmPallet::check_account();
[INFO] [stdout]     |                                      ^^^^^^^^^ use of undeclared type `XcmPallet`
[INFO] [stdout] 
[INFO] [stdout] 
[INFO] [stdout] error[E0433]: failed to resolve: use of undeclared crate or module `pallet_xcm`
[INFO] [stdout]    --> src/tests/pay/mock.rs:176:2
[INFO] [stdout]     |
[INFO] [stdout] 176 |     pallet_xcm::XcmPassthrough<RuntimeOrigin>,
[INFO] [stdout]     |     ^^^^^^^^^^ use of undeclared crate or module `pallet_xcm`
[INFO] [stdout] 
[INFO] [stdout] 
[INFO] [stdout] error[E0433]: failed to resolve: use of undeclared crate or module `pallet_xcm`
[INFO] [stdout]    --> src/tests/pay/mock.rs:249:6
[INFO] [stdout]     |
[INFO] [stdout] 249 | impl pallet_xcm::Config for Test {
[INFO] [stdout]     |      ^^^^^^^^^^ use of undeclared crate or module `pallet_xcm`
[INFO] [stdout] 
[INFO] [stdout] 
[INFO] [stdout] error[E0433]: failed to resolve: use of undeclared crate or module `pallet_xcm`
[INFO] [stdout]    --> src/tests/pay/mock.rs:271:20
[INFO] [stdout]     |
[INFO] [stdout] 271 |     type WeightInfo = pallet_xcm::TestWeightInfo;
[INFO] [stdout]     |                       ^^^^^^^^^^ use of undeclared crate or module `pallet_xcm`
[INFO] [stdout] 
[INFO] [stdout] 
[INFO] [stdout] error[E0433]: failed to resolve: use of undeclared crate or module `pallet_assets`
[INFO] [stdout]    --> src/tests/pay/mock.rs:288:2
[INFO] [stdout]     |
[INFO] [stdout] 288 |     pallet_assets::GenesisConfig::<Test> {
[INFO] [stdout]     |     ^^^^^^^^^^^^^ use of undeclared crate or module `pallet_assets`
[INFO] [stdout] 
[INFO] [stdout] 
[INFO] [stdout] error[E0433]: failed to resolve: use of undeclared crate or module `pallet_salary`
[INFO] [stdout]    --> src/tests/pay/salary.rs:107:6
[INFO] [stdout]     |
[INFO] [stdout] 107 | impl pallet_salary::Config for Test {
[INFO] [stdout]     |      ^^^^^^^^^^^^^ use of undeclared crate or module `pallet_salary`
[INFO] [stdout] 
[INFO] [stdout] 
[INFO] [stdout] error[E0433]: failed to resolve: use of undeclared type `Salary`
[INFO] [stdout]    --> src/tests/pay/salary.rs:134:14
[INFO] [stdout]     |
[INFO] [stdout] 134 |         assert_ok!(Salary::init(RuntimeOrigin::signed(recipient.clone())));
[INFO] [stdout]     |                    ^^^^^^ use of undeclared type `Salary`
[INFO] [stdout] 
[INFO] [stdout] 
[INFO] [stdout] error[E0433]: failed to resolve: use of undeclared type `RuntimeOrigin`
[INFO] [stdout]    --> src/tests/pay/salary.rs:134:27
[INFO] [stdout]     |
[INFO] [stdout] 134 |         assert_ok!(Salary::init(RuntimeOrigin::signed(recipient.clone())));
[INFO] [stdout]     |                                 ^^^^^^^^^^^^^ use of undeclared type `RuntimeOrigin`
[INFO] [stdout] 
[INFO] [stdout] 
[INFO] [stdout] error[E0433]: failed to resolve: use of undeclared type `Salary`
[INFO] [stdout]    --> src/tests/pay/salary.rs:136:14
[INFO] [stdout]     |
[INFO] [stdout] 136 |         assert_ok!(Salary::induct(RuntimeOrigin::signed(recipient.clone())));
[INFO] [stdout]     |                    ^^^^^^ use of undeclared type `Salary`
[INFO] [stdout] 
[INFO] [stdout] 
[INFO] [stdout] error[E0433]: failed to resolve: use of undeclared type `RuntimeOrigin`
[INFO] [stdout]    --> src/tests/pay/salary.rs:136:29
[INFO] [stdout]     |
[INFO] [stdout] 136 |         assert_ok!(Salary::induct(RuntimeOrigin::signed(recipient.clone())));
[INFO] [stdout]     |                                   ^^^^^^^^^^^^^ use of undeclared type `RuntimeOrigin`
[INFO] [stdout] 
[INFO] [stdout] 
[INFO] [stdout] error[E0433]: failed to resolve: use of undeclared type `Salary`
[INFO] [stdout]    --> src/tests/pay/salary.rs:137:14
[INFO] [stdout]     |
[INFO] [stdout] 137 |         assert_ok!(Salary::bump(RuntimeOrigin::signed(recipient.clone())));
[INFO] [stdout]     |                    ^^^^^^ use of undeclared type `Salary`
[INFO] [stdout] 
[INFO] [stdout] 
[INFO] [stdout] error[E0433]: failed to resolve: use of undeclared type `RuntimeOrigin`
[INFO] [stdout]    --> src/tests/pay/salary.rs:137:27
[INFO] [stdout]     |
[INFO] [stdout] 137 |         assert_ok!(Salary::bump(RuntimeOrigin::signed(recipient.clone())));
[INFO] [stdout]     |                                 ^^^^^^^^^^^^^ use of undeclared type `RuntimeOrigin`
[INFO] [stdout] 
[INFO] [stdout] 
[INFO] [stdout] error[E0433]: failed to resolve: use of undeclared type `Salary`
[INFO] [stdout]    --> src/tests/pay/salary.rs:138:14
[INFO] [stdout]     |
[INFO] [stdout] 138 |         assert_ok!(Salary::register(RuntimeOrigin::signed(recipient.clone())));
[INFO] [stdout]     |                    ^^^^^^ use of undeclared type `Salary`
[INFO] [stdout] 
[INFO] [stdout] 
[INFO] [stdout] error[E0433]: failed to resolve: use of undeclared type `RuntimeOrigin`
[INFO] [stdout]    --> src/tests/pay/salary.rs:138:31
[INFO] [stdout]     |
[INFO] [stdout] 138 |         assert_ok!(Salary::register(RuntimeOrigin::signed(recipient.clone())));
[INFO] [stdout]     |                                     ^^^^^^^^^^^^^ use of undeclared type `RuntimeOrigin`
[INFO] [stdout] 
[INFO] [stdout] 
[INFO] [stdout] error[E0433]: failed to resolve: use of undeclared type `Salary`
[INFO] [stdout]    --> src/tests/pay/salary.rs:140:14
[INFO] [stdout]     |
[INFO] [stdout] 140 |         assert_ok!(Salary::payout(RuntimeOrigin::signed(recipient.clone())));
[INFO] [stdout]     |                    ^^^^^^ use of undeclared type `Salary`
[INFO] [stdout] 
[INFO] [stdout] 
[INFO] [stdout] error[E0433]: failed to resolve: use of undeclared type `RuntimeOrigin`
[INFO] [stdout]    --> src/tests/pay/salary.rs:140:29
[INFO] [stdout]     |
[INFO] [stdout] 140 |         assert_ok!(Salary::payout(RuntimeOrigin::signed(recipient.clone())));
[INFO] [stdout]     |                                   ^^^^^^^^^^^^^ use of undeclared type `RuntimeOrigin`
[INFO] [stdout] 
[INFO] [stdout] 
[INFO] [stdout] error[E0433]: failed to resolve: use of undeclared crate or module `xcm_config`
[INFO] [stdout]   --> src/process_xcm_message.rs:83:57
[INFO] [stdout]    |
[INFO] [stdout] 83 |         ProcessXcmMessage<Junction, xcm_executor::XcmExecutor<xcm_config::XcmConfig>, RuntimeCall>;
[INFO] [stdout]    |                                                               ^^^^^^^^^^ use of undeclared crate or module `xcm_config`
[INFO] [stdout] 
[INFO] [stdout] 
[INFO] [stdout] error: aborting due to 82 previous errors; 3 warnings emitted
[INFO] [stdout] 
[INFO] [stdout] 
[INFO] [stdout] Some errors have detailed explanations: E0412, E0432, E0433, E0603.
[INFO] [stdout] 
[INFO] [stdout] For more information about an error, try `rustc --explain E0412`.
[INFO] [stdout] 
[INFO] [stderr] error: could not compile `staging-xcm-builder` (lib test) due to 83 previous errors; 3 warnings emitted
[INFO] running `Command { std: "docker" "inspect" "61a6a1c5f0ce0f3843675cddfdc3cf9d245c64548ba9b5c6c7f6dc441822185b", kill_on_drop: false }`
[INFO] running `Command { std: "docker" "rm" "-f" "61a6a1c5f0ce0f3843675cddfdc3cf9d245c64548ba9b5c6c7f6dc441822185b", kill_on_drop: false }`
[INFO] [stdout] 61a6a1c5f0ce0f3843675cddfdc3cf9d245c64548ba9b5c6c7f6dc441822185b
[INFO] testing staging-xcm-builder-5.0.0 against beta-2023-12-22 for beta-1.76-1
[INFO] extracting crate staging-xcm-builder 5.0.0 into /workspace/builds/worker-4-tc2/source
[INFO] validating manifest of crates.io crate staging-xcm-builder 5.0.0 on toolchain beta-2023-12-22
[INFO] running `Command { std: CARGO_HOME="/workspace/cargo-home" RUSTUP_HOME="/workspace/rustup-home" "/workspace/cargo-home/bin/cargo" "+beta-2023-12-22" "metadata" "--manifest-path" "Cargo.toml" "--no-deps", kill_on_drop: false }`
[INFO] started tweaking crates.io crate staging-xcm-builder 5.0.0
[INFO] finished tweaking crates.io crate staging-xcm-builder 5.0.0
[INFO] tweaked toml for crates.io crate staging-xcm-builder 5.0.0 written to /workspace/builds/worker-4-tc2/source/Cargo.toml
[INFO] running `Command { std: CARGO_HOME="/workspace/cargo-home" RUSTUP_HOME="/workspace/rustup-home" "/workspace/cargo-home/bin/cargo" "+beta-2023-12-22" "generate-lockfile" "--manifest-path" "Cargo.toml", kill_on_drop: false }`
[INFO] [stderr]     Updating crates.io index
[INFO] running `Command { std: CARGO_HOME="/workspace/cargo-home" RUSTUP_HOME="/workspace/rustup-home" "/workspace/cargo-home/bin/cargo" "+beta-2023-12-22" "fetch" "--manifest-path" "Cargo.toml", kill_on_drop: false }`
[INFO] running `Command { std: "docker" "create" "-v" "/var/lib/crater-agent-workspace/builds/worker-4-tc2/target:/opt/rustwide/target:rw,Z" "-v" "/var/lib/crater-agent-workspace/builds/worker-4-tc2/source:/opt/rustwide/workdir:ro,Z" "-v" "/var/lib/crater-agent-workspace/cargo-home:/opt/rustwide/cargo-home:ro,Z" "-v" "/var/lib/crater-agent-workspace/rustup-home:/opt/rustwide/rustup-home:ro,Z" "-e" "SOURCE_DIR=/opt/rustwide/workdir" "-e" "CARGO_TARGET_DIR=/opt/rustwide/target" "-e" "CARGO_HOME=/opt/rustwide/cargo-home" "-e" "RUSTUP_HOME=/opt/rustwide/rustup-home" "-w" "/opt/rustwide/workdir" "-m" "1610612736" "--user" "0:0" "--network" "none" "ghcr.io/rust-lang/crates-build-env/linux@sha256:2788e3201cd34a07e3172128adcd8b3090168a8e3bcc40d7c032b9dda1df7d1c" "/opt/rustwide/cargo-home/bin/cargo" "+beta-2023-12-22" "metadata" "--no-deps" "--format-version=1", kill_on_drop: false }`
[INFO] [stdout] 0fdc83620d77167b64db2e740805925da889ffb3a85d2b24936d62fa1fa6301a
[INFO] running `Command { std: "docker" "start" "-a" "0fdc83620d77167b64db2e740805925da889ffb3a85d2b24936d62fa1fa6301a", kill_on_drop: false }`
[INFO] running `Command { std: "docker" "inspect" "0fdc83620d77167b64db2e740805925da889ffb3a85d2b24936d62fa1fa6301a", kill_on_drop: false }`
[INFO] running `Command { std: "docker" "rm" "-f" "0fdc83620d77167b64db2e740805925da889ffb3a85d2b24936d62fa1fa6301a", kill_on_drop: false }`
[INFO] [stdout] 0fdc83620d77167b64db2e740805925da889ffb3a85d2b24936d62fa1fa6301a
[INFO] running `Command { std: "docker" "create" "-v" "/var/lib/crater-agent-workspace/builds/worker-4-tc2/target:/opt/rustwide/target:rw,Z" "-v" "/var/lib/crater-agent-workspace/builds/worker-4-tc2/source:/opt/rustwide/workdir:ro,Z" "-v" "/var/lib/crater-agent-workspace/cargo-home:/opt/rustwide/cargo-home:ro,Z" "-v" "/var/lib/crater-agent-workspace/rustup-home:/opt/rustwide/rustup-home:ro,Z" "-e" "SOURCE_DIR=/opt/rustwide/workdir" "-e" "CARGO_TARGET_DIR=/opt/rustwide/target" "-e" "CARGO_INCREMENTAL=0" "-e" "RUST_BACKTRACE=full" "-e" "RUSTFLAGS=--cap-lints=warn" "-e" "RUSTDOCFLAGS=--cap-lints=warn" "-e" "CARGO_HOME=/opt/rustwide/cargo-home" "-e" "RUSTUP_HOME=/opt/rustwide/rustup-home" "-w" "/opt/rustwide/workdir" "-m" "1610612736" "--user" "0:0" "--network" "none" "ghcr.io/rust-lang/crates-build-env/linux@sha256:2788e3201cd34a07e3172128adcd8b3090168a8e3bcc40d7c032b9dda1df7d1c" "/opt/rustwide/cargo-home/bin/cargo" "+beta-2023-12-22" "build" "--frozen" "--message-format=json", kill_on_drop: false }`
[INFO] [stdout] 92b7ae789ce86dcbe97b8900c471c0de217bf8fc9f80c7843ab44dbd79266997
[INFO] running `Command { std: "docker" "start" "-a" "92b7ae789ce86dcbe97b8900c471c0de217bf8fc9f80c7843ab44dbd79266997", kill_on_drop: false }`
[INFO] [stderr]    Compiling syn v1.0.109
[INFO] [stderr]    Compiling generic-array v0.14.7
[INFO] [stderr]    Compiling serde v1.0.194
[INFO] [stderr]    Compiling libc v0.2.151
[INFO] [stderr]    Compiling syn v2.0.48
[INFO] [stderr]    Compiling subtle v2.4.1
[INFO] [stderr]    Compiling hashbrown v0.14.3
[INFO] [stderr]    Compiling equivalent v1.0.1
[INFO] [stderr]    Compiling winnow v0.5.32
[INFO] [stderr]    Compiling const-oid v0.9.6
[INFO] [stderr]    Compiling arrayvec v0.7.4
[INFO] [stderr]    Compiling aho-corasick v1.1.2
[INFO] [stderr]    Compiling ahash v0.7.7
[INFO] [stderr]    Compiling indexmap v2.1.0
[INFO] [stderr]    Compiling crunchy v0.2.2
[INFO] [stderr]    Compiling regex-syntax v0.8.2
[INFO] [stderr]    Compiling cc v1.0.83
[INFO] [stderr]    Compiling num-traits v0.2.17
[INFO] [stderr]    Compiling byte-slice-cast v1.2.2
[INFO] [stderr]    Compiling hashbrown v0.12.3
[INFO] [stderr]    Compiling indexmap v1.9.3
[INFO] [stderr]    Compiling byteorder v1.5.0
[INFO] [stderr]    Compiling bytes v1.5.0
[INFO] [stderr]    Compiling ahash v0.8.7
[INFO] [stderr]    Compiling rand v0.8.5
[INFO] [stderr]    Compiling regex-automata v0.4.3
[INFO] [stderr]    Compiling unicode-normalization v0.1.22
[INFO] [stderr]    Compiling getrandom v0.1.16
[INFO] [stderr]    Compiling log v0.4.20
[INFO] [stderr]    Compiling zerocopy v0.7.32
[INFO] [stderr]    Compiling paste v1.0.14
[INFO] [stderr]    Compiling idna v0.5.0
[INFO] [stderr]    Compiling hashbrown v0.13.2
[INFO] [stderr]    Compiling crc32fast v1.3.2
[INFO] [stderr]    Compiling keccak v0.1.4
[INFO] [stderr]    Compiling url v2.5.0
[INFO] [stderr]    Compiling rand_core v0.5.1
[INFO] [stderr]    Compiling fallible-iterator v0.2.0
[INFO] [stderr]    Compiling regex v1.10.2
[INFO] [stderr]    Compiling io-lifetimes v1.0.11
[INFO] [stderr]    Compiling stable_deref_trait v1.2.0
[INFO] [stderr]    Compiling Inflector v0.11.4
[INFO] [stderr]    Compiling target-lexicon v0.12.13
[INFO] [stderr]    Compiling rustix v0.38.28
[INFO] [stderr]    Compiling memoffset v0.8.0
[INFO] [stderr]    Compiling rustix v0.36.17
[INFO] [stderr]    Compiling sp-std v12.0.0
[INFO] [stderr]    Compiling linux-raw-sys v0.4.12
[INFO] [stderr]    Compiling wasmtime-runtime v8.0.1
[INFO] [stderr]    Compiling digest v0.9.0
[INFO] [stderr]    Compiling generic-array v0.12.4
[INFO] [stderr]    Compiling tracing-core v0.1.32
[INFO] [stderr]    Compiling cpp_demangle v0.3.5
[INFO] [stderr]    Compiling linux-raw-sys v0.1.4
[INFO] [stderr]    Compiling smallvec v1.11.2
[INFO] [stderr]    Compiling serde_derive v1.0.194
[INFO] [stderr]    Compiling zeroize_derive v1.4.2
[INFO] [stderr]    Compiling thiserror-impl v1.0.56
[INFO] [stderr]    Compiling impl-trait-for-tuples v0.2.2
[INFO] [stderr]    Compiling derive_more v0.99.17
[INFO] [stderr]    Compiling zeroize v1.7.0
[INFO] [stderr]    Compiling crypto-common v0.1.6
[INFO] [stderr]    Compiling block-buffer v0.10.4
[INFO] [stderr]    Compiling memfd v0.6.4
[INFO] [stderr]    Compiling digest v0.10.7
[INFO] [stderr]    Compiling thiserror v1.0.56
[INFO] [stderr]    Compiling libsecp256k1-core v0.3.0
[INFO] [stderr]    Compiling psm v0.1.21
[INFO] [stderr]    Compiling wasmtime-jit-debug v8.0.1
[INFO] [stderr]    Compiling wasmtime-asm-macros v8.0.1
[INFO] [stderr]    Compiling ref-cast v1.0.22
[INFO] [stderr]    Compiling serde_json v1.0.111
[INFO] [stderr]    Compiling regex-syntax v0.6.29
[INFO] [stderr]    Compiling byte-tools v0.3.1
[INFO] [stderr]    Compiling block-padding v0.1.5
[INFO] [stderr]    Compiling block-buffer v0.9.0
[INFO] [stderr]    Compiling tracing-attributes v0.1.27
[INFO] [stderr]    Compiling ref-cast-impl v1.0.22
[INFO] [stderr]    Compiling digest v0.8.1
[INFO] [stderr]    Compiling wasmtime-jit-icache-coherence v8.0.1
[INFO] [stderr]    Compiling futures-core v0.3.30
[INFO] [stderr]    Compiling rustc-hex v2.1.0
[INFO] [stderr]    Compiling futures-sink v0.3.30
[INFO] [stderr]    Compiling wasmtime v8.0.1
[INFO] [stderr]    Compiling hex v0.4.3
[INFO] [stderr]    Compiling futures-channel v0.3.30
[INFO] [stderr]    Compiling chrono v0.4.31
[INFO] [stderr]    Compiling sha2 v0.9.9
[INFO] [stderr]    Compiling regex-automata v0.1.10
[INFO] [stderr]    Compiling tracing v0.1.40
[INFO] [stderr]    Compiling libsecp256k1-gen-genmult v0.3.0
[INFO] [stderr]    Compiling libsecp256k1-gen-ecmult v0.3.0
[INFO] [stderr]    Compiling block-buffer v0.7.3
[INFO] [stderr]    Compiling sha2 v0.10.8
[INFO] [stderr]    Compiling matchers v0.0.1
[INFO] [stderr]    Compiling crypto-mac v0.8.0
[INFO] [stderr]    Compiling crypto-mac v0.11.1
[INFO] [stderr]    Compiling tracing-log v0.1.4
[INFO] [stderr]    Compiling sp-debug-derive v12.0.0
[INFO] [stderr]    Compiling futures-macro v0.3.30
[INFO] [stderr]    Compiling rand_chacha v0.2.2
[INFO] [stderr]    Compiling sharded-slab v0.1.7
[INFO] [stderr]    Compiling secp256k1-sys v0.6.1
[INFO] [stderr]    Compiling thread_local v1.1.7
[INFO] [stderr]    Compiling hash-db v0.16.0
[INFO] [stderr]    Compiling ansi_term v0.12.1
[INFO] [stderr]    Compiling fake-simd v0.1.2
[INFO] [stderr]    Compiling opaque-debug v0.2.3
[INFO] [stderr]    Compiling sha2 v0.8.2
[INFO] [stderr]    Compiling rand v0.7.3
[INFO] [stderr]    Compiling hmac v0.8.1
[INFO] [stderr]    Compiling libsecp256k1 v0.7.1
[INFO] [stderr]    Compiling uint v0.9.5
[INFO] [stderr]    Compiling fixed-hash v0.8.0
[INFO] [stderr]    Compiling curve25519-dalek v2.1.3
[INFO] [stderr]    Compiling merlin v2.0.1
[INFO] [stderr]    Compiling futures-util v0.3.30
[INFO] [stderr]    Compiling arrayvec v0.5.2
[INFO] [stderr]    Compiling toml_datetime v0.6.3
[INFO] [stderr]    Compiling serde_spanned v0.6.5
[INFO] [stderr]    Compiling toml_edit v0.20.2
[INFO] [stderr]    Compiling toml_edit v0.19.15
[INFO] [stderr]    Compiling cranelift-entity v0.95.1
[INFO] [stderr]    Compiling wasmparser v0.102.0
[INFO] [stderr]    Compiling gimli v0.27.3
[INFO] [stderr]    Compiling object v0.30.4
[INFO] [stderr]    Compiling proc-macro-crate v1.3.1
[INFO] [stderr]    Compiling proc-macro-crate v2.0.1
[INFO] [stderr]    Compiling impl-serde v0.4.0
[INFO] [stderr]    Compiling bincode v1.3.3
[INFO] [stderr]    Compiling tracing-serde v0.1.3
[INFO] [stderr]    Compiling ss58-registry v1.44.0
[INFO] [stderr]    Compiling environmental v1.1.4
[INFO] [stderr]    Compiling scale-info-derive v2.10.0
[INFO] [stderr]    Compiling sp-runtime-interface-proc-macro v15.0.0
[INFO] [stderr]    Compiling futures-executor v0.3.30
[INFO] [stderr]    Compiling parity-scale-codec-derive v3.6.9
[INFO] [stderr]    Compiling wasmtime-types v8.0.1
[INFO] [stderr]    Compiling addr2line v0.19.0
[INFO] [stderr]    Compiling tracing-subscriber v0.2.25
[INFO] [stderr]    Compiling schnorrkel v0.9.1
[INFO] [stderr]    Compiling wasmtime-environ v8.0.1
[INFO] [stderr]    Compiling hmac-drbg v0.3.0
[INFO] [stderr]    Compiling parking_lot_core v0.9.9
[INFO] [stderr]    Compiling pbkdf2 v0.8.0
[INFO] [stderr]    Compiling hmac v0.11.0
[INFO] [stderr]    Compiling twox-hash v1.6.3
[INFO] [stderr]    Compiling parity-scale-codec v3.6.9
[INFO] [stderr]    Compiling sha3 v0.10.8
[INFO] [stderr]    Compiling wasmtime-jit v8.0.1
[INFO] [stderr]    Compiling scale-info v2.10.0
[INFO] [stderr]    Compiling impl-codec v0.6.0
[INFO] [stderr]    Compiling sp-storage v17.0.0
[INFO] [stderr]    Compiling sp-externalities v0.23.0
[INFO] [stderr]    Compiling sp-tracing v14.0.0
[INFO] [stderr]    Compiling curve25519-dalek v3.2.0
[INFO] [stderr]    Compiling dyn-clonable-impl v0.9.0
[INFO] [stderr]    Compiling primitive-types v0.12.2
[INFO] [stderr]    Compiling blake2b_simd v1.0.2
[INFO] [stderr]    Compiling num-format v0.4.4
[INFO] [stderr]    Compiling bitcoin_hashes v0.11.0
[INFO] [stderr]    Compiling base64 v0.13.1
[INFO] [stderr]    Compiling dyn-clone v1.0.16
[INFO] [stderr]    Compiling semver v1.0.21
[INFO] [stderr]    Compiling dyn-clonable v0.9.0
[INFO] [stderr]    Compiling sp-wasm-interface v18.0.0
[INFO] [stderr]    Compiling bip39 v2.0.0
[INFO] [stderr]    Compiling sp-runtime-interface v22.0.0
[INFO] [stderr]    Compiling sp-core-hashing v13.0.0
[INFO] [stderr]    Compiling ed25519-zebra v3.1.0
[INFO] [stderr]    Compiling bounded-collections v0.1.9
[INFO] [stderr]    Compiling substrate-bip39 v0.4.5
[INFO] [stderr]    Compiling parking_lot v0.12.1
[INFO] [stderr]    Compiling futures v0.3.30
[INFO] [stderr]    Compiling secp256k1 v0.24.3
[INFO] [stderr]    Compiling blake2 v0.10.6
[INFO] [stderr]    Compiling secrecy v0.8.0
[INFO] [stderr]    Compiling hash256-std-hasher v0.15.2
[INFO] [stderr]    Compiling getrandom v0.2.11
[INFO] [stderr]    Compiling bs58 v0.5.0
[INFO] [stderr]    Compiling array-bytes v6.2.2
[INFO] [stderr]    Compiling signature v2.2.0
[INFO] [stderr]    Compiling backtrace v0.3.69
[INFO] [stderr]    Compiling platforms v3.3.0
[INFO] [stderr]    Compiling rustc_version v0.4.0
[INFO] [stderr]    Compiling object v0.32.2
[INFO] [stderr]    Compiling trie-db v0.28.0
[INFO] [stderr]    Compiling curve25519-dalek v4.1.1
[INFO] [stderr]    Compiling memory-db v0.32.0
[INFO] [stderr]    Compiling trie-root v0.18.0
[INFO] [stderr]    Compiling curve25519-dalek-derive v0.1.1
[INFO] [stderr]    Compiling schnellru v0.2.1
[INFO] [stderr]    Compiling nohash-hasher v0.2.0
[INFO] [stderr]    Compiling sp-io v28.0.0
[INFO] [stderr]    Compiling ed25519 v2.2.3
[INFO] [stderr]    Compiling integer-sqrt v0.1.5
[INFO] [stderr]    Compiling sp-arithmetic v21.0.0
[INFO] [stderr]    Compiling rand_core v0.6.4
[INFO] [stderr]    Compiling tiny-keccak v2.0.2
[INFO] [stderr]    Compiling rand_chacha v0.3.1
[INFO] [stderr]    Compiling derive-syn-parse v0.1.5
[INFO] [stderr]    Compiling fs-err v2.11.0
[INFO] [stderr]    Compiling const-random-macro v0.1.16
[INFO] [stderr]    Compiling ed25519-dalek v2.1.0
[INFO] [stderr]    Compiling sp-core v26.0.0
[INFO] [stderr]    Compiling expander v2.0.0
[INFO] [stderr]    Compiling const-random v0.1.17
[INFO] [stderr]    Compiling der v0.7.8
[INFO] [stderr]    Compiling sp-panic-handler v12.0.0
[INFO] [stderr]    Compiling macro_magic_core_macros v0.5.0
[INFO] [stderr]    Compiling ff v0.13.0
[INFO] [stderr]    Compiling proc-macro-error-attr v1.0.4
[INFO] [stderr]    Compiling base16ct v0.2.0
[INFO] [stderr]    Compiling group v0.13.0
[INFO] [stderr]    Compiling sp-core-hashing-proc-macro v13.0.0
[INFO] [stderr]    Compiling macro_magic_core v0.5.0
[INFO] [stderr]    Compiling frame-metadata v16.0.0
[INFO] [stderr]    Compiling hmac v0.12.1
[INFO] [stderr]    Compiling crypto-bigint v0.5.5
[INFO] [stderr]    Compiling sp-version-proc-macro v12.0.0
[INFO] [stderr]    Compiling macro_magic_macros v0.5.0
[INFO] [stderr]    Compiling sp-trie v27.0.0
[INFO] [stderr]    Compiling sp-keystore v0.32.0
[INFO] [stderr]    Compiling sp-weights v25.0.0
[INFO] [stderr]    Compiling sec1 v0.7.3
[INFO] [stderr]    Compiling proc-macro-error v1.0.4
[INFO] [stderr]    Compiling parity-wasm v0.45.0
[INFO] [stderr]    Compiling sp-state-machine v0.33.0
[INFO] [stderr]    Compiling same-file v1.0.6
[INFO] [stderr]    Compiling walkdir v2.4.0
[INFO] [stderr]    Compiling sp-metadata-ir v0.4.0
[INFO] [stderr]    Compiling spki v0.7.3
[INFO] [stderr]    Compiling rfc6979 v0.4.0
[INFO] [stderr]    Compiling elliptic-curve v0.13.8
[INFO] [stderr]    Compiling sp-api-proc-macro v13.0.0
[INFO] [stderr]    Compiling toml v0.8.2
[INFO] [stderr]    Compiling frame-support-procedural-tools-derive v10.0.0
[INFO] [stderr]    Compiling include_dir_macros v0.7.3
[INFO] [stderr]    Compiling num-integer v0.1.45
[INFO] [stderr]    Compiling bytemuck v1.14.0
[INFO] [stderr]    Compiling common-path v1.0.0
[INFO] [stderr]    Compiling include_dir v0.7.3
[INFO] [stderr]    Compiling safe_arch v0.7.1
[INFO] [stderr]    Compiling cfg-expr v0.15.6
[INFO] [stderr]    Compiling frame-support-procedural-tools v9.0.0
[INFO] [stderr]    Compiling docify_macros v0.2.7
[INFO] [stderr]    Compiling ecdsa v0.16.9
[INFO] [stderr]    Compiling async-trait v0.1.77
[INFO] [stderr]    Compiling macro_magic v0.5.0
[INFO] [stderr]    Compiling proc-macro-warning v1.0.2
[INFO] [stderr]    Compiling matrixmultiply v0.3.8
[INFO] [stderr]    Compiling num-rational v0.4.1
[INFO] [stderr]    Compiling frame-support-procedural v21.0.0
[INFO] [stderr]    Compiling k256 v0.13.2
[INFO] [stderr]    Compiling aquamarine v0.3.3
[INFO] [stderr]    Compiling wide v0.7.13
[INFO] [stderr]    Compiling num-complex v0.4.4
[INFO] [stderr]    Compiling approx v0.5.1
[INFO] [stderr]    Compiling rawpointer v0.2.1
[INFO] [stderr]    Compiling tt-call v1.0.9
[INFO] [stderr]    Compiling sp-application-crypto v28.0.0
[INFO] [stderr]    Compiling docify v0.2.7
[INFO] [stderr]    Compiling simba v0.8.1
[INFO] [stderr]    Compiling sp-runtime v29.0.0
[INFO] [stderr]    Compiling nalgebra-macros v0.2.1
[INFO] [stderr]    Compiling xcm-procedural v5.0.0
[INFO] [stderr]    Compiling derivative v2.2.0
[INFO] [stderr]    Compiling staging-xcm v5.0.0
[INFO] [stderr]    Compiling sp-version v27.0.0
[INFO] [stderr]    Compiling sp-inherents v24.0.0
[INFO] [stderr]    Compiling sp-staking v24.0.0
[INFO] [stderr]    Compiling sp-api v24.0.0
[INFO] [stderr]    Compiling polkadot-core-primitives v5.0.0
[INFO] [stderr]    Compiling sp-genesis-builder v0.5.0
[INFO] [stderr]    Compiling polkadot-parachain-primitives v4.0.0
[INFO] [stderr]    Compiling nalgebra v0.32.3
[INFO] [stderr]    Compiling frame-support v26.0.0
[INFO] [stderr]    Compiling linregress v0.5.3
[INFO] [stderr]    Compiling frame-system v26.0.0
[INFO] [stderr]    Compiling frame-benchmarking v26.0.0
[INFO] [stderr]    Compiling pallet-transaction-payment v26.0.0
[INFO] [stderr]    Compiling staging-xcm-executor v5.0.0
[INFO] [stderr]    Compiling staging-xcm-builder v5.0.0 (/opt/rustwide/workdir)
[INFO] [stdout] warning: unused implementer of `frame_support::traits::Imbalance` that must be used
[INFO] [stdout]    --> src/currency_adapter.rs:116:3
[INFO] [stdout]     |
[INFO] [stdout] 116 |         Currency::deposit_creating(&checked_account, amount);
[INFO] [stdout]     |         ^^^^^^^^^^^^^^^^^^^^^^^^^^^^^^^^^^^^^^^^^^^^^^^^^^^^
[INFO] [stdout]     |
[INFO] [stdout]     = note: `#[warn(unused_must_use)]` on by default
[INFO] [stdout] 
[INFO] [stdout] 
[INFO] [stdout] warning: unused implementer of `frame_support::traits::Imbalance` that must be used
[INFO] [stdout]    --> src/currency_adapter.rs:218:3
[INFO] [stdout]     |
[INFO] [stdout] 218 | /         Currency::withdraw(&who, amount, WithdrawReasons::TRANSFER, AllowDeath)
[INFO] [stdout] 219 | |             .map_err(|e| XcmError::FailedToTransactAsset(e.into()))?;
[INFO] [stdout]     | |____________________________________________________________________^
[INFO] [stdout] 
[INFO] [stdout] 
[INFO] [stdout] warning: 2 warnings emitted
[INFO] [stdout] 
[INFO] [stdout] 
[INFO] [stderr]     Finished dev [unoptimized + debuginfo] target(s) in 1m 04s
[INFO] running `Command { std: "docker" "inspect" "92b7ae789ce86dcbe97b8900c471c0de217bf8fc9f80c7843ab44dbd79266997", kill_on_drop: false }`
[INFO] running `Command { std: "docker" "rm" "-f" "92b7ae789ce86dcbe97b8900c471c0de217bf8fc9f80c7843ab44dbd79266997", kill_on_drop: false }`
[INFO] [stdout] 92b7ae789ce86dcbe97b8900c471c0de217bf8fc9f80c7843ab44dbd79266997
[INFO] running `Command { std: "docker" "create" "-v" "/var/lib/crater-agent-workspace/builds/worker-4-tc2/target:/opt/rustwide/target:rw,Z" "-v" "/var/lib/crater-agent-workspace/builds/worker-4-tc2/source:/opt/rustwide/workdir:ro,Z" "-v" "/var/lib/crater-agent-workspace/cargo-home:/opt/rustwide/cargo-home:ro,Z" "-v" "/var/lib/crater-agent-workspace/rustup-home:/opt/rustwide/rustup-home:ro,Z" "-e" "SOURCE_DIR=/opt/rustwide/workdir" "-e" "CARGO_TARGET_DIR=/opt/rustwide/target" "-e" "CARGO_INCREMENTAL=0" "-e" "RUST_BACKTRACE=full" "-e" "RUSTFLAGS=--cap-lints=warn" "-e" "RUSTDOCFLAGS=--cap-lints=warn" "-e" "CARGO_HOME=/opt/rustwide/cargo-home" "-e" "RUSTUP_HOME=/opt/rustwide/rustup-home" "-w" "/opt/rustwide/workdir" "-m" "1610612736" "--user" "0:0" "--network" "none" "ghcr.io/rust-lang/crates-build-env/linux@sha256:2788e3201cd34a07e3172128adcd8b3090168a8e3bcc40d7c032b9dda1df7d1c" "/opt/rustwide/cargo-home/bin/cargo" "+beta-2023-12-22" "test" "--frozen" "--no-run" "--message-format=json", kill_on_drop: false }`
[INFO] [stdout] f38acb4f2cc6634f983214456e5ff8447cd5ab536210c888b60bf49bb49e62a7
[INFO] running `Command { std: "docker" "start" "-a" "f38acb4f2cc6634f983214456e5ff8447cd5ab536210c888b60bf49bb49e62a7", kill_on_drop: false }`
[INFO] [stderr]    Compiling primitive-types v0.12.2
[INFO] [stderr]    Compiling assert_matches v1.5.0
[INFO] [stderr]    Compiling sp-runtime-interface v22.0.0
[INFO] [stderr]    Compiling sp-core v26.0.0
[INFO] [stderr]    Compiling sp-trie v27.0.0
[INFO] [stderr]    Compiling sp-keystore v0.32.0
[INFO] [stderr]    Compiling sp-weights v25.0.0
[INFO] [stderr]    Compiling staging-xcm v5.0.0
[INFO] [stderr]    Compiling sp-state-machine v0.33.0
[INFO] [stderr]    Compiling sp-io v28.0.0
[INFO] [stderr]    Compiling sp-application-crypto v28.0.0
[INFO] [stderr]    Compiling sp-runtime v29.0.0
[INFO] [stderr]    Compiling sp-version v27.0.0
[INFO] [stderr]    Compiling sp-staking v24.0.0
[INFO] [stderr]    Compiling sp-inherents v24.0.0
[INFO] [stderr]    Compiling polkadot-core-primitives v5.0.0
[INFO] [stderr]    Compiling polkadot-parachain-primitives v4.0.0
[INFO] [stderr]    Compiling sp-api v24.0.0
[INFO] [stderr]    Compiling sp-genesis-builder v0.5.0
[INFO] [stderr]    Compiling frame-support v26.0.0
[INFO] [stderr]    Compiling frame-system v26.0.0
[INFO] [stderr]    Compiling frame-benchmarking v26.0.0
[INFO] [stderr]    Compiling pallet-transaction-payment v26.0.0
[INFO] [stderr]    Compiling staging-xcm-executor v5.0.0
[INFO] [stderr]    Compiling staging-xcm-builder v5.0.0 (/opt/rustwide/workdir)
[INFO] [stdout] warning: unused implementer of `frame_support::traits::Imbalance` that must be used
[INFO] [stdout]    --> src/currency_adapter.rs:116:3
[INFO] [stdout]     |
[INFO] [stdout] 116 |         Currency::deposit_creating(&checked_account, amount);
[INFO] [stdout]     |         ^^^^^^^^^^^^^^^^^^^^^^^^^^^^^^^^^^^^^^^^^^^^^^^^^^^^
[INFO] [stdout]     |
[INFO] [stdout]     = note: `#[warn(unused_must_use)]` on by default
[INFO] [stdout] 
[INFO] [stdout] 
[INFO] [stdout] warning: unused implementer of `frame_support::traits::Imbalance` that must be used
[INFO] [stdout]    --> src/currency_adapter.rs:218:3
[INFO] [stdout]     |
[INFO] [stdout] 218 | /         Currency::withdraw(&who, amount, WithdrawReasons::TRANSFER, AllowDeath)
[INFO] [stdout] 219 | |             .map_err(|e| XcmError::FailedToTransactAsset(e.into()))?;
[INFO] [stdout]     | |____________________________________________________________________^
[INFO] [stdout] 
[INFO] [stdout] 
[INFO] [stdout] warning: 2 warnings emitted
[INFO] [stdout] 
[INFO] [stdout] 
[INFO] [stdout] error[E0432]: unresolved import `polkadot_runtime_parachains`
[INFO] [stdout]   --> tests/mock/mod.rs:29:5
[INFO] [stdout]    |
[INFO] [stdout] 29 | use polkadot_runtime_parachains::{configuration, origin, shared};
[INFO] [stdout]    |     ^^^^^^^^^^^^^^^^^^^^^^^^^^^ use of undeclared crate or module `polkadot_runtime_parachains`
[INFO] [stdout] 
[INFO] [stdout] 
[INFO] [stdout] error[E0432]: unresolved imports `mock::Balances`, `mock::System`
[INFO] [stdout]   --> tests/scenarios.rs:20:68
[INFO] [stdout]    |
[INFO] [stdout] 20 |     fake_message_hash, kusama_like_with_balances, AccountId, Balance, Balances, BaseXcmWeight,
[INFO] [stdout]    |                                                                       ^^^^^^^^
[INFO] [stdout]    |                                                                       |
[INFO] [stdout]    |                                                                       no `Balances` in `mock`
[INFO] [stdout]    |                                                                       help: a similar name exists in the module: `Balance`
[INFO] [stdout] 21 |     System, XcmConfig, CENTS,
[INFO] [stdout]    |     ^^^^^^ no `System` in `mock`
[INFO] [stdout]    |
[INFO] [stdout]    = help: consider importing one of these items instead:
[INFO] [stdout]            parity_scale_codec::alloc::alloc::System
[INFO] [stdout]            sp_std::alloc::System
[INFO] [stdout]            std::alloc::System
[INFO] [stdout] 
[INFO] [stdout] 
[INFO] [stdout] error[E0433]: failed to resolve: use of undeclared crate or module `pallet_xcm`
[INFO] [stdout]    --> tests/mock/mod.rs:250:14
[INFO] [stdout]     |
[INFO] [stdout] 250 |         XcmPallet: pallet_xcm::{Pallet, Call, Storage, Event<T>, Origin},
[INFO] [stdout]     |                    ^^^^^^^^^^ use of undeclared crate or module `pallet_xcm`
[INFO] [stdout] 
[INFO] [stdout] 
[INFO] [stdout] error[E0432]: unresolved import `primitives`
[INFO] [stdout]    --> src/location_conversion.rs:479:6
[INFO] [stdout]     |
[INFO] [stdout] 479 |     use primitives::AccountId;
[INFO] [stdout]     |         ^^^^^^^^^^ help: a similar path exists: `polkadot_parachain_primitives::primitives`
[INFO] [stdout] 
[INFO] [stdout] 
[INFO] [stdout] error[E0432]: unresolved import `polkadot_test_runtime`
[INFO] [stdout]   --> src/process_xcm_message.rs:77:6
[INFO] [stdout]    |
[INFO] [stdout] 77 |     use polkadot_test_runtime::*;
[INFO] [stdout]    |         ^^^^^^^^^^^^^^^^^^^^^ use of undeclared crate or module `polkadot_test_runtime`
[INFO] [stdout] 
[INFO] [stdout] 
[INFO] [stdout] error[E0432]: unresolved import `polkadot_test_runtime`
[INFO] [stdout]   --> src/tests/pay/mock.rs:28:5
[INFO] [stdout]    |
[INFO] [stdout] 28 | use polkadot_test_runtime::SignedExtra;
[INFO] [stdout]    |     ^^^^^^^^^^^^^^^^^^^^^ use of undeclared crate or module `polkadot_test_runtime`
[INFO] [stdout] 
[INFO] [stdout] 
[INFO] [stdout] error[E0432]: unresolved import `primitives`
[INFO] [stdout]   --> src/tests/pay/mock.rs:29:5
[INFO] [stdout]    |
[INFO] [stdout] 29 | use primitives::{AccountIndex, BlakeTwo256, Signature};
[INFO] [stdout]    |     ^^^^^^^^^^ help: a similar path exists: `polkadot_parachain_primitives::primitives`
[INFO] [stdout] 
[INFO] [stdout] 
[INFO] [stdout] error[E0433]: failed to resolve: use of undeclared crate or module `pallet_xcm`
[INFO] [stdout]   --> src/tests/pay/mock.rs:48:14
[INFO] [stdout]    |
[INFO] [stdout] 48 |         XcmPallet: pallet_xcm,
[INFO] [stdout]    |                    ^^^^^^^^^^ use of undeclared crate or module `pallet_xcm`
[INFO] [stdout] 
[INFO] [stdout] 
[INFO] [stdout] error[E0412]: cannot find type `Runtime` in this scope
[INFO] [stdout]   --> tests/mock/mod.rs:79:31
[INFO] [stdout]    |
[INFO] [stdout] 79 | impl frame_system::Config for Runtime {
[INFO] [stdout]    |                               ^^^^^^^ not found in this scope
[INFO] [stdout] 
[INFO] [stdout] 
[INFO] [stdout] error[E0412]: cannot find type `RuntimeOrigin` in this scope
[INFO] [stdout]   --> tests/mock/mod.rs:80:23
[INFO] [stdout]    |
[INFO] [stdout] 80 |     type RuntimeOrigin = RuntimeOrigin;
[INFO] [stdout]    |                          ^^^^^^^^^^^^^
[INFO] [stdout]    |
[INFO] [stdout] help: you might have meant to use the associated type
[INFO] [stdout]    |
[INFO] [stdout] 80 |     type RuntimeOrigin = Self::RuntimeOrigin;
[INFO] [stdout]    |                          ++++++
[INFO] [stdout] 
[INFO] [stdout] 
[INFO] [stdout] error[E0412]: cannot find type `RuntimeCall` in this scope
[INFO] [stdout]   --> tests/mock/mod.rs:81:21
[INFO] [stdout]    |
[INFO] [stdout] 81 |     type RuntimeCall = RuntimeCall;
[INFO] [stdout]    |                        ^^^^^^^^^^^
[INFO] [stdout]    |
[INFO] [stdout] help: you might have meant to use the associated type
[INFO] [stdout]    |
[INFO] [stdout] 81 |     type RuntimeCall = Self::RuntimeCall;
[INFO] [stdout]    |                        ++++++
[INFO] [stdout] 
[INFO] [stdout] 
[INFO] [stdout] error[E0412]: cannot find type `RuntimeEvent` in this scope
[INFO] [stdout]   --> tests/mock/mod.rs:88:22
[INFO] [stdout]    |
[INFO] [stdout] 88 |     type RuntimeEvent = RuntimeEvent;
[INFO] [stdout]    |                         ^^^^^^^^^^^^
[INFO] [stdout]    |
[INFO] [stdout] help: you might have meant to use the associated type
[INFO] [stdout]    |
[INFO] [stdout] 88 |     type RuntimeEvent = Self::RuntimeEvent;
[INFO] [stdout]    |                         ++++++
[INFO] [stdout] 
[INFO] [stdout] 
[INFO] [stdout] error[E0412]: cannot find type `Runtime` in this scope
[INFO] [stdout]    --> tests/mock/mod.rs:111:34
[INFO] [stdout]     |
[INFO] [stdout] 111 | impl pallet_balances::Config for Runtime {
[INFO] [stdout]     |                                  ^^^^^^^ not found in this scope
[INFO] [stdout] 
[INFO] [stdout] 
[INFO] [stdout] error[E0412]: cannot find type `RuntimeEvent` in this scope
[INFO] [stdout]    --> tests/mock/mod.rs:114:22
[INFO] [stdout]     |
[INFO] [stdout] 114 |     type RuntimeEvent = RuntimeEvent;
[INFO] [stdout]     |                         ^^^^^^^^^^^^ not found in this scope
[INFO] [stdout] 
[INFO] [stdout] 
[INFO] [stdout] error[E0412]: cannot find type `System` in this scope
[INFO] [stdout]    --> tests/mock/mod.rs:117:22
[INFO] [stdout]     |
[INFO] [stdout] 117 |     type AccountStore = System;
[INFO] [stdout]     |                         ^^^^^^ not found in this scope
[INFO] [stdout]     |
[INFO] [stdout] help: consider importing one of these items
[INFO] [stdout]     |
[INFO] [stdout] 17  + use parity_scale_codec::alloc::alloc::System;
[INFO] [stdout]     |
[INFO] [stdout] 17  + use sp_std::alloc::System;
[INFO] [stdout]     |
[INFO] [stdout] 17  + use std::alloc::System;
[INFO] [stdout]     |
[INFO] [stdout] 
[INFO] [stdout] 
[INFO] [stdout] error[E0412]: cannot find type `RuntimeHoldReason` in this scope
[INFO] [stdout]    --> tests/mock/mod.rs:121:27
[INFO] [stdout]     |
[INFO] [stdout] 121 |     type RuntimeHoldReason = RuntimeHoldReason;
[INFO] [stdout]     |                              ^^^^^^^^^^^^^^^^^ not found in this scope
[INFO] [stdout] 
[INFO] [stdout] 
[INFO] [stdout] error[E0412]: cannot find type `RuntimeFreezeReason` in this scope
[INFO] [stdout]    --> tests/mock/mod.rs:122:29
[INFO] [stdout]     |
[INFO] [stdout] 122 |     type RuntimeFreezeReason = RuntimeFreezeReason;
[INFO] [stdout]     |                                ^^^^^^^^^^^^^^^^^^^ not found in this scope
[INFO] [stdout] 
[INFO] [stdout] 
[INFO] [stdout] error[E0412]: cannot find type `Runtime` in this scope
[INFO] [stdout]    --> tests/mock/mod.rs:128:25
[INFO] [stdout]     |
[INFO] [stdout] 128 | impl shared::Config for Runtime {}
[INFO] [stdout]     |                         ^^^^^^^ not found in this scope
[INFO] [stdout] 
[INFO] [stdout] 
[INFO] [stdout] error[E0412]: cannot find type `Runtime` in this scope
[INFO] [stdout]    --> tests/mock/mod.rs:130:32
[INFO] [stdout]     |
[INFO] [stdout] 130 | impl configuration::Config for Runtime {
[INFO] [stdout]     |                                ^^^^^^^ not found in this scope
[INFO] [stdout] 
[INFO] [stdout] 
[INFO] [stdout] error[E0412]: cannot find type `Balances` in this scope
[INFO] [stdout]    --> tests/mock/mod.rs:146:2
[INFO] [stdout]     |
[INFO] [stdout] 44  | pub type Balance = u128;
[INFO] [stdout]     | ------------------------ similarly named type alias `Balance` defined here
[INFO] [stdout] ...
[INFO] [stdout] 146 |     Balances,
[INFO] [stdout]     |     ^^^^^^^^
[INFO] [stdout]     |
[INFO] [stdout] help: a type alias with a similar name exists
[INFO] [stdout]     |
[INFO] [stdout] 146 |     Balance,
[INFO] [stdout]     |     ~~~~~~~
[INFO] [stdout] help: you might be missing a type parameter
[INFO] [stdout]     |
[INFO] [stdout] 145 | pub type LocalCurrencyAdapter<Balances> = XcmCurrencyAdapter<
[INFO] [stdout]     |                              ++++++++++
[INFO] [stdout] 
[INFO] [stdout] 
[INFO] [stdout] error[E0412]: cannot find type `RuntimeOrigin` in this scope
[INFO] [stdout]    --> tests/mock/mod.rs:156:49
[INFO] [stdout]     |
[INFO] [stdout] 156 |     SovereignSignedViaLocation<SovereignAccountOf, RuntimeOrigin>,
[INFO] [stdout]     |                                                    ^^^^^^^^^^^^^ not found in this scope
[INFO] [stdout]     |
[INFO] [stdout] help: you might be missing a type parameter
[INFO] [stdout]     |
[INFO] [stdout] 155 | type LocalOriginConverter<RuntimeOrigin> = (
[INFO] [stdout]     |                          +++++++++++++++
[INFO] [stdout] 
[INFO] [stdout] 
[INFO] [stdout] error[E0412]: cannot find type `RuntimeOrigin` in this scope
[INFO] [stdout]    --> tests/mock/mod.rs:157:41
[INFO] [stdout]     |
[INFO] [stdout] 157 |     ChildParachainAsNative<origin::Origin, RuntimeOrigin>,
[INFO] [stdout]     |                                            ^^^^^^^^^^^^^ not found in this scope
[INFO] [stdout]     |
[INFO] [stdout] help: you might be missing a type parameter
[INFO] [stdout]     |
[INFO] [stdout] 155 | type LocalOriginConverter<RuntimeOrigin> = (
[INFO] [stdout]     |                          +++++++++++++++
[INFO] [stdout] 
[INFO] [stdout] 
[INFO] [stdout] error[E0412]: cannot find type `RuntimeOrigin` in this scope
[INFO] [stdout]    --> tests/mock/mod.rs:158:43
[INFO] [stdout]     |
[INFO] [stdout] 158 |     SignedAccountId32AsNative<KusamaNetwork, RuntimeOrigin>,
[INFO] [stdout]     |                                              ^^^^^^^^^^^^^ not found in this scope
[INFO] [stdout]     |
[INFO] [stdout] help: you might be missing a type parameter
[INFO] [stdout]     |
[INFO] [stdout] 155 | type LocalOriginConverter<RuntimeOrigin> = (
[INFO] [stdout]     |                          +++++++++++++++
[INFO] [stdout] 
[INFO] [stdout] 
[INFO] [stdout] error[E0412]: cannot find type `RuntimeOrigin` in this scope
[INFO] [stdout]    --> tests/mock/mod.rs:159:42
[INFO] [stdout]     |
[INFO] [stdout] 159 |     ChildSystemParachainAsSuperuser<ParaId, RuntimeOrigin>,
[INFO] [stdout]     |                                             ^^^^^^^^^^^^^ not found in this scope
[INFO] [stdout]     |
[INFO] [stdout] help: you might be missing a type parameter
[INFO] [stdout]     |
[INFO] [stdout] 155 | type LocalOriginConverter<RuntimeOrigin> = (
[INFO] [stdout]     |                          +++++++++++++++
[INFO] [stdout] 
[INFO] [stdout] 
[INFO] [stdout] error[E0412]: cannot find type `RuntimeCall` in this scope
[INFO] [stdout]    --> tests/mock/mod.rs:185:21
[INFO] [stdout]     |
[INFO] [stdout] 185 |     type RuntimeCall = RuntimeCall;
[INFO] [stdout]     |                        ^^^^^^^^^^^
[INFO] [stdout]     |
[INFO] [stdout] help: you might have meant to use the associated type
[INFO] [stdout]     |
[INFO] [stdout] 185 |     type RuntimeCall = Self::RuntimeCall;
[INFO] [stdout]     |                        ++++++
[INFO] [stdout] 
[INFO] [stdout] 
[INFO] [stdout] error[E0412]: cannot find type `XcmPallet` in this scope
[INFO] [stdout]    --> tests/mock/mod.rs:192:44
[INFO] [stdout]     |
[INFO] [stdout] 192 |     type Barrier = RespectSuspension<Barrier, XcmPallet>;
[INFO] [stdout]     |                                               ^^^^^^^^^ not found in this scope
[INFO] [stdout]     |
[INFO] [stdout] help: you might be missing a type parameter
[INFO] [stdout]     |
[INFO] [stdout] 184 | impl<XcmPallet> xcm_executor::Config for XcmConfig {
[INFO] [stdout]     |     +++++++++++
[INFO] [stdout] 
[INFO] [stdout] 
[INFO] [stdout] error[E0412]: cannot find type `RuntimeCall` in this scope
[INFO] [stdout]    --> tests/mock/mod.rs:193:50
[INFO] [stdout]     |
[INFO] [stdout] 193 |     type Weigher = FixedWeightBounds<BaseXcmWeight, RuntimeCall, MaxInstructions>;
[INFO] [stdout]     |                                                     ^^^^^^^^^^^
[INFO] [stdout]     |
[INFO] [stdout] help: you might have meant to use the associated type
[INFO] [stdout]     |
[INFO] [stdout] 193 |     type Weigher = FixedWeightBounds<BaseXcmWeight, Self::RuntimeCall, MaxInstructions>;
[INFO] [stdout]     |                                                     ++++++
[INFO] [stdout] help: you might be missing a type parameter
[INFO] [stdout]     |
[INFO] [stdout] 184 | impl<RuntimeCall> xcm_executor::Config for XcmConfig {
[INFO] [stdout]     |     +++++++++++++
[INFO] [stdout] 
[INFO] [stdout] 
[INFO] [stdout] error[E0412]: cannot find type `XcmPallet` in this scope
[INFO] [stdout]    --> tests/mock/mod.rs:195:25
[INFO] [stdout]     |
[INFO] [stdout] 195 |     type ResponseHandler = XcmPallet;
[INFO] [stdout]     |                            ^^^^^^^^^ not found in this scope
[INFO] [stdout] 
[INFO] [stdout] 
[INFO] [stdout] error[E0412]: cannot find type `XcmPallet` in this scope
[INFO] [stdout]    --> tests/mock/mod.rs:196:19
[INFO] [stdout]     |
[INFO] [stdout] 196 |     type AssetTrap = XcmPallet;
[INFO] [stdout]     |                      ^^^^^^^^^ not found in this scope
[INFO] [stdout] 
[INFO] [stdout] 
[INFO] [stdout] error[E0412]: cannot find type `XcmPallet` in this scope
[INFO] [stdout]    --> tests/mock/mod.rs:199:21
[INFO] [stdout]     |
[INFO] [stdout] 199 |     type AssetClaims = XcmPallet;
[INFO] [stdout]     |                        ^^^^^^^^^ not found in this scope
[INFO] [stdout] 
[INFO] [stdout] 
[INFO] [stdout] error[E0412]: cannot find type `XcmPallet` in this scope
[INFO] [stdout]    --> tests/mock/mod.rs:200:29
[INFO] [stdout]     |
[INFO] [stdout] 200 |     type SubscriptionService = XcmPallet;
[INFO] [stdout]     |                                ^^^^^^^^^ not found in this scope
[INFO] [stdout] 
[INFO] [stdout] 
[INFO] [stdout] error[E0412]: cannot find type `AllPalletsWithSystem` in this scope
[INFO] [stdout]    --> tests/mock/mod.rs:201:29
[INFO] [stdout]     |
[INFO] [stdout] 201 |     type PalletInstancesInfo = AllPalletsWithSystem;
[INFO] [stdout]     |                                ^^^^^^^^^^^^^^^^^^^^ not found in this scope
[INFO] [stdout] 
[INFO] [stdout] 
[INFO] [stdout] error[E0412]: cannot find type `RuntimeCall` in this scope
[INFO] [stdout]    --> tests/mock/mod.rs:206:24
[INFO] [stdout]     |
[INFO] [stdout] 206 |     type CallDispatcher = RuntimeCall;
[INFO] [stdout]     |                           ^^^^^^^^^^^
[INFO] [stdout]     |
[INFO] [stdout] help: you might have meant to use the associated type
[INFO] [stdout]     |
[INFO] [stdout] 206 |     type CallDispatcher = Self::RuntimeCall;
[INFO] [stdout]     |                           ++++++
[INFO] [stdout] 
[INFO] [stdout] 
[INFO] [stdout] error[E0412]: cannot find type `RuntimeOrigin` in this scope
[INFO] [stdout]    --> tests/mock/mod.rs:211:54
[INFO] [stdout]     |
[INFO] [stdout] 211 | pub type LocalOriginToLocation = SignedToAccountId32<RuntimeOrigin, AccountId, KusamaNetwork>;
[INFO] [stdout]     |                                                      ^^^^^^^^^^^^^ not found in this scope
[INFO] [stdout]     |
[INFO] [stdout] help: you might be missing a type parameter
[INFO] [stdout]     |
[INFO] [stdout] 211 | pub type LocalOriginToLocation<RuntimeOrigin> = SignedToAccountId32<RuntimeOrigin, AccountId, KusamaNetwork>;
[INFO] [stdout]     |                               +++++++++++++++
[INFO] [stdout] 
[INFO] [stdout] 
[INFO] [stdout] error[E0412]: cannot find type `Runtime` in this scope
[INFO] [stdout]    --> tests/mock/mod.rs:213:29
[INFO] [stdout]     |
[INFO] [stdout] 213 | impl pallet_xcm::Config for Runtime {
[INFO] [stdout]     |                             ^^^^^^^ not found in this scope
[INFO] [stdout] 
[INFO] [stdout] 
[INFO] [stdout] error[E0412]: cannot find type `RuntimeEvent` in this scope
[INFO] [stdout]    --> tests/mock/mod.rs:214:22
[INFO] [stdout]     |
[INFO] [stdout] 214 |     type RuntimeEvent = RuntimeEvent;
[INFO] [stdout]     |                         ^^^^^^^^^^^^ not found in this scope
[INFO] [stdout] 
[INFO] [stdout] 
[INFO] [stdout] error[E0412]: cannot find type `RuntimeOrigin` in this scope
[INFO] [stdout]    --> tests/mock/mod.rs:216:52
[INFO] [stdout]     |
[INFO] [stdout] 216 |     type SendXcmOrigin = xcm_builder::EnsureXcmOrigin<RuntimeOrigin, LocalOriginToLocation>;
[INFO] [stdout]     |                                                       ^^^^^^^^^^^^^ not found in this scope
[INFO] [stdout]     |
[INFO] [stdout] help: you might be missing a type parameter
[INFO] [stdout]     |
[INFO] [stdout] 213 | impl<RuntimeOrigin> pallet_xcm::Config for Runtime {
[INFO] [stdout]     |     +++++++++++++++
[INFO] [stdout] 
[INFO] [stdout] 
[INFO] [stdout] error[E0412]: cannot find type `RuntimeOrigin` in this scope
[INFO] [stdout]    --> tests/mock/mod.rs:219:55
[INFO] [stdout]     |
[INFO] [stdout] 219 |     type ExecuteXcmOrigin = xcm_builder::EnsureXcmOrigin<RuntimeOrigin, LocalOriginToLocation>;
[INFO] [stdout]     |                                                          ^^^^^^^^^^^^^ not found in this scope
[INFO] [stdout]     |
[INFO] [stdout] help: you might be missing a type parameter
[INFO] [stdout]     |
[INFO] [stdout] 213 | impl<RuntimeOrigin> pallet_xcm::Config for Runtime {
[INFO] [stdout]     |     +++++++++++++++
[INFO] [stdout] 
[INFO] [stdout] 
[INFO] [stdout] error[E0412]: cannot find type `RuntimeCall` in this scope
[INFO] [stdout]    --> tests/mock/mod.rs:224:50
[INFO] [stdout]     |
[INFO] [stdout] 224 |     type Weigher = FixedWeightBounds<BaseXcmWeight, RuntimeCall, MaxInstructions>;
[INFO] [stdout]     |                                                     ^^^^^^^^^^^ not found in this scope
[INFO] [stdout]     |
[INFO] [stdout] help: you might be missing a type parameter
[INFO] [stdout]     |
[INFO] [stdout] 213 | impl<RuntimeCall> pallet_xcm::Config for Runtime {
[INFO] [stdout]     |     +++++++++++++
[INFO] [stdout] 
[INFO] [stdout] 
[INFO] [stdout] error[E0412]: cannot find type `RuntimeCall` in this scope
[INFO] [stdout]    --> tests/mock/mod.rs:225:21
[INFO] [stdout]     |
[INFO] [stdout] 225 |     type RuntimeCall = RuntimeCall;
[INFO] [stdout]     |                        ^^^^^^^^^^^ not found in this scope
[INFO] [stdout] 
[INFO] [stdout] 
[INFO] [stdout] error[E0412]: cannot find type `RuntimeOrigin` in this scope
[INFO] [stdout]    --> tests/mock/mod.rs:226:23
[INFO] [stdout]     |
[INFO] [stdout] 226 |     type RuntimeOrigin = RuntimeOrigin;
[INFO] [stdout]     |                          ^^^^^^^^^^^^^ not found in this scope
[INFO] [stdout] 
[INFO] [stdout] 
[INFO] [stdout] error[E0412]: cannot find type `Balances` in this scope
[INFO] [stdout]    --> tests/mock/mod.rs:231:18
[INFO] [stdout]     |
[INFO] [stdout] 44  | pub type Balance = u128;
[INFO] [stdout]     | ------------------------ similarly named type alias `Balance` defined here
[INFO] [stdout] ...
[INFO] [stdout] 231 |     type Currency = Balances;
[INFO] [stdout]     |                     ^^^^^^^^ help: a type alias with a similar name exists: `Balance`
[INFO] [stdout] 
[INFO] [stdout] 
[INFO] [stdout] error[E0412]: cannot find type `Runtime` in this scope
[INFO] [stdout]    --> tests/mock/mod.rs:240:25
[INFO] [stdout]     |
[INFO] [stdout] 240 | impl origin::Config for Runtime {}
[INFO] [stdout]     |                         ^^^^^^^ not found in this scope
[INFO] [stdout] 
[INFO] [stdout] 
[INFO] [stdout] error[E0412]: cannot find type `Runtime` in this scope
[INFO] [stdout]    --> tests/mock/mod.rs:242:47
[INFO] [stdout]     |
[INFO] [stdout] 242 | type Block = frame_system::mocking::MockBlock<Runtime>;
[INFO] [stdout]     |                                               ^^^^^^^ not found in this scope
[INFO] [stdout]     |
[INFO] [stdout] help: you might be missing a type parameter
[INFO] [stdout]     |
[INFO] [stdout] 242 | type Block<Runtime> = frame_system::mocking::MockBlock<Runtime>;
[INFO] [stdout]     |           +++++++++
[INFO] [stdout] 
[INFO] [stdout] 
[INFO] [stdout] error[E0412]: cannot find type `Runtime` in this scope
[INFO] [stdout]    --> tests/mock/mod.rs:255:44
[INFO] [stdout]     |
[INFO] [stdout] 255 |     let mut t = frame_system::GenesisConfig::<Runtime>::default().build_storage().unwrap();
[INFO] [stdout]     |                                               ^^^^^^^ not found in this scope
[INFO] [stdout]     |
[INFO] [stdout] help: you might be missing a type parameter
[INFO] [stdout]     |
[INFO] [stdout] 254 | pub fn kusama_like_with_balances<Runtime>(balances: Vec<(AccountId, Balance)>) -> sp_io::TestExternalities {
[INFO] [stdout]     |                                 +++++++++
[INFO] [stdout] 
[INFO] [stdout] 
[INFO] [stdout] error[E0412]: cannot find type `Runtime` in this scope
[INFO] [stdout]    --> tests/mock/mod.rs:257:35
[INFO] [stdout]     |
[INFO] [stdout] 257 |     pallet_balances::GenesisConfig::<Runtime> { balances }
[INFO] [stdout]     |                                      ^^^^^^^ not found in this scope
[INFO] [stdout]     |
[INFO] [stdout] help: you might be missing a type parameter
[INFO] [stdout]     |
[INFO] [stdout] 254 | pub fn kusama_like_with_balances<Runtime>(balances: Vec<(AccountId, Balance)>) -> sp_io::TestExternalities {
[INFO] [stdout]     |                                 +++++++++
[INFO] [stdout] 
[INFO] [stdout] 
[INFO] [stdout] error[E0433]: failed to resolve: use of undeclared type `System`
[INFO] [stdout]    --> tests/mock/mod.rs:262:22
[INFO] [stdout]     |
[INFO] [stdout] 262 |     ext.execute_with(|| System::set_block_number(1));
[INFO] [stdout]     |                         ^^^^^^ use of undeclared type `System`
[INFO] [stdout]     |
[INFO] [stdout] help: consider importing one of these items
[INFO] [stdout]     |
[INFO] [stdout] 17  + use parity_scale_codec::alloc::alloc::System;
[INFO] [stdout]     |
[INFO] [stdout] 17  + use sp_std::alloc::System;
[INFO] [stdout]     |
[INFO] [stdout] 17  + use std::alloc::System;
[INFO] [stdout]     |
[INFO] [stdout] 
[INFO] [stdout] 
[INFO] [stdout] error[E0433]: failed to resolve: use of undeclared crate or module `pallet_balances`
[INFO] [stdout]   --> tests/scenarios.rs:92:4
[INFO] [stdout]    |
[INFO] [stdout] 92 |             pallet_balances::Event::Transfer { from: ALICE, to: bob.clone(), amount }.into(),
[INFO] [stdout]    |             ^^^^^^^^^^^^^^^ use of undeclared crate or module `pallet_balances`
[INFO] [stdout]    |
[INFO] [stdout] help: consider importing one of these items
[INFO] [stdout]    |
[INFO] [stdout] 19 + use frame_system::Event;
[INFO] [stdout]    |
[INFO] [stdout] 19 + use pallet_transaction_payment::Event;
[INFO] [stdout]    |
[INFO] [stdout] help: if you import `Event`, refer to it directly
[INFO] [stdout]    |
[INFO] [stdout] 92 -             pallet_balances::Event::Transfer { from: ALICE, to: bob.clone(), amount }.into(),
[INFO] [stdout] 92 +             Event::Transfer { from: ALICE, to: bob.clone(), amount }.into(),
[INFO] [stdout]    |
[INFO] [stdout] 
[INFO] [stdout] 
[INFO] [stdout] error[E0433]: failed to resolve: use of undeclared crate or module `pallet_balances`
[INFO] [stdout]   --> tests/mock/mod.rs:94:21
[INFO] [stdout]    |
[INFO] [stdout] 94 |     type AccountData = pallet_balances::AccountData<Balance>;
[INFO] [stdout]    |                        ^^^^^^^^^^^^^^^ use of undeclared crate or module `pallet_balances`
[INFO] [stdout] 
[INFO] [stdout] 
[INFO] [stdout] error[E0433]: failed to resolve: use of undeclared crate or module `pallet_balances`
[INFO] [stdout]    --> tests/mock/mod.rs:111:6
[INFO] [stdout]     |
[INFO] [stdout] 111 | impl pallet_balances::Config for Runtime {
[INFO] [stdout]     |      ^^^^^^^^^^^^^^^ use of undeclared crate or module `pallet_balances`
[INFO] [stdout] 
[INFO] [stdout] 
[INFO] [stdout] error[E0433]: failed to resolve: use of undeclared type `XcmPallet`
[INFO] [stdout]    --> tests/mock/mod.rs:139:49
[INFO] [stdout]     |
[INFO] [stdout] 139 |     pub CheckAccount: (AccountId, MintLocation) = (XcmPallet::check_account(), MintLocation::Local);
[INFO] [stdout]     |                                                    ^^^^^^^^^ use of undeclared type `XcmPallet`
[INFO] [stdout] 
[INFO] [stdout] 
[INFO] [stdout] error[E0433]: failed to resolve: use of undeclared crate or module `pallet_xcm`
[INFO] [stdout]    --> tests/mock/mod.rs:213:6
[INFO] [stdout]     |
[INFO] [stdout] 213 | impl pallet_xcm::Config for Runtime {
[INFO] [stdout]     |      ^^^^^^^^^^ use of undeclared crate or module `pallet_xcm`
[INFO] [stdout] 
[INFO] [stdout] 
[INFO] [stdout] error[E0433]: failed to resolve: use of undeclared crate or module `pallet_xcm`
[INFO] [stdout]    --> tests/mock/mod.rs:228:30
[INFO] [stdout]     |
[INFO] [stdout] 228 |     type AdvertisedXcmVersion = pallet_xcm::CurrentXcmVersion;
[INFO] [stdout]     |                                 ^^^^^^^^^^ use of undeclared crate or module `pallet_xcm`
[INFO] [stdout] 
[INFO] [stdout] 
[INFO] [stdout] error[E0433]: failed to resolve: use of undeclared crate or module `pallet_xcm`
[INFO] [stdout]    --> tests/mock/mod.rs:236:20
[INFO] [stdout]     |
[INFO] [stdout] 236 |     type WeightInfo = pallet_xcm::TestWeightInfo;
[INFO] [stdout]     |                       ^^^^^^^^^^ use of undeclared crate or module `pallet_xcm`
[INFO] [stdout] 
[INFO] [stdout] 
[INFO] [stdout] error[E0433]: failed to resolve: use of undeclared crate or module `pallet_balances`
[INFO] [stdout]    --> tests/mock/mod.rs:257:2
[INFO] [stdout]     |
[INFO] [stdout] 257 |     pallet_balances::GenesisConfig::<Runtime> { balances }
[INFO] [stdout]     |     ^^^^^^^^^^^^^^^ use of undeclared crate or module `pallet_balances`
[INFO] [stdout] 
[INFO] [stdout] 
[INFO] [stdout] error: aborting due to 50 previous errors
[INFO] [stdout] 
[INFO] [stdout] 
[INFO] [stdout] Some errors have detailed explanations: E0412, E0432, E0433.
[INFO] [stdout] 
[INFO] [stdout] For more information about an error, try `rustc --explain E0412`.
[INFO] [stdout] 
[INFO] [stderr] error: could not compile `staging-xcm-builder` (test "scenarios") due to 51 previous errors
[INFO] [stderr] warning: build failed, waiting for other jobs to finish...
[INFO] [stdout] error[E0412]: cannot find type `RuntimeCall` in this scope
[INFO] [stdout]   --> src/tests/pay/mock.rs:35:39
[INFO] [stdout]    |
[INFO] [stdout] 35 |     generic::UncheckedExtrinsic<Address, RuntimeCall, Signature, SignedExtra>;
[INFO] [stdout]    |                                          ^^^^^^^^^^^ not found in this scope
[INFO] [stdout]    |
[INFO] [stdout] help: you might be missing a type parameter
[INFO] [stdout]    |
[INFO] [stdout] 34 | pub type UncheckedExtrinsic<RuntimeCall> =
[INFO] [stdout]    |                            +++++++++++++
[INFO] [stdout] 
[INFO] [stdout] 
[INFO] [stdout] error[E0412]: cannot find type `Test` in this scope
[INFO] [stdout]   --> src/tests/pay/mock.rs:53:31
[INFO] [stdout]    |
[INFO] [stdout] 53 | impl frame_system::Config for Test {
[INFO] [stdout]    |                               ^^^^ not found in this scope
[INFO] [stdout] 
[INFO] [stdout] 
[INFO] [stdout] error[E0412]: cannot find type `RuntimeEvent` in this scope
[INFO] [stdout]   --> src/tests/pay/mock.rs:52:1
[INFO] [stdout]    |
[INFO] [stdout] 52 | #[derive_impl(frame_system::config_preludes::TestDefaultConfig as frame_system::DefaultConfig)]
[INFO] [stdout]    | ^^^^^^^^^^^^^^^^^^^^^^^^^^^^^^^^^^^^^^^^^^^^^^^^^^^^^^^^^^^^^^^^^^^^^^^^^^^^^^^^^^^^^^^^^^^^^^^
[INFO] [stdout]    |
[INFO] [stdout]    = note: this error originates in the macro `frame_system::config_preludes::TestDefaultConfig` which comes from the expansion of the macro `frame_support::macro_magic::forward_tokens_verbatim` (in Nightly builds, run with -Z macro-backtrace for more info)
[INFO] [stdout] help: you might have meant to use the associated type
[INFO] [stdout]   --> /opt/rustwide/cargo-home/registry/src/index.crates.io-6f17d22bba15001f/frame-system-26.0.0/src/lib.rs:236:9
[INFO] [stdout]    |
[INFO] [stdout] 236|             type Self::RuntimeEvent = ();
[INFO] [stdout]    |                  ++++++
[INFO] [stdout] 
[INFO] [stdout] 
[INFO] [stdout] error[E0412]: cannot find type `RuntimeOrigin` in this scope
[INFO] [stdout]   --> src/tests/pay/mock.rs:52:1
[INFO] [stdout]    |
[INFO] [stdout] 52 | #[derive_impl(frame_system::config_preludes::TestDefaultConfig as frame_system::DefaultConfig)]
[INFO] [stdout]    | ^^^^^^^^^^^^^^^^^^^^^^^^^^^^^^^^^^^^^^^^^^^^^^^^^^^^^^^^^^^^^^^^^^^^^^^^^^^^^^^^^^^^^^^^^^^^^^^
[INFO] [stdout]    |
[INFO] [stdout]    = note: this error originates in the macro `frame_system::config_preludes::TestDefaultConfig` which comes from the expansion of the macro `frame_support::macro_magic::forward_tokens_verbatim` (in Nightly builds, run with -Z macro-backtrace for more info)
[INFO] [stdout] help: you might have meant to use the associated type
[INFO] [stdout]   --> /opt/rustwide/cargo-home/registry/src/index.crates.io-6f17d22bba15001f/frame-system-26.0.0/src/lib.rs:238:9
[INFO] [stdout]    |
[INFO] [stdout] 238|             type Self::RuntimeOrigin = ();
[INFO] [stdout]    |                  ++++++
[INFO] [stdout] 
[INFO] [stdout] 
[INFO] [stdout] error[E0412]: cannot find type `RuntimeCall` in this scope
[INFO] [stdout]   --> src/tests/pay/mock.rs:52:1
[INFO] [stdout]    |
[INFO] [stdout] 52 | #[derive_impl(frame_system::config_preludes::TestDefaultConfig as frame_system::DefaultConfig)]
[INFO] [stdout]    | ^^^^^^^^^^^^^^^^^^^^^^^^^^^^^^^^^^^^^^^^^^^^^^^^^^^^^^^^^^^^^^^^^^^^^^^^^^^^^^^^^^^^^^^^^^^^^^^
[INFO] [stdout]    |
[INFO] [stdout]    = note: this error originates in the macro `frame_system::config_preludes::TestDefaultConfig` which comes from the expansion of the macro `frame_support::macro_magic::forward_tokens_verbatim` (in Nightly builds, run with -Z macro-backtrace for more info)
[INFO] [stdout] help: you might have meant to use the associated type
[INFO] [stdout]   --> /opt/rustwide/cargo-home/registry/src/index.crates.io-6f17d22bba15001f/frame-system-26.0.0/src/lib.rs:240:9
[INFO] [stdout]    |
[INFO] [stdout] 240|             type Self::RuntimeCall = ();
[INFO] [stdout]    |                  ++++++
[INFO] [stdout] 
[INFO] [stdout] 
[INFO] [stdout] error[E0412]: cannot find type `Test` in this scope
[INFO] [stdout]   --> src/tests/pay/mock.rs:67:34
[INFO] [stdout]    |
[INFO] [stdout] 67 | impl pallet_balances::Config for Test {
[INFO] [stdout]    |                                  ^^^^ not found in this scope
[INFO] [stdout] 
[INFO] [stdout] 
[INFO] [stdout] error[E0412]: cannot find type `RuntimeEvent` in this scope
[INFO] [stdout]   --> src/tests/pay/mock.rs:70:22
[INFO] [stdout]    |
[INFO] [stdout] 70 |     type RuntimeEvent = RuntimeEvent;
[INFO] [stdout]    |                         ^^^^^^^^^^^^ not found in this scope
[INFO] [stdout] 
[INFO] [stdout] 
[INFO] [stdout] error[E0412]: cannot find type `System` in this scope
[INFO] [stdout]   --> src/tests/pay/mock.rs:73:22
[INFO] [stdout]    |
[INFO] [stdout] 73 |     type AccountStore = System;
[INFO] [stdout]    |                         ^^^^^^ not found in this scope
[INFO] [stdout]    |
[INFO] [stdout] help: consider importing one of these items
[INFO] [stdout]    |
[INFO] [stdout] 17 + use parity_scale_codec::alloc::alloc::System;
[INFO] [stdout]    |
[INFO] [stdout] 17 + use sp_std::alloc::System;
[INFO] [stdout]    |
[INFO] [stdout] 17 + use std::alloc::System;
[INFO] [stdout]    |
[INFO] [stdout] 
[INFO] [stdout] 
[INFO] [stdout] error[E0412]: cannot find type `RuntimeHoldReason` in this scope
[INFO] [stdout]   --> src/tests/pay/mock.rs:77:27
[INFO] [stdout]    |
[INFO] [stdout] 77 |     type RuntimeHoldReason = RuntimeHoldReason;
[INFO] [stdout]    |                              ^^^^^^^^^^^^^^^^^ not found in this scope
[INFO] [stdout] 
[INFO] [stdout] 
[INFO] [stdout] error[E0412]: cannot find type `RuntimeFreezeReason` in this scope
[INFO] [stdout]   --> src/tests/pay/mock.rs:78:29
[INFO] [stdout]    |
[INFO] [stdout] 78 |     type RuntimeFreezeReason = RuntimeFreezeReason;
[INFO] [stdout]    |                                ^^^^^^^^^^^^^^^^^^^ not found in this scope
[INFO] [stdout] 
[INFO] [stdout] 
[INFO] [stdout] error[E0412]: cannot find type `Test` in this scope
[INFO] [stdout]   --> src/tests/pay/mock.rs:94:32
[INFO] [stdout]    |
[INFO] [stdout] 94 | impl pallet_assets::Config for Test {
[INFO] [stdout]    |                                ^^^^ not found in this scope
[INFO] [stdout] 
[INFO] [stdout] 
[INFO] [stdout] error[E0412]: cannot find type `RuntimeEvent` in this scope
[INFO] [stdout]   --> src/tests/pay/mock.rs:95:22
[INFO] [stdout]    |
[INFO] [stdout] 95 |     type RuntimeEvent = RuntimeEvent;
[INFO] [stdout]    |                         ^^^^^^^^^^^^ not found in this scope
[INFO] [stdout] 
[INFO] [stdout] 
[INFO] [stdout] error[E0412]: cannot find type `Balances` in this scope
[INFO] [stdout]   --> src/tests/pay/mock.rs:98:18
[INFO] [stdout]    |
[INFO] [stdout] 61 | pub type Balance = u128;
[INFO] [stdout]    | ------------------------ similarly named type alias `Balance` defined here
[INFO] [stdout] ...
[INFO] [stdout] 98 |     type Currency = Balances;
[INFO] [stdout]    |                     ^^^^^^^^ help: a type alias with a similar name exists: `Balance`
[INFO] [stdout] 
[INFO] [stdout] 
[INFO] [stdout] error[E0412]: cannot find type `RuntimeOrigin` in this scope
[INFO] [stdout]    --> src/tests/pay/mock.rs:160:54
[INFO] [stdout]     |
[INFO] [stdout] 160 | pub type LocalOriginToLocation = SignedToAccountId32<RuntimeOrigin, AccountId, AnyNetwork>;
[INFO] [stdout]     |                                                      ^^^^^^^^^^^^^ not found in this scope
[INFO] [stdout]     |
[INFO] [stdout] help: you might be missing a type parameter
[INFO] [stdout]     |
[INFO] [stdout] 160 | pub type LocalOriginToLocation<RuntimeOrigin> = SignedToAccountId32<RuntimeOrigin, AccountId, AnyNetwork>;
[INFO] [stdout]     |                               +++++++++++++++
[INFO] [stdout] 
[INFO] [stdout] 
[INFO] [stdout] error[E0412]: cannot find type `RuntimeOrigin` in this scope
[INFO] [stdout]    --> src/tests/pay/mock.rs:176:29
[INFO] [stdout]     |
[INFO] [stdout] 176 |     pallet_xcm::XcmPassthrough<RuntimeOrigin>,
[INFO] [stdout]     |                                ^^^^^^^^^^^^^ not found in this scope
[INFO] [stdout]     |
[INFO] [stdout] help: you might be missing a type parameter
[INFO] [stdout]     |
[INFO] [stdout] 175 | type OriginConverter<RuntimeOrigin> = (
[INFO] [stdout]     |                     +++++++++++++++
[INFO] [stdout] 
[INFO] [stdout] 
[INFO] [stdout] error[E0412]: cannot find type `RuntimeOrigin` in this scope
[INFO] [stdout]    --> src/tests/pay/mock.rs:177:40
[INFO] [stdout]     |
[INFO] [stdout] 177 |     SignedAccountId32AsNative<AnyNetwork, RuntimeOrigin>,
[INFO] [stdout]     |                                           ^^^^^^^^^^^^^ not found in this scope
[INFO] [stdout]     |
[INFO] [stdout] help: you might be missing a type parameter
[INFO] [stdout]     |
[INFO] [stdout] 175 | type OriginConverter<RuntimeOrigin> = (
[INFO] [stdout]     |                     +++++++++++++++
[INFO] [stdout] 
[INFO] [stdout] 
[INFO] [stdout] error[E0412]: cannot find type `RuntimeCall` in this scope
[INFO] [stdout]    --> src/tests/pay/mock.rs:199:21
[INFO] [stdout]     |
[INFO] [stdout] 199 |     type RuntimeCall = RuntimeCall;
[INFO] [stdout]     |                        ^^^^^^^^^^^
[INFO] [stdout]     |
[INFO] [stdout] help: you might have meant to use the associated type
[INFO] [stdout]     |
[INFO] [stdout] 199 |     type RuntimeCall = Self::RuntimeCall;
[INFO] [stdout]     |                        ++++++
[INFO] [stdout] 
[INFO] [stdout] 
[INFO] [stdout] error[E0412]: cannot find type `RuntimeCall` in this scope
[INFO] [stdout]    --> src/tests/pay/mock.rs:207:50
[INFO] [stdout]     |
[INFO] [stdout] 207 |     type Weigher = FixedWeightBounds<BaseXcmWeight, RuntimeCall, MaxInstructions>;
[INFO] [stdout]     |                                                     ^^^^^^^^^^^
[INFO] [stdout]     |
[INFO] [stdout] help: you might have meant to use the associated type
[INFO] [stdout]     |
[INFO] [stdout] 207 |     type Weigher = FixedWeightBounds<BaseXcmWeight, Self::RuntimeCall, MaxInstructions>;
[INFO] [stdout]     |                                                     ++++++
[INFO] [stdout] help: you might be missing a type parameter
[INFO] [stdout]     |
[INFO] [stdout] 198 | impl<RuntimeCall> xcm_executor::Config for XcmConfig {
[INFO] [stdout]     |     +++++++++++++
[INFO] [stdout] 
[INFO] [stdout] 
[INFO] [stdout] error[E0412]: cannot find type `XcmPallet` in this scope
[INFO] [stdout]    --> src/tests/pay/mock.rs:209:25
[INFO] [stdout]     |
[INFO] [stdout] 209 |     type ResponseHandler = XcmPallet;
[INFO] [stdout]     |                            ^^^^^^^^^ not found in this scope
[INFO] [stdout] 
[INFO] [stdout] 
[INFO] [stdout] error[E0412]: cannot find type `XcmPallet` in this scope
[INFO] [stdout]    --> src/tests/pay/mock.rs:210:19
[INFO] [stdout]     |
[INFO] [stdout] 210 |     type AssetTrap = XcmPallet;
[INFO] [stdout]     |                      ^^^^^^^^^ not found in this scope
[INFO] [stdout] 
[INFO] [stdout] 
[INFO] [stdout] error[E0412]: cannot find type `XcmPallet` in this scope
[INFO] [stdout]    --> src/tests/pay/mock.rs:213:21
[INFO] [stdout]     |
[INFO] [stdout] 213 |     type AssetClaims = XcmPallet;
[INFO] [stdout]     |                        ^^^^^^^^^ not found in this scope
[INFO] [stdout] 
[INFO] [stdout] 
[INFO] [stdout] error[E0412]: cannot find type `XcmPallet` in this scope
[INFO] [stdout]    --> src/tests/pay/mock.rs:214:29
[INFO] [stdout]     |
[INFO] [stdout] 214 |     type SubscriptionService = XcmPallet;
[INFO] [stdout]     |                                ^^^^^^^^^ not found in this scope
[INFO] [stdout] 
[INFO] [stdout] 
[INFO] [stdout] error[E0412]: cannot find type `RuntimeCall` in this scope
[INFO] [stdout]    --> src/tests/pay/mock.rs:220:24
[INFO] [stdout]     |
[INFO] [stdout] 220 |     type CallDispatcher = RuntimeCall;
[INFO] [stdout]     |                           ^^^^^^^^^^^
[INFO] [stdout]     |
[INFO] [stdout] help: you might have meant to use the associated type
[INFO] [stdout]     |
[INFO] [stdout] 220 |     type CallDispatcher = Self::RuntimeCall;
[INFO] [stdout]     |                           ++++++
[INFO] [stdout] 
[INFO] [stdout] 
[INFO] [stdout] error[E0412]: cannot find type `Test` in this scope
[INFO] [stdout]    --> src/tests/pay/mock.rs:249:29
[INFO] [stdout]     |
[INFO] [stdout] 249 | impl pallet_xcm::Config for Test {
[INFO] [stdout]     |                             ^^^^ not found in this scope
[INFO] [stdout] 
[INFO] [stdout] 
[INFO] [stdout] error[E0412]: cannot find type `RuntimeEvent` in this scope
[INFO] [stdout]    --> src/tests/pay/mock.rs:250:22
[INFO] [stdout]     |
[INFO] [stdout] 250 |     type RuntimeEvent = RuntimeEvent;
[INFO] [stdout]     |                         ^^^^^^^^^^^^ not found in this scope
[INFO] [stdout] 
[INFO] [stdout] 
[INFO] [stdout] error[E0412]: cannot find type `RuntimeOrigin` in this scope
[INFO] [stdout]    --> src/tests/pay/mock.rs:251:39
[INFO] [stdout]     |
[INFO] [stdout] 251 |     type SendXcmOrigin = EnsureXcmOrigin<RuntimeOrigin, LocalOriginToLocation>;
[INFO] [stdout]     |                                          ^^^^^^^^^^^^^ not found in this scope
[INFO] [stdout]     |
[INFO] [stdout] help: you might be missing a type parameter
[INFO] [stdout]     |
[INFO] [stdout] 249 | impl<RuntimeOrigin> pallet_xcm::Config for Test {
[INFO] [stdout]     |     +++++++++++++++
[INFO] [stdout] 
[INFO] [stdout] 
[INFO] [stdout] error[E0412]: cannot find type `RuntimeOrigin` in this scope
[INFO] [stdout]    --> src/tests/pay/mock.rs:253:42
[INFO] [stdout]     |
[INFO] [stdout] 253 |     type ExecuteXcmOrigin = EnsureXcmOrigin<RuntimeOrigin, LocalOriginToLocation>;
[INFO] [stdout]     |                                             ^^^^^^^^^^^^^ not found in this scope
[INFO] [stdout]     |
[INFO] [stdout] help: you might be missing a type parameter
[INFO] [stdout]     |
[INFO] [stdout] 249 | impl<RuntimeOrigin> pallet_xcm::Config for Test {
[INFO] [stdout]     |     +++++++++++++++
[INFO] [stdout] 
[INFO] [stdout] 
[INFO] [stdout] error[E0412]: cannot find type `RuntimeCall` in this scope
[INFO] [stdout]    --> src/tests/pay/mock.rs:258:50
[INFO] [stdout]     |
[INFO] [stdout] 258 |     type Weigher = FixedWeightBounds<BaseXcmWeight, RuntimeCall, MaxInstructions>;
[INFO] [stdout]     |                                                     ^^^^^^^^^^^ not found in this scope
[INFO] [stdout]     |
[INFO] [stdout] help: you might be missing a type parameter
[INFO] [stdout]     |
[INFO] [stdout] 249 | impl<RuntimeCall> pallet_xcm::Config for Test {
[INFO] [stdout]     |     +++++++++++++
[INFO] [stdout] 
[INFO] [stdout] 
[INFO] [stdout] error[E0412]: cannot find type `RuntimeOrigin` in this scope
[INFO] [stdout]    --> src/tests/pay/mock.rs:260:23
[INFO] [stdout]     |
[INFO] [stdout] 260 |     type RuntimeOrigin = RuntimeOrigin;
[INFO] [stdout]     |                          ^^^^^^^^^^^^^ not found in this scope
[INFO] [stdout] 
[INFO] [stdout] 
[INFO] [stdout] error[E0412]: cannot find type `RuntimeCall` in this scope
[INFO] [stdout]    --> src/tests/pay/mock.rs:261:21
[INFO] [stdout]     |
[INFO] [stdout] 261 |     type RuntimeCall = RuntimeCall;
[INFO] [stdout]     |                        ^^^^^^^^^^^ not found in this scope
[INFO] [stdout] 
[INFO] [stdout] 
[INFO] [stdout] error[E0412]: cannot find type `Balances` in this scope
[INFO] [stdout]    --> src/tests/pay/mock.rs:266:18
[INFO] [stdout]     |
[INFO] [stdout] 61  | pub type Balance = u128;
[INFO] [stdout]     | ------------------------ similarly named type alias `Balance` defined here
[INFO] [stdout] ...
[INFO] [stdout] 266 |     type Currency = Balances;
[INFO] [stdout]     |                     ^^^^^^^^ help: a type alias with a similar name exists: `Balance`
[INFO] [stdout] 
[INFO] [stdout] 
[INFO] [stdout] error[E0412]: cannot find type `Test` in this scope
[INFO] [stdout]    --> src/tests/pay/mock.rs:286:44
[INFO] [stdout]     |
[INFO] [stdout] 286 |     let mut t = frame_system::GenesisConfig::<Test>::default().build_storage().unwrap();
[INFO] [stdout]     |                                               ^^^^ not found in this scope
[INFO] [stdout]     |
[INFO] [stdout] help: you might be missing a type parameter
[INFO] [stdout]     |
[INFO] [stdout] 285 | pub fn new_test_ext<Test>() -> sp_io::TestExternalities {
[INFO] [stdout]     |                    ++++++
[INFO] [stdout] 
[INFO] [stdout] 
[INFO] [stdout] error[E0412]: cannot find type `Test` in this scope
[INFO] [stdout]    --> src/tests/pay/mock.rs:288:33
[INFO] [stdout]     |
[INFO] [stdout] 288 |     pallet_assets::GenesisConfig::<Test> {
[INFO] [stdout]     |                                    ^^^^ not found in this scope
[INFO] [stdout]     |
[INFO] [stdout] help: you might be missing a type parameter
[INFO] [stdout]     |
[INFO] [stdout] 285 | pub fn new_test_ext<Test>() -> sp_io::TestExternalities {
[INFO] [stdout]     |                    ++++++
[INFO] [stdout] 
[INFO] [stdout] 
[INFO] [stdout] error[E0433]: failed to resolve: use of undeclared type `System`
[INFO] [stdout]    --> src/tests/pay/mock.rs:308:22
[INFO] [stdout]     |
[INFO] [stdout] 308 |     ext.execute_with(|| System::set_block_number(1));
[INFO] [stdout]     |                         ^^^^^^ use of undeclared type `System`
[INFO] [stdout]     |
[INFO] [stdout] help: consider importing one of these items
[INFO] [stdout]     |
[INFO] [stdout] 17  + use parity_scale_codec::alloc::alloc::System;
[INFO] [stdout]     |
[INFO] [stdout] 17  + use sp_std::alloc::System;
[INFO] [stdout]     |
[INFO] [stdout] 17  + use std::alloc::System;
[INFO] [stdout]     |
[INFO] [stdout] 
[INFO] [stdout] 
[INFO] [stdout] error[E0433]: failed to resolve: use of undeclared type `System`
[INFO] [stdout]    --> src/tests/pay/mock.rs:313:2
[INFO] [stdout]     |
[INFO] [stdout] 313 |     System::set_block_number(System::block_number() + 1);
[INFO] [stdout]     |     ^^^^^^ use of undeclared type `System`
[INFO] [stdout]     |
[INFO] [stdout] help: consider importing one of these items
[INFO] [stdout]     |
[INFO] [stdout] 17  + use parity_scale_codec::alloc::alloc::System;
[INFO] [stdout]     |
[INFO] [stdout] 17  + use sp_std::alloc::System;
[INFO] [stdout]     |
[INFO] [stdout] 17  + use std::alloc::System;
[INFO] [stdout]     |
[INFO] [stdout] 
[INFO] [stdout] 
[INFO] [stdout] error[E0433]: failed to resolve: use of undeclared type `System`
[INFO] [stdout]    --> src/tests/pay/mock.rs:313:27
[INFO] [stdout]     |
[INFO] [stdout] 313 |     System::set_block_number(System::block_number() + 1);
[INFO] [stdout]     |                              ^^^^^^ use of undeclared type `System`
[INFO] [stdout]     |
[INFO] [stdout] help: consider importing one of these items
[INFO] [stdout]     |
[INFO] [stdout] 17  + use parity_scale_codec::alloc::alloc::System;
[INFO] [stdout]     |
[INFO] [stdout] 17  + use sp_std::alloc::System;
[INFO] [stdout]     |
[INFO] [stdout] 17  + use std::alloc::System;
[INFO] [stdout]     |
[INFO] [stdout] 
[INFO] [stdout] 
[INFO] [stdout] error[E0433]: failed to resolve: use of undeclared type `System`
[INFO] [stdout]    --> src/tests/pay/mock.rs:317:8
[INFO] [stdout]     |
[INFO] [stdout] 317 |     while System::block_number() < block_number {
[INFO] [stdout]     |           ^^^^^^ use of undeclared type `System`
[INFO] [stdout]     |
[INFO] [stdout] help: consider importing one of these items
[INFO] [stdout]     |
[INFO] [stdout] 17  + use parity_scale_codec::alloc::alloc::System;
[INFO] [stdout]     |
[INFO] [stdout] 17  + use sp_std::alloc::System;
[INFO] [stdout]     |
[INFO] [stdout] 17  + use std::alloc::System;
[INFO] [stdout]     |
[INFO] [stdout] 
[INFO] [stdout] 
[INFO] [stdout] error[E0412]: cannot find type `Test` in this scope
[INFO] [stdout]    --> src/tests/pay/salary.rs:107:32
[INFO] [stdout]     |
[INFO] [stdout] 107 | impl pallet_salary::Config for Test {
[INFO] [stdout]     |                                ^^^^ not found in this scope
[INFO] [stdout] 
[INFO] [stdout] 
[INFO] [stdout] error[E0412]: cannot find type `RuntimeEvent` in this scope
[INFO] [stdout]    --> src/tests/pay/salary.rs:109:22
[INFO] [stdout]     |
[INFO] [stdout] 109 |     type RuntimeEvent = RuntimeEvent;
[INFO] [stdout]     |                         ^^^^^^^^^^^^ not found in this scope
[INFO] [stdout] 
[INFO] [stdout] 
[INFO] [stdout] error[E0412]: cannot find type `RuntimeCall` in this scope
[INFO] [stdout]    --> src/tests/pay/salary.rs:148:29
[INFO] [stdout]     |
[INFO] [stdout] 148 |         let expected_message: Xcm<RuntimeCall> = Xcm::<RuntimeCall>(vec![
[INFO] [stdout]     |                                   ^^^^^^^^^^^ not found in this scope
[INFO] [stdout]     |
[INFO] [stdout] help: you might be missing a type parameter
[INFO] [stdout]     |
[INFO] [stdout] 123 | fn salary_pay_over_xcm_works<RuntimeCall>() {
[INFO] [stdout]     |                             +++++++++++++
[INFO] [stdout] 
[INFO] [stdout] 
[INFO] [stdout] error[E0412]: cannot find type `RuntimeCall` in this scope
[INFO] [stdout]    --> src/tests/pay/salary.rs:148:50
[INFO] [stdout]     |
[INFO] [stdout] 148 |         let expected_message: Xcm<RuntimeCall> = Xcm::<RuntimeCall>(vec![
[INFO] [stdout]     |                                                        ^^^^^^^^^^^ not found in this scope
[INFO] [stdout]     |
[INFO] [stdout] help: you might be missing a type parameter
[INFO] [stdout]     |
[INFO] [stdout] 123 | fn salary_pay_over_xcm_works<RuntimeCall>() {
[INFO] [stdout]     |                             +++++++++++++
[INFO] [stdout] 
[INFO] [stdout] 
[INFO] [stdout] error[E0412]: cannot find type `RuntimeCall` in this scope
[INFO] [stdout]   --> src/process_xcm_message.rs:83:81
[INFO] [stdout]    |
[INFO] [stdout] 83 |         ProcessXcmMessage<Junction, xcm_executor::XcmExecutor<xcm_config::XcmConfig>, RuntimeCall>;
[INFO] [stdout]    |                                                                                       ^^^^^^^^^^^ not found in this scope
[INFO] [stdout]    |
[INFO] [stdout] help: you might be missing a type parameter
[INFO] [stdout]    |
[INFO] [stdout] 82 |     type Processor<RuntimeCall> =
[INFO] [stdout]    |                   +++++++++++++
[INFO] [stdout] 
[INFO] [stdout] 
[INFO] [stdout] error[E0412]: cannot find type `RuntimeCall` in this scope
[INFO] [stdout]    --> src/process_xcm_message.rs:131:43
[INFO] [stdout]     |
[INFO] [stdout] 131 |     fn v2_xcm(success: bool) -> VersionedXcm<RuntimeCall> {
[INFO] [stdout]     |                                              ^^^^^^^^^^^ not found in this scope
[INFO] [stdout]     |
[INFO] [stdout] help: you might be missing a type parameter
[INFO] [stdout]     |
[INFO] [stdout] 131 |     fn v2_xcm<RuntimeCall>(success: bool) -> VersionedXcm<RuntimeCall> {
[INFO] [stdout]     |              +++++++++++++
[INFO] [stdout] 
[INFO] [stdout] 
[INFO] [stdout] error[E0412]: cannot find type `RuntimeCall` in this scope
[INFO] [stdout]    --> src/process_xcm_message.rs:133:22
[INFO] [stdout]     |
[INFO] [stdout] 133 |             v3::Instruction::<RuntimeCall>::ClearOrigin
[INFO] [stdout]     |                               ^^^^^^^^^^^ not found in this scope
[INFO] [stdout]     |
[INFO] [stdout] help: you might be missing a type parameter
[INFO] [stdout]     |
[INFO] [stdout] 131 |     fn v2_xcm<RuntimeCall>(success: bool) -> VersionedXcm<RuntimeCall> {
[INFO] [stdout]     |              +++++++++++++
[INFO] [stdout] 
[INFO] [stdout] 
[INFO] [stdout] error[E0412]: cannot find type `RuntimeCall` in this scope
[INFO] [stdout]    --> src/process_xcm_message.rs:135:22
[INFO] [stdout]     |
[INFO] [stdout] 135 |             v3::Instruction::<RuntimeCall>::Trap(1)
[INFO] [stdout]     |                               ^^^^^^^^^^^ not found in this scope
[INFO] [stdout]     |
[INFO] [stdout] help: you might be missing a type parameter
[INFO] [stdout]     |
[INFO] [stdout] 131 |     fn v2_xcm<RuntimeCall>(success: bool) -> VersionedXcm<RuntimeCall> {
[INFO] [stdout]     |              +++++++++++++
[INFO] [stdout] 
[INFO] [stdout] 
[INFO] [stdout] error[E0412]: cannot find type `RuntimeCall` in this scope
[INFO] [stdout]    --> src/process_xcm_message.rs:137:30
[INFO] [stdout]     |
[INFO] [stdout] 137 |         VersionedXcm::V3(v3::Xcm::<RuntimeCall>(vec![instr]))
[INFO] [stdout]     |                                    ^^^^^^^^^^^ not found in this scope
[INFO] [stdout]     |
[INFO] [stdout] help: you might be missing a type parameter
[INFO] [stdout]     |
[INFO] [stdout] 131 |     fn v2_xcm<RuntimeCall>(success: bool) -> VersionedXcm<RuntimeCall> {
[INFO] [stdout]     |              +++++++++++++
[INFO] [stdout] 
[INFO] [stdout] 
[INFO] [stdout] error[E0412]: cannot find type `RuntimeCall` in this scope
[INFO] [stdout]    --> src/process_xcm_message.rs:140:43
[INFO] [stdout]     |
[INFO] [stdout] 140 |     fn v3_xcm(success: bool) -> VersionedXcm<RuntimeCall> {
[INFO] [stdout]     |                                              ^^^^^^^^^^^ not found in this scope
[INFO] [stdout]     |
[INFO] [stdout] help: you might be missing a type parameter
[INFO] [stdout]     |
[INFO] [stdout] 140 |     fn v3_xcm<RuntimeCall>(success: bool) -> VersionedXcm<RuntimeCall> {
[INFO] [stdout]     |              +++++++++++++
[INFO] [stdout] 
[INFO] [stdout] 
[INFO] [stdout] error[E0412]: cannot find type `RuntimeCall` in this scope
[INFO] [stdout]    --> src/process_xcm_message.rs:142:22
[INFO] [stdout]     |
[INFO] [stdout] 142 |             v2::Instruction::<RuntimeCall>::ClearOrigin
[INFO] [stdout]     |                               ^^^^^^^^^^^ not found in this scope
[INFO] [stdout]     |
[INFO] [stdout] help: you might be missing a type parameter
[INFO] [stdout]     |
[INFO] [stdout] 140 |     fn v3_xcm<RuntimeCall>(success: bool) -> VersionedXcm<RuntimeCall> {
[INFO] [stdout]     |              +++++++++++++
[INFO] [stdout] 
[INFO] [stdout] 
[INFO] [stdout] error[E0412]: cannot find type `RuntimeCall` in this scope
[INFO] [stdout]    --> src/process_xcm_message.rs:144:22
[INFO] [stdout]     |
[INFO] [stdout] 144 |             v2::Instruction::<RuntimeCall>::Trap(1)
[INFO] [stdout]     |                               ^^^^^^^^^^^ not found in this scope
[INFO] [stdout]     |
[INFO] [stdout] help: you might be missing a type parameter
[INFO] [stdout]     |
[INFO] [stdout] 140 |     fn v3_xcm<RuntimeCall>(success: bool) -> VersionedXcm<RuntimeCall> {
[INFO] [stdout]     |              +++++++++++++
[INFO] [stdout] 
[INFO] [stdout] 
[INFO] [stdout] error[E0412]: cannot find type `RuntimeCall` in this scope
[INFO] [stdout]    --> src/process_xcm_message.rs:146:30
[INFO] [stdout]     |
[INFO] [stdout] 146 |         VersionedXcm::V2(v2::Xcm::<RuntimeCall>(vec![instr]))
[INFO] [stdout]     |                                    ^^^^^^^^^^^ not found in this scope
[INFO] [stdout]     |
[INFO] [stdout] help: you might be missing a type parameter
[INFO] [stdout]     |
[INFO] [stdout] 140 |     fn v3_xcm<RuntimeCall>(success: bool) -> VersionedXcm<RuntimeCall> {
[INFO] [stdout]     |              +++++++++++++
[INFO] [stdout] 
[INFO] [stdout] 
[INFO] [stdout] error[E0412]: cannot find type `RuntimeCall` in this scope
[INFO] [stdout]    --> src/process_xcm_message.rs:149:31
[INFO] [stdout]     |
[INFO] [stdout] 149 |     fn process(msg: VersionedXcm<RuntimeCall>) -> Result<bool, ProcessMessageError> {
[INFO] [stdout]     |                                  ^^^^^^^^^^^ not found in this scope
[INFO] [stdout]     |
[INFO] [stdout] help: you might be missing a type parameter
[INFO] [stdout]     |
[INFO] [stdout] 149 |     fn process<RuntimeCall>(msg: VersionedXcm<RuntimeCall>) -> Result<bool, ProcessMessageError> {
[INFO] [stdout]     |               +++++++++++++
[INFO] [stdout] 
[INFO] [stdout] 
[INFO] [stdout] error[E0603]: struct import `Assets` is private
[INFO] [stdout]   --> src/tests/pay/pay.rs:58:20
[INFO] [stdout]    |
[INFO] [stdout] 58 |         assert_eq!(mock::Assets::balance(0, &recipient), 0);
[INFO] [stdout]    |                          ^^^^^^ private struct import
[INFO] [stdout]    |
[INFO] [stdout] note: the struct import `Assets` is defined here...
[INFO] [stdout]   --> src/tests/pay/mock.rs:17:5
[INFO] [stdout]    |
[INFO] [stdout] 17 | use super::*;
[INFO] [stdout]    |     ^^^^^^^^
[INFO] [stdout] note: ...and refers to the struct import `Assets` which is defined here...
[INFO] [stdout]   --> src/tests/pay/mod.rs:17:5
[INFO] [stdout]    |
[INFO] [stdout] 17 | use super::*;
[INFO] [stdout]    |     ^^^^^^^^
[INFO] [stdout] note: ...and refers to the struct import `Assets` which is defined here...
[INFO] [stdout]   --> src/tests/mod.rs:27:5
[INFO] [stdout]    |
[INFO] [stdout] 27 | use mock::*;
[INFO] [stdout]    |     ^^^^^^^
[INFO] [stdout] note: ...and refers to the struct import `Assets` which is defined here...
[INFO] [stdout]   --> src/tests/mock.rs:52:2
[INFO] [stdout]    |
[INFO] [stdout] 52 |     Assets, Config,
[INFO] [stdout]    |     ^^^^^^ you could import this re-export
[INFO] [stdout] note: ...and refers to the struct `Assets` which is defined here
[INFO] [stdout]   --> /opt/rustwide/cargo-home/registry/src/index.crates.io-6f17d22bba15001f/staging-xcm-executor-5.0.0/src/lib.rs:39:9
[INFO] [stdout]    |
[INFO] [stdout] 39 | pub use assets::Assets;
[INFO] [stdout]    |         ^^^^^^^^^^^^^^ you could import this directly
[INFO] [stdout] help: consider importing one of these items instead
[INFO] [stdout]    |
[INFO] [stdout] 58 |         assert_eq!(crate::test_utils::Assets::balance(0, &recipient), 0);
[INFO] [stdout]    |                    ~~~~~~~~~~~~~~~~~~~~~~~~~
[INFO] [stdout] 58 |         assert_eq!(xcm_executor::Assets::balance(0, &recipient), 0);
[INFO] [stdout]    |                    ~~~~~~~~~~~~~~~~~~~~
[INFO] [stdout] help: import `Assets` directly
[INFO] [stdout]    |
[INFO] [stdout] 58 |         assert_eq!(staging_xcm_executor::assets::Assets(0, &recipient), 0);
[INFO] [stdout]    |                    ~~~~~~~~~~~~~~~~~~~~~~~~~~~~~~~~~~~~
[INFO] [stdout] 
[INFO] [stdout] 
[INFO] [stdout] error[E0603]: struct import `Assets` is private
[INFO] [stdout]    --> src/tests/pay/pay.rs:101:20
[INFO] [stdout]     |
[INFO] [stdout] 101 |         assert_eq!(mock::Assets::balance(0, &recipient), amount);
[INFO] [stdout]     |                          ^^^^^^ private struct import
[INFO] [stdout]     |
[INFO] [stdout] note: the struct import `Assets` is defined here...
[INFO] [stdout]    --> src/tests/pay/mock.rs:17:5
[INFO] [stdout]     |
[INFO] [stdout] 17  | use super::*;
[INFO] [stdout]     |     ^^^^^^^^
[INFO] [stdout] note: ...and refers to the struct import `Assets` which is defined here...
[INFO] [stdout]    --> src/tests/pay/mod.rs:17:5
[INFO] [stdout]     |
[INFO] [stdout] 17  | use super::*;
[INFO] [stdout]     |     ^^^^^^^^
[INFO] [stdout] note: ...and refers to the struct import `Assets` which is defined here...
[INFO] [stdout]    --> src/tests/mod.rs:27:5
[INFO] [stdout]     |
[INFO] [stdout] 27  | use mock::*;
[INFO] [stdout]     |     ^^^^^^^
[INFO] [stdout] note: ...and refers to the struct import `Assets` which is defined here...
[INFO] [stdout]    --> src/tests/mock.rs:52:2
[INFO] [stdout]     |
[INFO] [stdout] 52  |     Assets, Config,
[INFO] [stdout]     |     ^^^^^^ you could import this re-export
[INFO] [stdout] note: ...and refers to the struct `Assets` which is defined here
[INFO] [stdout]    --> /opt/rustwide/cargo-home/registry/src/index.crates.io-6f17d22bba15001f/staging-xcm-executor-5.0.0/src/lib.rs:39:9
[INFO] [stdout]     |
[INFO] [stdout] 39  | pub use assets::Assets;
[INFO] [stdout]     |         ^^^^^^^^^^^^^^ you could import this directly
[INFO] [stdout] help: consider importing one of these items instead
[INFO] [stdout]     |
[INFO] [stdout] 101 |         assert_eq!(crate::test_utils::Assets::balance(0, &recipient), amount);
[INFO] [stdout]     |                    ~~~~~~~~~~~~~~~~~~~~~~~~~
[INFO] [stdout] 101 |         assert_eq!(xcm_executor::Assets::balance(0, &recipient), amount);
[INFO] [stdout]     |                    ~~~~~~~~~~~~~~~~~~~~
[INFO] [stdout] help: import `Assets` directly
[INFO] [stdout]     |
[INFO] [stdout] 101 |         assert_eq!(staging_xcm_executor::assets::Assets(0, &recipient), amount);
[INFO] [stdout]     |                    ~~~~~~~~~~~~~~~~~~~~~~~~~~~~~~~~~~~~
[INFO] [stdout] 
[INFO] [stdout] 
[INFO] [stdout] error[E0603]: struct import `Assets` is private
[INFO] [stdout]    --> src/tests/pay/pay.rs:120:20
[INFO] [stdout]     |
[INFO] [stdout] 120 |         assert_eq!(mock::Assets::balance(relay_asset_index, &recipient), 0);
[INFO] [stdout]     |                          ^^^^^^ private struct import
[INFO] [stdout]     |
[INFO] [stdout] note: the struct import `Assets` is defined here...
[INFO] [stdout]    --> src/tests/pay/mock.rs:17:5
[INFO] [stdout]     |
[INFO] [stdout] 17  | use super::*;
[INFO] [stdout]     |     ^^^^^^^^
[INFO] [stdout] note: ...and refers to the struct import `Assets` which is defined here...
[INFO] [stdout]    --> src/tests/pay/mod.rs:17:5
[INFO] [stdout]     |
[INFO] [stdout] 17  | use super::*;
[INFO] [stdout]     |     ^^^^^^^^
[INFO] [stdout] note: ...and refers to the struct import `Assets` which is defined here...
[INFO] [stdout]    --> src/tests/mod.rs:27:5
[INFO] [stdout]     |
[INFO] [stdout] 27  | use mock::*;
[INFO] [stdout]     |     ^^^^^^^
[INFO] [stdout] note: ...and refers to the struct import `Assets` which is defined here...
[INFO] [stdout]    --> src/tests/mock.rs:52:2
[INFO] [stdout]     |
[INFO] [stdout] 52  |     Assets, Config,
[INFO] [stdout]     |     ^^^^^^ you could import this re-export
[INFO] [stdout] note: ...and refers to the struct `Assets` which is defined here
[INFO] [stdout]    --> /opt/rustwide/cargo-home/registry/src/index.crates.io-6f17d22bba15001f/staging-xcm-executor-5.0.0/src/lib.rs:39:9
[INFO] [stdout]     |
[INFO] [stdout] 39  | pub use assets::Assets;
[INFO] [stdout]     |         ^^^^^^^^^^^^^^ you could import this directly
[INFO] [stdout] help: consider importing one of these items instead
[INFO] [stdout]     |
[INFO] [stdout] 120 |         assert_eq!(crate::test_utils::Assets::balance(relay_asset_index, &recipient), 0);
[INFO] [stdout]     |                    ~~~~~~~~~~~~~~~~~~~~~~~~~
[INFO] [stdout] 120 |         assert_eq!(xcm_executor::Assets::balance(relay_asset_index, &recipient), 0);
[INFO] [stdout]     |                    ~~~~~~~~~~~~~~~~~~~~
[INFO] [stdout] help: import `Assets` directly
[INFO] [stdout]     |
[INFO] [stdout] 120 |         assert_eq!(staging_xcm_executor::assets::Assets(relay_asset_index, &recipient), 0);
[INFO] [stdout]     |                    ~~~~~~~~~~~~~~~~~~~~~~~~~~~~~~~~~~~~
[INFO] [stdout] 
[INFO] [stdout] 
[INFO] [stdout] error[E0603]: struct import `Assets` is private
[INFO] [stdout]    --> src/tests/pay/pay.rs:162:20
[INFO] [stdout]     |
[INFO] [stdout] 162 |         assert_eq!(mock::Assets::balance(relay_asset_index, &recipient), amount);
[INFO] [stdout]     |                          ^^^^^^ private struct import
[INFO] [stdout]     |
[INFO] [stdout] note: the struct import `Assets` is defined here...
[INFO] [stdout]    --> src/tests/pay/mock.rs:17:5
[INFO] [stdout]     |
[INFO] [stdout] 17  | use super::*;
[INFO] [stdout]     |     ^^^^^^^^
[INFO] [stdout] note: ...and refers to the struct import `Assets` which is defined here...
[INFO] [stdout]    --> src/tests/pay/mod.rs:17:5
[INFO] [stdout]     |
[INFO] [stdout] 17  | use super::*;
[INFO] [stdout]     |     ^^^^^^^^
[INFO] [stdout] note: ...and refers to the struct import `Assets` which is defined here...
[INFO] [stdout]    --> src/tests/mod.rs:27:5
[INFO] [stdout]     |
[INFO] [stdout] 27  | use mock::*;
[INFO] [stdout]     |     ^^^^^^^
[INFO] [stdout] note: ...and refers to the struct import `Assets` which is defined here...
[INFO] [stdout]    --> src/tests/mock.rs:52:2
[INFO] [stdout]     |
[INFO] [stdout] 52  |     Assets, Config,
[INFO] [stdout]     |     ^^^^^^ you could import this re-export
[INFO] [stdout] note: ...and refers to the struct `Assets` which is defined here
[INFO] [stdout]    --> /opt/rustwide/cargo-home/registry/src/index.crates.io-6f17d22bba15001f/staging-xcm-executor-5.0.0/src/lib.rs:39:9
[INFO] [stdout]     |
[INFO] [stdout] 39  | pub use assets::Assets;
[INFO] [stdout]     |         ^^^^^^^^^^^^^^ you could import this directly
[INFO] [stdout] help: consider importing one of these items instead
[INFO] [stdout]     |
[INFO] [stdout] 162 |         assert_eq!(crate::test_utils::Assets::balance(relay_asset_index, &recipient), amount);
[INFO] [stdout]     |                    ~~~~~~~~~~~~~~~~~~~~~~~~~
[INFO] [stdout] 162 |         assert_eq!(xcm_executor::Assets::balance(relay_asset_index, &recipient), amount);
[INFO] [stdout]     |                    ~~~~~~~~~~~~~~~~~~~~
[INFO] [stdout] help: import `Assets` directly
[INFO] [stdout]     |
[INFO] [stdout] 162 |         assert_eq!(staging_xcm_executor::assets::Assets(relay_asset_index, &recipient), amount);
[INFO] [stdout]     |                    ~~~~~~~~~~~~~~~~~~~~~~~~~~~~~~~~~~~~
[INFO] [stdout] 
[INFO] [stdout] 
[INFO] [stdout] error[E0603]: struct import `Assets` is private
[INFO] [stdout]    --> src/tests/pay/salary.rs:131:20
[INFO] [stdout]     |
[INFO] [stdout] 131 |         assert_eq!(mock::Assets::balance(AssetIdGeneralIndex::get(), &recipient.clone()), 0);
[INFO] [stdout]     |                          ^^^^^^ private struct import
[INFO] [stdout]     |
[INFO] [stdout] note: the struct import `Assets` is defined here...
[INFO] [stdout]    --> src/tests/pay/mock.rs:17:5
[INFO] [stdout]     |
[INFO] [stdout] 17  | use super::*;
[INFO] [stdout]     |     ^^^^^^^^
[INFO] [stdout] note: ...and refers to the struct import `Assets` which is defined here...
[INFO] [stdout]    --> src/tests/pay/mod.rs:17:5
[INFO] [stdout]     |
[INFO] [stdout] 17  | use super::*;
[INFO] [stdout]     |     ^^^^^^^^
[INFO] [stdout] note: ...and refers to the struct import `Assets` which is defined here...
[INFO] [stdout]    --> src/tests/mod.rs:27:5
[INFO] [stdout]     |
[INFO] [stdout] 27  | use mock::*;
[INFO] [stdout]     |     ^^^^^^^
[INFO] [stdout] note: ...and refers to the struct import `Assets` which is defined here...
[INFO] [stdout]    --> src/tests/mock.rs:52:2
[INFO] [stdout]     |
[INFO] [stdout] 52  |     Assets, Config,
[INFO] [stdout]     |     ^^^^^^ you could import this re-export
[INFO] [stdout] note: ...and refers to the struct `Assets` which is defined here
[INFO] [stdout]    --> /opt/rustwide/cargo-home/registry/src/index.crates.io-6f17d22bba15001f/staging-xcm-executor-5.0.0/src/lib.rs:39:9
[INFO] [stdout]     |
[INFO] [stdout] 39  | pub use assets::Assets;
[INFO] [stdout]     |         ^^^^^^^^^^^^^^ you could import this directly
[INFO] [stdout] help: consider importing one of these items instead
[INFO] [stdout]     |
[INFO] [stdout] 131 |         assert_eq!(crate::test_utils::Assets::balance(AssetIdGeneralIndex::get(), &recipient.clone()), 0);
[INFO] [stdout]     |                    ~~~~~~~~~~~~~~~~~~~~~~~~~
[INFO] [stdout] 131 |         assert_eq!(xcm_executor::Assets::balance(AssetIdGeneralIndex::get(), &recipient.clone()), 0);
[INFO] [stdout]     |                    ~~~~~~~~~~~~~~~~~~~~
[INFO] [stdout] help: import `Assets` directly
[INFO] [stdout]     |
[INFO] [stdout] 131 |         assert_eq!(staging_xcm_executor::assets::Assets(AssetIdGeneralIndex::get(), &recipient.clone()), 0);
[INFO] [stdout]     |                    ~~~~~~~~~~~~~~~~~~~~~~~~~~~~~~~~~~~~
[INFO] [stdout] 
[INFO] [stdout] 
[INFO] [stdout] error[E0603]: struct import `Assets` is private
[INFO] [stdout]    --> src/tests/pay/salary.rs:171:10
[INFO] [stdout]     |
[INFO] [stdout] 171 |             mock::Assets::balance(AssetIdGeneralIndex::get(), &recipient),
[INFO] [stdout]     |                   ^^^^^^ private struct import
[INFO] [stdout]     |
[INFO] [stdout] note: the struct import `Assets` is defined here...
[INFO] [stdout]    --> src/tests/pay/mock.rs:17:5
[INFO] [stdout]     |
[INFO] [stdout] 17  | use super::*;
[INFO] [stdout]     |     ^^^^^^^^
[INFO] [stdout] note: ...and refers to the struct import `Assets` which is defined here...
[INFO] [stdout]    --> src/tests/pay/mod.rs:17:5
[INFO] [stdout]     |
[INFO] [stdout] 17  | use super::*;
[INFO] [stdout]     |     ^^^^^^^^
[INFO] [stdout] note: ...and refers to the struct import `Assets` which is defined here...
[INFO] [stdout]    --> src/tests/mod.rs:27:5
[INFO] [stdout]     |
[INFO] [stdout] 27  | use mock::*;
[INFO] [stdout]     |     ^^^^^^^
[INFO] [stdout] note: ...and refers to the struct import `Assets` which is defined here...
[INFO] [stdout]    --> src/tests/mock.rs:52:2
[INFO] [stdout]     |
[INFO] [stdout] 52  |     Assets, Config,
[INFO] [stdout]     |     ^^^^^^ you could import this re-export
[INFO] [stdout] note: ...and refers to the struct `Assets` which is defined here
[INFO] [stdout]    --> /opt/rustwide/cargo-home/registry/src/index.crates.io-6f17d22bba15001f/staging-xcm-executor-5.0.0/src/lib.rs:39:9
[INFO] [stdout]     |
[INFO] [stdout] 39  | pub use assets::Assets;
[INFO] [stdout]     |         ^^^^^^^^^^^^^^ you could import this directly
[INFO] [stdout] help: consider importing one of these items instead
[INFO] [stdout]     |
[INFO] [stdout] 171 |             crate::test_utils::Assets::balance(AssetIdGeneralIndex::get(), &recipient),
[INFO] [stdout]     |             ~~~~~~~~~~~~~~~~~~~~~~~~~
[INFO] [stdout] 171 |             xcm_executor::Assets::balance(AssetIdGeneralIndex::get(), &recipient),
[INFO] [stdout]     |             ~~~~~~~~~~~~~~~~~~~~
[INFO] [stdout] help: import `Assets` directly
[INFO] [stdout]     |
[INFO] [stdout] 171 |             staging_xcm_executor::assets::Assets(AssetIdGeneralIndex::get(), &recipient),
[INFO] [stdout]     |             ~~~~~~~~~~~~~~~~~~~~~~~~~~~~~~~~~~~~
[INFO] [stdout] 
[INFO] [stdout] 
[INFO] [stdout] warning: unused imports: `ConstU32`, `Parameter`
[INFO] [stdout]   --> src/tests/mock.rs:31:62
[INFO] [stdout]    |
[INFO] [stdout] 31 |         DispatchInfo, DispatchResultWithPostInfo, GetDispatchInfo, Parameter, PostDispatchInfo,
[INFO] [stdout]    |                                                                    ^^^^^^^^^
[INFO] [stdout] ...
[INFO] [stdout] 35 |     traits::{ConstU32, Contains, Get, IsInVec},
[INFO] [stdout]    |              ^^^^^^^^
[INFO] [stdout]    |
[INFO] [stdout]    = note: `#[warn(unused_imports)]` on by default
[INFO] [stdout] 
[INFO] [stdout] 
[INFO] [stdout] warning: unused import: `sp_io::hashing::blake2_256`
[INFO] [stdout]   --> src/tests/mock.rs:38:9
[INFO] [stdout]    |
[INFO] [stdout] 38 | pub use sp_io::hashing::blake2_256;
[INFO] [stdout]    |         ^^^^^^^^^^^^^^^^^^^^^^^^^^
[INFO] [stdout] 
[INFO] [stdout] 
[INFO] [stdout] warning: unused import: `marker::PhantomData`
[INFO] [stdout]   --> src/tests/mock.rs:43:2
[INFO] [stdout]    |
[INFO] [stdout] 43 |     marker::PhantomData,
[INFO] [stdout]    |     ^^^^^^^^^^^^^^^^^^^
[INFO] [stdout] 
[INFO] [stdout] 
[INFO] [stdout] error[E0433]: failed to resolve: use of undeclared crate or module `pallet_balances`
[INFO] [stdout]   --> src/tests/pay/mock.rs:55:21
[INFO] [stdout]    |
[INFO] [stdout] 55 |     type AccountData = pallet_balances::AccountData<Balance>;
[INFO] [stdout]    |                        ^^^^^^^^^^^^^^^ use of undeclared crate or module `pallet_balances`
[INFO] [stdout] 
[INFO] [stdout] 
[INFO] [stdout] error[E0433]: failed to resolve: use of undeclared crate or module `pallet_balances`
[INFO] [stdout]   --> src/tests/pay/mock.rs:67:6
[INFO] [stdout]    |
[INFO] [stdout] 67 | impl pallet_balances::Config for Test {
[INFO] [stdout]    |      ^^^^^^^^^^^^^^^ use of undeclared crate or module `pallet_balances`
[INFO] [stdout] 
[INFO] [stdout] 
[INFO] [stdout] error[E0433]: failed to resolve: use of undeclared crate or module `pallet_assets`
[INFO] [stdout]   --> src/tests/pay/mock.rs:94:6
[INFO] [stdout]    |
[INFO] [stdout] 94 | impl pallet_assets::Config for Test {
[INFO] [stdout]    |      ^^^^^^^^^^^^^ use of undeclared crate or module `pallet_assets`
[INFO] [stdout] 
[INFO] [stdout] 
[INFO] [stdout] error[E0433]: failed to resolve: use of undeclared type `XcmPallet`
[INFO] [stdout]    --> src/tests/pay/mock.rs:128:35
[INFO] [stdout]     |
[INFO] [stdout] 128 |     pub CheckingAccount: AccountId = XcmPallet::check_account();
[INFO] [stdout]     |                                      ^^^^^^^^^ use of undeclared type `XcmPallet`
[INFO] [stdout] 
[INFO] [stdout] 
[INFO] [stdout] error[E0433]: failed to resolve: use of undeclared crate or module `pallet_xcm`
[INFO] [stdout]    --> src/tests/pay/mock.rs:176:2
[INFO] [stdout]     |
[INFO] [stdout] 176 |     pallet_xcm::XcmPassthrough<RuntimeOrigin>,
[INFO] [stdout]     |     ^^^^^^^^^^ use of undeclared crate or module `pallet_xcm`
[INFO] [stdout] 
[INFO] [stdout] 
[INFO] [stdout] error[E0433]: failed to resolve: use of undeclared crate or module `pallet_xcm`
[INFO] [stdout]    --> src/tests/pay/mock.rs:249:6
[INFO] [stdout]     |
[INFO] [stdout] 249 | impl pallet_xcm::Config for Test {
[INFO] [stdout]     |      ^^^^^^^^^^ use of undeclared crate or module `pallet_xcm`
[INFO] [stdout] 
[INFO] [stdout] 
[INFO] [stdout] error[E0433]: failed to resolve: use of undeclared crate or module `pallet_xcm`
[INFO] [stdout]    --> src/tests/pay/mock.rs:271:20
[INFO] [stdout]     |
[INFO] [stdout] 271 |     type WeightInfo = pallet_xcm::TestWeightInfo;
[INFO] [stdout]     |                       ^^^^^^^^^^ use of undeclared crate or module `pallet_xcm`
[INFO] [stdout] 
[INFO] [stdout] 
[INFO] [stdout] error[E0433]: failed to resolve: use of undeclared crate or module `pallet_assets`
[INFO] [stdout]    --> src/tests/pay/mock.rs:288:2
[INFO] [stdout]     |
[INFO] [stdout] 288 |     pallet_assets::GenesisConfig::<Test> {
[INFO] [stdout]     |     ^^^^^^^^^^^^^ use of undeclared crate or module `pallet_assets`
[INFO] [stdout] 
[INFO] [stdout] 
[INFO] [stdout] error[E0433]: failed to resolve: use of undeclared crate or module `pallet_salary`
[INFO] [stdout]    --> src/tests/pay/salary.rs:107:6
[INFO] [stdout]     |
[INFO] [stdout] 107 | impl pallet_salary::Config for Test {
[INFO] [stdout]     |      ^^^^^^^^^^^^^ use of undeclared crate or module `pallet_salary`
[INFO] [stdout] 
[INFO] [stdout] 
[INFO] [stdout] error[E0433]: failed to resolve: use of undeclared type `Salary`
[INFO] [stdout]    --> src/tests/pay/salary.rs:134:14
[INFO] [stdout]     |
[INFO] [stdout] 134 |         assert_ok!(Salary::init(RuntimeOrigin::signed(recipient.clone())));
[INFO] [stdout]     |                    ^^^^^^ use of undeclared type `Salary`
[INFO] [stdout] 
[INFO] [stdout] 
[INFO] [stdout] error[E0433]: failed to resolve: use of undeclared type `RuntimeOrigin`
[INFO] [stdout]    --> src/tests/pay/salary.rs:134:27
[INFO] [stdout]     |
[INFO] [stdout] 134 |         assert_ok!(Salary::init(RuntimeOrigin::signed(recipient.clone())));
[INFO] [stdout]     |                                 ^^^^^^^^^^^^^ use of undeclared type `RuntimeOrigin`
[INFO] [stdout] 
[INFO] [stdout] 
[INFO] [stdout] error[E0433]: failed to resolve: use of undeclared type `Salary`
[INFO] [stdout]    --> src/tests/pay/salary.rs:136:14
[INFO] [stdout]     |
[INFO] [stdout] 136 |         assert_ok!(Salary::induct(RuntimeOrigin::signed(recipient.clone())));
[INFO] [stdout]     |                    ^^^^^^ use of undeclared type `Salary`
[INFO] [stdout] 
[INFO] [stdout] 
[INFO] [stdout] error[E0433]: failed to resolve: use of undeclared type `RuntimeOrigin`
[INFO] [stdout]    --> src/tests/pay/salary.rs:136:29
[INFO] [stdout]     |
[INFO] [stdout] 136 |         assert_ok!(Salary::induct(RuntimeOrigin::signed(recipient.clone())));
[INFO] [stdout]     |                                   ^^^^^^^^^^^^^ use of undeclared type `RuntimeOrigin`
[INFO] [stdout] 
[INFO] [stdout] 
[INFO] [stdout] error[E0433]: failed to resolve: use of undeclared type `Salary`
[INFO] [stdout]    --> src/tests/pay/salary.rs:137:14
[INFO] [stdout]     |
[INFO] [stdout] 137 |         assert_ok!(Salary::bump(RuntimeOrigin::signed(recipient.clone())));
[INFO] [stdout]     |                    ^^^^^^ use of undeclared type `Salary`
[INFO] [stdout] 
[INFO] [stdout] 
[INFO] [stdout] error[E0433]: failed to resolve: use of undeclared type `RuntimeOrigin`
[INFO] [stdout]    --> src/tests/pay/salary.rs:137:27
[INFO] [stdout]     |
[INFO] [stdout] 137 |         assert_ok!(Salary::bump(RuntimeOrigin::signed(recipient.clone())));
[INFO] [stdout]     |                                 ^^^^^^^^^^^^^ use of undeclared type `RuntimeOrigin`
[INFO] [stdout] 
[INFO] [stdout] 
[INFO] [stdout] error[E0433]: failed to resolve: use of undeclared type `Salary`
[INFO] [stdout]    --> src/tests/pay/salary.rs:138:14
[INFO] [stdout]     |
[INFO] [stdout] 138 |         assert_ok!(Salary::register(RuntimeOrigin::signed(recipient.clone())));
[INFO] [stdout]     |                    ^^^^^^ use of undeclared type `Salary`
[INFO] [stdout] 
[INFO] [stdout] 
[INFO] [stdout] error[E0433]: failed to resolve: use of undeclared type `RuntimeOrigin`
[INFO] [stdout]    --> src/tests/pay/salary.rs:138:31
[INFO] [stdout]     |
[INFO] [stdout] 138 |         assert_ok!(Salary::register(RuntimeOrigin::signed(recipient.clone())));
[INFO] [stdout]     |                                     ^^^^^^^^^^^^^ use of undeclared type `RuntimeOrigin`
[INFO] [stdout] 
[INFO] [stdout] 
[INFO] [stdout] error[E0433]: failed to resolve: use of undeclared type `Salary`
[INFO] [stdout]    --> src/tests/pay/salary.rs:140:14
[INFO] [stdout]     |
[INFO] [stdout] 140 |         assert_ok!(Salary::payout(RuntimeOrigin::signed(recipient.clone())));
[INFO] [stdout]     |                    ^^^^^^ use of undeclared type `Salary`
[INFO] [stdout] 
[INFO] [stdout] 
[INFO] [stdout] error[E0433]: failed to resolve: use of undeclared type `RuntimeOrigin`
[INFO] [stdout]    --> src/tests/pay/salary.rs:140:29
[INFO] [stdout]     |
[INFO] [stdout] 140 |         assert_ok!(Salary::payout(RuntimeOrigin::signed(recipient.clone())));
[INFO] [stdout]     |                                   ^^^^^^^^^^^^^ use of undeclared type `RuntimeOrigin`
[INFO] [stdout] 
[INFO] [stdout] 
[INFO] [stdout] error[E0433]: failed to resolve: use of undeclared crate or module `xcm_config`
[INFO] [stdout]   --> src/process_xcm_message.rs:83:57
[INFO] [stdout]    |
[INFO] [stdout] 83 |         ProcessXcmMessage<Junction, xcm_executor::XcmExecutor<xcm_config::XcmConfig>, RuntimeCall>;
[INFO] [stdout]    |                                                               ^^^^^^^^^^ use of undeclared crate or module `xcm_config`
[INFO] [stdout] 
[INFO] [stdout] 
[INFO] [stdout] error: aborting due to 82 previous errors; 3 warnings emitted
[INFO] [stdout] 
[INFO] [stdout] 
[INFO] [stdout] Some errors have detailed explanations: E0412, E0432, E0433, E0603.
[INFO] [stdout] 
[INFO] [stdout] For more information about an error, try `rustc --explain E0412`.
[INFO] [stdout] 
[INFO] [stderr] error: could not compile `staging-xcm-builder` (lib test) due to 83 previous errors; 3 warnings emitted
[INFO] running `Command { std: "docker" "inspect" "f38acb4f2cc6634f983214456e5ff8447cd5ab536210c888b60bf49bb49e62a7", kill_on_drop: false }`
[INFO] running `Command { std: "docker" "rm" "-f" "f38acb4f2cc6634f983214456e5ff8447cd5ab536210c888b60bf49bb49e62a7", kill_on_drop: false }`
[INFO] [stdout] f38acb4f2cc6634f983214456e5ff8447cd5ab536210c888b60bf49bb49e62a7
