[INFO] fetching crate stacks-rs 0.1.10...
[INFO] testing stacks-rs-0.1.10 against 1.75.0 for beta-1.76-1
[INFO] extracting crate stacks-rs 0.1.10 into /workspace/builds/worker-1-tc1/source
[INFO] validating manifest of crates.io crate stacks-rs 0.1.10 on toolchain 1.75.0
[INFO] running `Command { std: CARGO_HOME="/workspace/cargo-home" RUSTUP_HOME="/workspace/rustup-home" "/workspace/cargo-home/bin/cargo" "+1.75.0" "metadata" "--manifest-path" "Cargo.toml" "--no-deps", kill_on_drop: false }`
[INFO] started tweaking crates.io crate stacks-rs 0.1.10
[INFO] finished tweaking crates.io crate stacks-rs 0.1.10
[INFO] tweaked toml for crates.io crate stacks-rs 0.1.10 written to /workspace/builds/worker-1-tc1/source/Cargo.toml
[INFO] crate crates.io crate stacks-rs 0.1.10 already has a lockfile, it will not be regenerated
[INFO] running `Command { std: CARGO_HOME="/workspace/cargo-home" RUSTUP_HOME="/workspace/rustup-home" "/workspace/cargo-home/bin/cargo" "+1.75.0" "fetch" "--manifest-path" "Cargo.toml", kill_on_drop: false }`
[INFO] [stderr]  Downloading crates ...
[INFO] [stderr]   Downloaded openssl v0.10.53
[INFO] running `Command { std: "docker" "create" "-v" "/var/lib/crater-agent-workspace/builds/worker-1-tc1/target:/opt/rustwide/target:rw,Z" "-v" "/var/lib/crater-agent-workspace/builds/worker-1-tc1/source:/opt/rustwide/workdir:ro,Z" "-v" "/var/lib/crater-agent-workspace/cargo-home:/opt/rustwide/cargo-home:ro,Z" "-v" "/var/lib/crater-agent-workspace/rustup-home:/opt/rustwide/rustup-home:ro,Z" "-e" "SOURCE_DIR=/opt/rustwide/workdir" "-e" "CARGO_TARGET_DIR=/opt/rustwide/target" "-e" "CARGO_HOME=/opt/rustwide/cargo-home" "-e" "RUSTUP_HOME=/opt/rustwide/rustup-home" "-w" "/opt/rustwide/workdir" "-m" "1610612736" "--user" "0:0" "--network" "none" "ghcr.io/rust-lang/crates-build-env/linux@sha256:2788e3201cd34a07e3172128adcd8b3090168a8e3bcc40d7c032b9dda1df7d1c" "/opt/rustwide/cargo-home/bin/cargo" "+1.75.0" "metadata" "--no-deps" "--format-version=1", kill_on_drop: false }`
[INFO] [stdout] 4c2b777c08881d7acda83ac2e9acf03747d6f5b5a7e757d4cae753fb32278367
[INFO] running `Command { std: "docker" "start" "-a" "4c2b777c08881d7acda83ac2e9acf03747d6f5b5a7e757d4cae753fb32278367", kill_on_drop: false }`
[INFO] running `Command { std: "docker" "inspect" "4c2b777c08881d7acda83ac2e9acf03747d6f5b5a7e757d4cae753fb32278367", kill_on_drop: false }`
[INFO] running `Command { std: "docker" "rm" "-f" "4c2b777c08881d7acda83ac2e9acf03747d6f5b5a7e757d4cae753fb32278367", kill_on_drop: false }`
[INFO] [stdout] 4c2b777c08881d7acda83ac2e9acf03747d6f5b5a7e757d4cae753fb32278367
[INFO] running `Command { std: "docker" "create" "-v" "/var/lib/crater-agent-workspace/builds/worker-1-tc1/target:/opt/rustwide/target:rw,Z" "-v" "/var/lib/crater-agent-workspace/builds/worker-1-tc1/source:/opt/rustwide/workdir:ro,Z" "-v" "/var/lib/crater-agent-workspace/cargo-home:/opt/rustwide/cargo-home:ro,Z" "-v" "/var/lib/crater-agent-workspace/rustup-home:/opt/rustwide/rustup-home:ro,Z" "-e" "SOURCE_DIR=/opt/rustwide/workdir" "-e" "CARGO_TARGET_DIR=/opt/rustwide/target" "-e" "CARGO_INCREMENTAL=0" "-e" "RUST_BACKTRACE=full" "-e" "RUSTFLAGS=--cap-lints=warn" "-e" "RUSTDOCFLAGS=--cap-lints=warn" "-e" "CARGO_HOME=/opt/rustwide/cargo-home" "-e" "RUSTUP_HOME=/opt/rustwide/rustup-home" "-w" "/opt/rustwide/workdir" "-m" "1610612736" "--user" "0:0" "--network" "none" "ghcr.io/rust-lang/crates-build-env/linux@sha256:2788e3201cd34a07e3172128adcd8b3090168a8e3bcc40d7c032b9dda1df7d1c" "/opt/rustwide/cargo-home/bin/cargo" "+1.75.0" "build" "--frozen" "--message-format=json", kill_on_drop: false }`
[INFO] [stdout] cbe7acdf1baf300c5a66437aceb3fe4f85d15c8fabbd3c62ff73740a4e1ef17d
[INFO] running `Command { std: "docker" "start" "-a" "cbe7acdf1baf300c5a66437aceb3fe4f85d15c8fabbd3c62ff73740a4e1ef17d", kill_on_drop: false }`
[INFO] [stderr]    Compiling libc v0.2.144
[INFO] [stderr]    Compiling cc v1.0.79
[INFO] [stderr]    Compiling proc-macro2 v1.0.59
[INFO] [stderr]    Compiling unicode-ident v1.0.9
[INFO] [stderr]    Compiling quote v1.0.28
[INFO] [stderr]    Compiling cfg-if v1.0.0
[INFO] [stderr]    Compiling once_cell v1.17.2
[INFO] [stderr]    Compiling pin-project-lite v0.2.9
[INFO] [stderr]    Compiling pkg-config v0.3.27
[INFO] [stderr]    Compiling futures-core v0.3.28
[INFO] [stderr]    Compiling bytes v1.4.0
[INFO] [stderr]    Compiling log v0.4.18
[INFO] [stderr]    Compiling itoa v1.0.6
[INFO] [stderr]    Compiling typenum v1.16.0
[INFO] [stderr]    Compiling version_check v0.9.4
[INFO] [stderr]    Compiling tokio v1.28.2
[INFO] [stderr]    Compiling futures-task v0.3.28
[INFO] [stderr]    Compiling slab v0.4.8
[INFO] [stderr]    Compiling futures-util v0.3.28
[INFO] [stderr]    Compiling tracing-core v0.1.31
[INFO] [stderr]    Compiling foreign-types-shared v0.1.1
[INFO] [stderr]    Compiling tinyvec_macros v0.1.1
[INFO] [stderr]    Compiling serde v1.0.163
[INFO] [stderr]    Compiling fnv v1.0.7
[INFO] [stderr]    Compiling openssl v0.10.53
[INFO] [stderr]    Compiling generic-array v0.14.7
[INFO] [stderr]    Compiling tinyvec v1.6.0
[INFO] [stderr]    Compiling foreign-types v0.3.2
[INFO] [stderr]    Compiling httparse v1.8.0
[INFO] [stderr]    Compiling native-tls v0.2.11
[INFO] [stderr]    Compiling pin-utils v0.1.0
[INFO] [stderr]    Compiling futures-channel v0.3.28
[INFO] [stderr]    Compiling futures-sink v0.3.28
[INFO] [stderr]    Compiling try-lock v0.2.4
[INFO] [stderr]    Compiling tracing v0.1.37
[INFO] [stderr]    Compiling http v0.2.9
[INFO] [stderr]    Compiling percent-encoding v2.2.0
[INFO] [stderr]    Compiling openssl-probe v0.1.5
[INFO] [stderr]    Compiling want v0.3.0
[INFO] [stderr]    Compiling form_urlencoded v1.1.0
[INFO] [stderr]    Compiling httpdate v1.0.2
[INFO] [stderr]    Compiling unicode-bidi v0.3.13
[INFO] [stderr]    Compiling tower-service v0.3.2
[INFO] [stderr]    Compiling serde_json v1.0.96
[INFO] [stderr]    Compiling ryu v1.0.13
[INFO] [stderr]    Compiling thiserror v1.0.40
[INFO] [stderr]    Compiling ppv-lite86 v0.2.17
[INFO] [stderr]    Compiling encoding_rs v0.8.32
[INFO] [stderr]    Compiling base64 v0.21.2
[INFO] [stderr]    Compiling syn v2.0.18
[INFO] [stderr]    Compiling mio v0.8.8
[INFO] [stderr]    Compiling socket2 v0.4.9
[INFO] [stderr]    Compiling unicode-normalization v0.1.22
[INFO] [stderr]    Compiling getrandom v0.2.9
[INFO] [stderr]    Compiling spin v0.5.2
[INFO] [stderr]    Compiling untrusted v0.7.1
[INFO] [stderr]    Compiling openssl-sys v0.9.88
[INFO] [stderr]    Compiling secp256k1-sys v0.8.1
[INFO] [stderr]    Compiling ring v0.16.20
[INFO] [stderr]    Compiling mime v0.3.17
[INFO] [stderr]    Compiling rand_core v0.6.4
[INFO] [stderr]    Compiling http-body v0.4.5
[INFO] [stderr]    Compiling idna v0.3.0
[INFO] [stderr]    Compiling rand_chacha v0.3.1
[INFO] [stderr]    Compiling ipnet v2.7.2
[INFO] [stderr]    Compiling bitcoin_hashes v0.11.0
[INFO] [stderr]    Compiling rand v0.8.5
[INFO] [stderr]    Compiling url v2.3.1
[INFO] [stderr]    Compiling crypto-common v0.1.6
[INFO] [stderr]    Compiling block-buffer v0.10.4
[INFO] [stderr]    Compiling digest v0.10.7
[INFO] [stderr]    Compiling ripemd v0.1.3
[INFO] [stderr]    Compiling openssl-macros v0.1.1
[INFO] [stderr]    Compiling serde_derive v1.0.163
[INFO] [stderr]    Compiling thiserror-impl v1.0.40
[INFO] [stderr]    Compiling tokio-util v0.7.8
[INFO] [stderr]    Compiling secp256k1 v0.27.0
[INFO] [stderr]    Compiling h2 v0.3.19
[INFO] [stderr]    Compiling hyper v0.14.26
[INFO] [stderr]    Compiling tokio-native-tls v0.3.1
[INFO] [stderr]    Compiling hyper-tls v0.5.0
[INFO] [stderr]    Compiling serde_urlencoded v0.7.1
[INFO] [stderr]    Compiling bip39 v2.0.0
[INFO] [stderr]    Compiling reqwest v0.11.18
[INFO] [stderr]    Compiling stacks-rs v0.1.10 (/opt/rustwide/workdir)
[INFO] [stderr]     Finished dev [unoptimized + debuginfo] target(s) in 17.08s
[INFO] running `Command { std: "docker" "inspect" "cbe7acdf1baf300c5a66437aceb3fe4f85d15c8fabbd3c62ff73740a4e1ef17d", kill_on_drop: false }`
[INFO] running `Command { std: "docker" "rm" "-f" "cbe7acdf1baf300c5a66437aceb3fe4f85d15c8fabbd3c62ff73740a4e1ef17d", kill_on_drop: false }`
[INFO] [stdout] cbe7acdf1baf300c5a66437aceb3fe4f85d15c8fabbd3c62ff73740a4e1ef17d
[INFO] running `Command { std: "docker" "create" "-v" "/var/lib/crater-agent-workspace/builds/worker-1-tc1/target:/opt/rustwide/target:rw,Z" "-v" "/var/lib/crater-agent-workspace/builds/worker-1-tc1/source:/opt/rustwide/workdir:ro,Z" "-v" "/var/lib/crater-agent-workspace/cargo-home:/opt/rustwide/cargo-home:ro,Z" "-v" "/var/lib/crater-agent-workspace/rustup-home:/opt/rustwide/rustup-home:ro,Z" "-e" "SOURCE_DIR=/opt/rustwide/workdir" "-e" "CARGO_TARGET_DIR=/opt/rustwide/target" "-e" "CARGO_INCREMENTAL=0" "-e" "RUST_BACKTRACE=full" "-e" "RUSTFLAGS=--cap-lints=warn" "-e" "RUSTDOCFLAGS=--cap-lints=warn" "-e" "CARGO_HOME=/opt/rustwide/cargo-home" "-e" "RUSTUP_HOME=/opt/rustwide/rustup-home" "-w" "/opt/rustwide/workdir" "-m" "1610612736" "--user" "0:0" "--network" "none" "ghcr.io/rust-lang/crates-build-env/linux@sha256:2788e3201cd34a07e3172128adcd8b3090168a8e3bcc40d7c032b9dda1df7d1c" "/opt/rustwide/cargo-home/bin/cargo" "+1.75.0" "test" "--frozen" "--no-run" "--message-format=json", kill_on_drop: false }`
[INFO] [stdout] 7ba1f63a7f82ec0f8f243c58dff1ca4116ee34a2b8659962431f6df840bf3e4a
[INFO] running `Command { std: "docker" "start" "-a" "7ba1f63a7f82ec0f8f243c58dff1ca4116ee34a2b8659962431f6df840bf3e4a", kill_on_drop: false }`
[INFO] [stderr]    Compiling parking_lot_core v0.9.7
[INFO] [stderr]    Compiling scopeguard v1.1.0
[INFO] [stderr]    Compiling smallvec v1.10.0
[INFO] [stderr]    Compiling lock_api v0.4.9
[INFO] [stderr]    Compiling tokio v1.28.2
[INFO] [stderr]    Compiling num_cpus v1.15.0
[INFO] [stderr]    Compiling signal-hook-registry v1.4.1
[INFO] [stderr]    Compiling tokio-macros v2.1.0
[INFO] [stderr]    Compiling parking_lot v0.12.1
[INFO] [stderr]    Compiling tokio-util v0.7.8
[INFO] [stderr]    Compiling tokio-native-tls v0.3.1
[INFO] [stderr]    Compiling h2 v0.3.19
[INFO] [stderr]    Compiling hyper v0.14.26
[INFO] [stderr]    Compiling hyper-tls v0.5.0
[INFO] [stderr]    Compiling reqwest v0.11.18
[INFO] [stderr]    Compiling stacks-rs v0.1.10 (/opt/rustwide/workdir)
[INFO] [stdout] error: linking with `cc` failed: exit status: 1
[INFO] [stdout]   |
[INFO] [stdout]   = note: LC_ALL="C" PATH="/opt/rustwide/rustup-home/toolchains/1.75.0-x86_64-unknown-linux-gnu/lib/rustlib/x86_64-unknown-linux-gnu/bin:/opt/rustwide/cargo-home/bin:/usr/local/sbin:/usr/local/bin:/usr/sbin:/usr/bin:/sbin:/bin" VSLANG="1033" "cc" "-m64" "/tmp/rustc2g97lB/symbols.o" "/opt/rustwide/target/debug/examples/stx_transfer-00ab5d11f5e8bccc.stx_transfer.83a98773ac0486e0-cgu.0.rcgu.o" "/opt/rustwide/target/debug/examples/stx_transfer-00ab5d11f5e8bccc.kaa8lit89zq6ejt.rcgu.o" "-Wl,--as-needed" "-L" "/opt/rustwide/target/debug/deps" "-L" "/opt/rustwide/target/debug/build/ring-caaa9736c51b37cb/out" "-L" "/opt/rustwide/target/debug/build/secp256k1-sys-559e135cf9b71ee2/out" "-L" "/opt/rustwide/rustup-home/toolchains/1.75.0-x86_64-unknown-linux-gnu/lib/rustlib/x86_64-unknown-linux-gnu/lib" "-Wl,-Bstatic" "/opt/rustwide/target/debug/deps/libstacks_rs-943e715696400ad2.rlib" "/opt/rustwide/target/debug/deps/libbip39-832edbf52df625b2.rlib" "/opt/rustwide/target/debug/deps/libbitcoin_hashes-f0c293869463cc24.rlib" "/opt/rustwide/target/debug/deps/libthiserror-3418184de181e7bb.rlib" "/opt/rustwide/target/debug/deps/librand-09150a3bf1b78d37.rlib" "/opt/rustwide/target/debug/deps/librand_chacha-bcf6708dd4d9a264.rlib" "/opt/rustwide/target/debug/deps/libppv_lite86-9f808eb911999ef2.rlib" "/opt/rustwide/target/debug/deps/librand_core-bf82281f68d30a95.rlib" "/opt/rustwide/target/debug/deps/libgetrandom-0b6b034245be6201.rlib" "/opt/rustwide/target/debug/deps/libsecp256k1-efa8de35c0ab4795.rlib" "/opt/rustwide/target/debug/deps/libsecp256k1_sys-5e092806a4915017.rlib" "/opt/rustwide/target/debug/deps/libripemd-218d1064a8d08bc4.rlib" "/opt/rustwide/target/debug/deps/libdigest-0730619527a180f6.rlib" "/opt/rustwide/target/debug/deps/libblock_buffer-7a086d5b55644c90.rlib" "/opt/rustwide/target/debug/deps/libcrypto_common-9fe89e7f1b144dc7.rlib" "/opt/rustwide/target/debug/deps/libgeneric_array-7afb762a7200395f.rlib" "/opt/rustwide/target/debug/deps/libtypenum-10066d62666e55cd.rlib" "/opt/rustwide/target/debug/deps/libring-4c096c92c603fabc.rlib" "/opt/rustwide/target/debug/deps/libspin-c4098cd951aef6c9.rlib" "/opt/rustwide/target/debug/deps/libuntrusted-5ec0aa78ed8cda5c.rlib" "/opt/rustwide/target/debug/deps/libreqwest-9a14db5aeab8036e.rlib" "/opt/rustwide/target/debug/deps/libhyper_tls-d1e94ff3f1bf7d84.rlib" "/opt/rustwide/target/debug/deps/libserde_urlencoded-df58004836ee30d9.rlib" "/opt/rustwide/target/debug/deps/libbase64-4ae6d688b6a59d6a.rlib" "/opt/rustwide/target/debug/deps/libipnet-6c0b72ce4cc95600.rlib" "/opt/rustwide/target/debug/deps/libtokio_native_tls-90b9a6f4b2c99857.rlib" "/opt/rustwide/target/debug/deps/libmime-7e306270d8ceb372.rlib" "/opt/rustwide/target/debug/deps/libencoding_rs-7cc5730ecb0d79b3.rlib" "/opt/rustwide/target/debug/deps/libserde_json-f0611940b036a739.rlib" "/opt/rustwide/target/debug/deps/libryu-07c77bcabf6ee02b.rlib" "/opt/rustwide/target/debug/deps/libserde-ac5077bb0a15dc6f.rlib" "/opt/rustwide/target/debug/deps/libnative_tls-f9d2ce516800c9c3.rlib" "/opt/rustwide/target/debug/deps/libopenssl_probe-d850575132083d7c.rlib" "/opt/rustwide/target/debug/deps/libopenssl-f584058239683163.rlib" "/opt/rustwide/target/debug/deps/libbitflags-b7cee2ca4fb438d0.rlib" "/opt/rustwide/target/debug/deps/libforeign_types-c05743815e5b8a9d.rlib" "/opt/rustwide/target/debug/deps/libforeign_types_shared-d149f5491fde2862.rlib" "/opt/rustwide/target/debug/deps/libopenssl_sys-c5d977162fd51c56.rlib" "/opt/rustwide/target/debug/deps/libhyper-2e50e6feb30a6599.rlib" "/opt/rustwide/target/debug/deps/libwant-3435cf055320e760.rlib" "/opt/rustwide/target/debug/deps/libtry_lock-51271589248cd7d9.rlib" "/opt/rustwide/target/debug/deps/libhttparse-64f1ffbeda450424.rlib" "/opt/rustwide/target/debug/deps/libh2-651ea878fd464767.rlib" "/opt/rustwide/target/debug/deps/libindexmap-93f72862478380d0.rlib" "/opt/rustwide/target/debug/deps/libhashbrown-567986452cb9bc94.rlib" "/opt/rustwide/target/debug/deps/libslab-7742106a97732125.rlib" "/opt/rustwide/target/debug/deps/libtokio_util-4f533eda6cb68c00.rlib" "/opt/rustwide/target/debug/deps/libfutures_sink-4afe6e57e5588fde.rlib" "/opt/rustwide/target/debug/deps/libtower_service-104d6e83d5ce383d.rlib" "/opt/rustwide/target/debug/deps/libtracing-4346f3fc7284a558.rlib" "/opt/rustwide/target/debug/deps/libtracing_core-434705a6d331fbef.rlib" "/opt/rustwide/target/debug/deps/libonce_cell-6ecee5b0a97fe27b.rlib" "/opt/rustwide/target/debug/deps/libfutures_channel-7d6843c259c4f16c.rlib" "/opt/rustwide/target/debug/deps/libfutures_util-55afb56c8eae6219.rlib" "/opt/rustwide/target/debug/deps/libfutures_task-280fc2e9a8e3a6e9.rlib" "/opt/rustwide/target/debug/deps/libpin_utils-741f7d9d160e4a16.rlib" "/opt/rustwide/target/debug/deps/libtokio-267f108d5d744319.rlib" "/opt/rustwide/target/debug/deps/libsignal_hook_registry-345dc391488283e8.rlib" "/opt/rustwide/target/debug/deps/libnum_cpus-c7a6a59e2edb5ffb.rlib" "/opt/rustwide/target/debug/deps/libsocket2-1dc3a883b6c28134.rlib" "/opt/rustwide/target/debug/deps/libmio-0bd9d1932ee9acec.rlib" "/opt/rustwide/target/debug/deps/libparking_lot-a2e1a5585061f5ec.rlib" "/opt/rustwide/target/debug/deps/libparking_lot_core-d4e1ca4927f4592e.rlib" "/opt/rustwide/target/debug/deps/liblibc-37b50e3b7819e5c7.rlib" "/opt/rustwide/target/debug/deps/libcfg_if-61dc7a6799e72b18.rlib" "/opt/rustwide/target/debug/deps/libsmallvec-75a5879a2c4c0c6c.rlib" "/opt/rustwide/target/debug/deps/liblock_api-400daf411a1c055a.rlib" "/opt/rustwide/target/debug/deps/libscopeguard-b35f5c652940acc2.rlib" "/opt/rustwide/target/debug/deps/libhttp_body-7e22d86f2e012d16.rlib" "/opt/rustwide/target/debug/deps/libpin_project_lite-cead9f5d94689600.rlib" "/opt/rustwide/target/debug/deps/liblog-e5a08d2c20c29976.rlib" "/opt/rustwide/target/debug/deps/libfutures_core-02b74ed2f49284a7.rlib" "/opt/rustwide/target/debug/deps/liburl-835209bb06fa4b66.rlib" "/opt/rustwide/target/debug/deps/libidna-b88b16256f94c1f5.rlib" "/opt/rustwide/target/debug/deps/libunicode_normalization-e1c1be84a555e587.rlib" "/opt/rustwide/target/debug/deps/libtinyvec-cf6c9f6b792a5507.rlib" "/opt/rustwide/target/debug/deps/libtinyvec_macros-b1cb7f53f58c9f87.rlib" "/opt/rustwide/target/debug/deps/libunicode_bidi-282ea4eeb343ff18.rlib" "/opt/rustwide/target/debug/deps/libform_urlencoded-e8c43e838ad28fa4.rlib" "/opt/rustwide/target/debug/deps/libpercent_encoding-c39f6500503dd269.rlib" "/opt/rustwide/target/debug/deps/libhttp-1bfd600a9633f538.rlib" "/opt/rustwide/target/debug/deps/libitoa-807e41d963466eb2.rlib" "/opt/rustwide/target/debug/deps/libbytes-3fc98b508f6e4a28.rlib" "/opt/rustwide/target/debug/deps/libfnv-18bf5144d055e772.rlib" "/opt/rustwide/rustup-home/toolchains/1.75.0-x86_64-unknown-linux-gnu/lib/rustlib/x86_64-unknown-linux-gnu/lib/libstd-90f6ddbf82de36ec.rlib" "/opt/rustwide/rustup-home/toolchains/1.75.0-x86_64-unknown-linux-gnu/lib/rustlib/x86_64-unknown-linux-gnu/lib/libpanic_unwind-480c41e9d4e1f677.rlib" "/opt/rustwide/rustup-home/toolchains/1.75.0-x86_64-unknown-linux-gnu/lib/rustlib/x86_64-unknown-linux-gnu/lib/libobject-db744c0ca03eed1d.rlib" "/opt/rustwide/rustup-home/toolchains/1.75.0-x86_64-unknown-linux-gnu/lib/rustlib/x86_64-unknown-linux-gnu/lib/libmemchr-8ba652dc7d4b285a.rlib" "/opt/rustwide/rustup-home/toolchains/1.75.0-x86_64-unknown-linux-gnu/lib/rustlib/x86_64-unknown-linux-gnu/lib/libaddr2line-d5f4520a9ebc0d58.rlib" "/opt/rustwide/rustup-home/toolchains/1.75.0-x86_64-unknown-linux-gnu/lib/rustlib/x86_64-unknown-linux-gnu/lib/libgimli-4ad84de58f0cb463.rlib" "/opt/rustwide/rustup-home/toolchains/1.75.0-x86_64-unknown-linux-gnu/lib/rustlib/x86_64-unknown-linux-gnu/lib/librustc_demangle-0d10aae2e0f38735.rlib" "/opt/rustwide/rustup-home/toolchains/1.75.0-x86_64-unknown-linux-gnu/lib/rustlib/x86_64-unknown-linux-gnu/lib/libstd_detect-0c17cff739e6745b.rlib" "/opt/rustwide/rustup-home/toolchains/1.75.0-x86_64-unknown-linux-gnu/lib/rustlib/x86_64-unknown-linux-gnu/lib/libhashbrown-b29e17139dde1aa8.rlib" "/opt/rustwide/rustup-home/toolchains/1.75.0-x86_64-unknown-linux-gnu/lib/rustlib/x86_64-unknown-linux-gnu/lib/librustc_std_workspace_alloc-1f975299829cc7bd.rlib" "/opt/rustwide/rustup-home/toolchains/1.75.0-x86_64-unknown-linux-gnu/lib/rustlib/x86_64-unknown-linux-gnu/lib/libminiz_oxide-86bae3bc3079f89b.rlib" "/opt/rustwide/rustup-home/toolchains/1.75.0-x86_64-unknown-linux-gnu/lib/rustlib/x86_64-unknown-linux-gnu/lib/libadler-321b82c30dffdf5f.rlib" "/opt/rustwide/rustup-home/toolchains/1.75.0-x86_64-unknown-linux-gnu/lib/rustlib/x86_64-unknown-linux-gnu/lib/libunwind-3dd8a6810a0bdfef.rlib" "/opt/rustwide/rustup-home/toolchains/1.75.0-x86_64-unknown-linux-gnu/lib/rustlib/x86_64-unknown-linux-gnu/lib/libcfg_if-eb39a61c0c879984.rlib" "/opt/rustwide/rustup-home/toolchains/1.75.0-x86_64-unknown-linux-gnu/lib/rustlib/x86_64-unknown-linux-gnu/lib/liblibc-aa769569f91c3548.rlib" "/opt/rustwide/rustup-home/toolchains/1.75.0-x86_64-unknown-linux-gnu/lib/rustlib/x86_64-unknown-linux-gnu/lib/liballoc-510a192a50a983ed.rlib" "/opt/rustwide/rustup-home/toolchains/1.75.0-x86_64-unknown-linux-gnu/lib/rustlib/x86_64-unknown-linux-gnu/lib/librustc_std_workspace_core-0577018320f99037.rlib" "/opt/rustwide/rustup-home/toolchains/1.75.0-x86_64-unknown-linux-gnu/lib/rustlib/x86_64-unknown-linux-gnu/lib/libcore-193cf992125ccd4c.rlib" "/opt/rustwide/rustup-home/toolchains/1.75.0-x86_64-unknown-linux-gnu/lib/rustlib/x86_64-unknown-linux-gnu/lib/libcompiler_builtins-8e138eaf26ebb4a8.rlib" "-Wl,-Bdynamic" "-lssl" "-lcrypto" "-lgcc_s" "-lutil" "-lrt" "-lpthread" "-lm" "-ldl" "-lc" "-Wl,--eh-frame-hdr" "-Wl,-z,noexecstack" "-L" "/opt/rustwide/rustup-home/toolchains/1.75.0-x86_64-unknown-linux-gnu/lib/rustlib/x86_64-unknown-linux-gnu/lib" "-o" "/opt/rustwide/target/debug/examples/stx_transfer-00ab5d11f5e8bccc" "-Wl,--gc-sections" "-pie" "-Wl,-z,relro,-z,now" "-nodefaultlibs"
[INFO] [stdout]   = note: collect2: fatal error: ld terminated with signal 9 [Killed]
[INFO] [stdout]           compilation terminated.
[INFO] [stdout]           
[INFO] [stdout] 
[INFO] [stdout] 
[INFO] [stdout] error: aborting due to previous error
[INFO] [stdout] 
[INFO] [stdout] 
[INFO] [stderr] error: could not compile `stacks-rs` (example "stx_transfer") due to 2 previous errors
[INFO] [stderr] warning: build failed, waiting for other jobs to finish...
[INFO] [stdout] error: linking with `cc` failed: exit status: 1
[INFO] [stdout]   |
[INFO] [stdout]   = note: LC_ALL="C" PATH="/opt/rustwide/rustup-home/toolchains/1.75.0-x86_64-unknown-linux-gnu/lib/rustlib/x86_64-unknown-linux-gnu/bin:/opt/rustwide/cargo-home/bin:/usr/local/sbin:/usr/local/bin:/usr/sbin:/usr/bin:/sbin:/bin" VSLANG="1033" "cc" "-m64" "/tmp/rustc8IpBe0/symbols.o" "/opt/rustwide/target/debug/examples/call_read_only-65f647fc79c35ab7.call_read_only.3afb92725f7ed76-cgu.0.rcgu.o" "/opt/rustwide/target/debug/examples/call_read_only-65f647fc79c35ab7.call_read_only.3afb92725f7ed76-cgu.1.rcgu.o" "/opt/rustwide/target/debug/examples/call_read_only-65f647fc79c35ab7.call_read_only.3afb92725f7ed76-cgu.2.rcgu.o" "/opt/rustwide/target/debug/examples/call_read_only-65f647fc79c35ab7.call_read_only.3afb92725f7ed76-cgu.3.rcgu.o" "/opt/rustwide/target/debug/examples/call_read_only-65f647fc79c35ab7.call_read_only.3afb92725f7ed76-cgu.4.rcgu.o" "/opt/rustwide/target/debug/examples/call_read_only-65f647fc79c35ab7.z19y05yg69k2njy.rcgu.o" "-Wl,--as-needed" "-L" "/opt/rustwide/target/debug/deps" "-L" "/opt/rustwide/target/debug/build/ring-caaa9736c51b37cb/out" "-L" "/opt/rustwide/target/debug/build/secp256k1-sys-559e135cf9b71ee2/out" "-L" "/opt/rustwide/rustup-home/toolchains/1.75.0-x86_64-unknown-linux-gnu/lib/rustlib/x86_64-unknown-linux-gnu/lib" "-Wl,-Bstatic" "/opt/rustwide/target/debug/deps/libstacks_rs-943e715696400ad2.rlib" "/opt/rustwide/target/debug/deps/libbip39-832edbf52df625b2.rlib" "/opt/rustwide/target/debug/deps/libbitcoin_hashes-f0c293869463cc24.rlib" "/opt/rustwide/target/debug/deps/libthiserror-3418184de181e7bb.rlib" "/opt/rustwide/target/debug/deps/librand-09150a3bf1b78d37.rlib" "/opt/rustwide/target/debug/deps/librand_chacha-bcf6708dd4d9a264.rlib" "/opt/rustwide/target/debug/deps/libppv_lite86-9f808eb911999ef2.rlib" "/opt/rustwide/target/debug/deps/librand_core-bf82281f68d30a95.rlib" "/opt/rustwide/target/debug/deps/libgetrandom-0b6b034245be6201.rlib" "/opt/rustwide/target/debug/deps/libsecp256k1-efa8de35c0ab4795.rlib" "/opt/rustwide/target/debug/deps/libsecp256k1_sys-5e092806a4915017.rlib" "/opt/rustwide/target/debug/deps/libripemd-218d1064a8d08bc4.rlib" "/opt/rustwide/target/debug/deps/libdigest-0730619527a180f6.rlib" "/opt/rustwide/target/debug/deps/libblock_buffer-7a086d5b55644c90.rlib" "/opt/rustwide/target/debug/deps/libcrypto_common-9fe89e7f1b144dc7.rlib" "/opt/rustwide/target/debug/deps/libgeneric_array-7afb762a7200395f.rlib" "/opt/rustwide/target/debug/deps/libtypenum-10066d62666e55cd.rlib" "/opt/rustwide/target/debug/deps/libring-4c096c92c603fabc.rlib" "/opt/rustwide/target/debug/deps/libspin-c4098cd951aef6c9.rlib" "/opt/rustwide/target/debug/deps/libuntrusted-5ec0aa78ed8cda5c.rlib" "/opt/rustwide/target/debug/deps/libreqwest-9a14db5aeab8036e.rlib" "/opt/rustwide/target/debug/deps/libhyper_tls-d1e94ff3f1bf7d84.rlib" "/opt/rustwide/target/debug/deps/libserde_urlencoded-df58004836ee30d9.rlib" "/opt/rustwide/target/debug/deps/libbase64-4ae6d688b6a59d6a.rlib" "/opt/rustwide/target/debug/deps/libipnet-6c0b72ce4cc95600.rlib" "/opt/rustwide/target/debug/deps/libtokio_native_tls-90b9a6f4b2c99857.rlib" "/opt/rustwide/target/debug/deps/libmime-7e306270d8ceb372.rlib" "/opt/rustwide/target/debug/deps/libencoding_rs-7cc5730ecb0d79b3.rlib" "/opt/rustwide/target/debug/deps/libserde_json-f0611940b036a739.rlib" "/opt/rustwide/target/debug/deps/libryu-07c77bcabf6ee02b.rlib" "/opt/rustwide/target/debug/deps/libserde-ac5077bb0a15dc6f.rlib" "/opt/rustwide/target/debug/deps/libnative_tls-f9d2ce516800c9c3.rlib" "/opt/rustwide/target/debug/deps/libopenssl_probe-d850575132083d7c.rlib" "/opt/rustwide/target/debug/deps/libopenssl-f584058239683163.rlib" "/opt/rustwide/target/debug/deps/libbitflags-b7cee2ca4fb438d0.rlib" "/opt/rustwide/target/debug/deps/libforeign_types-c05743815e5b8a9d.rlib" "/opt/rustwide/target/debug/deps/libforeign_types_shared-d149f5491fde2862.rlib" "/opt/rustwide/target/debug/deps/libopenssl_sys-c5d977162fd51c56.rlib" "/opt/rustwide/target/debug/deps/libhyper-2e50e6feb30a6599.rlib" "/opt/rustwide/target/debug/deps/libwant-3435cf055320e760.rlib" "/opt/rustwide/target/debug/deps/libtry_lock-51271589248cd7d9.rlib" "/opt/rustwide/target/debug/deps/libhttparse-64f1ffbeda450424.rlib" "/opt/rustwide/target/debug/deps/libh2-651ea878fd464767.rlib" "/opt/rustwide/target/debug/deps/libindexmap-93f72862478380d0.rlib" "/opt/rustwide/target/debug/deps/libhashbrown-567986452cb9bc94.rlib" "/opt/rustwide/target/debug/deps/libslab-7742106a97732125.rlib" "/opt/rustwide/target/debug/deps/libtokio_util-4f533eda6cb68c00.rlib" "/opt/rustwide/target/debug/deps/libfutures_sink-4afe6e57e5588fde.rlib" "/opt/rustwide/target/debug/deps/libtower_service-104d6e83d5ce383d.rlib" "/opt/rustwide/target/debug/deps/libtracing-4346f3fc7284a558.rlib" "/opt/rustwide/target/debug/deps/libtracing_core-434705a6d331fbef.rlib" "/opt/rustwide/target/debug/deps/libonce_cell-6ecee5b0a97fe27b.rlib" "/opt/rustwide/target/debug/deps/libfutures_channel-7d6843c259c4f16c.rlib" "/opt/rustwide/target/debug/deps/libfutures_util-55afb56c8eae6219.rlib" "/opt/rustwide/target/debug/deps/libfutures_task-280fc2e9a8e3a6e9.rlib" "/opt/rustwide/target/debug/deps/libpin_utils-741f7d9d160e4a16.rlib" "/opt/rustwide/target/debug/deps/libtokio-267f108d5d744319.rlib" "/opt/rustwide/target/debug/deps/libsignal_hook_registry-345dc391488283e8.rlib" "/opt/rustwide/target/debug/deps/libnum_cpus-c7a6a59e2edb5ffb.rlib" "/opt/rustwide/target/debug/deps/libsocket2-1dc3a883b6c28134.rlib" "/opt/rustwide/target/debug/deps/libmio-0bd9d1932ee9acec.rlib" "/opt/rustwide/target/debug/deps/libparking_lot-a2e1a5585061f5ec.rlib" "/opt/rustwide/target/debug/deps/libparking_lot_core-d4e1ca4927f4592e.rlib" "/opt/rustwide/target/debug/deps/liblibc-37b50e3b7819e5c7.rlib" "/opt/rustwide/target/debug/deps/libcfg_if-61dc7a6799e72b18.rlib" "/opt/rustwide/target/debug/deps/libsmallvec-75a5879a2c4c0c6c.rlib" "/opt/rustwide/target/debug/deps/liblock_api-400daf411a1c055a.rlib" "/opt/rustwide/target/debug/deps/libscopeguard-b35f5c652940acc2.rlib" "/opt/rustwide/target/debug/deps/libhttp_body-7e22d86f2e012d16.rlib" "/opt/rustwide/target/debug/deps/libpin_project_lite-cead9f5d94689600.rlib" "/opt/rustwide/target/debug/deps/liblog-e5a08d2c20c29976.rlib" "/opt/rustwide/target/debug/deps/libfutures_core-02b74ed2f49284a7.rlib" "/opt/rustwide/target/debug/deps/liburl-835209bb06fa4b66.rlib" "/opt/rustwide/target/debug/deps/libidna-b88b16256f94c1f5.rlib" "/opt/rustwide/target/debug/deps/libunicode_normalization-e1c1be84a555e587.rlib" "/opt/rustwide/target/debug/deps/libtinyvec-cf6c9f6b792a5507.rlib" "/opt/rustwide/target/debug/deps/libtinyvec_macros-b1cb7f53f58c9f87.rlib" "/opt/rustwide/target/debug/deps/libunicode_bidi-282ea4eeb343ff18.rlib" "/opt/rustwide/target/debug/deps/libform_urlencoded-e8c43e838ad28fa4.rlib" "/opt/rustwide/target/debug/deps/libpercent_encoding-c39f6500503dd269.rlib" "/opt/rustwide/target/debug/deps/libhttp-1bfd600a9633f538.rlib" "/opt/rustwide/target/debug/deps/libitoa-807e41d963466eb2.rlib" "/opt/rustwide/target/debug/deps/libbytes-3fc98b508f6e4a28.rlib" "/opt/rustwide/target/debug/deps/libfnv-18bf5144d055e772.rlib" "/opt/rustwide/rustup-home/toolchains/1.75.0-x86_64-unknown-linux-gnu/lib/rustlib/x86_64-unknown-linux-gnu/lib/libstd-90f6ddbf82de36ec.rlib" "/opt/rustwide/rustup-home/toolchains/1.75.0-x86_64-unknown-linux-gnu/lib/rustlib/x86_64-unknown-linux-gnu/lib/libpanic_unwind-480c41e9d4e1f677.rlib" "/opt/rustwide/rustup-home/toolchains/1.75.0-x86_64-unknown-linux-gnu/lib/rustlib/x86_64-unknown-linux-gnu/lib/libobject-db744c0ca03eed1d.rlib" "/opt/rustwide/rustup-home/toolchains/1.75.0-x86_64-unknown-linux-gnu/lib/rustlib/x86_64-unknown-linux-gnu/lib/libmemchr-8ba652dc7d4b285a.rlib" "/opt/rustwide/rustup-home/toolchains/1.75.0-x86_64-unknown-linux-gnu/lib/rustlib/x86_64-unknown-linux-gnu/lib/libaddr2line-d5f4520a9ebc0d58.rlib" "/opt/rustwide/rustup-home/toolchains/1.75.0-x86_64-unknown-linux-gnu/lib/rustlib/x86_64-unknown-linux-gnu/lib/libgimli-4ad84de58f0cb463.rlib" "/opt/rustwide/rustup-home/toolchains/1.75.0-x86_64-unknown-linux-gnu/lib/rustlib/x86_64-unknown-linux-gnu/lib/librustc_demangle-0d10aae2e0f38735.rlib" "/opt/rustwide/rustup-home/toolchains/1.75.0-x86_64-unknown-linux-gnu/lib/rustlib/x86_64-unknown-linux-gnu/lib/libstd_detect-0c17cff739e6745b.rlib" "/opt/rustwide/rustup-home/toolchains/1.75.0-x86_64-unknown-linux-gnu/lib/rustlib/x86_64-unknown-linux-gnu/lib/libhashbrown-b29e17139dde1aa8.rlib" "/opt/rustwide/rustup-home/toolchains/1.75.0-x86_64-unknown-linux-gnu/lib/rustlib/x86_64-unknown-linux-gnu/lib/librustc_std_workspace_alloc-1f975299829cc7bd.rlib" "/opt/rustwide/rustup-home/toolchains/1.75.0-x86_64-unknown-linux-gnu/lib/rustlib/x86_64-unknown-linux-gnu/lib/libminiz_oxide-86bae3bc3079f89b.rlib" "/opt/rustwide/rustup-home/toolchains/1.75.0-x86_64-unknown-linux-gnu/lib/rustlib/x86_64-unknown-linux-gnu/lib/libadler-321b82c30dffdf5f.rlib" "/opt/rustwide/rustup-home/toolchains/1.75.0-x86_64-unknown-linux-gnu/lib/rustlib/x86_64-unknown-linux-gnu/lib/libunwind-3dd8a6810a0bdfef.rlib" "/opt/rustwide/rustup-home/toolchains/1.75.0-x86_64-unknown-linux-gnu/lib/rustlib/x86_64-unknown-linux-gnu/lib/libcfg_if-eb39a61c0c879984.rlib" "/opt/rustwide/rustup-home/toolchains/1.75.0-x86_64-unknown-linux-gnu/lib/rustlib/x86_64-unknown-linux-gnu/lib/liblibc-aa769569f91c3548.rlib" "/opt/rustwide/rustup-home/toolchains/1.75.0-x86_64-unknown-linux-gnu/lib/rustlib/x86_64-unknown-linux-gnu/lib/liballoc-510a192a50a983ed.rlib" "/opt/rustwide/rustup-home/toolchains/1.75.0-x86_64-unknown-linux-gnu/lib/rustlib/x86_64-unknown-linux-gnu/lib/librustc_std_workspace_core-0577018320f99037.rlib" "/opt/rustwide/rustup-home/toolchains/1.75.0-x86_64-unknown-linux-gnu/lib/rustlib/x86_64-unknown-linux-gnu/lib/libcore-193cf992125ccd4c.rlib" "/opt/rustwide/rustup-home/toolchains/1.75.0-x86_64-unknown-linux-gnu/lib/rustlib/x86_64-unknown-linux-gnu/lib/libcompiler_builtins-8e138eaf26ebb4a8.rlib" "-Wl,-Bdynamic" "-lssl" "-lcrypto" "-lgcc_s" "-lutil" "-lrt" "-lpthread" "-lm" "-ldl" "-lc" "-Wl,--eh-frame-hdr" "-Wl,-z,noexecstack" "-L" "/opt/rustwide/rustup-home/toolchains/1.75.0-x86_64-unknown-linux-gnu/lib/rustlib/x86_64-unknown-linux-gnu/lib" "-o" "/opt/rustwide/target/debug/examples/call_read_only-65f647fc79c35ab7" "-Wl,--gc-sections" "-pie" "-Wl,-z,relro,-z,now" "-nodefaultlibs"
[INFO] [stdout]   = note: collect2: fatal error: ld terminated with signal 9 [Killed]
[INFO] [stdout]           compilation terminated.
[INFO] [stdout]           
[INFO] [stdout] 
[INFO] [stdout] 
[INFO] [stdout] error: aborting due to previous error
[INFO] [stdout] 
[INFO] [stdout] 
[INFO] [stderr] error: could not compile `stacks-rs` (example "call_read_only") due to 2 previous errors
[INFO] running `Command { std: "docker" "inspect" "7ba1f63a7f82ec0f8f243c58dff1ca4116ee34a2b8659962431f6df840bf3e4a", kill_on_drop: false }`
[INFO] running `Command { std: "docker" "rm" "-f" "7ba1f63a7f82ec0f8f243c58dff1ca4116ee34a2b8659962431f6df840bf3e4a", kill_on_drop: false }`
[INFO] [stdout] 7ba1f63a7f82ec0f8f243c58dff1ca4116ee34a2b8659962431f6df840bf3e4a
[INFO] testing stacks-rs-0.1.10 against beta-2023-12-22 for beta-1.76-1
[INFO] extracting crate stacks-rs 0.1.10 into /workspace/builds/worker-1-tc2/source
[INFO] validating manifest of crates.io crate stacks-rs 0.1.10 on toolchain beta-2023-12-22
[INFO] running `Command { std: CARGO_HOME="/workspace/cargo-home" RUSTUP_HOME="/workspace/rustup-home" "/workspace/cargo-home/bin/cargo" "+beta-2023-12-22" "metadata" "--manifest-path" "Cargo.toml" "--no-deps", kill_on_drop: false }`
[INFO] started tweaking crates.io crate stacks-rs 0.1.10
[INFO] finished tweaking crates.io crate stacks-rs 0.1.10
[INFO] tweaked toml for crates.io crate stacks-rs 0.1.10 written to /workspace/builds/worker-1-tc2/source/Cargo.toml
[INFO] crate crates.io crate stacks-rs 0.1.10 already has a lockfile, it will not be regenerated
[INFO] running `Command { std: CARGO_HOME="/workspace/cargo-home" RUSTUP_HOME="/workspace/rustup-home" "/workspace/cargo-home/bin/cargo" "+beta-2023-12-22" "fetch" "--manifest-path" "Cargo.toml", kill_on_drop: false }`
[INFO] running `Command { std: "docker" "create" "-v" "/var/lib/crater-agent-workspace/builds/worker-1-tc2/target:/opt/rustwide/target:rw,Z" "-v" "/var/lib/crater-agent-workspace/builds/worker-1-tc2/source:/opt/rustwide/workdir:ro,Z" "-v" "/var/lib/crater-agent-workspace/cargo-home:/opt/rustwide/cargo-home:ro,Z" "-v" "/var/lib/crater-agent-workspace/rustup-home:/opt/rustwide/rustup-home:ro,Z" "-e" "SOURCE_DIR=/opt/rustwide/workdir" "-e" "CARGO_TARGET_DIR=/opt/rustwide/target" "-e" "CARGO_HOME=/opt/rustwide/cargo-home" "-e" "RUSTUP_HOME=/opt/rustwide/rustup-home" "-w" "/opt/rustwide/workdir" "-m" "1610612736" "--user" "0:0" "--network" "none" "ghcr.io/rust-lang/crates-build-env/linux@sha256:2788e3201cd34a07e3172128adcd8b3090168a8e3bcc40d7c032b9dda1df7d1c" "/opt/rustwide/cargo-home/bin/cargo" "+beta-2023-12-22" "metadata" "--no-deps" "--format-version=1", kill_on_drop: false }`
[INFO] [stdout] 1f7010f6e083e497bff867fdea2ab0966064ad5ba3320b4e90ba9b17f1da4fe6
[INFO] running `Command { std: "docker" "start" "-a" "1f7010f6e083e497bff867fdea2ab0966064ad5ba3320b4e90ba9b17f1da4fe6", kill_on_drop: false }`
[INFO] running `Command { std: "docker" "inspect" "1f7010f6e083e497bff867fdea2ab0966064ad5ba3320b4e90ba9b17f1da4fe6", kill_on_drop: false }`
[INFO] running `Command { std: "docker" "rm" "-f" "1f7010f6e083e497bff867fdea2ab0966064ad5ba3320b4e90ba9b17f1da4fe6", kill_on_drop: false }`
[INFO] [stdout] 1f7010f6e083e497bff867fdea2ab0966064ad5ba3320b4e90ba9b17f1da4fe6
[INFO] running `Command { std: "docker" "create" "-v" "/var/lib/crater-agent-workspace/builds/worker-1-tc2/target:/opt/rustwide/target:rw,Z" "-v" "/var/lib/crater-agent-workspace/builds/worker-1-tc2/source:/opt/rustwide/workdir:ro,Z" "-v" "/var/lib/crater-agent-workspace/cargo-home:/opt/rustwide/cargo-home:ro,Z" "-v" "/var/lib/crater-agent-workspace/rustup-home:/opt/rustwide/rustup-home:ro,Z" "-e" "SOURCE_DIR=/opt/rustwide/workdir" "-e" "CARGO_TARGET_DIR=/opt/rustwide/target" "-e" "CARGO_INCREMENTAL=0" "-e" "RUST_BACKTRACE=full" "-e" "RUSTFLAGS=--cap-lints=warn" "-e" "RUSTDOCFLAGS=--cap-lints=warn" "-e" "CARGO_HOME=/opt/rustwide/cargo-home" "-e" "RUSTUP_HOME=/opt/rustwide/rustup-home" "-w" "/opt/rustwide/workdir" "-m" "1610612736" "--user" "0:0" "--network" "none" "ghcr.io/rust-lang/crates-build-env/linux@sha256:2788e3201cd34a07e3172128adcd8b3090168a8e3bcc40d7c032b9dda1df7d1c" "/opt/rustwide/cargo-home/bin/cargo" "+beta-2023-12-22" "build" "--frozen" "--message-format=json", kill_on_drop: false }`
[INFO] [stdout] 78eec5dfa729c79142e94b1d477856817521bebc5f605f6a62c370ffc3eb9fbe
[INFO] running `Command { std: "docker" "start" "-a" "78eec5dfa729c79142e94b1d477856817521bebc5f605f6a62c370ffc3eb9fbe", kill_on_drop: false }`
[INFO] [stderr]    Compiling libc v0.2.144
[INFO] [stderr]    Compiling proc-macro2 v1.0.59
[INFO] [stderr]    Compiling cc v1.0.79
[INFO] [stderr]    Compiling unicode-ident v1.0.9
[INFO] [stderr]    Compiling quote v1.0.28
[INFO] [stderr]    Compiling cfg-if v1.0.0
[INFO] [stderr]    Compiling once_cell v1.17.2
[INFO] [stderr]    Compiling pkg-config v0.3.27
[INFO] [stderr]    Compiling pin-project-lite v0.2.9
[INFO] [stderr]    Compiling futures-core v0.3.28
[INFO] [stderr]    Compiling bytes v1.4.0
[INFO] [stderr]    Compiling itoa v1.0.6
[INFO] [stderr]    Compiling log v0.4.18
[INFO] [stderr]    Compiling version_check v0.9.4
[INFO] [stderr]    Compiling futures-task v0.3.28
[INFO] [stderr]    Compiling tokio v1.28.2
[INFO] [stderr]    Compiling typenum v1.16.0
[INFO] [stderr]    Compiling slab v0.4.8
[INFO] [stderr]    Compiling tracing-core v0.1.31
[INFO] [stderr]    Compiling tinyvec_macros v0.1.1
[INFO] [stderr]    Compiling serde v1.0.163
[INFO] [stderr]    Compiling fnv v1.0.7
[INFO] [stderr]    Compiling openssl v0.10.53
[INFO] [stderr]    Compiling foreign-types-shared v0.1.1
[INFO] [stderr]    Compiling futures-util v0.3.28
[INFO] [stderr]    Compiling foreign-types v0.3.2
[INFO] [stderr]    Compiling tinyvec v1.6.0
[INFO] [stderr]    Compiling http v0.2.9
[INFO] [stderr]    Compiling httparse v1.8.0
[INFO] [stderr]    Compiling tracing v0.1.37
[INFO] [stderr]    Compiling native-tls v0.2.11
[INFO] [stderr]    Compiling futures-channel v0.3.28
[INFO] [stderr]    Compiling futures-sink v0.3.28
[INFO] [stderr]    Compiling generic-array v0.14.7
[INFO] [stderr]    Compiling pin-utils v0.1.0
[INFO] [stderr]    Compiling percent-encoding v2.2.0
[INFO] [stderr]    Compiling openssl-probe v0.1.5
[INFO] [stderr]    Compiling try-lock v0.2.4
[INFO] [stderr]    Compiling syn v2.0.18
[INFO] [stderr]    Compiling want v0.3.0
[INFO] [stderr]    Compiling socket2 v0.4.9
[INFO] [stderr]    Compiling mio v0.8.8
[INFO] [stderr]    Compiling form_urlencoded v1.1.0
[INFO] [stderr]    Compiling getrandom v0.2.9
[INFO] [stderr]    Compiling unicode-bidi v0.3.13
[INFO] [stderr]    Compiling ryu v1.0.13
[INFO] [stderr]    Compiling unicode-normalization v0.1.22
[INFO] [stderr]    Compiling serde_json v1.0.96
[INFO] [stderr]    Compiling httpdate v1.0.2
[INFO] [stderr]    Compiling tower-service v0.3.2
[INFO] [stderr]    Compiling rand_core v0.6.4
[INFO] [stderr]    Compiling ppv-lite86 v0.2.17
[INFO] [stderr]    Compiling thiserror v1.0.40
[INFO] [stderr]    Compiling encoding_rs v0.8.32
[INFO] [stderr]    Compiling openssl-sys v0.9.88
[INFO] [stderr]    Compiling secp256k1-sys v0.8.1
[INFO] [stderr]    Compiling http-body v0.4.5
[INFO] [stderr]    Compiling idna v0.3.0
[INFO] [stderr]    Compiling ring v0.16.20
[INFO] [stderr]    Compiling rand_chacha v0.3.1
[INFO] [stderr]    Compiling ipnet v2.7.2
[INFO] [stderr]    Compiling bitcoin_hashes v0.11.0
[INFO] [stderr]    Compiling base64 v0.21.2
[INFO] [stderr]    Compiling untrusted v0.7.1
[INFO] [stderr]    Compiling mime v0.3.17
[INFO] [stderr]    Compiling url v2.3.1
[INFO] [stderr]    Compiling spin v0.5.2
[INFO] [stderr]    Compiling rand v0.8.5
[INFO] [stderr]    Compiling crypto-common v0.1.6
[INFO] [stderr]    Compiling block-buffer v0.10.4
[INFO] [stderr]    Compiling digest v0.10.7
[INFO] [stderr]    Compiling ripemd v0.1.3
[INFO] [stderr]    Compiling openssl-macros v0.1.1
[INFO] [stderr]    Compiling serde_derive v1.0.163
[INFO] [stderr]    Compiling thiserror-impl v1.0.40
[INFO] [stderr]    Compiling tokio-util v0.7.8
[INFO] [stderr]    Compiling secp256k1 v0.27.0
[INFO] [stderr]    Compiling h2 v0.3.19
[INFO] [stderr]    Compiling tokio-native-tls v0.3.1
[INFO] [stderr]    Compiling hyper v0.14.26
[INFO] [stderr]    Compiling serde_urlencoded v0.7.1
[INFO] [stderr]    Compiling bip39 v2.0.0
[INFO] [stderr]    Compiling hyper-tls v0.5.0
[INFO] [stderr]    Compiling reqwest v0.11.18
[INFO] [stderr]    Compiling stacks-rs v0.1.10 (/opt/rustwide/workdir)
[INFO] [stderr]     Finished dev [unoptimized + debuginfo] target(s) in 17.99s
[INFO] running `Command { std: "docker" "inspect" "78eec5dfa729c79142e94b1d477856817521bebc5f605f6a62c370ffc3eb9fbe", kill_on_drop: false }`
[INFO] running `Command { std: "docker" "rm" "-f" "78eec5dfa729c79142e94b1d477856817521bebc5f605f6a62c370ffc3eb9fbe", kill_on_drop: false }`
[INFO] [stdout] 78eec5dfa729c79142e94b1d477856817521bebc5f605f6a62c370ffc3eb9fbe
[INFO] running `Command { std: "docker" "create" "-v" "/var/lib/crater-agent-workspace/builds/worker-1-tc2/target:/opt/rustwide/target:rw,Z" "-v" "/var/lib/crater-agent-workspace/builds/worker-1-tc2/source:/opt/rustwide/workdir:ro,Z" "-v" "/var/lib/crater-agent-workspace/cargo-home:/opt/rustwide/cargo-home:ro,Z" "-v" "/var/lib/crater-agent-workspace/rustup-home:/opt/rustwide/rustup-home:ro,Z" "-e" "SOURCE_DIR=/opt/rustwide/workdir" "-e" "CARGO_TARGET_DIR=/opt/rustwide/target" "-e" "CARGO_INCREMENTAL=0" "-e" "RUST_BACKTRACE=full" "-e" "RUSTFLAGS=--cap-lints=warn" "-e" "RUSTDOCFLAGS=--cap-lints=warn" "-e" "CARGO_HOME=/opt/rustwide/cargo-home" "-e" "RUSTUP_HOME=/opt/rustwide/rustup-home" "-w" "/opt/rustwide/workdir" "-m" "1610612736" "--user" "0:0" "--network" "none" "ghcr.io/rust-lang/crates-build-env/linux@sha256:2788e3201cd34a07e3172128adcd8b3090168a8e3bcc40d7c032b9dda1df7d1c" "/opt/rustwide/cargo-home/bin/cargo" "+beta-2023-12-22" "test" "--frozen" "--no-run" "--message-format=json", kill_on_drop: false }`
[INFO] [stdout] d6dc8062d13f8021e9cbc1c6ea9e4487a2f9e11de9a731b8dcd863b0f3396fbb
[INFO] running `Command { std: "docker" "start" "-a" "d6dc8062d13f8021e9cbc1c6ea9e4487a2f9e11de9a731b8dcd863b0f3396fbb", kill_on_drop: false }`
[INFO] [stderr]    Compiling parking_lot_core v0.9.7
[INFO] [stderr]    Compiling scopeguard v1.1.0
[INFO] [stderr]    Compiling smallvec v1.10.0
[INFO] [stderr]    Compiling lock_api v0.4.9
[INFO] [stderr]    Compiling tokio v1.28.2
[INFO] [stderr]    Compiling num_cpus v1.15.0
[INFO] [stderr]    Compiling signal-hook-registry v1.4.1
[INFO] [stderr]    Compiling tokio-macros v2.1.0
[INFO] [stderr]    Compiling parking_lot v0.12.1
[INFO] [stderr]    Compiling tokio-util v0.7.8
[INFO] [stderr]    Compiling tokio-native-tls v0.3.1
[INFO] [stderr]    Compiling h2 v0.3.19
[INFO] [stderr]    Compiling hyper v0.14.26
[INFO] [stderr]    Compiling hyper-tls v0.5.0
[INFO] [stderr]    Compiling reqwest v0.11.18
[INFO] [stderr]    Compiling stacks-rs v0.1.10 (/opt/rustwide/workdir)
[INFO] [stdout] error: linking with `cc` failed: exit status: 1
[INFO] [stdout]   |
[INFO] [stdout]   = note: LC_ALL="C" PATH="/opt/rustwide/rustup-home/toolchains/beta-2023-12-22-x86_64-unknown-linux-gnu/lib/rustlib/x86_64-unknown-linux-gnu/bin:/opt/rustwide/cargo-home/bin:/usr/local/sbin:/usr/local/bin:/usr/sbin:/usr/bin:/sbin:/bin" VSLANG="1033" "cc" "-m64" "/tmp/rustc9mMbMT/symbols.o" "/opt/rustwide/target/debug/deps/contract_call-1266a01f3fa8b574.contract_call.217fdf7c659584de-cgu.0.rcgu.o" "/opt/rustwide/target/debug/deps/contract_call-1266a01f3fa8b574.contract_call.217fdf7c659584de-cgu.1.rcgu.o" "/opt/rustwide/target/debug/deps/contract_call-1266a01f3fa8b574.iczhstq56uckssv.rcgu.o" "-Wl,--as-needed" "-L" "/opt/rustwide/target/debug/deps" "-L" "/opt/rustwide/target/debug/build/ring-1fc37216b7f59518/out" "-L" "/opt/rustwide/target/debug/build/secp256k1-sys-8e1801dac98dad7f/out" "-L" "/opt/rustwide/rustup-home/toolchains/beta-2023-12-22-x86_64-unknown-linux-gnu/lib/rustlib/x86_64-unknown-linux-gnu/lib" "-Wl,-Bstatic" "/opt/rustwide/rustup-home/toolchains/beta-2023-12-22-x86_64-unknown-linux-gnu/lib/rustlib/x86_64-unknown-linux-gnu/lib/libtest-cbab71697df97b00.rlib" "/opt/rustwide/rustup-home/toolchains/beta-2023-12-22-x86_64-unknown-linux-gnu/lib/rustlib/x86_64-unknown-linux-gnu/lib/libgetopts-2a2cf8f16c536007.rlib" "/opt/rustwide/rustup-home/toolchains/beta-2023-12-22-x86_64-unknown-linux-gnu/lib/rustlib/x86_64-unknown-linux-gnu/lib/libunicode_width-c5f3cc3cceaf9070.rlib" "/opt/rustwide/rustup-home/toolchains/beta-2023-12-22-x86_64-unknown-linux-gnu/lib/rustlib/x86_64-unknown-linux-gnu/lib/librustc_std_workspace_std-a31324ec815b09db.rlib" "/opt/rustwide/target/debug/deps/libstacks_rs-d49c8e3625e9eb07.rlib" "/opt/rustwide/target/debug/deps/libbip39-179900508a2587e8.rlib" "/opt/rustwide/target/debug/deps/libbitcoin_hashes-995a67023c541dbc.rlib" "/opt/rustwide/target/debug/deps/libthiserror-fcfe9d4ffc7bec99.rlib" "/opt/rustwide/target/debug/deps/librand-d1015d4703300393.rlib" "/opt/rustwide/target/debug/deps/librand_chacha-04226f34e5fa7e01.rlib" "/opt/rustwide/target/debug/deps/libppv_lite86-db48c90fa293bcfe.rlib" "/opt/rustwide/target/debug/deps/librand_core-13d4c60a55e1f11f.rlib" "/opt/rustwide/target/debug/deps/libgetrandom-63450ceb6c9fdd35.rlib" "/opt/rustwide/target/debug/deps/libsecp256k1-2d8710eabd55f07a.rlib" "/opt/rustwide/target/debug/deps/libsecp256k1_sys-8102b6b719cdb1f6.rlib" "/opt/rustwide/target/debug/deps/libripemd-77157ac78659339b.rlib" "/opt/rustwide/target/debug/deps/libdigest-8d6ba9008f737ffe.rlib" "/opt/rustwide/target/debug/deps/libblock_buffer-35d507cb4d59e4c7.rlib" "/opt/rustwide/target/debug/deps/libcrypto_common-3d0eb161b945cd07.rlib" "/opt/rustwide/target/debug/deps/libgeneric_array-9a7f621fb45a6f4e.rlib" "/opt/rustwide/target/debug/deps/libtypenum-486446c5d1f61c48.rlib" "/opt/rustwide/target/debug/deps/libring-c5b37cc92f7f15c5.rlib" "/opt/rustwide/target/debug/deps/libspin-e858d3468b8e3abd.rlib" "/opt/rustwide/target/debug/deps/libuntrusted-6cf40e3a64622ff0.rlib" "/opt/rustwide/target/debug/deps/libreqwest-a42ad815a7009604.rlib" "/opt/rustwide/target/debug/deps/libhyper_tls-7bc05ca85ddd0e64.rlib" "/opt/rustwide/target/debug/deps/libserde_urlencoded-ddac88ff94dec7c3.rlib" "/opt/rustwide/target/debug/deps/libbase64-f38862f3d93516f9.rlib" "/opt/rustwide/target/debug/deps/libipnet-ea5fa9b3594d4579.rlib" "/opt/rustwide/target/debug/deps/libtokio_native_tls-c39e75ba646e03ad.rlib" "/opt/rustwide/target/debug/deps/libmime-a9df5a780629fb7d.rlib" "/opt/rustwide/target/debug/deps/libencoding_rs-43ba0f5a32920363.rlib" "/opt/rustwide/target/debug/deps/libserde_json-1c2a0355e6e2d204.rlib" "/opt/rustwide/target/debug/deps/libryu-ce09991353a76c10.rlib" "/opt/rustwide/target/debug/deps/libserde-f5f4b61003f6a5f8.rlib" "/opt/rustwide/target/debug/deps/libnative_tls-bd90711013fdfc77.rlib" "/opt/rustwide/target/debug/deps/libopenssl_probe-01da96bec2dfd166.rlib" "/opt/rustwide/target/debug/deps/libopenssl-f93b716cee70cb46.rlib" "/opt/rustwide/target/debug/deps/libbitflags-85e13ed1e0c6d910.rlib" "/opt/rustwide/target/debug/deps/libforeign_types-34162016ad32c65c.rlib" "/opt/rustwide/target/debug/deps/libforeign_types_shared-6c481fa47d8ef87b.rlib" "/opt/rustwide/target/debug/deps/libopenssl_sys-68270f21a5b0980a.rlib" "/opt/rustwide/target/debug/deps/libhyper-b86d43e39d1924fc.rlib" "/opt/rustwide/target/debug/deps/libwant-b019d5e8872a5a4a.rlib" "/opt/rustwide/target/debug/deps/libtry_lock-539bdf1ed77a7a8a.rlib" "/opt/rustwide/target/debug/deps/libhttparse-2dbc320ca65411a3.rlib" "/opt/rustwide/target/debug/deps/libh2-58c3899e99c1b1da.rlib" "/opt/rustwide/target/debug/deps/libindexmap-7ff1a537f445f359.rlib" "/opt/rustwide/target/debug/deps/libhashbrown-e273ba0f8cdcbe5b.rlib" "/opt/rustwide/target/debug/deps/libslab-7cf3b345ffecd469.rlib" "/opt/rustwide/target/debug/deps/libtokio_util-1f7af8952ff701d8.rlib" "/opt/rustwide/target/debug/deps/libfutures_sink-3387e8374b45be05.rlib" "/opt/rustwide/target/debug/deps/libtower_service-92bbc7b5a1dd8782.rlib" "/opt/rustwide/target/debug/deps/libtracing-7fcd068321c67f8e.rlib" "/opt/rustwide/target/debug/deps/libtracing_core-d1ca5cf72f688e27.rlib" "/opt/rustwide/target/debug/deps/libonce_cell-09d8177c20ce46e3.rlib" "/opt/rustwide/target/debug/deps/libfutures_channel-637238153abbcb6b.rlib" "/opt/rustwide/target/debug/deps/libfutures_util-42f43a7f53c24fd2.rlib" "/opt/rustwide/target/debug/deps/libfutures_task-942d27df885c5b8f.rlib" "/opt/rustwide/target/debug/deps/libpin_utils-9c5dcf17efb91bff.rlib" "/opt/rustwide/target/debug/deps/libtokio-4f1fcc225a135940.rlib" "/opt/rustwide/target/debug/deps/libsignal_hook_registry-6761694f09902bd4.rlib" "/opt/rustwide/target/debug/deps/libnum_cpus-8f8ba4675582e5e1.rlib" "/opt/rustwide/target/debug/deps/libsocket2-7b11b13a420ab137.rlib" "/opt/rustwide/target/debug/deps/libmio-53f64409b57ea758.rlib" "/opt/rustwide/target/debug/deps/libparking_lot-59ab668136521b5b.rlib" "/opt/rustwide/target/debug/deps/libparking_lot_core-83a56295a166c58b.rlib" "/opt/rustwide/target/debug/deps/liblibc-62cfde1ba62d0bf9.rlib" "/opt/rustwide/target/debug/deps/libcfg_if-e7002d307f97bc56.rlib" "/opt/rustwide/target/debug/deps/libsmallvec-5f186dbb2829e135.rlib" "/opt/rustwide/target/debug/deps/liblock_api-7efc9c602b898216.rlib" "/opt/rustwide/target/debug/deps/libscopeguard-31f1b56a39f2a372.rlib" "/opt/rustwide/target/debug/deps/libhttp_body-b21f74c3dbfe39dd.rlib" "/opt/rustwide/target/debug/deps/libpin_project_lite-e8b15c1d45637ce8.rlib" "/opt/rustwide/target/debug/deps/liblog-b0dee9b39eba59b4.rlib" "/opt/rustwide/target/debug/deps/libfutures_core-eae31d72cfa7dcb2.rlib" "/opt/rustwide/target/debug/deps/liburl-8ff4cfebe939dcbc.rlib" "/opt/rustwide/target/debug/deps/libidna-34a129a2150038b3.rlib" "/opt/rustwide/target/debug/deps/libunicode_normalization-6720ecd938ebfb2b.rlib" "/opt/rustwide/target/debug/deps/libtinyvec-dcbbce603bc23510.rlib" "/opt/rustwide/target/debug/deps/libtinyvec_macros-333661e3b238a9a3.rlib" "/opt/rustwide/target/debug/deps/libunicode_bidi-c077d6a813fe7ae8.rlib" "/opt/rustwide/target/debug/deps/libform_urlencoded-2e6be29729763aa6.rlib" "/opt/rustwide/target/debug/deps/libpercent_encoding-52ba3d834e28489d.rlib" "/opt/rustwide/target/debug/deps/libhttp-7cf1142ed6ad0045.rlib" "/opt/rustwide/target/debug/deps/libitoa-780f6737fc9d34ad.rlib" "/opt/rustwide/target/debug/deps/libbytes-8217216c646d0e94.rlib" "/opt/rustwide/target/debug/deps/libfnv-953831fe314029b4.rlib" "/opt/rustwide/rustup-home/toolchains/beta-2023-12-22-x86_64-unknown-linux-gnu/lib/rustlib/x86_64-unknown-linux-gnu/lib/libstd-0672489a78b613de.rlib" "/opt/rustwide/rustup-home/toolchains/beta-2023-12-22-x86_64-unknown-linux-gnu/lib/rustlib/x86_64-unknown-linux-gnu/lib/libpanic_unwind-7eb3ffc34a49f675.rlib" "/opt/rustwide/rustup-home/toolchains/beta-2023-12-22-x86_64-unknown-linux-gnu/lib/rustlib/x86_64-unknown-linux-gnu/lib/libobject-6478a9daa4bee8e2.rlib" "/opt/rustwide/rustup-home/toolchains/beta-2023-12-22-x86_64-unknown-linux-gnu/lib/rustlib/x86_64-unknown-linux-gnu/lib/libmemchr-0c75d871a5c3923d.rlib" "/opt/rustwide/rustup-home/toolchains/beta-2023-12-22-x86_64-unknown-linux-gnu/lib/rustlib/x86_64-unknown-linux-gnu/lib/libaddr2line-d163ef63ad37bb71.rlib" "/opt/rustwide/rustup-home/toolchains/beta-2023-12-22-x86_64-unknown-linux-gnu/lib/rustlib/x86_64-unknown-linux-gnu/lib/libgimli-8a3fd810a85b9f4c.rlib" "/opt/rustwide/rustup-home/toolchains/beta-2023-12-22-x86_64-unknown-linux-gnu/lib/rustlib/x86_64-unknown-linux-gnu/lib/librustc_demangle-462a2cde8c5dfc10.rlib" "/opt/rustwide/rustup-home/toolchains/beta-2023-12-22-x86_64-unknown-linux-gnu/lib/rustlib/x86_64-unknown-linux-gnu/lib/libstd_detect-cb06ac9f54713f71.rlib" "/opt/rustwide/rustup-home/toolchains/beta-2023-12-22-x86_64-unknown-linux-gnu/lib/rustlib/x86_64-unknown-linux-gnu/lib/libhashbrown-f20bfd1f8e59b393.rlib" "/opt/rustwide/rustup-home/toolchains/beta-2023-12-22-x86_64-unknown-linux-gnu/lib/rustlib/x86_64-unknown-linux-gnu/lib/librustc_std_workspace_alloc-1ef460949b49da4b.rlib" "/opt/rustwide/rustup-home/toolchains/beta-2023-12-22-x86_64-unknown-linux-gnu/lib/rustlib/x86_64-unknown-linux-gnu/lib/libminiz_oxide-2cb0c0ffe4f87514.rlib" "/opt/rustwide/rustup-home/toolchains/beta-2023-12-22-x86_64-unknown-linux-gnu/lib/rustlib/x86_64-unknown-linux-gnu/lib/libadler-58d841eb322a11a2.rlib" "/opt/rustwide/rustup-home/toolchains/beta-2023-12-22-x86_64-unknown-linux-gnu/lib/rustlib/x86_64-unknown-linux-gnu/lib/libunwind-aa2ae0b0a9d11533.rlib" "/opt/rustwide/rustup-home/toolchains/beta-2023-12-22-x86_64-unknown-linux-gnu/lib/rustlib/x86_64-unknown-linux-gnu/lib/libcfg_if-23874e15830ed336.rlib" "/opt/rustwide/rustup-home/toolchains/beta-2023-12-22-x86_64-unknown-linux-gnu/lib/rustlib/x86_64-unknown-linux-gnu/lib/liblibc-e47cddc003bce885.rlib" "/opt/rustwide/rustup-home/toolchains/beta-2023-12-22-x86_64-unknown-linux-gnu/lib/rustlib/x86_64-unknown-linux-gnu/lib/liballoc-c22b13b48a8f128e.rlib" "/opt/rustwide/rustup-home/toolchains/beta-2023-12-22-x86_64-unknown-linux-gnu/lib/rustlib/x86_64-unknown-linux-gnu/lib/librustc_std_workspace_core-e46bc3da6d7c462f.rlib" "/opt/rustwide/rustup-home/toolchains/beta-2023-12-22-x86_64-unknown-linux-gnu/lib/rustlib/x86_64-unknown-linux-gnu/lib/libcore-8d1ac131d3cb2645.rlib" "/opt/rustwide/rustup-home/toolchains/beta-2023-12-22-x86_64-unknown-linux-gnu/lib/rustlib/x86_64-unknown-linux-gnu/lib/libcompiler_builtins-a1b43df8c6899c1f.rlib" "-Wl,-Bdynamic" "-lssl" "-lcrypto" "-lgcc_s" "-lutil" "-lrt" "-lpthread" "-lm" "-ldl" "-lc" "-Wl,--eh-frame-hdr" "-Wl,-z,noexecstack" "-L" "/opt/rustwide/rustup-home/toolchains/beta-2023-12-22-x86_64-unknown-linux-gnu/lib/rustlib/x86_64-unknown-linux-gnu/lib" "-o" "/opt/rustwide/target/debug/deps/contract_call-1266a01f3fa8b574" "-Wl,--gc-sections" "-pie" "-Wl,-z,relro,-z,now" "-nodefaultlibs"
[INFO] [stdout]   = note: collect2: fatal error: ld terminated with signal 9 [Killed]
[INFO] [stdout]           compilation terminated.
[INFO] [stdout]           
[INFO] [stdout] 
[INFO] [stdout] 
[INFO] [stdout] error: aborting due to 1 previous error
[INFO] [stdout] 
[INFO] [stdout] 
[INFO] [stderr] error: could not compile `stacks-rs` (test "contract_call") due to 2 previous errors
[INFO] [stderr] warning: build failed, waiting for other jobs to finish...
[INFO] [stdout] error: linking with `cc` failed: exit status: 1
[INFO] [stdout]   |
[INFO] [stdout]   = note: LC_ALL="C" PATH="/opt/rustwide/rustup-home/toolchains/beta-2023-12-22-x86_64-unknown-linux-gnu/lib/rustlib/x86_64-unknown-linux-gnu/bin:/opt/rustwide/cargo-home/bin:/usr/local/sbin:/usr/local/bin:/usr/sbin:/usr/bin:/sbin:/bin" VSLANG="1033" "cc" "-m64" "/tmp/rustcB3ozHu/symbols.o" "/opt/rustwide/target/debug/examples/broadcast_transfer-33b7a4ae8ebd7b46.broadcast_transfer.51193ee22f7d0429-cgu.0.rcgu.o" "/opt/rustwide/target/debug/examples/broadcast_transfer-33b7a4ae8ebd7b46.broadcast_transfer.51193ee22f7d0429-cgu.1.rcgu.o" "/opt/rustwide/target/debug/examples/broadcast_transfer-33b7a4ae8ebd7b46.broadcast_transfer.51193ee22f7d0429-cgu.2.rcgu.o" "/opt/rustwide/target/debug/examples/broadcast_transfer-33b7a4ae8ebd7b46.broadcast_transfer.51193ee22f7d0429-cgu.3.rcgu.o" "/opt/rustwide/target/debug/examples/broadcast_transfer-33b7a4ae8ebd7b46.broadcast_transfer.51193ee22f7d0429-cgu.4.rcgu.o" "/opt/rustwide/target/debug/examples/broadcast_transfer-33b7a4ae8ebd7b46.1t9tw4wa6hwqqciq.rcgu.o" "-Wl,--as-needed" "-L" "/opt/rustwide/target/debug/deps" "-L" "/opt/rustwide/target/debug/build/ring-1fc37216b7f59518/out" "-L" "/opt/rustwide/target/debug/build/secp256k1-sys-8e1801dac98dad7f/out" "-L" "/opt/rustwide/rustup-home/toolchains/beta-2023-12-22-x86_64-unknown-linux-gnu/lib/rustlib/x86_64-unknown-linux-gnu/lib" "-Wl,-Bstatic" "/opt/rustwide/target/debug/deps/libstacks_rs-d49c8e3625e9eb07.rlib" "/opt/rustwide/target/debug/deps/libbip39-179900508a2587e8.rlib" "/opt/rustwide/target/debug/deps/libbitcoin_hashes-995a67023c541dbc.rlib" "/opt/rustwide/target/debug/deps/libthiserror-fcfe9d4ffc7bec99.rlib" "/opt/rustwide/target/debug/deps/librand-d1015d4703300393.rlib" "/opt/rustwide/target/debug/deps/librand_chacha-04226f34e5fa7e01.rlib" "/opt/rustwide/target/debug/deps/libppv_lite86-db48c90fa293bcfe.rlib" "/opt/rustwide/target/debug/deps/librand_core-13d4c60a55e1f11f.rlib" "/opt/rustwide/target/debug/deps/libgetrandom-63450ceb6c9fdd35.rlib" "/opt/rustwide/target/debug/deps/libsecp256k1-2d8710eabd55f07a.rlib" "/opt/rustwide/target/debug/deps/libsecp256k1_sys-8102b6b719cdb1f6.rlib" "/opt/rustwide/target/debug/deps/libripemd-77157ac78659339b.rlib" "/opt/rustwide/target/debug/deps/libdigest-8d6ba9008f737ffe.rlib" "/opt/rustwide/target/debug/deps/libblock_buffer-35d507cb4d59e4c7.rlib" "/opt/rustwide/target/debug/deps/libcrypto_common-3d0eb161b945cd07.rlib" "/opt/rustwide/target/debug/deps/libgeneric_array-9a7f621fb45a6f4e.rlib" "/opt/rustwide/target/debug/deps/libtypenum-486446c5d1f61c48.rlib" "/opt/rustwide/target/debug/deps/libring-c5b37cc92f7f15c5.rlib" "/opt/rustwide/target/debug/deps/libspin-e858d3468b8e3abd.rlib" "/opt/rustwide/target/debug/deps/libuntrusted-6cf40e3a64622ff0.rlib" "/opt/rustwide/target/debug/deps/libreqwest-a42ad815a7009604.rlib" "/opt/rustwide/target/debug/deps/libhyper_tls-7bc05ca85ddd0e64.rlib" "/opt/rustwide/target/debug/deps/libserde_urlencoded-ddac88ff94dec7c3.rlib" "/opt/rustwide/target/debug/deps/libbase64-f38862f3d93516f9.rlib" "/opt/rustwide/target/debug/deps/libipnet-ea5fa9b3594d4579.rlib" "/opt/rustwide/target/debug/deps/libtokio_native_tls-c39e75ba646e03ad.rlib" "/opt/rustwide/target/debug/deps/libmime-a9df5a780629fb7d.rlib" "/opt/rustwide/target/debug/deps/libencoding_rs-43ba0f5a32920363.rlib" "/opt/rustwide/target/debug/deps/libserde_json-1c2a0355e6e2d204.rlib" "/opt/rustwide/target/debug/deps/libryu-ce09991353a76c10.rlib" "/opt/rustwide/target/debug/deps/libserde-f5f4b61003f6a5f8.rlib" "/opt/rustwide/target/debug/deps/libnative_tls-bd90711013fdfc77.rlib" "/opt/rustwide/target/debug/deps/libopenssl_probe-01da96bec2dfd166.rlib" "/opt/rustwide/target/debug/deps/libopenssl-f93b716cee70cb46.rlib" "/opt/rustwide/target/debug/deps/libbitflags-85e13ed1e0c6d910.rlib" "/opt/rustwide/target/debug/deps/libforeign_types-34162016ad32c65c.rlib" "/opt/rustwide/target/debug/deps/libforeign_types_shared-6c481fa47d8ef87b.rlib" "/opt/rustwide/target/debug/deps/libopenssl_sys-68270f21a5b0980a.rlib" "/opt/rustwide/target/debug/deps/libhyper-b86d43e39d1924fc.rlib" "/opt/rustwide/target/debug/deps/libwant-b019d5e8872a5a4a.rlib" "/opt/rustwide/target/debug/deps/libtry_lock-539bdf1ed77a7a8a.rlib" "/opt/rustwide/target/debug/deps/libhttparse-2dbc320ca65411a3.rlib" "/opt/rustwide/target/debug/deps/libh2-58c3899e99c1b1da.rlib" "/opt/rustwide/target/debug/deps/libindexmap-7ff1a537f445f359.rlib" "/opt/rustwide/target/debug/deps/libhashbrown-e273ba0f8cdcbe5b.rlib" "/opt/rustwide/target/debug/deps/libslab-7cf3b345ffecd469.rlib" "/opt/rustwide/target/debug/deps/libtokio_util-1f7af8952ff701d8.rlib" "/opt/rustwide/target/debug/deps/libfutures_sink-3387e8374b45be05.rlib" "/opt/rustwide/target/debug/deps/libtower_service-92bbc7b5a1dd8782.rlib" "/opt/rustwide/target/debug/deps/libtracing-7fcd068321c67f8e.rlib" "/opt/rustwide/target/debug/deps/libtracing_core-d1ca5cf72f688e27.rlib" "/opt/rustwide/target/debug/deps/libonce_cell-09d8177c20ce46e3.rlib" "/opt/rustwide/target/debug/deps/libfutures_channel-637238153abbcb6b.rlib" "/opt/rustwide/target/debug/deps/libfutures_util-42f43a7f53c24fd2.rlib" "/opt/rustwide/target/debug/deps/libfutures_task-942d27df885c5b8f.rlib" "/opt/rustwide/target/debug/deps/libpin_utils-9c5dcf17efb91bff.rlib" "/opt/rustwide/target/debug/deps/libtokio-4f1fcc225a135940.rlib" "/opt/rustwide/target/debug/deps/libsignal_hook_registry-6761694f09902bd4.rlib" "/opt/rustwide/target/debug/deps/libnum_cpus-8f8ba4675582e5e1.rlib" "/opt/rustwide/target/debug/deps/libsocket2-7b11b13a420ab137.rlib" "/opt/rustwide/target/debug/deps/libmio-53f64409b57ea758.rlib" "/opt/rustwide/target/debug/deps/libparking_lot-59ab668136521b5b.rlib" "/opt/rustwide/target/debug/deps/libparking_lot_core-83a56295a166c58b.rlib" "/opt/rustwide/target/debug/deps/liblibc-62cfde1ba62d0bf9.rlib" "/opt/rustwide/target/debug/deps/libcfg_if-e7002d307f97bc56.rlib" "/opt/rustwide/target/debug/deps/libsmallvec-5f186dbb2829e135.rlib" "/opt/rustwide/target/debug/deps/liblock_api-7efc9c602b898216.rlib" "/opt/rustwide/target/debug/deps/libscopeguard-31f1b56a39f2a372.rlib" "/opt/rustwide/target/debug/deps/libhttp_body-b21f74c3dbfe39dd.rlib" "/opt/rustwide/target/debug/deps/libpin_project_lite-e8b15c1d45637ce8.rlib" "/opt/rustwide/target/debug/deps/liblog-b0dee9b39eba59b4.rlib" "/opt/rustwide/target/debug/deps/libfutures_core-eae31d72cfa7dcb2.rlib" "/opt/rustwide/target/debug/deps/liburl-8ff4cfebe939dcbc.rlib" "/opt/rustwide/target/debug/deps/libidna-34a129a2150038b3.rlib" "/opt/rustwide/target/debug/deps/libunicode_normalization-6720ecd938ebfb2b.rlib" "/opt/rustwide/target/debug/deps/libtinyvec-dcbbce603bc23510.rlib" "/opt/rustwide/target/debug/deps/libtinyvec_macros-333661e3b238a9a3.rlib" "/opt/rustwide/target/debug/deps/libunicode_bidi-c077d6a813fe7ae8.rlib" "/opt/rustwide/target/debug/deps/libform_urlencoded-2e6be29729763aa6.rlib" "/opt/rustwide/target/debug/deps/libpercent_encoding-52ba3d834e28489d.rlib" "/opt/rustwide/target/debug/deps/libhttp-7cf1142ed6ad0045.rlib" "/opt/rustwide/target/debug/deps/libitoa-780f6737fc9d34ad.rlib" "/opt/rustwide/target/debug/deps/libbytes-8217216c646d0e94.rlib" "/opt/rustwide/target/debug/deps/libfnv-953831fe314029b4.rlib" "/opt/rustwide/rustup-home/toolchains/beta-2023-12-22-x86_64-unknown-linux-gnu/lib/rustlib/x86_64-unknown-linux-gnu/lib/libstd-0672489a78b613de.rlib" "/opt/rustwide/rustup-home/toolchains/beta-2023-12-22-x86_64-unknown-linux-gnu/lib/rustlib/x86_64-unknown-linux-gnu/lib/libpanic_unwind-7eb3ffc34a49f675.rlib" "/opt/rustwide/rustup-home/toolchains/beta-2023-12-22-x86_64-unknown-linux-gnu/lib/rustlib/x86_64-unknown-linux-gnu/lib/libobject-6478a9daa4bee8e2.rlib" "/opt/rustwide/rustup-home/toolchains/beta-2023-12-22-x86_64-unknown-linux-gnu/lib/rustlib/x86_64-unknown-linux-gnu/lib/libmemchr-0c75d871a5c3923d.rlib" "/opt/rustwide/rustup-home/toolchains/beta-2023-12-22-x86_64-unknown-linux-gnu/lib/rustlib/x86_64-unknown-linux-gnu/lib/libaddr2line-d163ef63ad37bb71.rlib" "/opt/rustwide/rustup-home/toolchains/beta-2023-12-22-x86_64-unknown-linux-gnu/lib/rustlib/x86_64-unknown-linux-gnu/lib/libgimli-8a3fd810a85b9f4c.rlib" "/opt/rustwide/rustup-home/toolchains/beta-2023-12-22-x86_64-unknown-linux-gnu/lib/rustlib/x86_64-unknown-linux-gnu/lib/librustc_demangle-462a2cde8c5dfc10.rlib" "/opt/rustwide/rustup-home/toolchains/beta-2023-12-22-x86_64-unknown-linux-gnu/lib/rustlib/x86_64-unknown-linux-gnu/lib/libstd_detect-cb06ac9f54713f71.rlib" "/opt/rustwide/rustup-home/toolchains/beta-2023-12-22-x86_64-unknown-linux-gnu/lib/rustlib/x86_64-unknown-linux-gnu/lib/libhashbrown-f20bfd1f8e59b393.rlib" "/opt/rustwide/rustup-home/toolchains/beta-2023-12-22-x86_64-unknown-linux-gnu/lib/rustlib/x86_64-unknown-linux-gnu/lib/librustc_std_workspace_alloc-1ef460949b49da4b.rlib" "/opt/rustwide/rustup-home/toolchains/beta-2023-12-22-x86_64-unknown-linux-gnu/lib/rustlib/x86_64-unknown-linux-gnu/lib/libminiz_oxide-2cb0c0ffe4f87514.rlib" "/opt/rustwide/rustup-home/toolchains/beta-2023-12-22-x86_64-unknown-linux-gnu/lib/rustlib/x86_64-unknown-linux-gnu/lib/libadler-58d841eb322a11a2.rlib" "/opt/rustwide/rustup-home/toolchains/beta-2023-12-22-x86_64-unknown-linux-gnu/lib/rustlib/x86_64-unknown-linux-gnu/lib/libunwind-aa2ae0b0a9d11533.rlib" "/opt/rustwide/rustup-home/toolchains/beta-2023-12-22-x86_64-unknown-linux-gnu/lib/rustlib/x86_64-unknown-linux-gnu/lib/libcfg_if-23874e15830ed336.rlib" "/opt/rustwide/rustup-home/toolchains/beta-2023-12-22-x86_64-unknown-linux-gnu/lib/rustlib/x86_64-unknown-linux-gnu/lib/liblibc-e47cddc003bce885.rlib" "/opt/rustwide/rustup-home/toolchains/beta-2023-12-22-x86_64-unknown-linux-gnu/lib/rustlib/x86_64-unknown-linux-gnu/lib/liballoc-c22b13b48a8f128e.rlib" "/opt/rustwide/rustup-home/toolchains/beta-2023-12-22-x86_64-unknown-linux-gnu/lib/rustlib/x86_64-unknown-linux-gnu/lib/librustc_std_workspace_core-e46bc3da6d7c462f.rlib" "/opt/rustwide/rustup-home/toolchains/beta-2023-12-22-x86_64-unknown-linux-gnu/lib/rustlib/x86_64-unknown-linux-gnu/lib/libcore-8d1ac131d3cb2645.rlib" "/opt/rustwide/rustup-home/toolchains/beta-2023-12-22-x86_64-unknown-linux-gnu/lib/rustlib/x86_64-unknown-linux-gnu/lib/libcompiler_builtins-a1b43df8c6899c1f.rlib" "-Wl,-Bdynamic" "-lssl" "-lcrypto" "-lgcc_s" "-lutil" "-lrt" "-lpthread" "-lm" "-ldl" "-lc" "-Wl,--eh-frame-hdr" "-Wl,-z,noexecstack" "-L" "/opt/rustwide/rustup-home/toolchains/beta-2023-12-22-x86_64-unknown-linux-gnu/lib/rustlib/x86_64-unknown-linux-gnu/lib" "-o" "/opt/rustwide/target/debug/examples/broadcast_transfer-33b7a4ae8ebd7b46" "-Wl,--gc-sections" "-pie" "-Wl,-z,relro,-z,now" "-nodefaultlibs"
[INFO] [stdout]   = note: collect2: fatal error: ld terminated with signal 9 [Killed]
[INFO] [stdout]           compilation terminated.
[INFO] [stdout]           
[INFO] [stdout] 
[INFO] [stdout] 
[INFO] [stdout] error: aborting due to 1 previous error
[INFO] [stdout] 
[INFO] [stdout] 
[INFO] [stderr] error: could not compile `stacks-rs` (example "broadcast_transfer") due to 2 previous errors
[INFO] running `Command { std: "docker" "inspect" "d6dc8062d13f8021e9cbc1c6ea9e4487a2f9e11de9a731b8dcd863b0f3396fbb", kill_on_drop: false }`
[INFO] running `Command { std: "docker" "rm" "-f" "d6dc8062d13f8021e9cbc1c6ea9e4487a2f9e11de9a731b8dcd863b0f3396fbb", kill_on_drop: false }`
[INFO] [stdout] d6dc8062d13f8021e9cbc1c6ea9e4487a2f9e11de9a731b8dcd863b0f3396fbb
