[INFO] fetching crate stack_test_epic_wallet_controller 3.0.2...
[INFO] testing stack_test_epic_wallet_controller-3.0.2 against 1.75.0 for beta-1.76-1
[INFO] extracting crate stack_test_epic_wallet_controller 3.0.2 into /workspace/builds/worker-2-tc1/source
[INFO] validating manifest of crates.io crate stack_test_epic_wallet_controller 3.0.2 on toolchain 1.75.0
[INFO] running `Command { std: CARGO_HOME="/workspace/cargo-home" RUSTUP_HOME="/workspace/rustup-home" "/workspace/cargo-home/bin/cargo" "+1.75.0" "metadata" "--manifest-path" "Cargo.toml" "--no-deps", kill_on_drop: false }`
[INFO] started tweaking crates.io crate stack_test_epic_wallet_controller 3.0.2
[INFO] finished tweaking crates.io crate stack_test_epic_wallet_controller 3.0.2
[INFO] tweaked toml for crates.io crate stack_test_epic_wallet_controller 3.0.2 written to /workspace/builds/worker-2-tc1/source/Cargo.toml
[INFO] running `Command { std: CARGO_HOME="/workspace/cargo-home" RUSTUP_HOME="/workspace/rustup-home" "/workspace/cargo-home/bin/cargo" "+1.75.0" "generate-lockfile" "--manifest-path" "Cargo.toml", kill_on_drop: false }`
[INFO] [stderr]     Updating crates.io index
[INFO] running `Command { std: CARGO_HOME="/workspace/cargo-home" RUSTUP_HOME="/workspace/rustup-home" "/workspace/cargo-home/bin/cargo" "+1.75.0" "fetch" "--manifest-path" "Cargo.toml", kill_on_drop: false }`
[INFO] [stderr]  Downloading crates ...
[INFO] [stderr]   Downloaded tokio-io-timeout v0.3.1
[INFO] [stderr]   Downloaded odds v0.2.26
[INFO] [stderr]   Downloaded tokio-retry v0.1.1
[INFO] [stderr]   Downloaded want v0.0.6
[INFO] [stderr]   Downloaded impl-codec v0.2.0
[INFO] [stderr]   Downloaded arrayvec v0.3.25
[INFO] [stderr]   Downloaded ed25519-dalek v1.0.0-pre.1
[INFO] [stderr]   Downloaded parity-codec v3.5.4
[INFO] [stderr]   Downloaded tokio v0.1.11
[INFO] [stderr]   Downloaded stack_test_epic_chain v3.0.3
[INFO] [stderr]   Downloaded liblmdb-sys v0.2.2
[INFO] [stderr]   Downloaded stack_test_epic_core v3.0.3
[INFO] [stderr]   Downloaded lmdb-zero v0.4.4
[INFO] [stderr]   Downloaded croaring-sys v0.3.9
[INFO] [stderr]   Downloaded grin_secp256k1zkp v0.7.12
[INFO] [stderr]   Downloaded hyper v0.12.19
[INFO] [stderr]   Downloaded strum_macros v0.15.0
[INFO] [stderr]   Downloaded easy-jsonrpc-mw v0.5.4
[INFO] [stderr]   Downloaded ct-logs v0.4.0
[INFO] [stderr]   Downloaded hyper-rustls v0.14.0
[INFO] [stderr]   Downloaded stack_test_epic_p2p v3.0.3
[INFO] [stderr]   Downloaded stack_test_epic_pool v3.0.3
[INFO] [stderr]   Downloaded stack_test_epic_api v3.0.3
[INFO] [stderr]   Downloaded sysinfo v0.9.6
[INFO] [stderr]   Downloaded stack_test_epic_wallet_impls v3.0.5
[INFO] [stderr]   Downloaded stack_test_epic_wallet_libwallet v3.0.2
[INFO] [stderr]   Downloaded easy-jsonrpc-proc-macro-mw v0.5.1
[INFO] [stderr]   Downloaded jsonrpc-core v10.1.0
[INFO] [stderr]   Downloaded uint v0.7.1
[INFO] [stderr]   Downloaded keccak-hash v0.2.0
[INFO] [stderr]   Downloaded supercow v0.1.0
[INFO] [stderr]   Downloaded bigint v4.4.3
[INFO] [stderr]   Downloaded croaring v0.3.9
[INFO] [stderr]   Downloaded stack_test_epic_keychain v3.0.3
[INFO] [stderr]   Downloaded stack_test_epic_store v3.0.3
[INFO] [stderr]   Downloaded fixed-hash v0.3.2
[INFO] [stderr]   Downloaded stack_test_epic_util v3.0.3
[INFO] [stderr]   Downloaded stack_test_epic_wallet_config v3.0.2
[INFO] [stderr]   Downloaded stack_test_epic_wallet_util v3.0.2
[INFO] [stderr]   Downloaded static_assertions v0.2.5
[INFO] [stderr]   Downloaded primitive-types v0.3.0
[INFO] [stderr]   Downloaded tokio-rustls v0.7.2
[INFO] [stderr]   Downloaded hyper-timeout v0.2.0
[INFO] [stderr]   Downloaded strum v0.15.0
[INFO] [stderr]   Downloaded stack_test_epic_wallet_api v3.0.2
[INFO] running `Command { std: "docker" "create" "-v" "/var/lib/crater-agent-workspace/builds/worker-2-tc1/target:/opt/rustwide/target:rw,Z" "-v" "/var/lib/crater-agent-workspace/builds/worker-2-tc1/source:/opt/rustwide/workdir:ro,Z" "-v" "/var/lib/crater-agent-workspace/cargo-home:/opt/rustwide/cargo-home:ro,Z" "-v" "/var/lib/crater-agent-workspace/rustup-home:/opt/rustwide/rustup-home:ro,Z" "-e" "SOURCE_DIR=/opt/rustwide/workdir" "-e" "CARGO_TARGET_DIR=/opt/rustwide/target" "-e" "CARGO_HOME=/opt/rustwide/cargo-home" "-e" "RUSTUP_HOME=/opt/rustwide/rustup-home" "-w" "/opt/rustwide/workdir" "-m" "1610612736" "--user" "0:0" "--network" "none" "ghcr.io/rust-lang/crates-build-env/linux@sha256:2788e3201cd34a07e3172128adcd8b3090168a8e3bcc40d7c032b9dda1df7d1c" "/opt/rustwide/cargo-home/bin/cargo" "+1.75.0" "metadata" "--no-deps" "--format-version=1", kill_on_drop: false }`
[INFO] [stdout] 5be41814593f1f555a7ff8b1da1ddf24a06c1f39eec38b4a6a07b37e44343014
[INFO] running `Command { std: "docker" "start" "-a" "5be41814593f1f555a7ff8b1da1ddf24a06c1f39eec38b4a6a07b37e44343014", kill_on_drop: false }`
[INFO] running `Command { std: "docker" "inspect" "5be41814593f1f555a7ff8b1da1ddf24a06c1f39eec38b4a6a07b37e44343014", kill_on_drop: false }`
[INFO] running `Command { std: "docker" "rm" "-f" "5be41814593f1f555a7ff8b1da1ddf24a06c1f39eec38b4a6a07b37e44343014", kill_on_drop: false }`
[INFO] [stdout] 5be41814593f1f555a7ff8b1da1ddf24a06c1f39eec38b4a6a07b37e44343014
[INFO] running `Command { std: "docker" "create" "-v" "/var/lib/crater-agent-workspace/builds/worker-2-tc1/target:/opt/rustwide/target:rw,Z" "-v" "/var/lib/crater-agent-workspace/builds/worker-2-tc1/source:/opt/rustwide/workdir:ro,Z" "-v" "/var/lib/crater-agent-workspace/cargo-home:/opt/rustwide/cargo-home:ro,Z" "-v" "/var/lib/crater-agent-workspace/rustup-home:/opt/rustwide/rustup-home:ro,Z" "-e" "SOURCE_DIR=/opt/rustwide/workdir" "-e" "CARGO_TARGET_DIR=/opt/rustwide/target" "-e" "CARGO_INCREMENTAL=0" "-e" "RUST_BACKTRACE=full" "-e" "RUSTFLAGS=--cap-lints=warn" "-e" "RUSTDOCFLAGS=--cap-lints=warn" "-e" "CARGO_HOME=/opt/rustwide/cargo-home" "-e" "RUSTUP_HOME=/opt/rustwide/rustup-home" "-w" "/opt/rustwide/workdir" "-m" "1610612736" "--user" "0:0" "--network" "none" "ghcr.io/rust-lang/crates-build-env/linux@sha256:2788e3201cd34a07e3172128adcd8b3090168a8e3bcc40d7c032b9dda1df7d1c" "/opt/rustwide/cargo-home/bin/cargo" "+1.75.0" "build" "--frozen" "--message-format=json", kill_on_drop: false }`
[INFO] [stdout] 4d1a80e4cba3d5bf77dacec2c0545a0b2459da8c347e5a368b5848a582eeb8c9
[INFO] running `Command { std: "docker" "start" "-a" "4d1a80e4cba3d5bf77dacec2c0545a0b2459da8c347e5a368b5848a582eeb8c9", kill_on_drop: false }`
[INFO] [stderr]    Compiling libc v0.2.151
[INFO] [stderr]    Compiling autocfg v1.1.0
[INFO] [stderr]    Compiling proc-macro2 v1.0.75
[INFO] [stderr]    Compiling unicode-ident v1.0.12
[INFO] [stderr]    Compiling serde v1.0.194
[INFO] [stderr]    Compiling byteorder v1.5.0
[INFO] [stderr]    Compiling lazy_static v1.4.0
[INFO] [stderr]    Compiling cfg-if v0.1.10
[INFO] [stderr]    Compiling semver-parser v0.7.0
[INFO] [stderr]    Compiling maybe-uninit v2.0.0
[INFO] [stderr]    Compiling rand_core v0.4.2
[INFO] [stderr]    Compiling semver v0.9.0
[INFO] [stderr]    Compiling num-traits v0.2.17
[INFO] [stderr]    Compiling futures v0.1.31
[INFO] [stderr]    Compiling rand_core v0.3.1
[INFO] [stderr]    Compiling rustc_version v0.2.3
[INFO] [stderr]    Compiling typenum v1.17.0
[INFO] [stderr]    Compiling cfg-if v1.0.0
[INFO] [stderr]    Compiling smallvec v0.6.14
[INFO] [stderr]    Compiling crossbeam-utils v0.7.2
[INFO] [stderr]    Compiling fnv v1.0.7
[INFO] [stderr]    Compiling quote v1.0.35
[INFO] [stderr]    Compiling slab v0.4.9
[INFO] [stderr]    Compiling syn v2.0.48
[INFO] [stderr]    Compiling memchr v2.7.1
[INFO] [stderr]    Compiling autocfg v0.1.8
[INFO] [stderr]    Compiling unicode-xid v0.1.0
[INFO] [stderr]    Compiling cc v1.0.83
[INFO] [stderr]    Compiling iovec v0.1.4
[INFO] [stderr]    Compiling bytes v0.4.12
[INFO] [stderr]    Compiling scopeguard v1.2.0
[INFO] [stderr]    Compiling tokio-executor v0.1.10
[INFO] [stderr]    Compiling version_check v0.9.4
[INFO] [stderr]    Compiling indexmap v1.9.3
[INFO] [stderr]    Compiling nodrop v0.1.14
[INFO] [stderr]    Compiling quick-error v1.2.3
[INFO] [stderr]    Compiling net2 v0.2.39
[INFO] [stderr]    Compiling humantime v1.3.0
[INFO] [stderr]    Compiling memchr v1.0.2
[INFO] [stderr]    Compiling num_cpus v1.16.0
[INFO] [stderr]    Compiling generic-array v0.14.7
[INFO] [stderr]    Compiling parking_lot_core v0.6.3
[INFO] [stderr]    Compiling num-integer v0.1.45
[INFO] [stderr]    Compiling hashbrown v0.12.3
[INFO] [stderr]    Compiling rustc-serialize v0.3.25
[INFO] [stderr]    Compiling subtle v2.4.1
[INFO] [stderr]    Compiling glob v0.2.11
[INFO] [stderr]    Compiling libloading v0.5.2
[INFO] [stderr]    Compiling generic-array v0.12.4
[INFO] [stderr]    Compiling aho-corasick v1.1.2
[INFO] [stderr]    Compiling atty v0.2.14
[INFO] [stderr]    Compiling clang-sys v0.23.0
[INFO] [stderr]    Compiling rand v0.5.6
[INFO] [stderr]    Compiling rand_pcg v0.1.2
[INFO] [stderr]    Compiling rand_chacha v0.1.1
[INFO] [stderr]    Compiling parking_lot v0.9.0
[INFO] [stderr]    Compiling memoffset v0.5.6
[INFO] [stderr]    Compiling serde_json v1.0.111
[INFO] [stderr]    Compiling ryu v1.0.16
[INFO] [stderr]    Compiling unicode-width v0.1.11
[INFO] [stderr]    Compiling regex-syntax v0.8.2
[INFO] [stderr]    Compiling arrayvec v0.4.12
[INFO] [stderr]    Compiling adler v1.0.2
[INFO] [stderr]    Compiling miniz_oxide v0.7.1
[INFO] [stderr]    Compiling lock_api v0.3.4
[INFO] [stderr]    Compiling rand v0.4.6
[INFO] [stderr]    Compiling rand v0.6.5
[INFO] [stderr]    Compiling crossbeam-epoch v0.8.2
[INFO] [stderr]    Compiling itoa v1.0.10
[INFO] [stderr]    Compiling crc32fast v1.3.2
[INFO] [stderr]    Compiling textwrap v0.11.0
[INFO] [stderr]    Compiling digest v0.8.1
[INFO] [stderr]    Compiling backtrace v0.3.69
[INFO] [stderr]    Compiling nom v3.2.1
[INFO] [stderr]    Compiling tokio-sync v0.1.8
[INFO] [stderr]    Compiling proc-macro2 v0.3.5
[INFO] [stderr]    Compiling rand_os v0.1.3
[INFO] [stderr]    Compiling rand_xorshift v0.1.1
[INFO] [stderr]    Compiling regex-automata v0.4.3
[INFO] [stderr]    Compiling rand_hc v0.1.0
[INFO] [stderr]    Compiling rand_isaac v0.1.1
[INFO] [stderr]    Compiling rand_jitter v0.1.4
[INFO] [stderr]    Compiling syn v1.0.109
[INFO] [stderr]    Compiling bitflags v1.3.2
[INFO] [stderr]    Compiling gimli v0.28.1
[INFO] [stderr]    Compiling safemem v0.3.3
[INFO] [stderr]    Compiling ansi_term v0.12.1
[INFO] [stderr]    Compiling strsim v0.8.0
[INFO] [stderr]    Compiling termcolor v1.4.0
[INFO] [stderr]    Compiling linked-hash-map v0.5.6
[INFO] [stderr]    Compiling crunchy v0.2.2
[INFO] [stderr]    Compiling bindgen v0.37.4
[INFO] [stderr]    Compiling vec_map v0.8.2
[INFO] [stderr]    Compiling clap v2.34.0
[INFO] [stderr]    Compiling base64 v0.9.3
[INFO] [stderr]    Compiling cexpr v0.2.3
[INFO] [stderr]    Compiling quote v0.5.2
[INFO] [stderr]    Compiling regex v1.10.2
[INFO] [stderr]    Compiling serde_derive v1.0.194
[INFO] [stderr]    Compiling digest v0.9.0
[INFO] [stderr]    Compiling object v0.32.2
[INFO] [stderr]    Compiling which v1.0.5
[INFO] [stderr]    Compiling parking_lot_core v0.3.1
[INFO] [stderr]    Compiling addr2line v0.21.0
[INFO] [stderr]    Compiling rustc-demangle v0.1.23
[INFO] [stderr]    Compiling stable_deref_trait v1.2.0
[INFO] [stderr]    Compiling iana-time-zone v0.1.59
[INFO] [stderr]    Compiling peeking_take_while v0.1.2
[INFO] [stderr]    Compiling byte-tools v0.3.1
[INFO] [stderr]    Compiling traitobject v0.1.0
[INFO] [stderr]    Compiling thiserror v1.0.56
[INFO] [stderr]    Compiling unsafe-any v0.4.2
[INFO] [stderr]    Compiling block-padding v0.1.5
[INFO] [stderr]    Compiling owning_ref v0.4.1
[INFO] [stderr]    Compiling crossbeam-deque v0.7.4
[INFO] [stderr]    Compiling thiserror-impl v1.0.56
[INFO] [stderr]    Compiling zeroize_derive v1.4.2
[INFO] [stderr]    Compiling yaml-rust v0.4.5
[INFO] [stderr]    Compiling block-buffer v0.9.0
[INFO] [stderr]    Compiling ring v0.13.5
[INFO] [stderr]    Compiling grin_secp256k1zkp v0.7.12
[INFO] [stderr]    Compiling ordered-float v1.1.1
[INFO] [stderr]    Compiling crossbeam-queue v0.2.3
[INFO] [stderr]    Compiling num-bigint v0.2.6
[INFO] [stderr]    Compiling num-iter v0.1.43
[INFO] [stderr]    Compiling opaque-debug v0.3.0
[INFO] [stderr]    Compiling odds v0.2.26
[INFO] [stderr]    Compiling rustc-hex v2.1.0
[INFO] [stderr]    Compiling scopeguard v0.3.3
[INFO] [stderr]    Compiling unicode-xid v0.2.4
[INFO] [stderr]    Compiling failure_derive v0.1.8
[INFO] [stderr]    Compiling synstructure v0.12.6
[INFO] [stderr]    Compiling arrayvec v0.3.25
[INFO] [stderr]    Compiling lock_api v0.1.5
[INFO] [stderr]    Compiling zeroize v1.7.0
[INFO] [stderr]    Compiling block-buffer v0.7.3
[INFO] [stderr]    Compiling typemap v0.3.3
[INFO] [stderr]    Compiling flate2 v1.0.28
[INFO] [stderr]    Compiling crypto-mac v0.11.1
[INFO] [stderr]    Compiling tokio-timer v0.2.13
[INFO] [stderr]    Compiling thread-id v3.3.0
[INFO] [stderr]    Compiling num-complex v0.2.4
[INFO] [stderr]    Compiling num-rational v0.2.4
[INFO] [stderr]    Compiling static_assertions v0.2.5
[INFO] [stderr]    Compiling crunchy v0.1.6
[INFO] [stderr]    Compiling same-file v1.0.6
[INFO] [stderr]    Compiling arc-swap v0.3.11
[INFO] [stderr]    Compiling gcc v0.3.55
[INFO] [stderr]    Compiling log-mdc v0.1.0
[INFO] [stderr]    Compiling opaque-debug v0.2.3
[INFO] [stderr]    Compiling cpufeatures v0.2.12
[INFO] [stderr]    Compiling base64ct v1.6.0
[INFO] [stderr]    Compiling rand_core v0.6.4
[INFO] [stderr]    Compiling untrusted v0.6.2
[INFO] [stderr]    Compiling antidote v1.0.0
[INFO] [stderr]    Compiling password-hash v0.2.3
[INFO] [stderr]    Compiling sha2 v0.9.9
[INFO] [stderr]    Compiling walkdir v2.4.0
[INFO] [stderr]    Compiling fixed-hash v0.3.2
[INFO] [stderr]    Compiling liblmdb-sys v0.2.2
[INFO] [stderr]    Compiling hmac v0.11.0
[INFO] [stderr]    Compiling parking_lot v0.6.4
[INFO] [stderr]    Compiling zip v0.5.13
[INFO] [stderr]    Compiling log v0.4.20
[INFO] [stderr]    Compiling tokio-io v0.1.13
[INFO] [stderr]    Compiling mio v0.6.23
[INFO] [stderr]    Compiling env_logger v0.5.13
[INFO] [stderr]    Compiling chrono v0.4.31
[INFO] [stderr]    Compiling tokio-threadpool v0.1.18
[INFO] [stderr]    Compiling tokio-codec v0.1.2
[INFO] [stderr]    Compiling serde-value v0.5.3
[INFO] [stderr]    Compiling parity-codec v3.5.4
[INFO] [stderr]    Compiling tokio-reactor v0.1.12
[INFO] [stderr]    Compiling mio-uds v0.6.8
[INFO] [stderr]    Compiling serde_yaml v0.8.26
[INFO] [stderr]    Compiling tokio-uds v0.2.7
[INFO] [stderr]    Compiling impl-codec v0.2.0
[INFO] [stderr]    Compiling tokio-udp v0.1.6
[INFO] [stderr]    Compiling tokio-tcp v0.1.4
[INFO] [stderr]    Compiling tokio-fs v0.1.7
[INFO] [stderr]    Compiling uint v0.7.1
[INFO] [stderr]    Compiling tokio-current-thread v0.1.7
[INFO] [stderr]    Compiling proc-macro2 v0.4.30
[INFO] [stderr]    Compiling log4rs v0.8.3
[INFO] [stderr]    Compiling constant_time_eq v0.1.5
[INFO] [stderr]    Compiling fake-simd v0.1.2
[INFO] [stderr]    Compiling rustix v0.38.28
[INFO] [stderr]    Compiling sha2 v0.8.2
[INFO] [stderr]    Compiling blake2-rfc v0.2.18
[INFO] [stderr]    Compiling tokio v0.1.11
[INFO] [stderr]    Compiling primitive-types v0.3.0
[INFO] [stderr]    Compiling stack_test_epic_util v3.0.3
[INFO] [stderr]    Compiling failure v0.1.8
[INFO] [stderr]    Compiling uuid v0.6.5
[INFO] [stderr]    Compiling pbkdf2 v0.8.0
[INFO] [stderr]    Compiling ripemd160 v0.9.1
[INFO] [stderr]    Compiling tiny-keccak v1.5.0
[INFO] [stderr]    Compiling num-traits v0.1.43
[INFO] [stderr]    Compiling bitflags v2.4.1
[INFO] [stderr]    Compiling linux-raw-sys v0.4.12
[INFO] [stderr]    Compiling stack_test_epic_keychain v3.0.3
[INFO] [stderr]    Compiling enum_primitive v0.1.1
[INFO] [stderr]    Compiling num v0.2.1
[INFO] [stderr]    Compiling keccak-hash v0.2.0
[INFO] [stderr]    Compiling bigint v4.4.3
[INFO] [stderr]    Compiling lru-cache v0.1.2
[INFO] [stderr]    Compiling httparse v1.8.0
[INFO] [stderr]    Compiling supercow v0.1.0
[INFO] [stderr]    Compiling itoa v0.4.8
[INFO] [stderr]    Compiling md5 v0.6.1
[INFO] [stderr]    Compiling bitflags v0.9.1
[INFO] [stderr]    Compiling fastrand v2.0.1
[INFO] [stderr]    Compiling siphasher v0.2.3
[INFO] [stderr]    Compiling syn v0.15.44
[INFO] [stderr]    Compiling http v0.1.21
[INFO] [stderr]    Compiling croaring-sys v0.3.9
[INFO] [stderr]    Compiling quote v0.6.13
[INFO] [stderr]    Compiling sct v0.4.0
[INFO] [stderr]    Compiling webpki v0.18.1
[INFO] [stderr]    Compiling string v0.2.1
[INFO] [stderr]    Compiling memmap v0.7.0
[INFO] [stderr]    Compiling tinyvec_macros v0.1.1
[INFO] [stderr]    Compiling try-lock v0.2.5
[INFO] [stderr]    Compiling unicode-segmentation v1.10.1
[INFO] [stderr]    Compiling want v0.0.6
[INFO] [stderr]    Compiling lmdb-zero v0.4.4
[INFO] [stderr]    Compiling tinyvec v1.6.0
[INFO] [stderr]    Compiling tempfile v3.9.0
[INFO] [stderr]    Compiling heck v0.3.3
[INFO] [stderr]    Compiling num-bigint v0.1.44
[INFO] [stderr]    Compiling clear_on_drop v0.2.5
[INFO] [stderr]    Compiling futures-cpupool v0.1.8
[INFO] [stderr]    Compiling time v0.1.45
[INFO] [stderr]    Compiling crossbeam-utils v0.8.18
[INFO] [stderr]    Compiling scoped-tls v0.1.2
[INFO] [stderr]    Compiling tokio-core v0.1.18
[INFO] [stderr]    Compiling h2 v0.1.26
[INFO] [stderr]    Compiling num-rational v0.1.42
[INFO] [stderr]    Compiling unicode-normalization v0.1.22
[INFO] [stderr]    Compiling rustls v0.13.1
[INFO] [stderr]    Compiling num-complex v0.1.43
[INFO] [stderr]    Compiling tokio-service v0.1.0
[INFO] [stderr]    Compiling unicode-bidi v0.3.14
[INFO] [stderr]    Compiling matches v0.1.10
[INFO] [stderr]    Compiling bit-vec v0.6.3
[INFO] [stderr]    Compiling num v0.1.42
[INFO] [stderr]    Compiling webpki-roots v0.15.0
[INFO] [stderr]    Compiling idna v0.1.5
[INFO] [stderr]    Compiling ct-logs v0.4.0
[INFO] [stderr]    Compiling jsonrpc-core v10.1.0
[INFO] [stderr]    Compiling hyper v0.12.19
[INFO] [stderr]    Compiling tokio-io-timeout v0.3.1
[INFO] [stderr]    Compiling dirs v1.0.5
[INFO] [stderr]    Compiling percent-encoding v1.0.1
[INFO] [stderr]    Compiling url v1.7.2
[INFO] [stderr]    Compiling tokio-rustls v0.7.2
[INFO] [stderr]    Compiling crossbeam-epoch v0.9.17
[INFO] [stderr]    Compiling curve25519-dalek v1.2.6
[INFO] [stderr]    Compiling rayon-core v1.12.0
[INFO] [stderr]    Compiling crossbeam-deque v0.8.4
[INFO] [stderr]    Compiling toml v0.4.10
[INFO] [stderr]    Compiling hyper-timeout v0.2.0
[INFO] [stderr]    Compiling hyper-rustls v0.14.0
[INFO] [stderr]    Compiling doc-comment v0.3.3
[INFO] [stderr]    Compiling sysinfo v0.9.6
[INFO] [stderr]    Compiling keccak v0.1.4
[INFO] [stderr]    Compiling easy-jsonrpc-proc-macro-mw v0.5.1
[INFO] [stderr]    Compiling either v1.9.0
[INFO] [stderr]    Compiling rayon v1.8.0
[INFO] [stderr]    Compiling sha3 v0.8.2
[INFO] [stderr]    Compiling strum_macros v0.15.0
[INFO] [stderr]    Compiling ed25519-dalek v1.0.0-pre.1
[INFO] [stderr]    Compiling easy-jsonrpc-mw v0.5.4
[INFO] [stderr]    Compiling uuid v0.7.4
[INFO] [stderr]    Compiling rand v0.3.23
[INFO] [stderr]    Compiling strum v0.15.0
[INFO] [stderr]    Compiling data-encoding v2.5.0
[INFO] [stderr]    Compiling tokio-retry v0.1.1
[INFO] [stderr]    Compiling timer v0.2.0
[INFO] [stderr]    Compiling term v0.5.2
[INFO] [stderr]    Compiling csv v0.15.0
[INFO] [stderr]    Compiling encode_unicode v0.3.6
[INFO] [stderr]    Compiling prettytable-rs v0.7.0
[INFO] [stderr]    Compiling croaring v0.3.9
[INFO] [stderr]    Compiling stack_test_epic_core v3.0.3
[INFO] [stderr]    Compiling stack_test_epic_store v3.0.3
[INFO] [stderr]    Compiling stack_test_epic_chain v3.0.3
[INFO] [stderr]    Compiling stack_test_epic_pool v3.0.3
[INFO] [stderr]    Compiling stack_test_epic_p2p v3.0.3
[INFO] [stderr]    Compiling stack_test_epic_api v3.0.3
[INFO] [stderr]    Compiling stack_test_epic_wallet_util v3.0.2
[INFO] [stderr]    Compiling stack_test_epic_wallet_config v3.0.2
[INFO] [stderr]    Compiling stack_test_epic_wallet_libwallet v3.0.2
[INFO] [stderr]    Compiling stack_test_epic_wallet_impls v3.0.5
[INFO] [stderr]    Compiling stack_test_epic_wallet_api v3.0.2
[INFO] [stderr]    Compiling stack_test_epic_wallet_controller v3.0.2 (/opt/rustwide/workdir)
[INFO] [stdout] warning: unnecessary braces around function argument
[INFO] [stdout]    --> src/controller.rs:751:32
[INFO] [stdout]     |
[INFO] [stdout] 751 |                 MaybeReply::Reply(r) => ok({ r }),
[INFO] [stdout]     |                                            ^^ ^^
[INFO] [stdout]     |
[INFO] [stdout]     = note: `#[warn(unused_braces)]` on by default
[INFO] [stdout] help: remove these braces
[INFO] [stdout]     |
[INFO] [stdout] 751 -                 MaybeReply::Reply(r) => ok({ r }),
[INFO] [stdout] 751 +                 MaybeReply::Reply(r) => ok(r),
[INFO] [stdout]     |
[INFO] [stdout] 
[INFO] [stdout] 
[INFO] [stdout] warning: 1 warning emitted
[INFO] [stdout] 
[INFO] [stdout] 
[INFO] [stderr]     Finished dev [unoptimized + debuginfo] target(s) in 2m 37s
[INFO] [stderr] warning: the following packages contain code that will be rejected by a future version of Rust: bigint v4.4.3, grin_secp256k1zkp v0.7.12, nom v3.2.1, stack_test_epic_api v3.0.3, stack_test_epic_core v3.0.3, traitobject v0.1.0
[INFO] [stderr] note: to see what the problems were, use the option `--future-incompat-report`, or run `cargo report future-incompatibilities --id 1`
[INFO] running `Command { std: "docker" "inspect" "4d1a80e4cba3d5bf77dacec2c0545a0b2459da8c347e5a368b5848a582eeb8c9", kill_on_drop: false }`
[INFO] running `Command { std: "docker" "rm" "-f" "4d1a80e4cba3d5bf77dacec2c0545a0b2459da8c347e5a368b5848a582eeb8c9", kill_on_drop: false }`
[INFO] [stdout] 4d1a80e4cba3d5bf77dacec2c0545a0b2459da8c347e5a368b5848a582eeb8c9
[INFO] running `Command { std: "docker" "create" "-v" "/var/lib/crater-agent-workspace/builds/worker-2-tc1/target:/opt/rustwide/target:rw,Z" "-v" "/var/lib/crater-agent-workspace/builds/worker-2-tc1/source:/opt/rustwide/workdir:ro,Z" "-v" "/var/lib/crater-agent-workspace/cargo-home:/opt/rustwide/cargo-home:ro,Z" "-v" "/var/lib/crater-agent-workspace/rustup-home:/opt/rustwide/rustup-home:ro,Z" "-e" "SOURCE_DIR=/opt/rustwide/workdir" "-e" "CARGO_TARGET_DIR=/opt/rustwide/target" "-e" "CARGO_INCREMENTAL=0" "-e" "RUST_BACKTRACE=full" "-e" "RUSTFLAGS=--cap-lints=warn" "-e" "RUSTDOCFLAGS=--cap-lints=warn" "-e" "CARGO_HOME=/opt/rustwide/cargo-home" "-e" "RUSTUP_HOME=/opt/rustwide/rustup-home" "-w" "/opt/rustwide/workdir" "-m" "1610612736" "--user" "0:0" "--network" "none" "ghcr.io/rust-lang/crates-build-env/linux@sha256:2788e3201cd34a07e3172128adcd8b3090168a8e3bcc40d7c032b9dda1df7d1c" "/opt/rustwide/cargo-home/bin/cargo" "+1.75.0" "test" "--frozen" "--no-run" "--message-format=json", kill_on_drop: false }`
[INFO] [stdout] fb7909c944dc33f2b5006e29e2ace686ea4c59aa5ced2ee7919ab9f3ae101d2e
[INFO] running `Command { std: "docker" "start" "-a" "fb7909c944dc33f2b5006e29e2ace686ea4c59aa5ced2ee7919ab9f3ae101d2e", kill_on_drop: false }`
[INFO] [stderr]    Compiling stack_test_epic_wallet_controller v3.0.2 (/opt/rustwide/workdir)
[INFO] [stdout] warning: unnecessary braces around function argument
[INFO] [stdout]    --> src/controller.rs:751:32
[INFO] [stdout]     |
[INFO] [stdout] 751 |                 MaybeReply::Reply(r) => ok({ r }),
[INFO] [stdout]     |                                            ^^ ^^
[INFO] [stdout]     |
[INFO] [stdout]     = note: `#[warn(unused_braces)]` on by default
[INFO] [stdout] help: remove these braces
[INFO] [stdout]     |
[INFO] [stdout] 751 -                 MaybeReply::Reply(r) => ok({ r }),
[INFO] [stdout] 751 +                 MaybeReply::Reply(r) => ok(r),
[INFO] [stdout]     |
[INFO] [stdout] 
[INFO] [stdout] 
[INFO] [stdout] warning: 1 warning emitted
[INFO] [stdout] 
[INFO] [stdout] 
[INFO] [stdout] error[E0463]: can't find crate for `epic_wallet_controller`
[INFO] [stdout]   --> tests/repost.rs:17:1
[INFO] [stdout]    |
[INFO] [stdout] 17 | extern crate epic_wallet_controller as wallet;
[INFO] [stdout]    | ^^^^^^^^^^^^^^^^^^^^^^^^^^^^^^^^^^^^^^^^^^^^^^ can't find crate
[INFO] [stdout] 
[INFO] [stdout] 
[INFO] [stdout] error[E0463]: can't find crate for `epic_wallet_impls`
[INFO] [stdout]   --> tests/repost.rs:18:1
[INFO] [stdout]    |
[INFO] [stdout] 18 | extern crate epic_wallet_impls as impls;
[INFO] [stdout]    | ^^^^^^^^^^^^^^^^^^^^^^^^^^^^^^^^^^^^^^^^ can't find crate
[INFO] [stdout] 
[INFO] [stdout] 
[INFO] [stdout] error[E0463]: can't find crate for `epic_wallet_libwallet`
[INFO] [stdout]   --> tests/repost.rs:19:1
[INFO] [stdout]    |
[INFO] [stdout] 19 | extern crate epic_wallet_libwallet as libwallet;
[INFO] [stdout]    | ^^^^^^^^^^^^^^^^^^^^^^^^^^^^^^^^^^^^^^^^^^^^^^^^ can't find crate
[INFO] [stdout] 
[INFO] [stdout] 
[INFO] [stdout] error[E0463]: can't find crate for `epic_wallet_controller`
[INFO] [stdout]   --> tests/common/mod.rs:15:1
[INFO] [stdout]    |
[INFO] [stdout] 15 | extern crate epic_wallet_controller as wallet;
[INFO] [stdout]    | ^^^^^^^^^^^^^^^^^^^^^^^^^^^^^^^^^^^^^^^^^^^^^^ can't find crate
[INFO] [stdout] 
[INFO] [stdout] 
[INFO] [stdout] error[E0463]: can't find crate for `epic_wallet_impls`
[INFO] [stdout]   --> tests/common/mod.rs:16:1
[INFO] [stdout]    |
[INFO] [stdout] 16 | extern crate epic_wallet_impls as impls;
[INFO] [stdout]    | ^^^^^^^^^^^^^^^^^^^^^^^^^^^^^^^^^^^^^^^^ can't find crate
[INFO] [stdout] 
[INFO] [stdout] 
[INFO] [stdout] error[E0463]: can't find crate for `epic_wallet_libwallet`
[INFO] [stdout]   --> tests/common/mod.rs:17:1
[INFO] [stdout]    |
[INFO] [stdout] 17 | extern crate epic_wallet_libwallet as libwallet;
[INFO] [stdout]    | ^^^^^^^^^^^^^^^^^^^^^^^^^^^^^^^^^^^^^^^^^^^^^^^^ can't find crate
[INFO] [stdout] 
[INFO] [stdout] 
[INFO] [stdout] error[E0463]: can't find crate for `epic_wallet_controller`
[INFO] [stdout]   --> tests/transaction.rs:17:1
[INFO] [stdout]    |
[INFO] [stdout] 17 | extern crate epic_wallet_controller as wallet;
[INFO] [stdout]    | ^^^^^^^^^^^^^^^^^^^^^^^^^^^^^^^^^^^^^^^^^^^^^^ can't find crate
[INFO] [stdout] 
[INFO] [stdout] 
[INFO] [stdout] error[E0463]: can't find crate for `epic_wallet_impls`
[INFO] [stdout]   --> tests/transaction.rs:18:1
[INFO] [stdout]    |
[INFO] [stdout] 18 | extern crate epic_wallet_impls as impls;
[INFO] [stdout]    | ^^^^^^^^^^^^^^^^^^^^^^^^^^^^^^^^^^^^^^^^ can't find crate
[INFO] [stdout] 
[INFO] [stdout] 
[INFO] [stdout] error[E0463]: can't find crate for `epic_wallet_libwallet`
[INFO] [stdout]   --> tests/transaction.rs:19:1
[INFO] [stdout]    |
[INFO] [stdout] 19 | extern crate epic_wallet_libwallet as libwallet;
[INFO] [stdout]    | ^^^^^^^^^^^^^^^^^^^^^^^^^^^^^^^^^^^^^^^^^^^^^^^^ can't find crate
[INFO] [stdout] 
[INFO] [stdout] 
[INFO] [stdout] error[E0463]: can't find crate for `epic_wallet_controller`
[INFO] [stdout]   --> tests/common/mod.rs:15:1
[INFO] [stdout]    |
[INFO] [stdout] 15 | extern crate epic_wallet_controller as wallet;
[INFO] [stdout]    | ^^^^^^^^^^^^^^^^^^^^^^^^^^^^^^^^^^^^^^^^^^^^^^ can't find crate
[INFO] [stdout] 
[INFO] [stdout] 
[INFO] [stdout] error[E0463]: can't find crate for `epic_wallet_impls`
[INFO] [stdout]   --> tests/common/mod.rs:16:1
[INFO] [stdout]    |
[INFO] [stdout] 16 | extern crate epic_wallet_impls as impls;
[INFO] [stdout]    | ^^^^^^^^^^^^^^^^^^^^^^^^^^^^^^^^^^^^^^^^ can't find crate
[INFO] [stdout] 
[INFO] [stdout] 
[INFO] [stdout] error[E0463]: can't find crate for `epic_wallet_libwallet`
[INFO] [stdout]   --> tests/common/mod.rs:17:1
[INFO] [stdout]    |
[INFO] [stdout] 17 | extern crate epic_wallet_libwallet as libwallet;
[INFO] [stdout]    | ^^^^^^^^^^^^^^^^^^^^^^^^^^^^^^^^^^^^^^^^^^^^^^^^ can't find crate
[INFO] [stdout] 
[INFO] [stdout] 
[INFO] [stdout] error[E0463]: can't find crate for `epic_wallet_api`
[INFO] [stdout]   --> tests/updater_thread.rs:17:1
[INFO] [stdout]    |
[INFO] [stdout] 17 | extern crate epic_wallet_api as api;
[INFO] [stdout]    | ^^^^^^^^^^^^^^^^^^^^^^^^^^^^^^^^^^^^ can't find crate
[INFO] [stdout] 
[INFO] [stdout] 
[INFO] [stdout] error[E0463]: can't find crate for `epic_wallet_controller`
[INFO] [stdout]   --> tests/updater_thread.rs:18:1
[INFO] [stdout]    |
[INFO] [stdout] 18 | extern crate epic_wallet_controller as wallet;
[INFO] [stdout]    | ^^^^^^^^^^^^^^^^^^^^^^^^^^^^^^^^^^^^^^^^^^^^^^ can't find crate
[INFO] [stdout] 
[INFO] [stdout] 
[INFO] [stdout] error[E0463]: can't find crate for `epic_wallet_impls`
[INFO] [stdout]   --> tests/updater_thread.rs:19:1
[INFO] [stdout]    |
[INFO] [stdout] 19 | extern crate epic_wallet_impls as impls;
[INFO] [stdout]    | ^^^^^^^^^^^^^^^^^^^^^^^^^^^^^^^^^^^^^^^^ can't find crate
[INFO] [stdout] 
[INFO] [stdout] 
[INFO] [stdout] error[E0463]: can't find crate for `epic_wallet_libwallet`
[INFO] [stdout]   --> tests/updater_thread.rs:20:1
[INFO] [stdout]    |
[INFO] [stdout] 20 | extern crate epic_wallet_libwallet as libwallet;
[INFO] [stdout]    | ^^^^^^^^^^^^^^^^^^^^^^^^^^^^^^^^^^^^^^^^^^^^^^^^ can't find crate
[INFO] [stdout] 
[INFO] [stdout] 
[INFO] [stdout] error[E0463]: can't find crate for `epic_wallet_controller`
[INFO] [stdout]   --> tests/common/mod.rs:15:1
[INFO] [stdout]    |
[INFO] [stdout] 15 | extern crate epic_wallet_controller as wallet;
[INFO] [stdout]    | ^^^^^^^^^^^^^^^^^^^^^^^^^^^^^^^^^^^^^^^^^^^^^^ can't find crate
[INFO] [stdout] 
[INFO] [stdout] 
[INFO] [stdout] error[E0463]: can't find crate for `epic_wallet_impls`
[INFO] [stdout]   --> tests/common/mod.rs:16:1
[INFO] [stdout]    |
[INFO] [stdout] 16 | extern crate epic_wallet_impls as impls;
[INFO] [stdout]    | ^^^^^^^^^^^^^^^^^^^^^^^^^^^^^^^^^^^^^^^^ can't find crate
[INFO] [stdout] 
[INFO] [stdout] 
[INFO] [stdout] error[E0463]: can't find crate for `epic_wallet_libwallet`
[INFO] [stdout]   --> tests/common/mod.rs:17:1
[INFO] [stdout]    |
[INFO] [stdout] 17 | extern crate epic_wallet_libwallet as libwallet;
[INFO] [stdout]    | ^^^^^^^^^^^^^^^^^^^^^^^^^^^^^^^^^^^^^^^^^^^^^^^^ can't find crate
[INFO] [stdout] 
[INFO] [stdout] 
[INFO] [stdout] error[E0463]: can't find crate for `epic_wallet_controller`
[INFO] [stdout]   --> tests/check.rs:17:1
[INFO] [stdout]    |
[INFO] [stdout] 17 | extern crate epic_wallet_controller as wallet;
[INFO] [stdout]    | ^^^^^^^^^^^^^^^^^^^^^^^^^^^^^^^^^^^^^^^^^^^^^^ can't find crate
[INFO] [stdout] 
[INFO] [stdout] 
[INFO] [stdout] error[E0463]: can't find crate for `epic_wallet_impls`
[INFO] [stdout]   --> tests/check.rs:18:1
[INFO] [stdout]    |
[INFO] [stdout] 18 | extern crate epic_wallet_impls as impls;
[INFO] [stdout]    | ^^^^^^^^^^^^^^^^^^^^^^^^^^^^^^^^^^^^^^^^ can't find crate
[INFO] [stdout] 
[INFO] [stdout] 
[INFO] [stdout] error[E0463]: can't find crate for `epic_wallet_controller`
[INFO] [stdout]   --> tests/common/mod.rs:15:1
[INFO] [stdout]    |
[INFO] [stdout] 15 | extern crate epic_wallet_controller as wallet;
[INFO] [stdout]    | ^^^^^^^^^^^^^^^^^^^^^^^^^^^^^^^^^^^^^^^^^^^^^^ can't find crate
[INFO] [stdout] 
[INFO] [stdout] 
[INFO] [stdout] error[E0463]: can't find crate for `epic_wallet_impls`
[INFO] [stdout]   --> tests/common/mod.rs:16:1
[INFO] [stdout]    |
[INFO] [stdout] 16 | extern crate epic_wallet_impls as impls;
[INFO] [stdout]    | ^^^^^^^^^^^^^^^^^^^^^^^^^^^^^^^^^^^^^^^^ can't find crate
[INFO] [stdout] 
[INFO] [stdout] 
[INFO] [stdout] error[E0463]: can't find crate for `epic_wallet_libwallet`
[INFO] [stdout]   --> tests/common/mod.rs:17:1
[INFO] [stdout]    |
[INFO] [stdout] 17 | extern crate epic_wallet_libwallet as libwallet;
[INFO] [stdout]    | ^^^^^^^^^^^^^^^^^^^^^^^^^^^^^^^^^^^^^^^^^^^^^^^^ can't find crate
[INFO] [stdout] 
[INFO] [stdout] 
[INFO] [stdout] error[E0463]: can't find crate for `epic_wallet_controller`
[INFO] [stdout]   --> tests/file.rs:17:1
[INFO] [stdout]    |
[INFO] [stdout] 17 | extern crate epic_wallet_controller as wallet;
[INFO] [stdout]    | ^^^^^^^^^^^^^^^^^^^^^^^^^^^^^^^^^^^^^^^^^^^^^^ can't find crate
[INFO] [stdout] 
[INFO] [stdout] 
[INFO] [stdout] error[E0463]: can't find crate for `epic_wallet_impls`
[INFO] [stdout]   --> tests/file.rs:18:1
[INFO] [stdout]    |
[INFO] [stdout] 18 | extern crate epic_wallet_impls as impls;
[INFO] [stdout]    | ^^^^^^^^^^^^^^^^^^^^^^^^^^^^^^^^^^^^^^^^ can't find crate
[INFO] [stdout] 
[INFO] [stdout] 
[INFO] [stdout] error[E0463]: can't find crate for `epic_wallet_controller`
[INFO] [stdout]   --> tests/common/mod.rs:15:1
[INFO] [stdout]    |
[INFO] [stdout] 15 | extern crate epic_wallet_controller as wallet;
[INFO] [stdout]    | ^^^^^^^^^^^^^^^^^^^^^^^^^^^^^^^^^^^^^^^^^^^^^^ can't find crate
[INFO] [stdout] 
[INFO] [stdout] 
[INFO] [stdout] error[E0463]: can't find crate for `epic_wallet_impls`
[INFO] [stdout]   --> tests/common/mod.rs:16:1
[INFO] [stdout]    |
[INFO] [stdout] 16 | extern crate epic_wallet_impls as impls;
[INFO] [stdout]    | ^^^^^^^^^^^^^^^^^^^^^^^^^^^^^^^^^^^^^^^^ can't find crate
[INFO] [stdout] 
[INFO] [stdout] 
[INFO] [stdout] error[E0463]: can't find crate for `epic_wallet_libwallet`
[INFO] [stdout]   --> tests/common/mod.rs:17:1
[INFO] [stdout]    |
[INFO] [stdout] 17 | extern crate epic_wallet_libwallet as libwallet;
[INFO] [stdout]    | ^^^^^^^^^^^^^^^^^^^^^^^^^^^^^^^^^^^^^^^^^^^^^^^^ can't find crate
[INFO] [stdout] 
[INFO] [stdout] 
[INFO] [stdout] error: expected `;`, found keyword `let`
[INFO] [stdout]    --> tests/payment_proofs.rs:136:10
[INFO] [stdout]     |
[INFO] [stdout] 136 |          Ok(())
[INFO] [stdout]     |                ^ help: add `;` here
[INFO] [stdout] 137 |         // Check payment proof here
[INFO] [stdout] 138 |         let (_, txs) = sender_api.retrieve_txs(m, true, None, Some(slate.id))?;
[INFO] [stdout]     |         --- unexpected token
[INFO] [stdout] 
[INFO] [stdout] 
[INFO] [stdout] error[E0463]: can't find crate for `epic_wallet_controller`
[INFO] [stdout]   --> tests/payment_proofs.rs:17:1
[INFO] [stdout]    |
[INFO] [stdout] 17 | extern crate epic_wallet_controller as wallet;
[INFO] [stdout]    | ^^^^^^^^^^^^^^^^^^^^^^^^^^^^^^^^^^^^^^^^^^^^^^ can't find crate
[INFO] [stdout] 
[INFO] [stdout] 
[INFO] [stdout] error[E0463]: can't find crate for `epic_wallet_impls`
[INFO] [stdout]   --> tests/payment_proofs.rs:18:1
[INFO] [stdout]    |
[INFO] [stdout] 18 | extern crate epic_wallet_impls as impls;
[INFO] [stdout]    | ^^^^^^^^^^^^^^^^^^^^^^^^^^^^^^^^^^^^^^^^ can't find crate
[INFO] [stdout] 
[INFO] [stdout] 
[INFO] [stdout] error[E0463]: can't find crate for `epic_wallet_util`
[INFO] [stdout]   --> tests/payment_proofs.rs:19:1
[INFO] [stdout]    |
[INFO] [stdout] 19 | extern crate epic_wallet_util;
[INFO] [stdout]    | ^^^^^^^^^^^^^^^^^^^^^^^^^^^^^^ can't find crate
[INFO] [stdout] 
[INFO] [stdout] 
[INFO] [stdout] error[E0463]: can't find crate for `epic_wallet_controller`
[INFO] [stdout]   --> tests/common/mod.rs:15:1
[INFO] [stdout]    |
[INFO] [stdout] 15 | extern crate epic_wallet_controller as wallet;
[INFO] [stdout]    | ^^^^^^^^^^^^^^^^^^^^^^^^^^^^^^^^^^^^^^^^^^^^^^ can't find crate
[INFO] [stdout] 
[INFO] [stdout] 
[INFO] [stdout] error[E0463]: can't find crate for `epic_wallet_impls`
[INFO] [stdout]   --> tests/common/mod.rs:16:1
[INFO] [stdout]    |
[INFO] [stdout] 16 | extern crate epic_wallet_impls as impls;
[INFO] [stdout]    | ^^^^^^^^^^^^^^^^^^^^^^^^^^^^^^^^^^^^^^^^ can't find crate
[INFO] [stdout] 
[INFO] [stdout] 
[INFO] [stdout] error[E0463]: can't find crate for `epic_wallet_libwallet`
[INFO] [stdout]   --> tests/common/mod.rs:17:1
[INFO] [stdout]    |
[INFO] [stdout] 17 | extern crate epic_wallet_libwallet as libwallet;
[INFO] [stdout]    | ^^^^^^^^^^^^^^^^^^^^^^^^^^^^^^^^^^^^^^^^^^^^^^^^ can't find crate
[INFO] [stdout] 
[INFO] [stdout] 
[INFO] [stdout] error[E0463]: can't find crate for `epic_wallet_controller`
[INFO] [stdout]   --> tests/self_send.rs:17:1
[INFO] [stdout]    |
[INFO] [stdout] 17 | extern crate epic_wallet_controller as wallet;
[INFO] [stdout]    | ^^^^^^^^^^^^^^^^^^^^^^^^^^^^^^^^^^^^^^^^^^^^^^ can't find crate
[INFO] [stdout] 
[INFO] [stdout] 
[INFO] [stdout] error[E0463]: can't find crate for `epic_wallet_impls`
[INFO] [stdout]   --> tests/self_send.rs:18:1
[INFO] [stdout]    |
[INFO] [stdout] 18 | extern crate epic_wallet_impls as impls;
[INFO] [stdout]    | ^^^^^^^^^^^^^^^^^^^^^^^^^^^^^^^^^^^^^^^^ can't find crate
[INFO] [stdout] 
[INFO] [stdout] 
[INFO] [stdout] error[E0463]: can't find crate for `epic_wallet_controller`
[INFO] [stdout]   --> tests/common/mod.rs:15:1
[INFO] [stdout]    |
[INFO] [stdout] 15 | extern crate epic_wallet_controller as wallet;
[INFO] [stdout]    | ^^^^^^^^^^^^^^^^^^^^^^^^^^^^^^^^^^^^^^^^^^^^^^ can't find crate
[INFO] [stdout] 
[INFO] [stdout] 
[INFO] [stdout] error[E0463]: can't find crate for `epic_wallet_impls`
[INFO] [stdout]   --> tests/common/mod.rs:16:1
[INFO] [stdout]    |
[INFO] [stdout] 16 | extern crate epic_wallet_impls as impls;
[INFO] [stdout]    | ^^^^^^^^^^^^^^^^^^^^^^^^^^^^^^^^^^^^^^^^ can't find crate
[INFO] [stdout] 
[INFO] [stdout] 
[INFO] [stdout] error[E0463]: can't find crate for `epic_wallet_libwallet`
[INFO] [stdout]   --> tests/common/mod.rs:17:1
[INFO] [stdout]    |
[INFO] [stdout] 17 | extern crate epic_wallet_libwallet as libwallet;
[INFO] [stdout]    | ^^^^^^^^^^^^^^^^^^^^^^^^^^^^^^^^^^^^^^^^^^^^^^^^ can't find crate
[INFO] [stdout] 
[INFO] [stdout] 
[INFO] [stdout] error[E0432]: unresolved import `epic_wallet_util`
[INFO] [stdout]   --> tests/transaction.rs:21:5
[INFO] [stdout]    |
[INFO] [stdout] 21 | use epic_wallet_util::epic_core as core;
[INFO] [stdout]    |     ^^^^^^^^^^^^^^^^ use of undeclared crate or module `epic_wallet_util`
[INFO] [stdout] 
[INFO] [stdout] 
[INFO] [stdout] error[E0432]: unresolved import `epic_wallet_util`
[INFO] [stdout]   --> tests/common/mod.rs:19:5
[INFO] [stdout]    |
[INFO] [stdout] 19 | use epic_wallet_util::epic_core as core;
[INFO] [stdout]    |     ^^^^^^^^^^^^^^^^ use of undeclared crate or module `epic_wallet_util`
[INFO] [stdout] 
[INFO] [stdout] 
[INFO] [stdout] error[E0432]: unresolved import `epic_wallet_util`
[INFO] [stdout]   --> tests/common/mod.rs:20:5
[INFO] [stdout]    |
[INFO] [stdout] 20 | use epic_wallet_util::epic_keychain as keychain;
[INFO] [stdout]    |     ^^^^^^^^^^^^^^^^ use of undeclared crate or module `epic_wallet_util`
[INFO] [stdout] 
[INFO] [stdout] 
[INFO] [stdout] error[E0432]: unresolved import `epic_wallet_util`
[INFO] [stdout]   --> tests/common/mod.rs:21:5
[INFO] [stdout]    |
[INFO] [stdout] 21 | use epic_wallet_util::epic_util as util;
[INFO] [stdout]    |     ^^^^^^^^^^^^^^^^ use of undeclared crate or module `epic_wallet_util`
[INFO] [stdout] 
[INFO] [stdout] 
[INFO] [stdout] error[E0432]: unresolved import `epic_wallet_util`
[INFO] [stdout]   --> tests/repost.rs:21:5
[INFO] [stdout]    |
[INFO] [stdout] 21 | use epic_wallet_util::epic_core as core;
[INFO] [stdout]    |     ^^^^^^^^^^^^^^^^ use of undeclared crate or module `epic_wallet_util`
[INFO] [stdout] 
[INFO] [stdout] 
[INFO] [stdout] error[E0432]: unresolved import `epic_wallet_util`
[INFO] [stdout]   --> tests/common/mod.rs:19:5
[INFO] [stdout]    |
[INFO] [stdout] 19 | use epic_wallet_util::epic_core as core;
[INFO] [stdout]    |     ^^^^^^^^^^^^^^^^ use of undeclared crate or module `epic_wallet_util`
[INFO] [stdout] 
[INFO] [stdout] 
[INFO] [stdout] error[E0432]: unresolved import `epic_wallet_util`
[INFO] [stdout]   --> tests/common/mod.rs:20:5
[INFO] [stdout]    |
[INFO] [stdout] 20 | use epic_wallet_util::epic_keychain as keychain;
[INFO] [stdout]    |     ^^^^^^^^^^^^^^^^ use of undeclared crate or module `epic_wallet_util`
[INFO] [stdout] 
[INFO] [stdout] 
[INFO] [stdout] error[E0432]: unresolved import `epic_wallet_util`
[INFO] [stdout]   --> tests/common/mod.rs:21:5
[INFO] [stdout]    |
[INFO] [stdout] 21 | use epic_wallet_util::epic_util as util;
[INFO] [stdout]    |     ^^^^^^^^^^^^^^^^ use of undeclared crate or module `epic_wallet_util`
[INFO] [stdout] 
[INFO] [stdout] 
[INFO] [stdout] error[E0432]: unresolved import `epic_wallet_util`
[INFO] [stdout]   --> tests/check.rs:20:5
[INFO] [stdout]    |
[INFO] [stdout] 20 | use epic_wallet_util::epic_core as core;
[INFO] [stdout]    |     ^^^^^^^^^^^^^^^^ use of undeclared crate or module `epic_wallet_util`
[INFO] [stdout] 
[INFO] [stdout] 
[INFO] [stdout] error[E0432]: unresolved import `epic_wallet_util`
[INFO] [stdout]   --> tests/common/mod.rs:19:5
[INFO] [stdout]    |
[INFO] [stdout] 19 | use epic_wallet_util::epic_core as core;
[INFO] [stdout]    |     ^^^^^^^^^^^^^^^^ use of undeclared crate or module `epic_wallet_util`
[INFO] [stdout] 
[INFO] [stdout] 
[INFO] [stdout] error[E0432]: unresolved import `epic_wallet_util`
[INFO] [stdout]   --> tests/common/mod.rs:20:5
[INFO] [stdout]    |
[INFO] [stdout] 20 | use epic_wallet_util::epic_keychain as keychain;
[INFO] [stdout]    |     ^^^^^^^^^^^^^^^^ use of undeclared crate or module `epic_wallet_util`
[INFO] [stdout] 
[INFO] [stdout] 
[INFO] [stdout] error[E0432]: unresolved import `epic_wallet_util`
[INFO] [stdout]   --> tests/common/mod.rs:21:5
[INFO] [stdout]    |
[INFO] [stdout] 21 | use epic_wallet_util::epic_util as util;
[INFO] [stdout]    |     ^^^^^^^^^^^^^^^^ use of undeclared crate or module `epic_wallet_util`
[INFO] [stdout] 
[INFO] [stdout] 
[INFO] [stdout] error: aborting due to 10 previous errors
[INFO] [stdout] 
[INFO] [stdout] 
[INFO] [stdout] error: aborting due to 10 previous errors
[INFO] [stdout] 
[INFO] [stdout] 
[INFO] [stdout] Some errors have detailed explanations: E0432, E0463.
[INFO] [stdout] 
[INFO] [stdout] For more information about an error, try `rustc --explain E0432`.
[INFO] [stdout] 
[INFO] [stdout] error: aborting due to 10 previous errors
[INFO] [stdout] 
[INFO] [stdout] 
[INFO] [stdout] error[E0432]: unresolved import `epic_wallet_util`
[INFO] [stdout]   --> tests/check.rs:21:5
[INFO] [stdout]    |
[INFO] [stdout] 21 | use epic_wallet_util::epic_util as util;
[INFO] [stdout]    |     ^^^^^^^^^^^^^^^^ use of undeclared crate or module `epic_wallet_util`
[INFO] [stdout] 
[INFO] [stdout] 
[INFO] [stdout] Some errors have detailed explanations: E0432, E0463.
[INFO] [stdout] 
[INFO] [stdout] For more information about an error, try `rustc --explain E0432`.
[INFO] [stdout] 
[INFO] [stdout] error[E0432]: unresolved import `epic_wallet_libwallet`
[INFO] [stdout]   --> tests/file.rs:20:5
[INFO] [stdout]    |
[INFO] [stdout] 20 | use epic_wallet_libwallet as libwallet;
[INFO] [stdout]    |     ^^^^^^^^^^^^^^^^^^^^^^^^^^^^^^^^^^ no external crate `epic_wallet_libwallet`
[INFO] [stdout] 
[INFO] [stdout] 
[INFO] [stdout] error[E0432]: unresolved import `epic_wallet_util`
[INFO] [stdout]   --> tests/file.rs:21:5
[INFO] [stdout]    |
[INFO] [stdout] 21 | use epic_wallet_util::epic_core as core;
[INFO] [stdout]    |     ^^^^^^^^^^^^^^^^ use of undeclared crate or module `epic_wallet_util`
[INFO] [stdout] 
[INFO] [stdout] 
[INFO] [stdout] error[E0432]: unresolved import `epic_wallet_libwallet`
[INFO] [stdout]   --> tests/file.rs:28:5
[INFO] [stdout]    |
[INFO] [stdout] 28 | use epic_wallet_libwallet::InitTxArgs;
[INFO] [stdout]    |     ^^^^^^^^^^^^^^^^^^^^^ use of undeclared crate or module `epic_wallet_libwallet`
[INFO] [stdout] 
[INFO] [stdout] 
[INFO] [stdout] error[E0432]: unresolved import `epic_wallet_util`
[INFO] [stdout]   --> tests/common/mod.rs:19:5
[INFO] [stdout]    |
[INFO] [stdout] 19 | use epic_wallet_util::epic_core as core;
[INFO] [stdout]    |     ^^^^^^^^^^^^^^^^ use of undeclared crate or module `epic_wallet_util`
[INFO] [stdout] 
[INFO] [stdout] 
[INFO] [stdout] error[E0432]: unresolved import `epic_wallet_util`
[INFO] [stdout]   --> tests/common/mod.rs:20:5
[INFO] [stdout]    |
[INFO] [stdout] 20 | use epic_wallet_util::epic_keychain as keychain;
[INFO] [stdout]    |     ^^^^^^^^^^^^^^^^ use of undeclared crate or module `epic_wallet_util`
[INFO] [stdout] 
[INFO] [stdout] 
[INFO] [stdout] error[E0432]: unresolved import `epic_wallet_util`
[INFO] [stdout]   --> tests/common/mod.rs:21:5
[INFO] [stdout]    |
[INFO] [stdout] 21 | use epic_wallet_util::epic_util as util;
[INFO] [stdout]    |     ^^^^^^^^^^^^^^^^ use of undeclared crate or module `epic_wallet_util`
[INFO] [stdout] 
[INFO] [stdout] 
[INFO] [stdout] error[E0432]: unresolved import `epic_wallet_libwallet`
[INFO] [stdout]   --> tests/check.rs:25:5
[INFO] [stdout]    |
[INFO] [stdout] 25 | use epic_wallet_libwallet as libwallet;
[INFO] [stdout]    |     ^^^^^^^^^^^^^^^^^^^^^^^^^^^^^^^^^^ no external crate `epic_wallet_libwallet`
[INFO] [stdout] 
[INFO] [stdout] 
[INFO] [stdout] error[E0432]: unresolved import `epic_wallet_util`
[INFO] [stdout]   --> tests/common/mod.rs:19:5
[INFO] [stdout]    |
[INFO] [stdout] 19 | use epic_wallet_util::epic_core as core;
[INFO] [stdout]    |     ^^^^^^^^^^^^^^^^ use of undeclared crate or module `epic_wallet_util`
[INFO] [stdout] 
[INFO] [stdout] 
[INFO] [stdout] error[E0432]: unresolved import `epic_wallet_util`
[INFO] [stdout]   --> tests/common/mod.rs:20:5
[INFO] [stdout]    |
[INFO] [stdout] 20 | use epic_wallet_util::epic_keychain as keychain;
[INFO] [stdout]    |     ^^^^^^^^^^^^^^^^ use of undeclared crate or module `epic_wallet_util`
[INFO] [stdout] 
[INFO] [stdout] 
[INFO] [stdout] error[E0432]: unresolved import `epic_wallet_util`
[INFO] [stdout]   --> tests/common/mod.rs:21:5
[INFO] [stdout]    |
[INFO] [stdout] 21 | use epic_wallet_util::epic_util as util;
[INFO] [stdout]    |     ^^^^^^^^^^^^^^^^ use of undeclared crate or module `epic_wallet_util`
[INFO] [stdout] 
[INFO] [stdout] 
[INFO] [stdout] Some errors have detailed explanations: E0432, E0463.
[INFO] [stdout] 
[INFO] [stdout] For more information about an error, try `rustc --explain E0432`.
[INFO] [stdout] 
[INFO] [stderr] error: could not compile `stack_test_epic_wallet_controller` (test "updater_thread") due to 11 previous errors
[INFO] [stderr] warning: build failed, waiting for other jobs to finish...
[INFO] [stderr] error: could not compile `stack_test_epic_wallet_controller` (test "transaction") due to 11 previous errors
[INFO] [stdout] error[E0432]: unresolved import `epic_wallet_libwallet`
[INFO] [stdout]   --> tests/payment_proofs.rs:21:5
[INFO] [stdout]    |
[INFO] [stdout] 21 | use epic_wallet_libwallet as libwallet;
[INFO] [stdout]    |     ^^^^^^^^^^^^^^^^^^^^^^^^^^^^^^^^^^ no external crate `epic_wallet_libwallet`
[INFO] [stdout] 
[INFO] [stdout] 
[INFO] [stderr] error: could not compile `stack_test_epic_wallet_controller` (test "repost") due to 11 previous errors
[INFO] [stdout] error[E0432]: unresolved import `epic_wallet_util`
[INFO] [stdout]   --> tests/self_send.rs:20:5
[INFO] [stdout]    |
[INFO] [stdout] 20 | use epic_wallet_util::epic_core as core;
[INFO] [stdout]    |     ^^^^^^^^^^^^^^^^ use of undeclared crate or module `epic_wallet_util`
[INFO] [stdout] 
[INFO] [stdout] 
[INFO] [stdout] warning: unused import: `std::time::Duration`
[INFO] [stdout]   --> tests/payment_proofs.rs:25:5
[INFO] [stdout]    |
[INFO] [stdout] 25 | use std::time::Duration;
[INFO] [stdout]    |     ^^^^^^^^^^^^^^^^^^^
[INFO] [stdout]    |
[INFO] [stdout]    = note: `#[warn(unused_imports)]` on by default
[INFO] [stdout] 
[INFO] [stdout] 
[INFO] [stdout] error[E0432]: unresolved import `epic_wallet_libwallet`
[INFO] [stdout]   --> tests/self_send.rs:22:5
[INFO] [stdout]    |
[INFO] [stdout] 22 | use epic_wallet_libwallet as libwallet;
[INFO] [stdout]    |     ^^^^^^^^^^^^^^^^^^^^^^^^^^^^^^^^^^ no external crate `epic_wallet_libwallet`
[INFO] [stdout] 
[INFO] [stdout] 
[INFO] [stdout] error[E0432]: unresolved import `epic_wallet_util`
[INFO] [stdout]   --> tests/common/mod.rs:19:5
[INFO] [stdout]    |
[INFO] [stdout] 19 | use epic_wallet_util::epic_core as core;
[INFO] [stdout]    |     ^^^^^^^^^^^^^^^^ use of undeclared crate or module `epic_wallet_util`
[INFO] [stdout] 
[INFO] [stdout] 
[INFO] [stdout] error[E0432]: unresolved import `epic_wallet_util`
[INFO] [stdout]   --> tests/common/mod.rs:20:5
[INFO] [stdout]    |
[INFO] [stdout] 20 | use epic_wallet_util::epic_keychain as keychain;
[INFO] [stdout]    |     ^^^^^^^^^^^^^^^^ use of undeclared crate or module `epic_wallet_util`
[INFO] [stdout] 
[INFO] [stdout] 
[INFO] [stdout] error[E0432]: unresolved import `epic_wallet_util`
[INFO] [stdout]   --> tests/common/mod.rs:21:5
[INFO] [stdout]    |
[INFO] [stdout] 21 | use epic_wallet_util::epic_util as util;
[INFO] [stdout]    |     ^^^^^^^^^^^^^^^^ use of undeclared crate or module `epic_wallet_util`
[INFO] [stdout] 
[INFO] [stdout] 
[INFO] [stdout] error: aborting due to 11 previous errors
[INFO] [stdout] 
[INFO] [stdout] 
[INFO] [stdout] error: aborting due to 8 previous errors; 1 warning emitted
[INFO] [stdout] 
[INFO] [stdout] 
[INFO] [stdout] Some errors have detailed explanations: E0432, E0463.
[INFO] [stdout] 
[INFO] [stdout] For more information about an error, try `rustc --explain E0432`.
[INFO] [stdout] 
[INFO] [stdout] error: aborting due to 11 previous errors
[INFO] [stdout] 
[INFO] [stdout] 
[INFO] [stdout] Some errors have detailed explanations: E0432, E0463.
[INFO] [stdout] 
[INFO] [stdout] For more information about an error, try `rustc --explain E0432`.
[INFO] [stdout] 
[INFO] [stdout] error: aborting due to 10 previous errors
[INFO] [stdout] 
[INFO] [stdout] 
[INFO] [stdout] Some errors have detailed explanations: E0432, E0463.
[INFO] [stdout] 
[INFO] [stdout] For more information about an error, try `rustc --explain E0432`.
[INFO] [stdout] 
[INFO] [stderr] error: could not compile `stack_test_epic_wallet_controller` (test "file") due to 12 previous errors
[INFO] [stdout] warning: unnecessary braces around function argument
[INFO] [stdout]    --> src/controller.rs:751:32
[INFO] [stdout]     |
[INFO] [stdout] 751 |                 MaybeReply::Reply(r) => ok({ r }),
[INFO] [stdout]     |                                            ^^ ^^
[INFO] [stdout]     |
[INFO] [stdout]     = note: `#[warn(unused_braces)]` on by default
[INFO] [stdout] help: remove these braces
[INFO] [stdout]     |
[INFO] [stdout] 751 -                 MaybeReply::Reply(r) => ok({ r }),
[INFO] [stdout] 751 +                 MaybeReply::Reply(r) => ok(r),
[INFO] [stdout]     |
[INFO] [stdout] 
[INFO] [stdout] 
[INFO] [stdout] Some errors have detailed explanations: E0432, E0463.
[INFO] [stdout] 
[INFO] [stderr] error: could not compile `stack_test_epic_wallet_controller` (test "check") due to 12 previous errors
[INFO] [stdout] For more information about an error, try `rustc --explain E0432`.
[INFO] [stdout] 
[INFO] [stderr] error: could not compile `stack_test_epic_wallet_controller` (test "payment_proofs") due to 9 previous errors; 1 warning emitted
[INFO] [stderr] error: could not compile `stack_test_epic_wallet_controller` (test "self_send") due to 11 previous errors
[INFO] [stdout] warning: 1 warning emitted
[INFO] [stdout] 
[INFO] [stdout] 
[INFO] running `Command { std: "docker" "inspect" "fb7909c944dc33f2b5006e29e2ace686ea4c59aa5ced2ee7919ab9f3ae101d2e", kill_on_drop: false }`
[INFO] running `Command { std: "docker" "rm" "-f" "fb7909c944dc33f2b5006e29e2ace686ea4c59aa5ced2ee7919ab9f3ae101d2e", kill_on_drop: false }`
[INFO] [stdout] fb7909c944dc33f2b5006e29e2ace686ea4c59aa5ced2ee7919ab9f3ae101d2e
[INFO] testing stack_test_epic_wallet_controller-3.0.2 against beta-2023-12-22 for beta-1.76-1
[INFO] extracting crate stack_test_epic_wallet_controller 3.0.2 into /workspace/builds/worker-2-tc2/source
[INFO] validating manifest of crates.io crate stack_test_epic_wallet_controller 3.0.2 on toolchain beta-2023-12-22
[INFO] running `Command { std: CARGO_HOME="/workspace/cargo-home" RUSTUP_HOME="/workspace/rustup-home" "/workspace/cargo-home/bin/cargo" "+beta-2023-12-22" "metadata" "--manifest-path" "Cargo.toml" "--no-deps", kill_on_drop: false }`
[INFO] started tweaking crates.io crate stack_test_epic_wallet_controller 3.0.2
[INFO] finished tweaking crates.io crate stack_test_epic_wallet_controller 3.0.2
[INFO] tweaked toml for crates.io crate stack_test_epic_wallet_controller 3.0.2 written to /workspace/builds/worker-2-tc2/source/Cargo.toml
[INFO] running `Command { std: CARGO_HOME="/workspace/cargo-home" RUSTUP_HOME="/workspace/rustup-home" "/workspace/cargo-home/bin/cargo" "+beta-2023-12-22" "generate-lockfile" "--manifest-path" "Cargo.toml", kill_on_drop: false }`
[INFO] [stderr]     Updating crates.io index
[INFO] running `Command { std: CARGO_HOME="/workspace/cargo-home" RUSTUP_HOME="/workspace/rustup-home" "/workspace/cargo-home/bin/cargo" "+beta-2023-12-22" "fetch" "--manifest-path" "Cargo.toml", kill_on_drop: false }`
[INFO] [stderr]     Blocking waiting for file lock on package cache
[INFO] running `Command { std: "docker" "create" "-v" "/var/lib/crater-agent-workspace/builds/worker-2-tc2/target:/opt/rustwide/target:rw,Z" "-v" "/var/lib/crater-agent-workspace/builds/worker-2-tc2/source:/opt/rustwide/workdir:ro,Z" "-v" "/var/lib/crater-agent-workspace/cargo-home:/opt/rustwide/cargo-home:ro,Z" "-v" "/var/lib/crater-agent-workspace/rustup-home:/opt/rustwide/rustup-home:ro,Z" "-e" "SOURCE_DIR=/opt/rustwide/workdir" "-e" "CARGO_TARGET_DIR=/opt/rustwide/target" "-e" "CARGO_HOME=/opt/rustwide/cargo-home" "-e" "RUSTUP_HOME=/opt/rustwide/rustup-home" "-w" "/opt/rustwide/workdir" "-m" "1610612736" "--user" "0:0" "--network" "none" "ghcr.io/rust-lang/crates-build-env/linux@sha256:2788e3201cd34a07e3172128adcd8b3090168a8e3bcc40d7c032b9dda1df7d1c" "/opt/rustwide/cargo-home/bin/cargo" "+beta-2023-12-22" "metadata" "--no-deps" "--format-version=1", kill_on_drop: false }`
[INFO] [stdout] 494601ca8a2a0671f6d36288a0bce241f1df2d898eb4f2db82ab5158c74f6217
[INFO] running `Command { std: "docker" "start" "-a" "494601ca8a2a0671f6d36288a0bce241f1df2d898eb4f2db82ab5158c74f6217", kill_on_drop: false }`
[INFO] running `Command { std: "docker" "inspect" "494601ca8a2a0671f6d36288a0bce241f1df2d898eb4f2db82ab5158c74f6217", kill_on_drop: false }`
[INFO] running `Command { std: "docker" "rm" "-f" "494601ca8a2a0671f6d36288a0bce241f1df2d898eb4f2db82ab5158c74f6217", kill_on_drop: false }`
[INFO] [stdout] 494601ca8a2a0671f6d36288a0bce241f1df2d898eb4f2db82ab5158c74f6217
[INFO] running `Command { std: "docker" "create" "-v" "/var/lib/crater-agent-workspace/builds/worker-2-tc2/target:/opt/rustwide/target:rw,Z" "-v" "/var/lib/crater-agent-workspace/builds/worker-2-tc2/source:/opt/rustwide/workdir:ro,Z" "-v" "/var/lib/crater-agent-workspace/cargo-home:/opt/rustwide/cargo-home:ro,Z" "-v" "/var/lib/crater-agent-workspace/rustup-home:/opt/rustwide/rustup-home:ro,Z" "-e" "SOURCE_DIR=/opt/rustwide/workdir" "-e" "CARGO_TARGET_DIR=/opt/rustwide/target" "-e" "CARGO_INCREMENTAL=0" "-e" "RUST_BACKTRACE=full" "-e" "RUSTFLAGS=--cap-lints=warn" "-e" "RUSTDOCFLAGS=--cap-lints=warn" "-e" "CARGO_HOME=/opt/rustwide/cargo-home" "-e" "RUSTUP_HOME=/opt/rustwide/rustup-home" "-w" "/opt/rustwide/workdir" "-m" "1610612736" "--user" "0:0" "--network" "none" "ghcr.io/rust-lang/crates-build-env/linux@sha256:2788e3201cd34a07e3172128adcd8b3090168a8e3bcc40d7c032b9dda1df7d1c" "/opt/rustwide/cargo-home/bin/cargo" "+beta-2023-12-22" "build" "--frozen" "--message-format=json", kill_on_drop: false }`
[INFO] [stdout] bac60d66ed1fa4e39cf9c68f503bc69e0c37db536303e2b3dcd06b3b5315943b
[INFO] running `Command { std: "docker" "start" "-a" "bac60d66ed1fa4e39cf9c68f503bc69e0c37db536303e2b3dcd06b3b5315943b", kill_on_drop: false }`
[INFO] [stderr]    Compiling libc v0.2.151
[INFO] [stderr]    Compiling autocfg v1.1.0
[INFO] [stderr]    Compiling proc-macro2 v1.0.75
[INFO] [stderr]    Compiling unicode-ident v1.0.12
[INFO] [stderr]    Compiling serde v1.0.194
[INFO] [stderr]    Compiling byteorder v1.5.0
[INFO] [stderr]    Compiling lazy_static v1.4.0
[INFO] [stderr]    Compiling cfg-if v0.1.10
[INFO] [stderr]    Compiling maybe-uninit v2.0.0
[INFO] [stderr]    Compiling semver-parser v0.7.0
[INFO] [stderr]    Compiling rand_core v0.4.2
[INFO] [stderr]    Compiling semver v0.9.0
[INFO] [stderr]    Compiling futures v0.1.31
[INFO] [stderr]    Compiling num-traits v0.2.17
[INFO] [stderr]    Compiling rand_core v0.3.1
[INFO] [stderr]    Compiling rustc_version v0.2.3
[INFO] [stderr]    Compiling typenum v1.17.0
[INFO] [stderr]    Compiling cfg-if v1.0.0
[INFO] [stderr]    Compiling smallvec v0.6.14
[INFO] [stderr]    Compiling crossbeam-utils v0.7.2
[INFO] [stderr]    Compiling fnv v1.0.7
[INFO] [stderr]    Compiling slab v0.4.9
[INFO] [stderr]    Compiling memchr v2.7.1
[INFO] [stderr]    Compiling quote v1.0.35
[INFO] [stderr]    Compiling syn v2.0.48
[INFO] [stderr]    Compiling autocfg v0.1.8
[INFO] [stderr]    Compiling unicode-xid v0.1.0
[INFO] [stderr]    Compiling scopeguard v1.2.0
[INFO] [stderr]    Compiling version_check v0.9.4
[INFO] [stderr]    Compiling indexmap v1.9.3
[INFO] [stderr]    Compiling nodrop v0.1.14
[INFO] [stderr]    Compiling quick-error v1.2.3
[INFO] [stderr]    Compiling tokio-executor v0.1.10
[INFO] [stderr]    Compiling humantime v1.3.0
[INFO] [stderr]    Compiling cc v1.0.83
[INFO] [stderr]    Compiling iovec v0.1.4
[INFO] [stderr]    Compiling generic-array v0.14.7
[INFO] [stderr]    Compiling bytes v0.4.12
[INFO] [stderr]    Compiling memchr v1.0.2
[INFO] [stderr]    Compiling num_cpus v1.16.0
[INFO] [stderr]    Compiling net2 v0.2.39
[INFO] [stderr]    Compiling parking_lot_core v0.6.3
[INFO] [stderr]    Compiling num-integer v0.1.45
[INFO] [stderr]    Compiling hashbrown v0.12.3
[INFO] [stderr]    Compiling rustc-serialize v0.3.25
[INFO] [stderr]    Compiling glob v0.2.11
[INFO] [stderr]    Compiling subtle v2.4.1
[INFO] [stderr]    Compiling generic-array v0.12.4
[INFO] [stderr]    Compiling rand v0.5.6
[INFO] [stderr]    Compiling clang-sys v0.23.0
[INFO] [stderr]    Compiling atty v0.2.14
[INFO] [stderr]    Compiling aho-corasick v1.1.2
[INFO] [stderr]    Compiling rand_pcg v0.1.2
[INFO] [stderr]    Compiling rand_chacha v0.1.1
[INFO] [stderr]    Compiling parking_lot v0.9.0
[INFO] [stderr]    Compiling libloading v0.5.2
[INFO] [stderr]    Compiling memoffset v0.5.6
[INFO] [stderr]    Compiling unicode-width v0.1.11
[INFO] [stderr]    Compiling regex-syntax v0.8.2
[INFO] [stderr]    Compiling arrayvec v0.4.12
[INFO] [stderr]    Compiling ryu v1.0.16
[INFO] [stderr]    Compiling adler v1.0.2
[INFO] [stderr]    Compiling serde_json v1.0.111
[INFO] [stderr]    Compiling miniz_oxide v0.7.1
[INFO] [stderr]    Compiling rand v0.4.6
[INFO] [stderr]    Compiling lock_api v0.3.4
[INFO] [stderr]    Compiling rand v0.6.5
[INFO] [stderr]    Compiling crossbeam-epoch v0.8.2
[INFO] [stderr]    Compiling itoa v1.0.10
[INFO] [stderr]    Compiling crc32fast v1.3.2
[INFO] [stderr]    Compiling textwrap v0.11.0
[INFO] [stderr]    Compiling backtrace v0.3.69
[INFO] [stderr]    Compiling digest v0.8.1
[INFO] [stderr]    Compiling nom v3.2.1
[INFO] [stderr]    Compiling rand_os v0.1.3
[INFO] [stderr]    Compiling tokio-sync v0.1.8
[INFO] [stderr]    Compiling proc-macro2 v0.3.5
[INFO] [stderr]    Compiling rand_isaac v0.1.1
[INFO] [stderr]    Compiling rand_hc v0.1.0
[INFO] [stderr]    Compiling regex-automata v0.4.3
[INFO] [stderr]    Compiling rand_xorshift v0.1.1
[INFO] [stderr]    Compiling rand_jitter v0.1.4
[INFO] [stderr]    Compiling safemem v0.3.3
[INFO] [stderr]    Compiling strsim v0.8.0
[INFO] [stderr]    Compiling linked-hash-map v0.5.6
[INFO] [stderr]    Compiling gimli v0.28.1
[INFO] [stderr]    Compiling vec_map v0.8.2
[INFO] [stderr]    Compiling crunchy v0.2.2
[INFO] [stderr]    Compiling ansi_term v0.12.1
[INFO] [stderr]    Compiling bindgen v0.37.4
[INFO] [stderr]    Compiling bitflags v1.3.2
[INFO] [stderr]    Compiling termcolor v1.4.0
[INFO] [stderr]    Compiling syn v1.0.109
[INFO] [stderr]    Compiling clap v2.34.0
[INFO] [stderr]    Compiling cexpr v0.2.3
[INFO] [stderr]    Compiling base64 v0.9.3
[INFO] [stderr]    Compiling quote v0.5.2
[INFO] [stderr]    Compiling digest v0.9.0
[INFO] [stderr]    Compiling which v1.0.5
[INFO] [stderr]    Compiling object v0.32.2
[INFO] [stderr]    Compiling parking_lot_core v0.3.1
[INFO] [stderr]    Compiling stable_deref_trait v1.2.0
[INFO] [stderr]    Compiling rustc-demangle v0.1.23
[INFO] [stderr]    Compiling byte-tools v0.3.1
[INFO] [stderr]    Compiling traitobject v0.1.0
[INFO] [stderr]    Compiling serde_derive v1.0.194
[INFO] [stderr]    Compiling peeking_take_while v0.1.2
[INFO] [stderr]    Compiling iana-time-zone v0.1.59
[INFO] [stderr]    Compiling thiserror v1.0.56
[INFO] [stderr]    Compiling regex v1.10.2
[INFO] [stderr]    Compiling unsafe-any v0.4.2
[INFO] [stderr]    Compiling zeroize_derive v1.4.2
[INFO] [stderr]    Compiling addr2line v0.21.0
[INFO] [stderr]    Compiling thiserror-impl v1.0.56
[INFO] [stderr]    Compiling block-padding v0.1.5
[INFO] [stderr]    Compiling owning_ref v0.4.1
[INFO] [stderr]    Compiling crossbeam-deque v0.7.4
[INFO] [stderr]    Compiling yaml-rust v0.4.5
[INFO] [stderr]    Compiling grin_secp256k1zkp v0.7.12
[INFO] [stderr]    Compiling ring v0.13.5
[INFO] [stderr]    Compiling block-buffer v0.9.0
[INFO] [stderr]    Compiling ordered-float v1.1.1
[INFO] [stderr]    Compiling crossbeam-queue v0.2.3
[INFO] [stderr]    Compiling num-bigint v0.2.6
[INFO] [stderr]    Compiling num-iter v0.1.43
[INFO] [stderr]    Compiling unicode-xid v0.2.4
[INFO] [stderr]    Compiling scopeguard v0.3.3
[INFO] [stderr]    Compiling opaque-debug v0.3.0
[INFO] [stderr]    Compiling odds v0.2.26
[INFO] [stderr]    Compiling rustc-hex v2.1.0
[INFO] [stderr]    Compiling failure_derive v0.1.8
[INFO] [stderr]    Compiling synstructure v0.12.6
[INFO] [stderr]    Compiling arrayvec v0.3.25
[INFO] [stderr]    Compiling lock_api v0.1.5
[INFO] [stderr]    Compiling zeroize v1.7.0
[INFO] [stderr]    Compiling block-buffer v0.7.3
[INFO] [stderr]    Compiling typemap v0.3.3
[INFO] [stderr]    Compiling flate2 v1.0.28
[INFO] [stderr]    Compiling crypto-mac v0.11.1
[INFO] [stderr]    Compiling tokio-timer v0.2.13
[INFO] [stderr]    Compiling thread-id v3.3.0
[INFO] [stderr]    Compiling num-complex v0.2.4
[INFO] [stderr]    Compiling num-rational v0.2.4
[INFO] [stderr]    Compiling log-mdc v0.1.0
[INFO] [stderr]    Compiling base64ct v1.6.0
[INFO] [stderr]    Compiling antidote v1.0.0
[INFO] [stderr]    Compiling opaque-debug v0.2.3
[INFO] [stderr]    Compiling cpufeatures v0.2.12
[INFO] [stderr]    Compiling untrusted v0.6.2
[INFO] [stderr]    Compiling rand_core v0.6.4
[INFO] [stderr]    Compiling same-file v1.0.6
[INFO] [stderr]    Compiling arc-swap v0.3.11
[INFO] [stderr]    Compiling static_assertions v0.2.5
[INFO] [stderr]    Compiling gcc v0.3.55
[INFO] [stderr]    Compiling crunchy v0.1.6
[INFO] [stderr]    Compiling fixed-hash v0.3.2
[INFO] [stderr]    Compiling walkdir v2.4.0
[INFO] [stderr]    Compiling password-hash v0.2.3
[INFO] [stderr]    Compiling sha2 v0.9.9
[INFO] [stderr]    Compiling hmac v0.11.0
[INFO] [stderr]    Compiling parking_lot v0.6.4
[INFO] [stderr]    Compiling zip v0.5.13
[INFO] [stderr]    Compiling liblmdb-sys v0.2.2
[INFO] [stderr]    Compiling uint v0.7.1
[INFO] [stderr]    Compiling tokio-current-thread v0.1.7
[INFO] [stderr]    Compiling proc-macro2 v0.4.30
[INFO] [stderr]    Compiling constant_time_eq v0.1.5
[INFO] [stderr]    Compiling rustix v0.38.28
[INFO] [stderr]    Compiling fake-simd v0.1.2
[INFO] [stderr]    Compiling sha2 v0.8.2
[INFO] [stderr]    Compiling blake2-rfc v0.2.18
[INFO] [stderr]    Compiling failure v0.1.8
[INFO] [stderr]    Compiling pbkdf2 v0.8.0
[INFO] [stderr]    Compiling ripemd160 v0.9.1
[INFO] [stderr]    Compiling log v0.4.20
[INFO] [stderr]    Compiling chrono v0.4.31
[INFO] [stderr]    Compiling tokio-io v0.1.13
[INFO] [stderr]    Compiling mio v0.6.23
[INFO] [stderr]    Compiling env_logger v0.5.13
[INFO] [stderr]    Compiling tokio-threadpool v0.1.18
[INFO] [stderr]    Compiling serde-value v0.5.3
[INFO] [stderr]    Compiling tokio-reactor v0.1.12
[INFO] [stderr]    Compiling tokio-codec v0.1.2
[INFO] [stderr]    Compiling mio-uds v0.6.8
[INFO] [stderr]    Compiling parity-codec v3.5.4
[INFO] [stderr]    Compiling serde_yaml v0.8.26
[INFO] [stderr]    Compiling tokio-uds v0.2.7
[INFO] [stderr]    Compiling tokio-udp v0.1.6
[INFO] [stderr]    Compiling tokio-tcp v0.1.4
[INFO] [stderr]    Compiling impl-codec v0.2.0
[INFO] [stderr]    Compiling tokio-fs v0.1.7
[INFO] [stderr]    Compiling primitive-types v0.3.0
[INFO] [stderr]    Compiling log4rs v0.8.3
[INFO] [stderr]    Compiling tokio v0.1.11
[INFO] [stderr]    Compiling uuid v0.6.5
[INFO] [stderr]    Compiling tiny-keccak v1.5.0
[INFO] [stderr]    Compiling num-traits v0.1.43
[INFO] [stderr]    Compiling linux-raw-sys v0.4.12
[INFO] [stderr]    Compiling bitflags v2.4.1
[INFO] [stderr]    Compiling enum_primitive v0.1.1
[INFO] [stderr]    Compiling keccak-hash v0.2.0
[INFO] [stderr]    Compiling num v0.2.1
[INFO] [stderr]    Compiling bigint v4.4.3
[INFO] [stderr]    Compiling lru-cache v0.1.2
[INFO] [stderr]    Compiling fastrand v2.0.1
[INFO] [stderr]    Compiling bitflags v0.9.1
[INFO] [stderr]    Compiling stack_test_epic_util v3.0.3
[INFO] [stderr]    Compiling httparse v1.8.0
[INFO] [stderr]    Compiling stack_test_epic_keychain v3.0.3
[INFO] [stderr]    Compiling md5 v0.6.1
[INFO] [stderr]    Compiling itoa v0.4.8
[INFO] [stderr]    Compiling syn v0.15.44
[INFO] [stderr]    Compiling supercow v0.1.0
[INFO] [stderr]    Compiling siphasher v0.2.3
[INFO] [stderr]    Compiling lmdb-zero v0.4.4
[INFO] [stderr]    Compiling http v0.1.21
[INFO] [stderr]    Compiling quote v0.6.13
[INFO] [stderr]    Compiling webpki v0.18.1
[INFO] [stderr]    Compiling sct v0.4.0
[INFO] [stderr]    Compiling tempfile v3.9.0
[INFO] [stderr]    Compiling string v0.2.1
[INFO] [stderr]    Compiling memmap v0.7.0
[INFO] [stderr]    Compiling unicode-segmentation v1.10.1
[INFO] [stderr]    Compiling tinyvec_macros v0.1.1
[INFO] [stderr]    Compiling try-lock v0.2.5
[INFO] [stderr]    Compiling tinyvec v1.6.0
[INFO] [stderr]    Compiling want v0.0.6
[INFO] [stderr]    Compiling heck v0.3.3
[INFO] [stderr]    Compiling num-bigint v0.1.44
[INFO] [stderr]    Compiling clear_on_drop v0.2.5
[INFO] [stderr]    Compiling futures-cpupool v0.1.8
[INFO] [stderr]    Compiling time v0.1.45
[INFO] [stderr]    Compiling scoped-tls v0.1.2
[INFO] [stderr]    Compiling h2 v0.1.26
[INFO] [stderr]    Compiling crossbeam-utils v0.8.18
[INFO] [stderr]    Compiling unicode-normalization v0.1.22
[INFO] [stderr]    Compiling tokio-core v0.1.18
[INFO] [stderr]    Compiling num-rational v0.1.42
[INFO] [stderr]    Compiling rustls v0.13.1
[INFO] [stderr]    Compiling croaring-sys v0.3.9
[INFO] [stderr]    Compiling num-complex v0.1.43
[INFO] [stderr]    Compiling tokio-service v0.1.0
[INFO] [stderr]    Compiling bit-vec v0.6.3
[INFO] [stderr]    Compiling unicode-bidi v0.3.14
[INFO] [stderr]    Compiling matches v0.1.10
[INFO] [stderr]    Compiling num v0.1.42
[INFO] [stderr]    Compiling ct-logs v0.4.0
[INFO] [stderr]    Compiling webpki-roots v0.15.0
[INFO] [stderr]    Compiling jsonrpc-core v10.1.0
[INFO] [stderr]    Compiling idna v0.1.5
[INFO] [stderr]    Compiling hyper v0.12.19
[INFO] [stderr]    Compiling tokio-io-timeout v0.3.1
[INFO] [stderr]    Compiling dirs v1.0.5
[INFO] [stderr]    Compiling percent-encoding v1.0.1
[INFO] [stderr]    Compiling crossbeam-epoch v0.9.17
[INFO] [stderr]    Compiling tokio-rustls v0.7.2
[INFO] [stderr]    Compiling url v1.7.2
[INFO] [stderr]    Compiling curve25519-dalek v1.2.6
[INFO] [stderr]    Compiling rayon-core v1.12.0
[INFO] [stderr]    Compiling crossbeam-deque v0.8.4
[INFO] [stderr]    Compiling toml v0.4.10
[INFO] [stderr]    Compiling doc-comment v0.3.3
[INFO] [stderr]    Compiling hyper-rustls v0.14.0
[INFO] [stderr]    Compiling hyper-timeout v0.2.0
[INFO] [stderr]    Compiling either v1.9.0
[INFO] [stderr]    Compiling keccak v0.1.4
[INFO] [stderr]    Compiling sysinfo v0.9.6
[INFO] [stderr]    Compiling sha3 v0.8.2
[INFO] [stderr]    Compiling easy-jsonrpc-proc-macro-mw v0.5.1
[INFO] [stderr]    Compiling strum_macros v0.15.0
[INFO] [stderr]    Compiling rayon v1.8.0
[INFO] [stderr]    Compiling ed25519-dalek v1.0.0-pre.1
[INFO] [stderr]    Compiling uuid v0.7.4
[INFO] [stderr]    Compiling rand v0.3.23
[INFO] [stderr]    Compiling data-encoding v2.5.0
[INFO] [stderr]    Compiling strum v0.15.0
[INFO] [stderr]    Compiling tokio-retry v0.1.1
[INFO] [stderr]    Compiling timer v0.2.0
[INFO] [stderr]    Compiling term v0.5.2
[INFO] [stderr]    Compiling csv v0.15.0
[INFO] [stderr]    Compiling encode_unicode v0.3.6
[INFO] [stderr]    Compiling easy-jsonrpc-mw v0.5.4
[INFO] [stderr]    Compiling prettytable-rs v0.7.0
[INFO] [stderr]    Compiling croaring v0.3.9
[INFO] [stderr]    Compiling stack_test_epic_core v3.0.3
[INFO] [stderr]    Compiling stack_test_epic_store v3.0.3
[INFO] [stderr]    Compiling stack_test_epic_chain v3.0.3
[INFO] [stderr]    Compiling stack_test_epic_pool v3.0.3
[INFO] [stderr]    Compiling stack_test_epic_p2p v3.0.3
[INFO] [stderr]    Compiling stack_test_epic_api v3.0.3
[INFO] [stderr]    Compiling stack_test_epic_wallet_util v3.0.2
[INFO] [stderr]    Compiling stack_test_epic_wallet_config v3.0.2
[INFO] [stderr]    Compiling stack_test_epic_wallet_libwallet v3.0.2
[INFO] [stderr]    Compiling stack_test_epic_wallet_impls v3.0.5
[INFO] [stderr]    Compiling stack_test_epic_wallet_api v3.0.2
[INFO] [stderr]    Compiling stack_test_epic_wallet_controller v3.0.2 (/opt/rustwide/workdir)
[INFO] [stdout] warning: unnecessary braces around function argument
[INFO] [stdout]    --> src/controller.rs:751:32
[INFO] [stdout]     |
[INFO] [stdout] 751 |                 MaybeReply::Reply(r) => ok({ r }),
[INFO] [stdout]     |                                            ^^ ^^
[INFO] [stdout]     |
[INFO] [stdout]     = note: `#[warn(unused_braces)]` on by default
[INFO] [stdout] help: remove these braces
[INFO] [stdout]     |
[INFO] [stdout] 751 -                 MaybeReply::Reply(r) => ok({ r }),
[INFO] [stdout] 751 +                 MaybeReply::Reply(r) => ok(r),
[INFO] [stdout]     |
[INFO] [stdout] 
[INFO] [stdout] 
[INFO] [stdout] warning: 1 warning emitted
[INFO] [stdout] 
[INFO] [stdout] 
[INFO] [stderr]     Finished dev [unoptimized + debuginfo] target(s) in 2m 37s
[INFO] [stderr] warning: the following packages contain code that will be rejected by a future version of Rust: bigint v4.4.3, grin_secp256k1zkp v0.7.12, nom v3.2.1, stack_test_epic_api v3.0.3, stack_test_epic_core v3.0.3, traitobject v0.1.0
[INFO] [stderr] note: to see what the problems were, use the option `--future-incompat-report`, or run `cargo report future-incompatibilities --id 1`
[INFO] running `Command { std: "docker" "inspect" "bac60d66ed1fa4e39cf9c68f503bc69e0c37db536303e2b3dcd06b3b5315943b", kill_on_drop: false }`
[INFO] running `Command { std: "docker" "rm" "-f" "bac60d66ed1fa4e39cf9c68f503bc69e0c37db536303e2b3dcd06b3b5315943b", kill_on_drop: false }`
[INFO] [stdout] bac60d66ed1fa4e39cf9c68f503bc69e0c37db536303e2b3dcd06b3b5315943b
[INFO] running `Command { std: "docker" "create" "-v" "/var/lib/crater-agent-workspace/builds/worker-2-tc2/target:/opt/rustwide/target:rw,Z" "-v" "/var/lib/crater-agent-workspace/builds/worker-2-tc2/source:/opt/rustwide/workdir:ro,Z" "-v" "/var/lib/crater-agent-workspace/cargo-home:/opt/rustwide/cargo-home:ro,Z" "-v" "/var/lib/crater-agent-workspace/rustup-home:/opt/rustwide/rustup-home:ro,Z" "-e" "SOURCE_DIR=/opt/rustwide/workdir" "-e" "CARGO_TARGET_DIR=/opt/rustwide/target" "-e" "CARGO_INCREMENTAL=0" "-e" "RUST_BACKTRACE=full" "-e" "RUSTFLAGS=--cap-lints=warn" "-e" "RUSTDOCFLAGS=--cap-lints=warn" "-e" "CARGO_HOME=/opt/rustwide/cargo-home" "-e" "RUSTUP_HOME=/opt/rustwide/rustup-home" "-w" "/opt/rustwide/workdir" "-m" "1610612736" "--user" "0:0" "--network" "none" "ghcr.io/rust-lang/crates-build-env/linux@sha256:2788e3201cd34a07e3172128adcd8b3090168a8e3bcc40d7c032b9dda1df7d1c" "/opt/rustwide/cargo-home/bin/cargo" "+beta-2023-12-22" "test" "--frozen" "--no-run" "--message-format=json", kill_on_drop: false }`
[INFO] [stdout] fdee6e08f3b856d833bb8ed8c5fffacf1c11ebac7a7da37358b040b2da4b2cb7
[INFO] running `Command { std: "docker" "start" "-a" "fdee6e08f3b856d833bb8ed8c5fffacf1c11ebac7a7da37358b040b2da4b2cb7", kill_on_drop: false }`
[INFO] [stderr]    Compiling stack_test_epic_wallet_controller v3.0.2 (/opt/rustwide/workdir)
[INFO] [stdout] warning: unnecessary braces around function argument
[INFO] [stdout]    --> src/controller.rs:751:32
[INFO] [stdout]     |
[INFO] [stdout] 751 |                 MaybeReply::Reply(r) => ok({ r }),
[INFO] [stdout]     |                                            ^^ ^^
[INFO] [stdout]     |
[INFO] [stdout]     = note: `#[warn(unused_braces)]` on by default
[INFO] [stdout] help: remove these braces
[INFO] [stdout]     |
[INFO] [stdout] 751 -                 MaybeReply::Reply(r) => ok({ r }),
[INFO] [stdout] 751 +                 MaybeReply::Reply(r) => ok(r),
[INFO] [stdout]     |
[INFO] [stdout] 
[INFO] [stdout] 
[INFO] [stdout] warning: 1 warning emitted
[INFO] [stdout] 
[INFO] [stdout] 
[INFO] [stdout] error[E0463]: can't find crate for `epic_wallet_controller`
[INFO] [stdout]   --> tests/accounts.rs:17:1
[INFO] [stdout]    |
[INFO] [stdout] 17 | extern crate epic_wallet_controller as wallet;
[INFO] [stdout]    | ^^^^^^^^^^^^^^^^^^^^^^^^^^^^^^^^^^^^^^^^^^^^^^ can't find crate
[INFO] [stdout] 
[INFO] [stdout] 
[INFO] [stdout] error[E0463]: can't find crate for `epic_wallet_impls`
[INFO] [stdout]   --> tests/accounts.rs:18:1
[INFO] [stdout]    |
[INFO] [stdout] 18 | extern crate epic_wallet_impls as impls;
[INFO] [stdout]    | ^^^^^^^^^^^^^^^^^^^^^^^^^^^^^^^^^^^^^^^^ can't find crate
[INFO] [stdout] 
[INFO] [stdout] 
[INFO] [stdout] error[E0463]: can't find crate for `epic_wallet_controller`
[INFO] [stdout]   --> tests/common/mod.rs:15:1
[INFO] [stdout]    |
[INFO] [stdout] 15 | extern crate epic_wallet_controller as wallet;
[INFO] [stdout]    | ^^^^^^^^^^^^^^^^^^^^^^^^^^^^^^^^^^^^^^^^^^^^^^ can't find crate
[INFO] [stdout] 
[INFO] [stdout] 
[INFO] [stdout] error[E0463]: can't find crate for `epic_wallet_impls`
[INFO] [stdout]   --> tests/common/mod.rs:16:1
[INFO] [stdout]    |
[INFO] [stdout] 16 | extern crate epic_wallet_impls as impls;
[INFO] [stdout]    | ^^^^^^^^^^^^^^^^^^^^^^^^^^^^^^^^^^^^^^^^ can't find crate
[INFO] [stdout] 
[INFO] [stdout] 
[INFO] [stdout] error[E0463]: can't find crate for `epic_wallet_libwallet`
[INFO] [stdout]   --> tests/common/mod.rs:17:1
[INFO] [stdout]    |
[INFO] [stdout] 17 | extern crate epic_wallet_libwallet as libwallet;
[INFO] [stdout]    | ^^^^^^^^^^^^^^^^^^^^^^^^^^^^^^^^^^^^^^^^^^^^^^^^ can't find crate
[INFO] [stdout] 
[INFO] [stdout] 
[INFO] [stdout] error[E0463]: can't find crate for `epic_wallet_controller`
[INFO] [stdout]   --> tests/file.rs:17:1
[INFO] [stdout]    |
[INFO] [stdout] 17 | extern crate epic_wallet_controller as wallet;
[INFO] [stdout]    | ^^^^^^^^^^^^^^^^^^^^^^^^^^^^^^^^^^^^^^^^^^^^^^ can't find crate
[INFO] [stdout] 
[INFO] [stdout] 
[INFO] [stdout] error[E0463]: can't find crate for `epic_wallet_impls`
[INFO] [stdout]   --> tests/file.rs:18:1
[INFO] [stdout]    |
[INFO] [stdout] 18 | extern crate epic_wallet_impls as impls;
[INFO] [stdout]    | ^^^^^^^^^^^^^^^^^^^^^^^^^^^^^^^^^^^^^^^^ can't find crate
[INFO] [stdout] 
[INFO] [stdout] 
[INFO] [stdout] error[E0463]: can't find crate for `epic_wallet_controller`
[INFO] [stdout]   --> tests/common/mod.rs:15:1
[INFO] [stdout]    |
[INFO] [stdout] 15 | extern crate epic_wallet_controller as wallet;
[INFO] [stdout]    | ^^^^^^^^^^^^^^^^^^^^^^^^^^^^^^^^^^^^^^^^^^^^^^ can't find crate
[INFO] [stdout] 
[INFO] [stdout] 
[INFO] [stdout] error[E0463]: can't find crate for `epic_wallet_impls`
[INFO] [stdout]   --> tests/common/mod.rs:16:1
[INFO] [stdout]    |
[INFO] [stdout] 16 | extern crate epic_wallet_impls as impls;
[INFO] [stdout]    | ^^^^^^^^^^^^^^^^^^^^^^^^^^^^^^^^^^^^^^^^ can't find crate
[INFO] [stdout] 
[INFO] [stdout] 
[INFO] [stdout] error[E0463]: can't find crate for `epic_wallet_libwallet`
[INFO] [stdout]   --> tests/common/mod.rs:17:1
[INFO] [stdout]    |
[INFO] [stdout] 17 | extern crate epic_wallet_libwallet as libwallet;
[INFO] [stdout]    | ^^^^^^^^^^^^^^^^^^^^^^^^^^^^^^^^^^^^^^^^^^^^^^^^ can't find crate
[INFO] [stdout] 
[INFO] [stdout] 
[INFO] [stdout] error[E0463]: can't find crate for `epic_wallet_controller`
[INFO] [stdout]   --> tests/no_change.rs:17:1
[INFO] [stdout]    |
[INFO] [stdout] 17 | extern crate epic_wallet_controller as wallet;
[INFO] [stdout]    | ^^^^^^^^^^^^^^^^^^^^^^^^^^^^^^^^^^^^^^^^^^^^^^ can't find crate
[INFO] [stdout] 
[INFO] [stdout] 
[INFO] [stdout] error[E0463]: can't find crate for `epic_wallet_impls`
[INFO] [stdout]   --> tests/no_change.rs:18:1
[INFO] [stdout]    |
[INFO] [stdout] 18 | extern crate epic_wallet_impls as impls;
[INFO] [stdout]    | ^^^^^^^^^^^^^^^^^^^^^^^^^^^^^^^^^^^^^^^^ can't find crate
[INFO] [stdout] 
[INFO] [stdout] 
[INFO] [stdout] error[E0463]: can't find crate for `epic_wallet_controller`
[INFO] [stdout]   --> tests/common/mod.rs:15:1
[INFO] [stdout]    |
[INFO] [stdout] 15 | extern crate epic_wallet_controller as wallet;
[INFO] [stdout]    | ^^^^^^^^^^^^^^^^^^^^^^^^^^^^^^^^^^^^^^^^^^^^^^ can't find crate
[INFO] [stdout] 
[INFO] [stdout] 
[INFO] [stdout] error[E0463]: can't find crate for `epic_wallet_impls`
[INFO] [stdout]   --> tests/common/mod.rs:16:1
[INFO] [stdout]    |
[INFO] [stdout] 16 | extern crate epic_wallet_impls as impls;
[INFO] [stdout]    | ^^^^^^^^^^^^^^^^^^^^^^^^^^^^^^^^^^^^^^^^ can't find crate
[INFO] [stdout] 
[INFO] [stdout] 
[INFO] [stdout] error[E0463]: can't find crate for `epic_wallet_libwallet`
[INFO] [stdout]   --> tests/common/mod.rs:17:1
[INFO] [stdout]    |
[INFO] [stdout] 17 | extern crate epic_wallet_libwallet as libwallet;
[INFO] [stdout]    | ^^^^^^^^^^^^^^^^^^^^^^^^^^^^^^^^^^^^^^^^^^^^^^^^ can't find crate
[INFO] [stdout] 
[INFO] [stdout] 
[INFO] [stdout] error[E0463]: can't find crate for `epic_wallet_controller`
[INFO] [stdout]   --> tests/invoice.rs:17:1
[INFO] [stdout]    |
[INFO] [stdout] 17 | extern crate epic_wallet_controller as wallet;
[INFO] [stdout]    | ^^^^^^^^^^^^^^^^^^^^^^^^^^^^^^^^^^^^^^^^^^^^^^ can't find crate
[INFO] [stdout] 
[INFO] [stdout] 
[INFO] [stdout] error[E0463]: can't find crate for `epic_wallet_impls`
[INFO] [stdout]   --> tests/invoice.rs:18:1
[INFO] [stdout]    |
[INFO] [stdout] 18 | extern crate epic_wallet_impls as impls;
[INFO] [stdout]    | ^^^^^^^^^^^^^^^^^^^^^^^^^^^^^^^^^^^^^^^^ can't find crate
[INFO] [stdout] 
[INFO] [stdout] 
[INFO] [stdout] error[E0463]: can't find crate for `epic_wallet_controller`
[INFO] [stdout]   --> tests/common/mod.rs:15:1
[INFO] [stdout]    |
[INFO] [stdout] 15 | extern crate epic_wallet_controller as wallet;
[INFO] [stdout]    | ^^^^^^^^^^^^^^^^^^^^^^^^^^^^^^^^^^^^^^^^^^^^^^ can't find crate
[INFO] [stdout] 
[INFO] [stdout] 
[INFO] [stdout] error[E0463]: can't find crate for `epic_wallet_impls`
[INFO] [stdout]   --> tests/common/mod.rs:16:1
[INFO] [stdout]    |
[INFO] [stdout] 16 | extern crate epic_wallet_impls as impls;
[INFO] [stdout]    | ^^^^^^^^^^^^^^^^^^^^^^^^^^^^^^^^^^^^^^^^ can't find crate
[INFO] [stdout] 
[INFO] [stdout] 
[INFO] [stdout] error[E0463]: can't find crate for `epic_wallet_libwallet`
[INFO] [stdout]   --> tests/common/mod.rs:17:1
[INFO] [stdout]    |
[INFO] [stdout] 17 | extern crate epic_wallet_libwallet as libwallet;
[INFO] [stdout]    | ^^^^^^^^^^^^^^^^^^^^^^^^^^^^^^^^^^^^^^^^^^^^^^^^ can't find crate
[INFO] [stdout] 
[INFO] [stdout] 
[INFO] [stdout] error: expected `;`, found keyword `let`
[INFO] [stdout]    --> tests/payment_proofs.rs:136:10
[INFO] [stdout]     |
[INFO] [stdout] 136 |          Ok(())
[INFO] [stdout]     |                ^ help: add `;` here
[INFO] [stdout] 137 |         // Check payment proof here
[INFO] [stdout] 138 |         let (_, txs) = sender_api.retrieve_txs(m, true, None, Some(slate.id))?;
[INFO] [stdout]     |         --- unexpected token
[INFO] [stdout] 
[INFO] [stdout] 
[INFO] [stdout] error[E0463]: can't find crate for `epic_wallet_controller`
[INFO] [stdout]   --> tests/repost.rs:17:1
[INFO] [stdout]    |
[INFO] [stdout] 17 | extern crate epic_wallet_controller as wallet;
[INFO] [stdout]    | ^^^^^^^^^^^^^^^^^^^^^^^^^^^^^^^^^^^^^^^^^^^^^^ can't find crate
[INFO] [stdout] 
[INFO] [stdout] 
[INFO] [stdout] error[E0463]: can't find crate for `epic_wallet_impls`
[INFO] [stdout]   --> tests/repost.rs:18:1
[INFO] [stdout]    |
[INFO] [stdout] 18 | extern crate epic_wallet_impls as impls;
[INFO] [stdout]    | ^^^^^^^^^^^^^^^^^^^^^^^^^^^^^^^^^^^^^^^^ can't find crate
[INFO] [stdout] 
[INFO] [stdout] 
[INFO] [stdout] error[E0463]: can't find crate for `epic_wallet_libwallet`
[INFO] [stdout]   --> tests/repost.rs:19:1
[INFO] [stdout]    |
[INFO] [stdout] 19 | extern crate epic_wallet_libwallet as libwallet;
[INFO] [stdout]    | ^^^^^^^^^^^^^^^^^^^^^^^^^^^^^^^^^^^^^^^^^^^^^^^^ can't find crate
[INFO] [stdout] 
[INFO] [stdout] 
[INFO] [stdout] error[E0463]: can't find crate for `epic_wallet_controller`
[INFO] [stdout]   --> tests/common/mod.rs:15:1
[INFO] [stdout]    |
[INFO] [stdout] 15 | extern crate epic_wallet_controller as wallet;
[INFO] [stdout]    | ^^^^^^^^^^^^^^^^^^^^^^^^^^^^^^^^^^^^^^^^^^^^^^ can't find crate
[INFO] [stdout] 
[INFO] [stdout] 
[INFO] [stdout] error[E0463]: can't find crate for `epic_wallet_impls`
[INFO] [stdout]   --> tests/common/mod.rs:16:1
[INFO] [stdout]    |
[INFO] [stdout] 16 | extern crate epic_wallet_impls as impls;
[INFO] [stdout]    | ^^^^^^^^^^^^^^^^^^^^^^^^^^^^^^^^^^^^^^^^ can't find crate
[INFO] [stdout] 
[INFO] [stdout] 
[INFO] [stdout] error[E0463]: can't find crate for `epic_wallet_libwallet`
[INFO] [stdout]   --> tests/common/mod.rs:17:1
[INFO] [stdout]    |
[INFO] [stdout] 17 | extern crate epic_wallet_libwallet as libwallet;
[INFO] [stdout]    | ^^^^^^^^^^^^^^^^^^^^^^^^^^^^^^^^^^^^^^^^^^^^^^^^ can't find crate
[INFO] [stdout] 
[INFO] [stdout] 
[INFO] [stdout] error[E0463]: can't find crate for `epic_wallet_controller`
[INFO] [stdout]   --> tests/payment_proofs.rs:17:1
[INFO] [stdout]    |
[INFO] [stdout] 17 | extern crate epic_wallet_controller as wallet;
[INFO] [stdout]    | ^^^^^^^^^^^^^^^^^^^^^^^^^^^^^^^^^^^^^^^^^^^^^^ can't find crate
[INFO] [stdout] 
[INFO] [stdout] 
[INFO] [stdout] error[E0463]: can't find crate for `epic_wallet_impls`
[INFO] [stdout]   --> tests/payment_proofs.rs:18:1
[INFO] [stdout]    |
[INFO] [stdout] 18 | extern crate epic_wallet_impls as impls;
[INFO] [stdout]    | ^^^^^^^^^^^^^^^^^^^^^^^^^^^^^^^^^^^^^^^^ can't find crate
[INFO] [stdout] 
[INFO] [stdout] 
[INFO] [stdout] error[E0463]: can't find crate for `epic_wallet_util`
[INFO] [stdout]   --> tests/payment_proofs.rs:19:1
[INFO] [stdout]    |
[INFO] [stdout] 19 | extern crate epic_wallet_util;
[INFO] [stdout]    | ^^^^^^^^^^^^^^^^^^^^^^^^^^^^^^ can't find crate
[INFO] [stdout] 
[INFO] [stdout] 
[INFO] [stdout] error[E0463]: can't find crate for `epic_wallet_controller`
[INFO] [stdout]   --> tests/common/mod.rs:15:1
[INFO] [stdout]    |
[INFO] [stdout] 15 | extern crate epic_wallet_controller as wallet;
[INFO] [stdout]    | ^^^^^^^^^^^^^^^^^^^^^^^^^^^^^^^^^^^^^^^^^^^^^^ can't find crate
[INFO] [stdout] 
[INFO] [stdout] 
[INFO] [stdout] error[E0463]: can't find crate for `epic_wallet_impls`
[INFO] [stdout]   --> tests/common/mod.rs:16:1
[INFO] [stdout]    |
[INFO] [stdout] 16 | extern crate epic_wallet_impls as impls;
[INFO] [stdout]    | ^^^^^^^^^^^^^^^^^^^^^^^^^^^^^^^^^^^^^^^^ can't find crate
[INFO] [stdout] 
[INFO] [stdout] 
[INFO] [stdout] error[E0463]: can't find crate for `epic_wallet_libwallet`
[INFO] [stdout]   --> tests/common/mod.rs:17:1
[INFO] [stdout]    |
[INFO] [stdout] 17 | extern crate epic_wallet_libwallet as libwallet;
[INFO] [stdout]    | ^^^^^^^^^^^^^^^^^^^^^^^^^^^^^^^^^^^^^^^^^^^^^^^^ can't find crate
[INFO] [stdout] 
[INFO] [stdout] 
[INFO] [stdout] error[E0463]: can't find crate for `epic_wallet_controller`
[INFO] [stdout]   --> tests/check.rs:17:1
[INFO] [stdout]    |
[INFO] [stdout] 17 | extern crate epic_wallet_controller as wallet;
[INFO] [stdout]    | ^^^^^^^^^^^^^^^^^^^^^^^^^^^^^^^^^^^^^^^^^^^^^^ can't find crate
[INFO] [stdout] 
[INFO] [stdout] 
[INFO] [stdout] error[E0463]: can't find crate for `epic_wallet_impls`
[INFO] [stdout]   --> tests/check.rs:18:1
[INFO] [stdout]    |
[INFO] [stdout] 18 | extern crate epic_wallet_impls as impls;
[INFO] [stdout]    | ^^^^^^^^^^^^^^^^^^^^^^^^^^^^^^^^^^^^^^^^ can't find crate
[INFO] [stdout] 
[INFO] [stdout] 
[INFO] [stdout] error[E0463]: can't find crate for `epic_wallet_controller`
[INFO] [stdout]   --> tests/common/mod.rs:15:1
[INFO] [stdout]    |
[INFO] [stdout] 15 | extern crate epic_wallet_controller as wallet;
[INFO] [stdout]    | ^^^^^^^^^^^^^^^^^^^^^^^^^^^^^^^^^^^^^^^^^^^^^^ can't find crate
[INFO] [stdout] 
[INFO] [stdout] 
[INFO] [stdout] error[E0463]: can't find crate for `epic_wallet_impls`
[INFO] [stdout]   --> tests/common/mod.rs:16:1
[INFO] [stdout]    |
[INFO] [stdout] 16 | extern crate epic_wallet_impls as impls;
[INFO] [stdout]    | ^^^^^^^^^^^^^^^^^^^^^^^^^^^^^^^^^^^^^^^^ can't find crate
[INFO] [stdout] 
[INFO] [stdout] 
[INFO] [stdout] error[E0463]: can't find crate for `epic_wallet_libwallet`
[INFO] [stdout]   --> tests/common/mod.rs:17:1
[INFO] [stdout]    |
[INFO] [stdout] 17 | extern crate epic_wallet_libwallet as libwallet;
[INFO] [stdout]    | ^^^^^^^^^^^^^^^^^^^^^^^^^^^^^^^^^^^^^^^^^^^^^^^^ can't find crate
[INFO] [stdout] 
[INFO] [stdout] 
[INFO] [stdout] error[E0432]: unresolved import `epic_wallet_util`
[INFO] [stdout]   --> tests/repost.rs:21:5
[INFO] [stdout]    |
[INFO] [stdout] 21 | use epic_wallet_util::epic_core as core;
[INFO] [stdout]    |     ^^^^^^^^^^^^^^^^ use of undeclared crate or module `epic_wallet_util`
[INFO] [stdout] 
[INFO] [stdout] 
[INFO] [stdout] error[E0432]: unresolved import `epic_wallet_util`
[INFO] [stdout]   --> tests/common/mod.rs:19:5
[INFO] [stdout]    |
[INFO] [stdout] 19 | use epic_wallet_util::epic_core as core;
[INFO] [stdout]    |     ^^^^^^^^^^^^^^^^ use of undeclared crate or module `epic_wallet_util`
[INFO] [stdout] 
[INFO] [stdout] 
[INFO] [stdout] error[E0432]: unresolved import `epic_wallet_util`
[INFO] [stdout]   --> tests/common/mod.rs:20:5
[INFO] [stdout]    |
[INFO] [stdout] 20 | use epic_wallet_util::epic_keychain as keychain;
[INFO] [stdout]    |     ^^^^^^^^^^^^^^^^ use of undeclared crate or module `epic_wallet_util`
[INFO] [stdout] 
[INFO] [stdout] 
[INFO] [stdout] error[E0432]: unresolved import `epic_wallet_util`
[INFO] [stdout]   --> tests/common/mod.rs:21:5
[INFO] [stdout]    |
[INFO] [stdout] 21 | use epic_wallet_util::epic_util as util;
[INFO] [stdout]    |     ^^^^^^^^^^^^^^^^ use of undeclared crate or module `epic_wallet_util`
[INFO] [stdout] 
[INFO] [stdout] 
[INFO] [stdout] error[E0432]: unresolved import `epic_wallet_util`
[INFO] [stdout]   --> tests/accounts.rs:20:5
[INFO] [stdout]    |
[INFO] [stdout] 20 | use epic_wallet_util::epic_core as core;
[INFO] [stdout]    |     ^^^^^^^^^^^^^^^^ use of undeclared crate or module `epic_wallet_util`
[INFO] [stdout] 
[INFO] [stdout] 
[INFO] [stdout] error[E0432]: unresolved import `epic_wallet_util`
[INFO] [stdout]   --> tests/check.rs:20:5
[INFO] [stdout]    |
[INFO] [stdout] 20 | use epic_wallet_util::epic_core as core;
[INFO] [stdout]    |     ^^^^^^^^^^^^^^^^ use of undeclared crate or module `epic_wallet_util`
[INFO] [stdout] 
[INFO] [stdout] 
[INFO] [stdout] error[E0432]: unresolved import `epic_wallet_libwallet`
[INFO] [stdout]   --> tests/payment_proofs.rs:21:5
[INFO] [stdout]    |
[INFO] [stdout] 21 | use epic_wallet_libwallet as libwallet;
[INFO] [stdout]    |     ^^^^^^^^^^^^^^^^^^^^^^^^^^^^^^^^^^ no external crate `epic_wallet_libwallet`
[INFO] [stdout] 
[INFO] [stdout] 
[INFO] [stdout] error[E0432]: unresolved import `epic_wallet_util`
[INFO] [stdout]   --> tests/accounts.rs:21:5
[INFO] [stdout]    |
[INFO] [stdout] 21 | use epic_wallet_util::epic_keychain as keychain;
[INFO] [stdout]    |     ^^^^^^^^^^^^^^^^ use of undeclared crate or module `epic_wallet_util`
[INFO] [stdout] 
[INFO] [stdout] 
[INFO] [stdout] error[E0432]: unresolved import `epic_wallet_libwallet`
[INFO] [stdout]   --> tests/accounts.rs:25:5
[INFO] [stdout]    |
[INFO] [stdout] 25 | use epic_wallet_libwallet as libwallet;
[INFO] [stdout]    |     ^^^^^^^^^^^^^^^^^^^^^^^^^^^^^^^^^^ no external crate `epic_wallet_libwallet`
[INFO] [stdout] 
[INFO] [stdout] 
[INFO] [stdout] error[E0432]: unresolved import `epic_wallet_util`
[INFO] [stdout]   --> tests/common/mod.rs:19:5
[INFO] [stdout]    |
[INFO] [stdout] 19 | use epic_wallet_util::epic_core as core;
[INFO] [stdout]    |     ^^^^^^^^^^^^^^^^ use of undeclared crate or module `epic_wallet_util`
[INFO] [stdout] 
[INFO] [stdout] 
[INFO] [stdout] error[E0432]: unresolved import `epic_wallet_util`
[INFO] [stdout]   --> tests/common/mod.rs:20:5
[INFO] [stdout]    |
[INFO] [stdout] 20 | use epic_wallet_util::epic_keychain as keychain;
[INFO] [stdout]    |     ^^^^^^^^^^^^^^^^ use of undeclared crate or module `epic_wallet_util`
[INFO] [stdout] 
[INFO] [stdout] 
[INFO] [stdout] error[E0432]: unresolved import `epic_wallet_util`
[INFO] [stdout]   --> tests/common/mod.rs:21:5
[INFO] [stdout]    |
[INFO] [stdout] 21 | use epic_wallet_util::epic_util as util;
[INFO] [stdout]    |     ^^^^^^^^^^^^^^^^ use of undeclared crate or module `epic_wallet_util`
[INFO] [stdout] 
[INFO] [stdout] 
[INFO] [stdout] warning: unused import: `std::time::Duration`
[INFO] [stdout]   --> tests/payment_proofs.rs:25:5
[INFO] [stdout]    |
[INFO] [stdout] 25 | use std::time::Duration;
[INFO] [stdout]    |     ^^^^^^^^^^^^^^^^^^^
[INFO] [stdout]    |
[INFO] [stdout]    = note: `#[warn(unused_imports)]` on by default
[INFO] [stdout] 
[INFO] [stdout] 
[INFO] [stdout] error[E0432]: unresolved import `epic_wallet_libwallet`
[INFO] [stdout]   --> tests/invoice.rs:20:5
[INFO] [stdout]    |
[INFO] [stdout] 20 | use epic_wallet_libwallet as libwallet;
[INFO] [stdout]    |     ^^^^^^^^^^^^^^^^^^^^^^^^^^^^^^^^^^ no external crate `epic_wallet_libwallet`
[INFO] [stdout] 
[INFO] [stdout] 
[INFO] [stdout] error[E0432]: unresolved import `epic_wallet_libwallet`
[INFO] [stdout]   --> tests/file.rs:20:5
[INFO] [stdout]    |
[INFO] [stdout] 20 | use epic_wallet_libwallet as libwallet;
[INFO] [stdout]    |     ^^^^^^^^^^^^^^^^^^^^^^^^^^^^^^^^^^ no external crate `epic_wallet_libwallet`
[INFO] [stdout] 
[INFO] [stdout] 
[INFO] [stdout] error[E0432]: unresolved import `epic_wallet_util`
[INFO] [stdout]   --> tests/file.rs:21:5
[INFO] [stdout]    |
[INFO] [stdout] 21 | use epic_wallet_util::epic_core as core;
[INFO] [stdout]    |     ^^^^^^^^^^^^^^^^ use of undeclared crate or module `epic_wallet_util`
[INFO] [stdout] 
[INFO] [stdout] 
[INFO] [stdout] error[E0432]: unresolved import `epic_wallet_libwallet`
[INFO] [stdout]   --> tests/file.rs:28:5
[INFO] [stdout]    |
[INFO] [stdout] 28 | use epic_wallet_libwallet::InitTxArgs;
[INFO] [stdout]    |     ^^^^^^^^^^^^^^^^^^^^^ use of undeclared crate or module `epic_wallet_libwallet`
[INFO] [stdout] 
[INFO] [stdout] 
[INFO] [stdout] error[E0432]: unresolved import `epic_wallet_util`
[INFO] [stdout]   --> tests/common/mod.rs:19:5
[INFO] [stdout]    |
[INFO] [stdout] 19 | use epic_wallet_util::epic_core as core;
[INFO] [stdout]    |     ^^^^^^^^^^^^^^^^ use of undeclared crate or module `epic_wallet_util`
[INFO] [stdout] 
[INFO] [stdout] 
[INFO] [stdout] error[E0432]: unresolved import `epic_wallet_util`
[INFO] [stdout]   --> tests/common/mod.rs:20:5
[INFO] [stdout]    |
[INFO] [stdout] 20 | use epic_wallet_util::epic_keychain as keychain;
[INFO] [stdout]    |     ^^^^^^^^^^^^^^^^ use of undeclared crate or module `epic_wallet_util`
[INFO] [stdout] 
[INFO] [stdout] 
[INFO] [stdout] error[E0432]: unresolved import `epic_wallet_util`
[INFO] [stdout]   --> tests/invoice.rs:21:5
[INFO] [stdout]    |
[INFO] [stdout] 21 | use epic_wallet_util::epic_core as core;
[INFO] [stdout]    |     ^^^^^^^^^^^^^^^^ use of undeclared crate or module `epic_wallet_util`
[INFO] [stdout] 
[INFO] [stdout] 
[INFO] [stdout] error[E0432]: unresolved import `epic_wallet_util`
[INFO] [stdout]   --> tests/common/mod.rs:21:5
[INFO] [stdout]    |
[INFO] [stdout] 21 | use epic_wallet_util::epic_util as util;
[INFO] [stdout]    |     ^^^^^^^^^^^^^^^^ use of undeclared crate or module `epic_wallet_util`
[INFO] [stdout] 
[INFO] [stdout] 
[INFO] [stdout] error[E0432]: unresolved import `epic_wallet_util`
[INFO] [stdout]   --> tests/common/mod.rs:19:5
[INFO] [stdout]    |
[INFO] [stdout] 19 | use epic_wallet_util::epic_core as core;
[INFO] [stdout]    |     ^^^^^^^^^^^^^^^^ use of undeclared crate or module `epic_wallet_util`
[INFO] [stdout] 
[INFO] [stdout] 
[INFO] [stdout] error[E0432]: unresolved import `epic_wallet_util`
[INFO] [stdout]   --> tests/common/mod.rs:20:5
[INFO] [stdout]    |
[INFO] [stdout] 20 | use epic_wallet_util::epic_keychain as keychain;
[INFO] [stdout]    |     ^^^^^^^^^^^^^^^^ use of undeclared crate or module `epic_wallet_util`
[INFO] [stdout] 
[INFO] [stdout] 
[INFO] [stdout] error[E0432]: unresolved import `epic_wallet_util`
[INFO] [stdout]   --> tests/common/mod.rs:21:5
[INFO] [stdout]    |
[INFO] [stdout] 21 | use epic_wallet_util::epic_util as util;
[INFO] [stdout]    |     ^^^^^^^^^^^^^^^^ use of undeclared crate or module `epic_wallet_util`
[INFO] [stdout] 
[INFO] [stdout] 
[INFO] [stdout] error: aborting due to 11 previous errors
[INFO] [stdout] 
[INFO] [stdout] 
[INFO] [stdout] Some errors have detailed explanations: E0432, E0463.
[INFO] [stdout] 
[INFO] [stdout] For more information about an error, try `rustc --explain E0432`.
[INFO] [stdout] 
[INFO] [stdout] error: aborting due to 10 previous errors
[INFO] [stdout] 
[INFO] [stdout] 
[INFO] [stdout] warning: unnecessary braces around function argument
[INFO] [stdout]    --> src/controller.rs:751:32
[INFO] [stdout]     |
[INFO] [stdout] 751 |                 MaybeReply::Reply(r) => ok({ r }),
[INFO] [stdout]     |                                            ^^ ^^
[INFO] [stdout]     |
[INFO] [stdout]     = note: `#[warn(unused_braces)]` on by default
[INFO] [stdout] help: remove these braces
[INFO] [stdout]     |
[INFO] [stdout] 751 -                 MaybeReply::Reply(r) => ok({ r }),
[INFO] [stdout] 751 +                 MaybeReply::Reply(r) => ok(r),
[INFO] [stdout]     |
[INFO] [stdout] 
[INFO] [stdout] 
[INFO] [stdout] error: aborting due to 8 previous errors; 1 warning emitted
[INFO] [stdout] 
[INFO] [stdout] 
[INFO] [stdout] Some errors have detailed explanations: E0432, E0463.
[INFO] [stdout] 
[INFO] [stdout] For more information about an error, try `rustc --explain E0432`.
[INFO] [stdout] 
[INFO] [stdout] error[E0432]: unresolved import `epic_wallet_util`
[INFO] [stdout]   --> tests/no_change.rs:20:5
[INFO] [stdout]    |
[INFO] [stdout] 20 | use epic_wallet_util::epic_core as core;
[INFO] [stdout]    |     ^^^^^^^^^^^^^^^^ use of undeclared crate or module `epic_wallet_util`
[INFO] [stdout] 
[INFO] [stdout] 
[INFO] [stdout] Some errors have detailed explanations: E0432, E0463.
[INFO] [stdout] 
[INFO] [stdout] For more information about an error, try `rustc --explain E0432`.
[INFO] [stdout] 
[INFO] [stderr] error: could not compile `stack_test_epic_wallet_controller` (test "accounts") due to 12 previous errors
[INFO] [stderr] warning: build failed, waiting for other jobs to finish...
[INFO] [stdout] error[E0432]: unresolved import `epic_wallet_libwallet`
[INFO] [stdout]   --> tests/no_change.rs:22:5
[INFO] [stdout]    |
[INFO] [stdout] 22 | use epic_wallet_libwallet as libwallet;
[INFO] [stdout]    |     ^^^^^^^^^^^^^^^^^^^^^^^^^^^^^^^^^^ no external crate `epic_wallet_libwallet`
[INFO] [stdout] 
[INFO] [stdout] 
[INFO] [stdout] error[E0432]: unresolved import `epic_wallet_util`
[INFO] [stdout]   --> tests/common/mod.rs:19:5
[INFO] [stdout]    |
[INFO] [stdout] 19 | use epic_wallet_util::epic_core as core;
[INFO] [stdout]    |     ^^^^^^^^^^^^^^^^ use of undeclared crate or module `epic_wallet_util`
[INFO] [stdout] 
[INFO] [stdout] 
[INFO] [stdout] error[E0432]: unresolved import `epic_wallet_util`
[INFO] [stdout]   --> tests/common/mod.rs:20:5
[INFO] [stdout]    |
[INFO] [stdout] 20 | use epic_wallet_util::epic_keychain as keychain;
[INFO] [stdout]    |     ^^^^^^^^^^^^^^^^ use of undeclared crate or module `epic_wallet_util`
[INFO] [stdout] 
[INFO] [stdout] 
[INFO] [stdout] error[E0432]: unresolved import `epic_wallet_util`
[INFO] [stdout]   --> tests/common/mod.rs:21:5
[INFO] [stdout]    |
[INFO] [stdout] 21 | use epic_wallet_util::epic_util as util;
[INFO] [stdout]    |     ^^^^^^^^^^^^^^^^ use of undeclared crate or module `epic_wallet_util`
[INFO] [stdout] 
[INFO] [stdout] 
[INFO] [stderr] error: could not compile `stack_test_epic_wallet_controller` (test "repost") due to 11 previous errors
[INFO] [stderr] error: could not compile `stack_test_epic_wallet_controller` (test "payment_proofs") due to 9 previous errors; 1 warning emitted
[INFO] [stdout] error: aborting due to 10 previous errors
[INFO] [stdout] 
[INFO] [stdout] 
[INFO] [stdout] error: aborting due to 11 previous errors
[INFO] [stdout] 
[INFO] [stdout] 
[INFO] [stdout] error: aborting due to 10 previous errors
[INFO] [stdout] 
[INFO] [stdout] 
[INFO] [stdout] error[E0432]: unresolved import `epic_wallet_util`
[INFO] [stdout]   --> tests/check.rs:21:5
[INFO] [stdout]    |
[INFO] [stdout] 21 | use epic_wallet_util::epic_util as util;
[INFO] [stdout]    |     ^^^^^^^^^^^^^^^^ use of undeclared crate or module `epic_wallet_util`
[INFO] [stdout] 
[INFO] [stdout] 
[INFO] [stdout] error[E0432]: unresolved import `epic_wallet_libwallet`
[INFO] [stdout]   --> tests/check.rs:25:5
[INFO] [stdout]    |
[INFO] [stdout] 25 | use epic_wallet_libwallet as libwallet;
[INFO] [stdout]    |     ^^^^^^^^^^^^^^^^^^^^^^^^^^^^^^^^^^ no external crate `epic_wallet_libwallet`
[INFO] [stdout] 
[INFO] [stdout] 
[INFO] [stdout] Some errors have detailed explanations: E0432, E0463.
[INFO] [stdout] 
[INFO] [stdout] For more information about an error, try `rustc --explain E0432`.
[INFO] [stdout] 
[INFO] [stdout] error[E0432]: unresolved import `epic_wallet_util`
[INFO] [stdout]   --> tests/common/mod.rs:19:5
[INFO] [stdout]    |
[INFO] [stdout] 19 | use epic_wallet_util::epic_core as core;
[INFO] [stdout]    |     ^^^^^^^^^^^^^^^^ use of undeclared crate or module `epic_wallet_util`
[INFO] [stdout] 
[INFO] [stdout] 
[INFO] [stdout] error[E0432]: unresolved import `epic_wallet_util`
[INFO] [stdout]   --> tests/common/mod.rs:20:5
[INFO] [stdout]    |
[INFO] [stdout] 20 | use epic_wallet_util::epic_keychain as keychain;
[INFO] [stdout]    |     ^^^^^^^^^^^^^^^^ use of undeclared crate or module `epic_wallet_util`
[INFO] [stdout] 
[INFO] [stdout] 
[INFO] [stdout] error[E0432]: unresolved import `epic_wallet_util`
[INFO] [stdout]   --> tests/common/mod.rs:21:5
[INFO] [stdout]    |
[INFO] [stdout] 21 | use epic_wallet_util::epic_util as util;
[INFO] [stdout]    |     ^^^^^^^^^^^^^^^^ use of undeclared crate or module `epic_wallet_util`
[INFO] [stdout] 
[INFO] [stdout] 
[INFO] [stdout] Some errors have detailed explanations: E0432, E0463.
[INFO] [stdout] 
[INFO] [stdout] For more information about an error, try `rustc --explain E0432`.
[INFO] [stdout] 
[INFO] [stdout] Some errors have detailed explanations: E0432, E0463.
[INFO] [stdout] 
[INFO] [stdout] For more information about an error, try `rustc --explain E0432`.
[INFO] [stdout] 
[INFO] [stderr] error: could not compile `stack_test_epic_wallet_controller` (test "file") due to 12 previous errors
[INFO] [stderr] error: could not compile `stack_test_epic_wallet_controller` (test "invoice") due to 11 previous errors
[INFO] [stderr] error: could not compile `stack_test_epic_wallet_controller` (test "no_change") due to 11 previous errors
[INFO] [stdout] error: aborting due to 11 previous errors
[INFO] [stdout] 
[INFO] [stdout] 
[INFO] [stdout] Some errors have detailed explanations: E0432, E0463.
[INFO] [stdout] 
[INFO] [stdout] For more information about an error, try `rustc --explain E0432`.
[INFO] [stdout] 
[INFO] [stderr] error: could not compile `stack_test_epic_wallet_controller` (test "check") due to 12 previous errors
[INFO] [stdout] warning: 1 warning emitted
[INFO] [stdout] 
[INFO] [stdout] 
[INFO] running `Command { std: "docker" "inspect" "fdee6e08f3b856d833bb8ed8c5fffacf1c11ebac7a7da37358b040b2da4b2cb7", kill_on_drop: false }`
[INFO] running `Command { std: "docker" "rm" "-f" "fdee6e08f3b856d833bb8ed8c5fffacf1c11ebac7a7da37358b040b2da4b2cb7", kill_on_drop: false }`
[INFO] [stdout] fdee6e08f3b856d833bb8ed8c5fffacf1c11ebac7a7da37358b040b2da4b2cb7
