[INFO] fetching crate stack_test_epic_util 3.0.3...
[INFO] testing stack_test_epic_util-3.0.3 against 1.75.0 for beta-1.76-1
[INFO] extracting crate stack_test_epic_util 3.0.3 into /workspace/builds/worker-7-tc1/source
[INFO] validating manifest of crates.io crate stack_test_epic_util 3.0.3 on toolchain 1.75.0
[INFO] running `Command { std: CARGO_HOME="/workspace/cargo-home" RUSTUP_HOME="/workspace/rustup-home" "/workspace/cargo-home/bin/cargo" "+1.75.0" "metadata" "--manifest-path" "Cargo.toml" "--no-deps", kill_on_drop: false }`
[INFO] started tweaking crates.io crate stack_test_epic_util 3.0.3
[INFO] finished tweaking crates.io crate stack_test_epic_util 3.0.3
[INFO] tweaked toml for crates.io crate stack_test_epic_util 3.0.3 written to /workspace/builds/worker-7-tc1/source/Cargo.toml
[INFO] running `Command { std: CARGO_HOME="/workspace/cargo-home" RUSTUP_HOME="/workspace/rustup-home" "/workspace/cargo-home/bin/cargo" "+1.75.0" "generate-lockfile" "--manifest-path" "Cargo.toml", kill_on_drop: false }`
[INFO] [stderr]     Updating crates.io index
[INFO] running `Command { std: CARGO_HOME="/workspace/cargo-home" RUSTUP_HOME="/workspace/rustup-home" "/workspace/cargo-home/bin/cargo" "+1.75.0" "fetch" "--manifest-path" "Cargo.toml", kill_on_drop: false }`
[INFO] running `Command { std: "docker" "create" "-v" "/var/lib/crater-agent-workspace/builds/worker-7-tc1/target:/opt/rustwide/target:rw,Z" "-v" "/var/lib/crater-agent-workspace/builds/worker-7-tc1/source:/opt/rustwide/workdir:ro,Z" "-v" "/var/lib/crater-agent-workspace/cargo-home:/opt/rustwide/cargo-home:ro,Z" "-v" "/var/lib/crater-agent-workspace/rustup-home:/opt/rustwide/rustup-home:ro,Z" "-e" "SOURCE_DIR=/opt/rustwide/workdir" "-e" "CARGO_TARGET_DIR=/opt/rustwide/target" "-e" "CARGO_HOME=/opt/rustwide/cargo-home" "-e" "RUSTUP_HOME=/opt/rustwide/rustup-home" "-w" "/opt/rustwide/workdir" "-m" "1610612736" "--user" "0:0" "--network" "none" "ghcr.io/rust-lang/crates-build-env/linux@sha256:2788e3201cd34a07e3172128adcd8b3090168a8e3bcc40d7c032b9dda1df7d1c" "/opt/rustwide/cargo-home/bin/cargo" "+1.75.0" "metadata" "--no-deps" "--format-version=1", kill_on_drop: false }`
[INFO] [stdout] de4def31a81f4999b6839a909ededf1dadbc65838856c65fdd723c493122625e
[INFO] running `Command { std: "docker" "start" "-a" "de4def31a81f4999b6839a909ededf1dadbc65838856c65fdd723c493122625e", kill_on_drop: false }`
[INFO] running `Command { std: "docker" "inspect" "de4def31a81f4999b6839a909ededf1dadbc65838856c65fdd723c493122625e", kill_on_drop: false }`
[INFO] running `Command { std: "docker" "rm" "-f" "de4def31a81f4999b6839a909ededf1dadbc65838856c65fdd723c493122625e", kill_on_drop: false }`
[INFO] [stdout] de4def31a81f4999b6839a909ededf1dadbc65838856c65fdd723c493122625e
[INFO] running `Command { std: "docker" "create" "-v" "/var/lib/crater-agent-workspace/builds/worker-7-tc1/target:/opt/rustwide/target:rw,Z" "-v" "/var/lib/crater-agent-workspace/builds/worker-7-tc1/source:/opt/rustwide/workdir:ro,Z" "-v" "/var/lib/crater-agent-workspace/cargo-home:/opt/rustwide/cargo-home:ro,Z" "-v" "/var/lib/crater-agent-workspace/rustup-home:/opt/rustwide/rustup-home:ro,Z" "-e" "SOURCE_DIR=/opt/rustwide/workdir" "-e" "CARGO_TARGET_DIR=/opt/rustwide/target" "-e" "CARGO_INCREMENTAL=0" "-e" "RUST_BACKTRACE=full" "-e" "RUSTFLAGS=--cap-lints=warn" "-e" "RUSTDOCFLAGS=--cap-lints=warn" "-e" "CARGO_HOME=/opt/rustwide/cargo-home" "-e" "RUSTUP_HOME=/opt/rustwide/rustup-home" "-w" "/opt/rustwide/workdir" "-m" "1610612736" "--user" "0:0" "--network" "none" "ghcr.io/rust-lang/crates-build-env/linux@sha256:2788e3201cd34a07e3172128adcd8b3090168a8e3bcc40d7c032b9dda1df7d1c" "/opt/rustwide/cargo-home/bin/cargo" "+1.75.0" "build" "--frozen" "--message-format=json", kill_on_drop: false }`
[INFO] [stdout] e506a6ea6466cadaf98de77fc85825143365eaf4c71bec3b8f5886b2933141f3
[INFO] running `Command { std: "docker" "start" "-a" "e506a6ea6466cadaf98de77fc85825143365eaf4c71bec3b8f5886b2933141f3", kill_on_drop: false }`
[INFO] [stderr]    Compiling syn v2.0.48
[INFO] [stderr]    Compiling rand_core v0.3.1
[INFO] [stderr]    Compiling autocfg v0.1.8
[INFO] [stderr]    Compiling cc v1.0.83
[INFO] [stderr]    Compiling indexmap v1.9.3
[INFO] [stderr]    Compiling stable_deref_trait v1.2.0
[INFO] [stderr]    Compiling hashbrown v0.12.3
[INFO] [stderr]    Compiling traitobject v0.1.0
[INFO] [stderr]    Compiling yaml-rust v0.4.5
[INFO] [stderr]    Compiling parking_lot_core v0.3.1
[INFO] [stderr]    Compiling smallvec v0.6.14
[INFO] [stderr]    Compiling ordered-float v1.1.1
[INFO] [stderr]    Compiling nodrop v0.1.14
[INFO] [stderr]    Compiling odds v0.2.26
[INFO] [stderr]    Compiling quick-error v1.2.3
[INFO] [stderr]    Compiling memchr v2.7.1
[INFO] [stderr]    Compiling rand_chacha v0.1.1
[INFO] [stderr]    Compiling rand_pcg v0.1.2
[INFO] [stderr]    Compiling rand v0.5.6
[INFO] [stderr]    Compiling unsafe-any v0.4.2
[INFO] [stderr]    Compiling owning_ref v0.4.1
[INFO] [stderr]    Compiling rand v0.6.5
[INFO] [stderr]    Compiling typemap v0.3.3
[INFO] [stderr]    Compiling humantime v1.3.0
[INFO] [stderr]    Compiling rand_xorshift v0.1.1
[INFO] [stderr]    Compiling lock_api v0.1.5
[INFO] [stderr]    Compiling arrayvec v0.3.25
[INFO] [stderr]    Compiling rand_hc v0.1.0
[INFO] [stderr]    Compiling rand_isaac v0.1.1
[INFO] [stderr]    Compiling chrono v0.4.31
[INFO] [stderr]    Compiling rand_os v0.1.3
[INFO] [stderr]    Compiling rand_jitter v0.1.4
[INFO] [stderr]    Compiling thread-id v3.3.0
[INFO] [stderr]    Compiling antidote v1.0.0
[INFO] [stderr]    Compiling arc-swap v0.3.11
[INFO] [stderr]    Compiling safemem v0.3.3
[INFO] [stderr]    Compiling log-mdc v0.1.0
[INFO] [stderr]    Compiling rustc-serialize v0.3.25
[INFO] [stderr]    Compiling walkdir v2.4.0
[INFO] [stderr]    Compiling object v0.32.2
[INFO] [stderr]    Compiling base64 v0.9.3
[INFO] [stderr]    Compiling backtrace v0.3.69
[INFO] [stderr]    Compiling grin_secp256k1zkp v0.7.12
[INFO] [stderr]    Compiling parking_lot v0.6.4
[INFO] [stderr]    Compiling serde_derive v1.0.194
[INFO] [stderr]    Compiling thiserror-impl v1.0.56
[INFO] [stderr]    Compiling zeroize_derive v1.4.2
[INFO] [stderr]    Compiling zeroize v1.7.0
[INFO] [stderr]    Compiling thiserror v1.0.56
[INFO] [stderr]    Compiling zip v0.5.13
[INFO] [stderr]    Compiling serde v1.0.194
[INFO] [stderr]    Compiling serde_json v1.0.111
[INFO] [stderr]    Compiling log v0.4.20
[INFO] [stderr]    Compiling serde-value v0.5.3
[INFO] [stderr]    Compiling serde_yaml v0.8.26
[INFO] [stderr]    Compiling log4rs v0.8.3
[INFO] [stderr]    Compiling stack_test_epic_util v3.0.3 (/opt/rustwide/workdir)
[INFO] [stdout] warning: unused `#[macro_use]` import
[INFO] [stdout]   --> src/lib.rs:30:1
[INFO] [stdout]    |
[INFO] [stdout] 30 | #[macro_use]
[INFO] [stdout]    | ^^^^^^^^^^^^
[INFO] [stdout]    |
[INFO] [stdout]    = note: `#[warn(unused_imports)]` on by default
[INFO] [stdout] 
[INFO] [stdout] 
[INFO] [stdout] warning: use of deprecated method `zip::ZipWriter::<W>::start_file_from_path`: by stripping `..`s from the path, the meaning of paths can change. Use `start_file` instead.
[INFO] [stdout]   --> src/zip.rs:43:21
[INFO] [stdout]    |
[INFO] [stdout] 43 |             writer.get_mut().start_file_from_path(x, options)?;
[INFO] [stdout]    |                              ^^^^^^^^^^^^^^^^^^^^
[INFO] [stdout]    |
[INFO] [stdout]    = note: `#[warn(deprecated)]` on by default
[INFO] [stdout] 
[INFO] [stdout] 
[INFO] [stdout] warning: use of deprecated method `zip::read::ZipFile::<'a>::sanitized_name`: by stripping `..`s from the path, the meaning of paths can change.
[INFO] [stdout]                          `mangled_name` can be used if this behaviour is desirable
[INFO] [stdout]   --> src/zip.rs:63:31
[INFO] [stdout]    |
[INFO] [stdout] 63 |                 let path = dest.join(file.sanitized_name());
[INFO] [stdout]    |                                           ^^^^^^^^^^^^^^
[INFO] [stdout] 
[INFO] [stdout] 
[INFO] [stdout] warning: use of deprecated method `zip::read::ZipFile::<'a>::sanitized_name`: by stripping `..`s from the path, the meaning of paths can change.
[INFO] [stdout]                          `mangled_name` can be used if this behaviour is desirable
[INFO] [stdout]    --> src/zip.rs:151:24
[INFO] [stdout]     |
[INFO] [stdout] 151 |             let san_name = file.sanitized_name();
[INFO] [stdout]     |                                 ^^^^^^^^^^^^^^
[INFO] [stdout] 
[INFO] [stdout] 
[INFO] [stdout] warning: missing documentation for a function
[INFO] [stdout]    --> src/read_write.rs:112:1
[INFO] [stdout]     |
[INFO] [stdout] 112 | pub fn from_slice(bytes: &[u8]) -> [u8; 32] {
[INFO] [stdout]     | ^^^^^^^^^^^^^^^^^^^^^^^^^^^^^^^^^^^^^^^^^^^
[INFO] [stdout]     |
[INFO] [stdout] note: the lint level is defined here
[INFO] [stdout]    --> src/lib.rs:22:9
[INFO] [stdout]     |
[INFO] [stdout] 22  | #![warn(missing_docs)]
[INFO] [stdout]     |         ^^^^^^^^^^^^
[INFO] [stdout] 
[INFO] [stdout] 
[INFO] [stdout] warning: 5 warnings emitted
[INFO] [stdout] 
[INFO] [stdout] 
[INFO] [stderr]     Finished dev [unoptimized + debuginfo] target(s) in 10.10s
[INFO] [stderr] warning: the following packages contain code that will be rejected by a future version of Rust: grin_secp256k1zkp v0.7.12, traitobject v0.1.0
[INFO] [stderr] note: to see what the problems were, use the option `--future-incompat-report`, or run `cargo report future-incompatibilities --id 3`
[INFO] running `Command { std: "docker" "inspect" "e506a6ea6466cadaf98de77fc85825143365eaf4c71bec3b8f5886b2933141f3", kill_on_drop: false }`
[INFO] running `Command { std: "docker" "rm" "-f" "e506a6ea6466cadaf98de77fc85825143365eaf4c71bec3b8f5886b2933141f3", kill_on_drop: false }`
[INFO] [stdout] e506a6ea6466cadaf98de77fc85825143365eaf4c71bec3b8f5886b2933141f3
[INFO] running `Command { std: "docker" "create" "-v" "/var/lib/crater-agent-workspace/builds/worker-7-tc1/target:/opt/rustwide/target:rw,Z" "-v" "/var/lib/crater-agent-workspace/builds/worker-7-tc1/source:/opt/rustwide/workdir:ro,Z" "-v" "/var/lib/crater-agent-workspace/cargo-home:/opt/rustwide/cargo-home:ro,Z" "-v" "/var/lib/crater-agent-workspace/rustup-home:/opt/rustwide/rustup-home:ro,Z" "-e" "SOURCE_DIR=/opt/rustwide/workdir" "-e" "CARGO_TARGET_DIR=/opt/rustwide/target" "-e" "CARGO_INCREMENTAL=0" "-e" "RUST_BACKTRACE=full" "-e" "RUSTFLAGS=--cap-lints=warn" "-e" "RUSTDOCFLAGS=--cap-lints=warn" "-e" "CARGO_HOME=/opt/rustwide/cargo-home" "-e" "RUSTUP_HOME=/opt/rustwide/rustup-home" "-w" "/opt/rustwide/workdir" "-m" "1610612736" "--user" "0:0" "--network" "none" "ghcr.io/rust-lang/crates-build-env/linux@sha256:2788e3201cd34a07e3172128adcd8b3090168a8e3bcc40d7c032b9dda1df7d1c" "/opt/rustwide/cargo-home/bin/cargo" "+1.75.0" "test" "--frozen" "--no-run" "--message-format=json", kill_on_drop: false }`
[INFO] [stdout] 8d37c592ecb1c8dac8499130ed21ff215fbc103c5c5e14ffe3aa54b9d83b60a4
[INFO] running `Command { std: "docker" "start" "-a" "8d37c592ecb1c8dac8499130ed21ff215fbc103c5c5e14ffe3aa54b9d83b60a4", kill_on_drop: false }`
[INFO] [stderr]    Compiling serde_test v1.0.176
[INFO] [stdout] warning: unused `#[macro_use]` import
[INFO] [stdout]   --> src/lib.rs:30:1
[INFO] [stdout]    |
[INFO] [stdout] 30 | #[macro_use]
[INFO] [stdout]    | ^^^^^^^^^^^^
[INFO] [stdout]    |
[INFO] [stdout]    = note: `#[warn(unused_imports)]` on by default
[INFO] [stdout] 
[INFO] [stdout] 
[INFO] [stdout] warning: use of deprecated method `zip::ZipWriter::<W>::start_file_from_path`: by stripping `..`s from the path, the meaning of paths can change. Use `start_file` instead.
[INFO] [stdout]   --> src/zip.rs:43:21
[INFO] [stdout]    |
[INFO] [stdout] 43 |             writer.get_mut().start_file_from_path(x, options)?;
[INFO] [stdout]    |                              ^^^^^^^^^^^^^^^^^^^^
[INFO] [stdout]    |
[INFO] [stdout]    = note: `#[warn(deprecated)]` on by default
[INFO] [stdout] 
[INFO] [stdout] 
[INFO] [stdout] warning: use of deprecated method `zip::read::ZipFile::<'a>::sanitized_name`: by stripping `..`s from the path, the meaning of paths can change.
[INFO] [stdout]                          `mangled_name` can be used if this behaviour is desirable
[INFO] [stdout]   --> src/zip.rs:63:31
[INFO] [stdout]    |
[INFO] [stdout] 63 |                 let path = dest.join(file.sanitized_name());
[INFO] [stdout]    |                                           ^^^^^^^^^^^^^^
[INFO] [stdout] 
[INFO] [stdout] 
[INFO] [stdout] warning: use of deprecated method `zip::read::ZipFile::<'a>::sanitized_name`: by stripping `..`s from the path, the meaning of paths can change.
[INFO] [stdout]                          `mangled_name` can be used if this behaviour is desirable
[INFO] [stdout]    --> src/zip.rs:151:24
[INFO] [stdout]     |
[INFO] [stdout] 151 |             let san_name = file.sanitized_name();
[INFO] [stdout]     |                                 ^^^^^^^^^^^^^^
[INFO] [stdout] 
[INFO] [stdout] 
[INFO] [stdout] warning: missing documentation for a function
[INFO] [stdout]    --> src/read_write.rs:112:1
[INFO] [stdout]     |
[INFO] [stdout] 112 | pub fn from_slice(bytes: &[u8]) -> [u8; 32] {
[INFO] [stdout]     | ^^^^^^^^^^^^^^^^^^^^^^^^^^^^^^^^^^^^^^^^^^^
[INFO] [stdout]     |
[INFO] [stdout] note: the lint level is defined here
[INFO] [stdout]    --> src/lib.rs:22:9
[INFO] [stdout]     |
[INFO] [stdout] 22  | #![warn(missing_docs)]
[INFO] [stdout]     |         ^^^^^^^^^^^^
[INFO] [stdout] 
[INFO] [stdout] 
[INFO] [stdout] warning: 5 warnings emitted
[INFO] [stdout] 
[INFO] [stdout] 
[INFO] [stderr]    Compiling stack_test_epic_util v3.0.3 (/opt/rustwide/workdir)
[INFO] [stdout] error[E0432]: unresolved import `epic_util`
[INFO] [stdout]   --> tests/zip.rs:15:5
[INFO] [stdout]    |
[INFO] [stdout] 15 | use epic_util as util;
[INFO] [stdout]    |     ^^^^^^^^^^^^^^^^^ no external crate `epic_util`
[INFO] [stdout] 
[INFO] [stdout] 
[INFO] [stdout] error[E0432]: unresolved import `epic_util`
[INFO] [stdout]   --> tests/file.rs:15:5
[INFO] [stdout]    |
[INFO] [stdout] 15 | use epic_util as util;
[INFO] [stdout]    |     ^^^^^^^^^^^^^^^^^ no external crate `epic_util`
[INFO] [stdout] 
[INFO] [stdout] 
[INFO] [stdout] error: aborting due to previous error
[INFO] [stdout] 
[INFO] [stdout] 
[INFO] [stdout] For more information about this error, try `rustc --explain E0432`.
[INFO] [stdout] 
[INFO] [stdout] warning: unused `#[macro_use]` import
[INFO] [stdout]   --> src/lib.rs:30:1
[INFO] [stdout]    |
[INFO] [stdout] 30 | #[macro_use]
[INFO] [stdout]    | ^^^^^^^^^^^^
[INFO] [stdout]    |
[INFO] [stdout]    = note: `#[warn(unused_imports)]` on by default
[INFO] [stdout] 
[INFO] [stdout] 
[INFO] [stdout] warning: unused imports: `assert_de_tokens_error`, `assert_tokens`
[INFO] [stdout]    --> src/logger.rs:463:37
[INFO] [stdout]     |
[INFO] [stdout] 463 |     use serde_test::{assert_de_tokens, assert_de_tokens_error, assert_tokens, Token};
[INFO] [stdout]     |                                        ^^^^^^^^^^^^^^^^^^^^^^  ^^^^^^^^^^^^^
[INFO] [stdout] 
[INFO] [stdout] 
[INFO] [stderr] error: could not compile `stack_test_epic_util` (test "zip") due to 2 previous errors
[INFO] [stderr] warning: build failed, waiting for other jobs to finish...
[INFO] [stdout] warning: unnecessary parentheses around match arm expression
[INFO] [stdout]    --> src/logger.rs:505:15
[INFO] [stdout]     |
[INFO] [stdout] 505 |             "error" => (Level::Error),
[INFO] [stdout]     |                        ^            ^
[INFO] [stdout]     |
[INFO] [stdout]     = note: `#[warn(unused_parens)]` on by default
[INFO] [stdout] help: remove these parentheses
[INFO] [stdout]     |
[INFO] [stdout] 505 -             "error" => (Level::Error),
[INFO] [stdout] 505 +             "error" => Level::Error,
[INFO] [stdout]     |
[INFO] [stdout] 
[INFO] [stdout] 
[INFO] [stdout] error: aborting due to previous error
[INFO] [stdout] 
[INFO] [stdout] 
[INFO] [stdout] For more information about this error, try `rustc --explain E0432`.
[INFO] [stdout] 
[INFO] [stdout] warning: unnecessary parentheses around match arm expression
[INFO] [stdout]    --> src/logger.rs:506:26
[INFO] [stdout]     |
[INFO] [stdout] 506 |             "warn" | "warning" => (Level::Warn),
[INFO] [stdout]     |                                   ^           ^
[INFO] [stdout]     |
[INFO] [stdout] help: remove these parentheses
[INFO] [stdout]     |
[INFO] [stdout] 506 -             "warn" | "warning" => (Level::Warn),
[INFO] [stdout] 506 +             "warn" | "warning" => Level::Warn,
[INFO] [stdout]     |
[INFO] [stdout] 
[INFO] [stdout] 
[INFO] [stdout] warning: unnecessary parentheses around match arm expression
[INFO] [stdout]    --> src/logger.rs:507:14
[INFO] [stdout]     |
[INFO] [stdout] 507 |             "info" => (Level::Info),
[INFO] [stdout]     |                       ^           ^
[INFO] [stdout]     |
[INFO] [stdout] help: remove these parentheses
[INFO] [stdout]     |
[INFO] [stdout] 507 -             "info" => (Level::Info),
[INFO] [stdout] 507 +             "info" => Level::Info,
[INFO] [stdout]     |
[INFO] [stdout] 
[INFO] [stdout] 
[INFO] [stdout] warning: unnecessary parentheses around match arm expression
[INFO] [stdout]    --> src/logger.rs:508:15
[INFO] [stdout]     |
[INFO] [stdout] 508 |             "debug" => (Level::Debug),
[INFO] [stdout]     |                        ^            ^
[INFO] [stdout]     |
[INFO] [stdout] help: remove these parentheses
[INFO] [stdout]     |
[INFO] [stdout] 508 -             "debug" => (Level::Debug),
[INFO] [stdout] 508 +             "debug" => Level::Debug,
[INFO] [stdout]     |
[INFO] [stdout] 
[INFO] [stdout] 
[INFO] [stdout] warning: unnecessary parentheses around match arm expression
[INFO] [stdout]    --> src/logger.rs:509:15
[INFO] [stdout]     |
[INFO] [stdout] 509 |             "trace" => (Level::Trace),
[INFO] [stdout]     |                        ^            ^
[INFO] [stdout]     |
[INFO] [stdout] help: remove these parentheses
[INFO] [stdout]     |
[INFO] [stdout] 509 -             "trace" => (Level::Trace),
[INFO] [stdout] 509 +             "trace" => Level::Trace,
[INFO] [stdout]     |
[INFO] [stdout] 
[INFO] [stdout] 
[INFO] [stderr] error: could not compile `stack_test_epic_util` (test "file") due to 2 previous errors
[INFO] [stdout] warning: use of deprecated method `zip::ZipWriter::<W>::start_file_from_path`: by stripping `..`s from the path, the meaning of paths can change. Use `start_file` instead.
[INFO] [stdout]   --> src/zip.rs:43:21
[INFO] [stdout]    |
[INFO] [stdout] 43 |             writer.get_mut().start_file_from_path(x, options)?;
[INFO] [stdout]    |                              ^^^^^^^^^^^^^^^^^^^^
[INFO] [stdout]    |
[INFO] [stdout]    = note: `#[warn(deprecated)]` on by default
[INFO] [stdout] 
[INFO] [stdout] 
[INFO] [stdout] warning: use of deprecated method `zip::read::ZipFile::<'a>::sanitized_name`: by stripping `..`s from the path, the meaning of paths can change.
[INFO] [stdout]                          `mangled_name` can be used if this behaviour is desirable
[INFO] [stdout]   --> src/zip.rs:63:31
[INFO] [stdout]    |
[INFO] [stdout] 63 |                 let path = dest.join(file.sanitized_name());
[INFO] [stdout]    |                                           ^^^^^^^^^^^^^^
[INFO] [stdout] 
[INFO] [stdout] 
[INFO] [stdout] warning: use of deprecated method `zip::read::ZipFile::<'a>::sanitized_name`: by stripping `..`s from the path, the meaning of paths can change.
[INFO] [stdout]                          `mangled_name` can be used if this behaviour is desirable
[INFO] [stdout]    --> src/zip.rs:151:24
[INFO] [stdout]     |
[INFO] [stdout] 151 |             let san_name = file.sanitized_name();
[INFO] [stdout]     |                                 ^^^^^^^^^^^^^^
[INFO] [stdout] 
[INFO] [stdout] 
[INFO] [stdout] warning: 10 warnings emitted
[INFO] [stdout] 
[INFO] [stdout] 
[INFO] running `Command { std: "docker" "inspect" "8d37c592ecb1c8dac8499130ed21ff215fbc103c5c5e14ffe3aa54b9d83b60a4", kill_on_drop: false }`
[INFO] running `Command { std: "docker" "rm" "-f" "8d37c592ecb1c8dac8499130ed21ff215fbc103c5c5e14ffe3aa54b9d83b60a4", kill_on_drop: false }`
[INFO] [stdout] 8d37c592ecb1c8dac8499130ed21ff215fbc103c5c5e14ffe3aa54b9d83b60a4
[INFO] testing stack_test_epic_util-3.0.3 against beta-2023-12-22 for beta-1.76-1
[INFO] extracting crate stack_test_epic_util 3.0.3 into /workspace/builds/worker-7-tc2/source
[INFO] validating manifest of crates.io crate stack_test_epic_util 3.0.3 on toolchain beta-2023-12-22
[INFO] running `Command { std: CARGO_HOME="/workspace/cargo-home" RUSTUP_HOME="/workspace/rustup-home" "/workspace/cargo-home/bin/cargo" "+beta-2023-12-22" "metadata" "--manifest-path" "Cargo.toml" "--no-deps", kill_on_drop: false }`
[INFO] started tweaking crates.io crate stack_test_epic_util 3.0.3
[INFO] finished tweaking crates.io crate stack_test_epic_util 3.0.3
[INFO] tweaked toml for crates.io crate stack_test_epic_util 3.0.3 written to /workspace/builds/worker-7-tc2/source/Cargo.toml
[INFO] running `Command { std: CARGO_HOME="/workspace/cargo-home" RUSTUP_HOME="/workspace/rustup-home" "/workspace/cargo-home/bin/cargo" "+beta-2023-12-22" "generate-lockfile" "--manifest-path" "Cargo.toml", kill_on_drop: false }`
[INFO] [stderr]     Updating crates.io index
[INFO] running `Command { std: CARGO_HOME="/workspace/cargo-home" RUSTUP_HOME="/workspace/rustup-home" "/workspace/cargo-home/bin/cargo" "+beta-2023-12-22" "fetch" "--manifest-path" "Cargo.toml", kill_on_drop: false }`
[INFO] running `Command { std: "docker" "create" "-v" "/var/lib/crater-agent-workspace/builds/worker-7-tc2/target:/opt/rustwide/target:rw,Z" "-v" "/var/lib/crater-agent-workspace/builds/worker-7-tc2/source:/opt/rustwide/workdir:ro,Z" "-v" "/var/lib/crater-agent-workspace/cargo-home:/opt/rustwide/cargo-home:ro,Z" "-v" "/var/lib/crater-agent-workspace/rustup-home:/opt/rustwide/rustup-home:ro,Z" "-e" "SOURCE_DIR=/opt/rustwide/workdir" "-e" "CARGO_TARGET_DIR=/opt/rustwide/target" "-e" "CARGO_HOME=/opt/rustwide/cargo-home" "-e" "RUSTUP_HOME=/opt/rustwide/rustup-home" "-w" "/opt/rustwide/workdir" "-m" "1610612736" "--user" "0:0" "--network" "none" "ghcr.io/rust-lang/crates-build-env/linux@sha256:2788e3201cd34a07e3172128adcd8b3090168a8e3bcc40d7c032b9dda1df7d1c" "/opt/rustwide/cargo-home/bin/cargo" "+beta-2023-12-22" "metadata" "--no-deps" "--format-version=1", kill_on_drop: false }`
[INFO] [stdout] 90c42ab9223814742914245a4df6b645bc6b90cc44305146fa6369933724bce8
[INFO] running `Command { std: "docker" "start" "-a" "90c42ab9223814742914245a4df6b645bc6b90cc44305146fa6369933724bce8", kill_on_drop: false }`
[INFO] running `Command { std: "docker" "inspect" "90c42ab9223814742914245a4df6b645bc6b90cc44305146fa6369933724bce8", kill_on_drop: false }`
[INFO] running `Command { std: "docker" "rm" "-f" "90c42ab9223814742914245a4df6b645bc6b90cc44305146fa6369933724bce8", kill_on_drop: false }`
[INFO] [stdout] 90c42ab9223814742914245a4df6b645bc6b90cc44305146fa6369933724bce8
[INFO] running `Command { std: "docker" "create" "-v" "/var/lib/crater-agent-workspace/builds/worker-7-tc2/target:/opt/rustwide/target:rw,Z" "-v" "/var/lib/crater-agent-workspace/builds/worker-7-tc2/source:/opt/rustwide/workdir:ro,Z" "-v" "/var/lib/crater-agent-workspace/cargo-home:/opt/rustwide/cargo-home:ro,Z" "-v" "/var/lib/crater-agent-workspace/rustup-home:/opt/rustwide/rustup-home:ro,Z" "-e" "SOURCE_DIR=/opt/rustwide/workdir" "-e" "CARGO_TARGET_DIR=/opt/rustwide/target" "-e" "CARGO_INCREMENTAL=0" "-e" "RUST_BACKTRACE=full" "-e" "RUSTFLAGS=--cap-lints=warn" "-e" "RUSTDOCFLAGS=--cap-lints=warn" "-e" "CARGO_HOME=/opt/rustwide/cargo-home" "-e" "RUSTUP_HOME=/opt/rustwide/rustup-home" "-w" "/opt/rustwide/workdir" "-m" "1610612736" "--user" "0:0" "--network" "none" "ghcr.io/rust-lang/crates-build-env/linux@sha256:2788e3201cd34a07e3172128adcd8b3090168a8e3bcc40d7c032b9dda1df7d1c" "/opt/rustwide/cargo-home/bin/cargo" "+beta-2023-12-22" "build" "--frozen" "--message-format=json", kill_on_drop: false }`
[INFO] [stdout] 1528f33ec721b9f30c43482af765d1e2ca01a01b5b583420fced1318ae187bc9
[INFO] running `Command { std: "docker" "start" "-a" "1528f33ec721b9f30c43482af765d1e2ca01a01b5b583420fced1318ae187bc9", kill_on_drop: false }`
[INFO] [stderr]    Compiling autocfg v0.1.8
[INFO] [stderr]    Compiling indexmap v1.9.3
[INFO] [stderr]    Compiling stable_deref_trait v1.2.0
[INFO] [stderr]    Compiling rand_core v0.3.1
[INFO] [stderr]    Compiling traitobject v0.1.0
[INFO] [stderr]    Compiling hashbrown v0.12.3
[INFO] [stderr]    Compiling yaml-rust v0.4.5
[INFO] [stderr]    Compiling odds v0.2.26
[INFO] [stderr]    Compiling syn v2.0.48
[INFO] [stderr]    Compiling cc v1.0.83
[INFO] [stderr]    Compiling parking_lot_core v0.3.1
[INFO] [stderr]    Compiling smallvec v0.6.14
[INFO] [stderr]    Compiling ordered-float v1.1.1
[INFO] [stderr]    Compiling nodrop v0.1.14
[INFO] [stderr]    Compiling memchr v2.7.1
[INFO] [stderr]    Compiling quick-error v1.2.3
[INFO] [stderr]    Compiling rand v0.5.6
[INFO] [stderr]    Compiling rand_chacha v0.1.1
[INFO] [stderr]    Compiling rand_pcg v0.1.2
[INFO] [stderr]    Compiling unsafe-any v0.4.2
[INFO] [stderr]    Compiling rand v0.6.5
[INFO] [stderr]    Compiling owning_ref v0.4.1
[INFO] [stderr]    Compiling typemap v0.3.3
[INFO] [stderr]    Compiling lock_api v0.1.5
[INFO] [stderr]    Compiling humantime v1.3.0
[INFO] [stderr]    Compiling rand_isaac v0.1.1
[INFO] [stderr]    Compiling rand_xorshift v0.1.1
[INFO] [stderr]    Compiling arrayvec v0.3.25
[INFO] [stderr]    Compiling rand_hc v0.1.0
[INFO] [stderr]    Compiling chrono v0.4.31
[INFO] [stderr]    Compiling thread-id v3.3.0
[INFO] [stderr]    Compiling rand_os v0.1.3
[INFO] [stderr]    Compiling rand_jitter v0.1.4
[INFO] [stderr]    Compiling rustc-serialize v0.3.25
[INFO] [stderr]    Compiling safemem v0.3.3
[INFO] [stderr]    Compiling antidote v1.0.0
[INFO] [stderr]    Compiling arc-swap v0.3.11
[INFO] [stderr]    Compiling log-mdc v0.1.0
[INFO] [stderr]    Compiling object v0.32.2
[INFO] [stderr]    Compiling base64 v0.9.3
[INFO] [stderr]    Compiling walkdir v2.4.0
[INFO] [stderr]    Compiling parking_lot v0.6.4
[INFO] [stderr]    Compiling grin_secp256k1zkp v0.7.12
[INFO] [stderr]    Compiling backtrace v0.3.69
[INFO] [stderr]    Compiling serde_derive v1.0.194
[INFO] [stderr]    Compiling zeroize_derive v1.4.2
[INFO] [stderr]    Compiling thiserror-impl v1.0.56
[INFO] [stderr]    Compiling zeroize v1.7.0
[INFO] [stderr]    Compiling thiserror v1.0.56
[INFO] [stderr]    Compiling zip v0.5.13
[INFO] [stderr]    Compiling serde v1.0.194
[INFO] [stderr]    Compiling serde_json v1.0.111
[INFO] [stderr]    Compiling serde_yaml v0.8.26
[INFO] [stderr]    Compiling log v0.4.20
[INFO] [stderr]    Compiling serde-value v0.5.3
[INFO] [stderr]    Compiling log4rs v0.8.3
[INFO] [stderr]    Compiling stack_test_epic_util v3.0.3 (/opt/rustwide/workdir)
[INFO] [stdout] warning: unused `#[macro_use]` import
[INFO] [stdout]   --> src/lib.rs:30:1
[INFO] [stdout]    |
[INFO] [stdout] 30 | #[macro_use]
[INFO] [stdout]    | ^^^^^^^^^^^^
[INFO] [stdout]    |
[INFO] [stdout]    = note: `#[warn(unused_imports)]` on by default
[INFO] [stdout] 
[INFO] [stdout] 
[INFO] [stdout] warning: use of deprecated method `zip::ZipWriter::<W>::start_file_from_path`: by stripping `..`s from the path, the meaning of paths can change. Use `start_file` instead.
[INFO] [stdout]   --> src/zip.rs:43:21
[INFO] [stdout]    |
[INFO] [stdout] 43 |             writer.get_mut().start_file_from_path(x, options)?;
[INFO] [stdout]    |                              ^^^^^^^^^^^^^^^^^^^^
[INFO] [stdout]    |
[INFO] [stdout]    = note: `#[warn(deprecated)]` on by default
[INFO] [stdout] 
[INFO] [stdout] 
[INFO] [stdout] warning: use of deprecated method `zip::read::ZipFile::<'a>::sanitized_name`: by stripping `..`s from the path, the meaning of paths can change.
[INFO] [stdout]                          `mangled_name` can be used if this behaviour is desirable
[INFO] [stdout]   --> src/zip.rs:63:31
[INFO] [stdout]    |
[INFO] [stdout] 63 |                 let path = dest.join(file.sanitized_name());
[INFO] [stdout]    |                                           ^^^^^^^^^^^^^^
[INFO] [stdout] 
[INFO] [stdout] 
[INFO] [stdout] warning: use of deprecated method `zip::read::ZipFile::<'a>::sanitized_name`: by stripping `..`s from the path, the meaning of paths can change.
[INFO] [stdout]                          `mangled_name` can be used if this behaviour is desirable
[INFO] [stdout]    --> src/zip.rs:151:24
[INFO] [stdout]     |
[INFO] [stdout] 151 |             let san_name = file.sanitized_name();
[INFO] [stdout]     |                                 ^^^^^^^^^^^^^^
[INFO] [stdout] 
[INFO] [stdout] 
[INFO] [stdout] warning: missing documentation for a function
[INFO] [stdout]    --> src/read_write.rs:112:1
[INFO] [stdout]     |
[INFO] [stdout] 112 | pub fn from_slice(bytes: &[u8]) -> [u8; 32] {
[INFO] [stdout]     | ^^^^^^^^^^^^^^^^^^^^^^^^^^^^^^^^^^^^^^^^^^^
[INFO] [stdout]     |
[INFO] [stdout] note: the lint level is defined here
[INFO] [stdout]    --> src/lib.rs:22:9
[INFO] [stdout]     |
[INFO] [stdout] 22  | #![warn(missing_docs)]
[INFO] [stdout]     |         ^^^^^^^^^^^^
[INFO] [stdout] 
[INFO] [stdout] 
[INFO] [stdout] warning: 5 warnings emitted
[INFO] [stdout] 
[INFO] [stdout] 
[INFO] [stderr]     Finished dev [unoptimized + debuginfo] target(s) in 9.36s
[INFO] [stderr] warning: the following packages contain code that will be rejected by a future version of Rust: grin_secp256k1zkp v0.7.12, traitobject v0.1.0
[INFO] [stderr] note: to see what the problems were, use the option `--future-incompat-report`, or run `cargo report future-incompatibilities --id 3`
[INFO] running `Command { std: "docker" "inspect" "1528f33ec721b9f30c43482af765d1e2ca01a01b5b583420fced1318ae187bc9", kill_on_drop: false }`
[INFO] running `Command { std: "docker" "rm" "-f" "1528f33ec721b9f30c43482af765d1e2ca01a01b5b583420fced1318ae187bc9", kill_on_drop: false }`
[INFO] [stdout] 1528f33ec721b9f30c43482af765d1e2ca01a01b5b583420fced1318ae187bc9
[INFO] running `Command { std: "docker" "create" "-v" "/var/lib/crater-agent-workspace/builds/worker-7-tc2/target:/opt/rustwide/target:rw,Z" "-v" "/var/lib/crater-agent-workspace/builds/worker-7-tc2/source:/opt/rustwide/workdir:ro,Z" "-v" "/var/lib/crater-agent-workspace/cargo-home:/opt/rustwide/cargo-home:ro,Z" "-v" "/var/lib/crater-agent-workspace/rustup-home:/opt/rustwide/rustup-home:ro,Z" "-e" "SOURCE_DIR=/opt/rustwide/workdir" "-e" "CARGO_TARGET_DIR=/opt/rustwide/target" "-e" "CARGO_INCREMENTAL=0" "-e" "RUST_BACKTRACE=full" "-e" "RUSTFLAGS=--cap-lints=warn" "-e" "RUSTDOCFLAGS=--cap-lints=warn" "-e" "CARGO_HOME=/opt/rustwide/cargo-home" "-e" "RUSTUP_HOME=/opt/rustwide/rustup-home" "-w" "/opt/rustwide/workdir" "-m" "1610612736" "--user" "0:0" "--network" "none" "ghcr.io/rust-lang/crates-build-env/linux@sha256:2788e3201cd34a07e3172128adcd8b3090168a8e3bcc40d7c032b9dda1df7d1c" "/opt/rustwide/cargo-home/bin/cargo" "+beta-2023-12-22" "test" "--frozen" "--no-run" "--message-format=json", kill_on_drop: false }`
[INFO] [stdout] ceca11a979c41f0dc0eab3cddfaf47aa30c9c3a323eb63bbd583d0093d1b42f1
[INFO] running `Command { std: "docker" "start" "-a" "ceca11a979c41f0dc0eab3cddfaf47aa30c9c3a323eb63bbd583d0093d1b42f1", kill_on_drop: false }`
[INFO] [stderr]    Compiling serde_test v1.0.176
[INFO] [stdout] warning: unused `#[macro_use]` import
[INFO] [stdout]   --> src/lib.rs:30:1
[INFO] [stdout]    |
[INFO] [stdout] 30 | #[macro_use]
[INFO] [stdout]    | ^^^^^^^^^^^^
[INFO] [stdout]    |
[INFO] [stdout]    = note: `#[warn(unused_imports)]` on by default
[INFO] [stdout] 
[INFO] [stdout] 
[INFO] [stdout] warning: use of deprecated method `zip::ZipWriter::<W>::start_file_from_path`: by stripping `..`s from the path, the meaning of paths can change. Use `start_file` instead.
[INFO] [stdout]   --> src/zip.rs:43:21
[INFO] [stdout]    |
[INFO] [stdout] 43 |             writer.get_mut().start_file_from_path(x, options)?;
[INFO] [stdout]    |                              ^^^^^^^^^^^^^^^^^^^^
[INFO] [stdout]    |
[INFO] [stdout]    = note: `#[warn(deprecated)]` on by default
[INFO] [stdout] 
[INFO] [stdout] 
[INFO] [stdout] warning: use of deprecated method `zip::read::ZipFile::<'a>::sanitized_name`: by stripping `..`s from the path, the meaning of paths can change.
[INFO] [stdout]                          `mangled_name` can be used if this behaviour is desirable
[INFO] [stdout]   --> src/zip.rs:63:31
[INFO] [stdout]    |
[INFO] [stdout] 63 |                 let path = dest.join(file.sanitized_name());
[INFO] [stdout]    |                                           ^^^^^^^^^^^^^^
[INFO] [stdout] 
[INFO] [stdout] 
[INFO] [stdout] warning: use of deprecated method `zip::read::ZipFile::<'a>::sanitized_name`: by stripping `..`s from the path, the meaning of paths can change.
[INFO] [stdout]                          `mangled_name` can be used if this behaviour is desirable
[INFO] [stdout]    --> src/zip.rs:151:24
[INFO] [stdout]     |
[INFO] [stdout] 151 |             let san_name = file.sanitized_name();
[INFO] [stdout]     |                                 ^^^^^^^^^^^^^^
[INFO] [stdout] 
[INFO] [stdout] 
[INFO] [stdout] warning: missing documentation for a function
[INFO] [stdout]    --> src/read_write.rs:112:1
[INFO] [stdout]     |
[INFO] [stdout] 112 | pub fn from_slice(bytes: &[u8]) -> [u8; 32] {
[INFO] [stdout]     | ^^^^^^^^^^^^^^^^^^^^^^^^^^^^^^^^^^^^^^^^^^^
[INFO] [stdout]     |
[INFO] [stdout] note: the lint level is defined here
[INFO] [stdout]    --> src/lib.rs:22:9
[INFO] [stdout]     |
[INFO] [stdout] 22  | #![warn(missing_docs)]
[INFO] [stdout]     |         ^^^^^^^^^^^^
[INFO] [stdout] 
[INFO] [stdout] 
[INFO] [stdout] warning: 5 warnings emitted
[INFO] [stdout] 
[INFO] [stdout] 
[INFO] [stderr]    Compiling stack_test_epic_util v3.0.3 (/opt/rustwide/workdir)
[INFO] [stdout] error[E0432]: unresolved import `epic_util`
[INFO] [stdout]   --> tests/zip.rs:15:5
[INFO] [stdout]    |
[INFO] [stdout] 15 | use epic_util as util;
[INFO] [stdout]    |     ^^^^^^^^^^^^^^^^^ no external crate `epic_util`
[INFO] [stdout] 
[INFO] [stdout] 
[INFO] [stdout] error[E0432]: unresolved import `epic_util`
[INFO] [stdout]   --> tests/file.rs:15:5
[INFO] [stdout]    |
[INFO] [stdout] 15 | use epic_util as util;
[INFO] [stdout]    |     ^^^^^^^^^^^^^^^^^ no external crate `epic_util`
[INFO] [stdout] 
[INFO] [stdout] 
[INFO] [stdout] error: aborting due to 1 previous error
[INFO] [stdout] 
[INFO] [stdout] 
[INFO] [stdout] For more information about this error, try `rustc --explain E0432`.
[INFO] [stdout] 
[INFO] [stderr] error: could not compile `stack_test_epic_util` (test "zip") due to 2 previous errors
[INFO] [stderr] warning: build failed, waiting for other jobs to finish...
[INFO] [stdout] error: aborting due to 1 previous error
[INFO] [stdout] 
[INFO] [stdout] 
[INFO] [stdout] For more information about this error, try `rustc --explain E0432`.
[INFO] [stdout] 
[INFO] [stdout] warning: unused `#[macro_use]` import
[INFO] [stdout]   --> src/lib.rs:30:1
[INFO] [stdout]    |
[INFO] [stdout] 30 | #[macro_use]
[INFO] [stdout]    | ^^^^^^^^^^^^
[INFO] [stdout]    |
[INFO] [stdout]    = note: `#[warn(unused_imports)]` on by default
[INFO] [stdout] 
[INFO] [stdout] 
[INFO] [stdout] warning: unused imports: `assert_de_tokens_error`, `assert_tokens`
[INFO] [stdout]    --> src/logger.rs:463:37
[INFO] [stdout]     |
[INFO] [stdout] 463 |     use serde_test::{assert_de_tokens, assert_de_tokens_error, assert_tokens, Token};
[INFO] [stdout]     |                                        ^^^^^^^^^^^^^^^^^^^^^^  ^^^^^^^^^^^^^
[INFO] [stdout] 
[INFO] [stdout] 
[INFO] [stderr] error: could not compile `stack_test_epic_util` (test "file") due to 2 previous errors
[INFO] [stdout] warning: unnecessary parentheses around match arm expression
[INFO] [stdout]    --> src/logger.rs:505:15
[INFO] [stdout]     |
[INFO] [stdout] 505 |             "error" => (Level::Error),
[INFO] [stdout]     |                        ^            ^
[INFO] [stdout]     |
[INFO] [stdout]     = note: `#[warn(unused_parens)]` on by default
[INFO] [stdout] help: remove these parentheses
[INFO] [stdout]     |
[INFO] [stdout] 505 -             "error" => (Level::Error),
[INFO] [stdout] 505 +             "error" => Level::Error,
[INFO] [stdout]     |
[INFO] [stdout] 
[INFO] [stdout] 
[INFO] [stdout] warning: unnecessary parentheses around match arm expression
[INFO] [stdout]    --> src/logger.rs:506:26
[INFO] [stdout]     |
[INFO] [stdout] 506 |             "warn" | "warning" => (Level::Warn),
[INFO] [stdout]     |                                   ^           ^
[INFO] [stdout]     |
[INFO] [stdout] help: remove these parentheses
[INFO] [stdout]     |
[INFO] [stdout] 506 -             "warn" | "warning" => (Level::Warn),
[INFO] [stdout] 506 +             "warn" | "warning" => Level::Warn,
[INFO] [stdout]     |
[INFO] [stdout] 
[INFO] [stdout] 
[INFO] [stdout] warning: unnecessary parentheses around match arm expression
[INFO] [stdout]    --> src/logger.rs:507:14
[INFO] [stdout]     |
[INFO] [stdout] 507 |             "info" => (Level::Info),
[INFO] [stdout]     |                       ^           ^
[INFO] [stdout]     |
[INFO] [stdout] help: remove these parentheses
[INFO] [stdout]     |
[INFO] [stdout] 507 -             "info" => (Level::Info),
[INFO] [stdout] 507 +             "info" => Level::Info,
[INFO] [stdout]     |
[INFO] [stdout] 
[INFO] [stdout] 
[INFO] [stdout] warning: unnecessary parentheses around match arm expression
[INFO] [stdout]    --> src/logger.rs:508:15
[INFO] [stdout]     |
[INFO] [stdout] 508 |             "debug" => (Level::Debug),
[INFO] [stdout]     |                        ^            ^
[INFO] [stdout]     |
[INFO] [stdout] help: remove these parentheses
[INFO] [stdout]     |
[INFO] [stdout] 508 -             "debug" => (Level::Debug),
[INFO] [stdout] 508 +             "debug" => Level::Debug,
[INFO] [stdout]     |
[INFO] [stdout] 
[INFO] [stdout] 
[INFO] [stdout] warning: unnecessary parentheses around match arm expression
[INFO] [stdout]    --> src/logger.rs:509:15
[INFO] [stdout]     |
[INFO] [stdout] 509 |             "trace" => (Level::Trace),
[INFO] [stdout]     |                        ^            ^
[INFO] [stdout]     |
[INFO] [stdout] help: remove these parentheses
[INFO] [stdout]     |
[INFO] [stdout] 509 -             "trace" => (Level::Trace),
[INFO] [stdout] 509 +             "trace" => Level::Trace,
[INFO] [stdout]     |
[INFO] [stdout] 
[INFO] [stdout] 
[INFO] [stdout] warning: use of deprecated method `zip::ZipWriter::<W>::start_file_from_path`: by stripping `..`s from the path, the meaning of paths can change. Use `start_file` instead.
[INFO] [stdout]   --> src/zip.rs:43:21
[INFO] [stdout]    |
[INFO] [stdout] 43 |             writer.get_mut().start_file_from_path(x, options)?;
[INFO] [stdout]    |                              ^^^^^^^^^^^^^^^^^^^^
[INFO] [stdout]    |
[INFO] [stdout]    = note: `#[warn(deprecated)]` on by default
[INFO] [stdout] 
[INFO] [stdout] 
[INFO] [stdout] warning: use of deprecated method `zip::read::ZipFile::<'a>::sanitized_name`: by stripping `..`s from the path, the meaning of paths can change.
[INFO] [stdout]                          `mangled_name` can be used if this behaviour is desirable
[INFO] [stdout]   --> src/zip.rs:63:31
[INFO] [stdout]    |
[INFO] [stdout] 63 |                 let path = dest.join(file.sanitized_name());
[INFO] [stdout]    |                                           ^^^^^^^^^^^^^^
[INFO] [stdout] 
[INFO] [stdout] 
[INFO] [stdout] warning: use of deprecated method `zip::read::ZipFile::<'a>::sanitized_name`: by stripping `..`s from the path, the meaning of paths can change.
[INFO] [stdout]                          `mangled_name` can be used if this behaviour is desirable
[INFO] [stdout]    --> src/zip.rs:151:24
[INFO] [stdout]     |
[INFO] [stdout] 151 |             let san_name = file.sanitized_name();
[INFO] [stdout]     |                                 ^^^^^^^^^^^^^^
[INFO] [stdout] 
[INFO] [stdout] 
[INFO] [stdout] warning: 10 warnings emitted
[INFO] [stdout] 
[INFO] [stdout] 
[INFO] running `Command { std: "docker" "inspect" "ceca11a979c41f0dc0eab3cddfaf47aa30c9c3a323eb63bbd583d0093d1b42f1", kill_on_drop: false }`
[INFO] running `Command { std: "docker" "rm" "-f" "ceca11a979c41f0dc0eab3cddfaf47aa30c9c3a323eb63bbd583d0093d1b42f1", kill_on_drop: false }`
[INFO] [stdout] ceca11a979c41f0dc0eab3cddfaf47aa30c9c3a323eb63bbd583d0093d1b42f1
