[INFO] fetching crate stack_test_epic_pool 3.0.3...
[INFO] testing stack_test_epic_pool-3.0.3 against 1.75.0 for beta-1.76-1
[INFO] extracting crate stack_test_epic_pool 3.0.3 into /workspace/builds/worker-1-tc1/source
[INFO] validating manifest of crates.io crate stack_test_epic_pool 3.0.3 on toolchain 1.75.0
[INFO] running `Command { std: CARGO_HOME="/workspace/cargo-home" RUSTUP_HOME="/workspace/rustup-home" "/workspace/cargo-home/bin/cargo" "+1.75.0" "metadata" "--manifest-path" "Cargo.toml" "--no-deps", kill_on_drop: false }`
[INFO] started tweaking crates.io crate stack_test_epic_pool 3.0.3
[INFO] finished tweaking crates.io crate stack_test_epic_pool 3.0.3
[INFO] tweaked toml for crates.io crate stack_test_epic_pool 3.0.3 written to /workspace/builds/worker-1-tc1/source/Cargo.toml
[INFO] running `Command { std: CARGO_HOME="/workspace/cargo-home" RUSTUP_HOME="/workspace/rustup-home" "/workspace/cargo-home/bin/cargo" "+1.75.0" "generate-lockfile" "--manifest-path" "Cargo.toml", kill_on_drop: false }`
[INFO] [stderr]     Updating crates.io index
[INFO] running `Command { std: CARGO_HOME="/workspace/cargo-home" RUSTUP_HOME="/workspace/rustup-home" "/workspace/cargo-home/bin/cargo" "+1.75.0" "fetch" "--manifest-path" "Cargo.toml", kill_on_drop: false }`
[INFO] [stderr]  Downloading crates ...
[INFO] [stderr]   Downloaded stack_test_epic_util v3.0.3
[INFO] [stderr]   Downloaded stack_test_epic_store v3.0.3
[INFO] [stderr]   Downloaded stack_test_epic_chain v3.0.3
[INFO] [stderr]   Downloaded stack_test_epic_core v3.0.3
[INFO] [stderr]   Downloaded croaring-sys v0.3.9
[INFO] [stderr]   Downloaded stack_test_epic_keychain v3.0.3
[INFO] [stderr]   Downloaded croaring v0.3.9
[INFO] running `Command { std: "docker" "create" "-v" "/var/lib/crater-agent-workspace/builds/worker-1-tc1/target:/opt/rustwide/target:rw,Z" "-v" "/var/lib/crater-agent-workspace/builds/worker-1-tc1/source:/opt/rustwide/workdir:ro,Z" "-v" "/var/lib/crater-agent-workspace/cargo-home:/opt/rustwide/cargo-home:ro,Z" "-v" "/var/lib/crater-agent-workspace/rustup-home:/opt/rustwide/rustup-home:ro,Z" "-e" "SOURCE_DIR=/opt/rustwide/workdir" "-e" "CARGO_TARGET_DIR=/opt/rustwide/target" "-e" "CARGO_HOME=/opt/rustwide/cargo-home" "-e" "RUSTUP_HOME=/opt/rustwide/rustup-home" "-w" "/opt/rustwide/workdir" "-m" "1610612736" "--user" "0:0" "--network" "none" "ghcr.io/rust-lang/crates-build-env/linux@sha256:2788e3201cd34a07e3172128adcd8b3090168a8e3bcc40d7c032b9dda1df7d1c" "/opt/rustwide/cargo-home/bin/cargo" "+1.75.0" "metadata" "--no-deps" "--format-version=1", kill_on_drop: false }`
[INFO] [stdout] 24a6ec3fb0c2f909c35ec0905c253fa131f5141ecd1a159a5a670860f232b7dd
[INFO] running `Command { std: "docker" "start" "-a" "24a6ec3fb0c2f909c35ec0905c253fa131f5141ecd1a159a5a670860f232b7dd", kill_on_drop: false }`
[INFO] running `Command { std: "docker" "inspect" "24a6ec3fb0c2f909c35ec0905c253fa131f5141ecd1a159a5a670860f232b7dd", kill_on_drop: false }`
[INFO] running `Command { std: "docker" "rm" "-f" "24a6ec3fb0c2f909c35ec0905c253fa131f5141ecd1a159a5a670860f232b7dd", kill_on_drop: false }`
[INFO] [stdout] 24a6ec3fb0c2f909c35ec0905c253fa131f5141ecd1a159a5a670860f232b7dd
[INFO] running `Command { std: "docker" "create" "-v" "/var/lib/crater-agent-workspace/builds/worker-1-tc1/target:/opt/rustwide/target:rw,Z" "-v" "/var/lib/crater-agent-workspace/builds/worker-1-tc1/source:/opt/rustwide/workdir:ro,Z" "-v" "/var/lib/crater-agent-workspace/cargo-home:/opt/rustwide/cargo-home:ro,Z" "-v" "/var/lib/crater-agent-workspace/rustup-home:/opt/rustwide/rustup-home:ro,Z" "-e" "SOURCE_DIR=/opt/rustwide/workdir" "-e" "CARGO_TARGET_DIR=/opt/rustwide/target" "-e" "CARGO_INCREMENTAL=0" "-e" "RUST_BACKTRACE=full" "-e" "RUSTFLAGS=--cap-lints=warn" "-e" "RUSTDOCFLAGS=--cap-lints=warn" "-e" "CARGO_HOME=/opt/rustwide/cargo-home" "-e" "RUSTUP_HOME=/opt/rustwide/rustup-home" "-w" "/opt/rustwide/workdir" "-m" "1610612736" "--user" "0:0" "--network" "none" "ghcr.io/rust-lang/crates-build-env/linux@sha256:2788e3201cd34a07e3172128adcd8b3090168a8e3bcc40d7c032b9dda1df7d1c" "/opt/rustwide/cargo-home/bin/cargo" "+1.75.0" "build" "--frozen" "--message-format=json", kill_on_drop: false }`
[INFO] [stdout] 3a3ce77b4e92266dcf4fa21a1518ad4883996578c70aa933eec9b696a3edb2dd
[INFO] running `Command { std: "docker" "start" "-a" "3a3ce77b4e92266dcf4fa21a1518ad4883996578c70aa933eec9b696a3edb2dd", kill_on_drop: false }`
[INFO] [stderr]    Compiling libc v0.2.151
[INFO] [stderr]    Compiling rand_core v0.4.2
[INFO] [stderr]    Compiling byteorder v1.5.0
[INFO] [stderr]    Compiling nodrop v0.1.14
[INFO] [stderr]    Compiling glob v0.2.11
[INFO] [stderr]    Compiling arrayvec v0.4.12
[INFO] [stderr]    Compiling serde v1.0.194
[INFO] [stderr]    Compiling humantime v1.3.0
[INFO] [stderr]    Compiling num-traits v0.2.17
[INFO] [stderr]    Compiling generic-array v0.14.7
[INFO] [stderr]    Compiling maybe-uninit v2.0.0
[INFO] [stderr]    Compiling proc-macro2 v0.3.5
[INFO] [stderr]    Compiling indexmap v1.9.3
[INFO] [stderr]    Compiling num-integer v0.1.45
[INFO] [stderr]    Compiling linked-hash-map v0.5.6
[INFO] [stderr]    Compiling bindgen v0.37.4
[INFO] [stderr]    Compiling crunchy v0.2.2
[INFO] [stderr]    Compiling rand_core v0.3.1
[INFO] [stderr]    Compiling parking_lot_core v0.3.1
[INFO] [stderr]    Compiling syn v1.0.109
[INFO] [stderr]    Compiling stable_deref_trait v1.2.0
[INFO] [stderr]    Compiling quote v0.5.2
[INFO] [stderr]    Compiling traitobject v0.1.0
[INFO] [stderr]    Compiling subtle v2.4.1
[INFO] [stderr]    Compiling clang-sys v0.23.0
[INFO] [stderr]    Compiling digest v0.9.0
[INFO] [stderr]    Compiling hashbrown v0.12.3
[INFO] [stderr]    Compiling gimli v0.28.1
[INFO] [stderr]    Compiling unsafe-any v0.4.2
[INFO] [stderr]    Compiling smallvec v0.6.14
[INFO] [stderr]    Compiling block-buffer v0.9.0
[INFO] [stderr]    Compiling owning_ref v0.4.1
[INFO] [stderr]    Compiling rand_pcg v0.1.2
[INFO] [stderr]    Compiling rand_chacha v0.1.1
[INFO] [stderr]    Compiling yaml-rust v0.4.5
[INFO] [stderr]    Compiling num-bigint v0.2.6
[INFO] [stderr]    Compiling object v0.32.2
[INFO] [stderr]    Compiling odds v0.2.26
[INFO] [stderr]    Compiling rustc-demangle v0.1.23
[INFO] [stderr]    Compiling rustc-hex v2.1.0
[INFO] [stderr]    Compiling scopeguard v0.3.3
[INFO] [stderr]    Compiling lock_api v0.1.5
[INFO] [stderr]    Compiling arrayvec v0.3.25
[INFO] [stderr]    Compiling rand v0.6.5
[INFO] [stderr]    Compiling zeroize v1.7.0
[INFO] [stderr]    Compiling typemap v0.3.3
[INFO] [stderr]    Compiling crypto-mac v0.11.1
[INFO] [stderr]    Compiling rand_xorshift v0.1.1
[INFO] [stderr]    Compiling rand_isaac v0.1.1
[INFO] [stderr]    Compiling rand_hc v0.1.0
[INFO] [stderr]    Compiling rand_jitter v0.1.4
[INFO] [stderr]    Compiling generic-array v0.12.4
[INFO] [stderr]    Compiling num-rational v0.2.4
[INFO] [stderr]    Compiling num-complex v0.2.4
[INFO] [stderr]    Compiling num-iter v0.1.43
[INFO] [stderr]    Compiling rustc-serialize v0.3.25
[INFO] [stderr]    Compiling same-file v1.0.6
[INFO] [stderr]    Compiling static_assertions v0.2.5
[INFO] [stderr]    Compiling byte-tools v0.3.1
[INFO] [stderr]    Compiling log-mdc v0.1.0
[INFO] [stderr]    Compiling crunchy v0.1.6
[INFO] [stderr]    Compiling antidote v1.0.0
[INFO] [stderr]    Compiling unicode-xid v0.2.4
[INFO] [stderr]    Compiling arc-swap v0.3.11
[INFO] [stderr]    Compiling gcc v0.3.55
[INFO] [stderr]    Compiling failure_derive v0.1.8
[INFO] [stderr]    Compiling base64ct v1.6.0
[INFO] [stderr]    Compiling cc v1.0.83
[INFO] [stderr]    Compiling rand v0.5.6
[INFO] [stderr]    Compiling memchr v1.0.2
[INFO] [stderr]    Compiling atty v0.2.14
[INFO] [stderr]    Compiling which v1.0.5
[INFO] [stderr]    Compiling clap v2.34.0
[INFO] [stderr]    Compiling ordered-float v1.1.1
[INFO] [stderr]    Compiling nom v3.2.1
[INFO] [stderr]    Compiling thread-id v3.3.0
[INFO] [stderr]    Compiling rand_os v0.1.3
[INFO] [stderr]    Compiling safemem v0.3.3
[INFO] [stderr]    Compiling base64 v0.9.3
[INFO] [stderr]    Compiling password-hash v0.2.3
[INFO] [stderr]    Compiling rand v0.4.6
[INFO] [stderr]    Compiling sha2 v0.9.9
[INFO] [stderr]    Compiling liblmdb-sys v0.2.2
[INFO] [stderr]    Compiling cexpr v0.2.3
[INFO] [stderr]    Compiling parking_lot v0.6.4
[INFO] [stderr]    Compiling fixed-hash v0.3.2
[INFO] [stderr]    Compiling block-padding v0.1.5
[INFO] [stderr]    Compiling libloading v0.5.2
[INFO] [stderr]    Compiling backtrace v0.3.69
[INFO] [stderr]    Compiling grin_secp256k1zkp v0.7.12
[INFO] [stderr]    Compiling walkdir v2.4.0
[INFO] [stderr]    Compiling hmac v0.11.0
[INFO] [stderr]    Compiling zip v0.5.13
[INFO] [stderr]    Compiling uint v0.7.1
[INFO] [stderr]    Compiling constant_time_eq v0.1.5
[INFO] [stderr]    Compiling addr2line v0.21.0
[INFO] [stderr]    Compiling synstructure v0.12.6
[INFO] [stderr]    Compiling blake2-rfc v0.2.18
[INFO] [stderr]    Compiling pbkdf2 v0.8.0
[INFO] [stderr]    Compiling log v0.4.20
[INFO] [stderr]    Compiling serde_json v1.0.111
[INFO] [stderr]    Compiling serde-value v0.5.3
[INFO] [stderr]    Compiling chrono v0.4.31
[INFO] [stderr]    Compiling serde_yaml v0.8.26
[INFO] [stderr]    Compiling parity-codec v3.5.4
[INFO] [stderr]    Compiling uuid v0.6.5
[INFO] [stderr]    Compiling env_logger v0.5.13
[INFO] [stderr]    Compiling block-buffer v0.7.3
[INFO] [stderr]    Compiling num-traits v0.1.43
[INFO] [stderr]    Compiling digest v0.8.1
[INFO] [stderr]    Compiling ripemd160 v0.9.1
[INFO] [stderr]    Compiling tiny-keccak v1.5.0
[INFO] [stderr]    Compiling fake-simd v0.1.2
[INFO] [stderr]    Compiling opaque-debug v0.2.3
[INFO] [stderr]    Compiling sha2 v0.8.2
[INFO] [stderr]    Compiling bigint v4.4.3
[INFO] [stderr]    Compiling impl-codec v0.2.0
[INFO] [stderr]    Compiling primitive-types v0.3.0
[INFO] [stderr]    Compiling enum_primitive v0.1.1
[INFO] [stderr]    Compiling num v0.2.1
[INFO] [stderr]    Compiling lru-cache v0.1.2
[INFO] [stderr]    Compiling siphasher v0.2.3
[INFO] [stderr]    Compiling bitflags v0.9.1
[INFO] [stderr]    Compiling supercow v0.1.0
[INFO] [stderr]    Compiling md5 v0.6.1
[INFO] [stderr]    Compiling memmap v0.7.0
[INFO] [stderr]    Compiling log4rs v0.8.3
[INFO] [stderr]    Compiling keccak-hash v0.2.0
[INFO] [stderr]    Compiling failure v0.1.8
[INFO] [stderr]    Compiling stack_test_epic_util v3.0.3
[INFO] [stderr]    Compiling stack_test_epic_keychain v3.0.3
[INFO] [stderr]    Compiling lmdb-zero v0.4.4
[INFO] [stderr]    Compiling croaring-sys v0.3.9
[INFO] [stderr]    Compiling croaring v0.3.9
[INFO] [stderr]    Compiling stack_test_epic_core v3.0.3
[INFO] [stderr]    Compiling stack_test_epic_store v3.0.3
[INFO] [stderr]    Compiling stack_test_epic_pool v3.0.3 (/opt/rustwide/workdir)
[INFO] [stdout] warning: unused import: `self::util::RwLock`
[INFO] [stdout]   --> src/pool.rs:24:5
[INFO] [stdout]    |
[INFO] [stdout] 24 | use self::util::RwLock;
[INFO] [stdout]    |     ^^^^^^^^^^^^^^^^^^
[INFO] [stdout]    |
[INFO] [stdout]    = note: `#[warn(unused_imports)]` on by default
[INFO] [stdout] 
[INFO] [stdout] 
[INFO] [stdout] warning: 1 warning emitted
[INFO] [stdout] 
[INFO] [stdout] 
[INFO] [stderr]     Finished dev [unoptimized + debuginfo] target(s) in 40.08s
[INFO] [stderr] warning: the following packages contain code that will be rejected by a future version of Rust: bigint v4.4.3, grin_secp256k1zkp v0.7.12, nom v3.2.1, stack_test_epic_core v3.0.3, traitobject v0.1.0
[INFO] [stderr] note: to see what the problems were, use the option `--future-incompat-report`, or run `cargo report future-incompatibilities --id 1`
[INFO] running `Command { std: "docker" "inspect" "3a3ce77b4e92266dcf4fa21a1518ad4883996578c70aa933eec9b696a3edb2dd", kill_on_drop: false }`
[INFO] running `Command { std: "docker" "rm" "-f" "3a3ce77b4e92266dcf4fa21a1518ad4883996578c70aa933eec9b696a3edb2dd", kill_on_drop: false }`
[INFO] [stdout] 3a3ce77b4e92266dcf4fa21a1518ad4883996578c70aa933eec9b696a3edb2dd
[INFO] running `Command { std: "docker" "create" "-v" "/var/lib/crater-agent-workspace/builds/worker-1-tc1/target:/opt/rustwide/target:rw,Z" "-v" "/var/lib/crater-agent-workspace/builds/worker-1-tc1/source:/opt/rustwide/workdir:ro,Z" "-v" "/var/lib/crater-agent-workspace/cargo-home:/opt/rustwide/cargo-home:ro,Z" "-v" "/var/lib/crater-agent-workspace/rustup-home:/opt/rustwide/rustup-home:ro,Z" "-e" "SOURCE_DIR=/opt/rustwide/workdir" "-e" "CARGO_TARGET_DIR=/opt/rustwide/target" "-e" "CARGO_INCREMENTAL=0" "-e" "RUST_BACKTRACE=full" "-e" "RUSTFLAGS=--cap-lints=warn" "-e" "RUSTDOCFLAGS=--cap-lints=warn" "-e" "CARGO_HOME=/opt/rustwide/cargo-home" "-e" "RUSTUP_HOME=/opt/rustwide/rustup-home" "-w" "/opt/rustwide/workdir" "-m" "1610612736" "--user" "0:0" "--network" "none" "ghcr.io/rust-lang/crates-build-env/linux@sha256:2788e3201cd34a07e3172128adcd8b3090168a8e3bcc40d7c032b9dda1df7d1c" "/opt/rustwide/cargo-home/bin/cargo" "+1.75.0" "test" "--frozen" "--no-run" "--message-format=json", kill_on_drop: false }`
[INFO] [stdout] e6ea2fd7ac913ec74e8f34e3b7c983ddcf93c2deb88e808043712be395912bd5
[INFO] running `Command { std: "docker" "start" "-a" "e6ea2fd7ac913ec74e8f34e3b7c983ddcf93c2deb88e808043712be395912bd5", kill_on_drop: false }`
[INFO] [stderr]    Compiling clap v2.34.0
[INFO] [stderr]    Compiling bindgen v0.37.4
[INFO] [stderr]    Compiling croaring-sys v0.3.9
[INFO] [stderr]    Compiling croaring v0.3.9
[INFO] [stderr]    Compiling stack_test_epic_core v3.0.3
[INFO] [stderr]    Compiling stack_test_epic_store v3.0.3
[INFO] [stderr]    Compiling stack_test_epic_chain v3.0.3
[INFO] [stderr]    Compiling stack_test_epic_pool v3.0.3 (/opt/rustwide/workdir)
[INFO] [stdout] warning: unused import: `self::util::RwLock`
[INFO] [stdout]   --> src/pool.rs:24:5
[INFO] [stdout]    |
[INFO] [stdout] 24 | use self::util::RwLock;
[INFO] [stdout]    |     ^^^^^^^^^^^^^^^^^^
[INFO] [stdout]    |
[INFO] [stdout]    = note: `#[warn(unused_imports)]` on by default
[INFO] [stdout] 
[INFO] [stdout] 
[INFO] [stdout] warning: 1 warning emitted
[INFO] [stdout] 
[INFO] [stdout] 
[INFO] [stdout] error[E0433]: failed to resolve: could not find `pool` in `self`
[INFO] [stdout]   --> tests/common.rs:23:11
[INFO] [stdout]    |
[INFO] [stdout] 23 | use self::pool::types::*;
[INFO] [stdout]    |           ^^^^ could not find `pool` in `self`
[INFO] [stdout] 
[INFO] [stdout] 
[INFO] [stdout] error[E0433]: failed to resolve: could not find `pool` in `self`
[INFO] [stdout]   --> tests/common.rs:23:11
[INFO] [stdout]    |
[INFO] [stdout] 23 | use self::pool::types::*;
[INFO] [stdout]    |           ^^^^ could not find `pool` in `self`
[INFO] [stdout] 
[INFO] [stdout] 
[INFO] [stdout] error[E0433]: failed to resolve: could not find `pool` in `self`
[INFO] [stdout]   --> tests/common.rs:23:11
[INFO] [stdout]    |
[INFO] [stdout] 23 | use self::pool::types::*;
[INFO] [stdout]    |           ^^^^ could not find `pool` in `self`
[INFO] [stdout] 
[INFO] [stdout] 
[INFO] [stdout] error[E0433]: failed to resolve: could not find `pool` in `self`
[INFO] [stdout]   --> tests/common.rs:23:11
[INFO] [stdout]    |
[INFO] [stdout] 23 | use self::pool::types::*;
[INFO] [stdout]    |           ^^^^ could not find `pool` in `self`
[INFO] [stdout] 
[INFO] [stdout] 
[INFO] [stdout] error[E0433]: failed to resolve: could not find `pool` in `self`
[INFO] [stdout]   --> tests/common.rs:23:11
[INFO] [stdout]    |
[INFO] [stdout] 23 | use self::pool::types::*;
[INFO] [stdout]    |           ^^^^ could not find `pool` in `self`
[INFO] [stdout] 
[INFO] [stdout] 
[INFO] [stdout] warning: unused import: `self::util::RwLock`
[INFO] [stdout]   --> src/pool.rs:24:5
[INFO] [stdout]    |
[INFO] [stdout] 24 | use self::util::RwLock;
[INFO] [stdout]    |     ^^^^^^^^^^^^^^^^^^
[INFO] [stdout]    |
[INFO] [stdout]    = note: `#[warn(unused_imports)]` on by default
[INFO] [stdout] 
[INFO] [stdout] 
[INFO] [stdout] error[E0433]: failed to resolve: unresolved import
[INFO] [stdout]   --> tests/block_reconciliation.rs:17:11
[INFO] [stdout]    |
[INFO] [stdout] 17 | use self::core::core::hash::Hashed;
[INFO] [stdout]    |           ^^^^
[INFO] [stdout]    |           |
[INFO] [stdout]    |           unresolved import
[INFO] [stdout]    |           help: a similar path exists: `stack_test_epic_core::core`
[INFO] [stdout] 
[INFO] [stdout] 
[INFO] [stdout] error[E0433]: failed to resolve: unresolved import
[INFO] [stdout]   --> tests/coinbase_maturity.rs:17:11
[INFO] [stdout]    |
[INFO] [stdout] 17 | use self::core::core::hash::Hash;
[INFO] [stdout]    |           ^^^^
[INFO] [stdout]    |           |
[INFO] [stdout]    |           unresolved import
[INFO] [stdout]    |           help: a similar path exists: `stack_test_epic_core::core`
[INFO] [stdout] 
[INFO] [stdout] 
[INFO] [stdout] error[E0433]: failed to resolve: unresolved import
[INFO] [stdout]   --> tests/block_reconciliation.rs:18:11
[INFO] [stdout]    |
[INFO] [stdout] 18 | use self::core::core::{Block, BlockHeader};
[INFO] [stdout]    |           ^^^^
[INFO] [stdout]    |           |
[INFO] [stdout]    |           unresolved import
[INFO] [stdout]    |           help: a similar path exists: `stack_test_epic_core::core`
[INFO] [stdout] 
[INFO] [stdout] 
[INFO] [stdout] error[E0433]: failed to resolve: unresolved import
[INFO] [stdout]   --> tests/coinbase_maturity.rs:18:11
[INFO] [stdout]    |
[INFO] [stdout] 18 | use self::core::core::{BlockHeader, BlockSums, Transaction};
[INFO] [stdout]    |           ^^^^
[INFO] [stdout]    |           |
[INFO] [stdout]    |           unresolved import
[INFO] [stdout]    |           help: a similar path exists: `stack_test_epic_core::core`
[INFO] [stdout] 
[INFO] [stdout] 
[INFO] [stdout] error[E0433]: failed to resolve: unresolved import
[INFO] [stdout]   --> tests/transaction_pool.rs:17:11
[INFO] [stdout]    |
[INFO] [stdout] 17 | use self::core::core::{transaction, Block, BlockHeader, Weighting};
[INFO] [stdout]    |           ^^^^
[INFO] [stdout]    |           |
[INFO] [stdout]    |           unresolved import
[INFO] [stdout]    |           help: a similar path exists: `stack_test_epic_core::core`
[INFO] [stdout] 
[INFO] [stdout] 
[INFO] [stdout] error[E0433]: failed to resolve: unresolved import
[INFO] [stdout]   --> tests/block_reconciliation.rs:20:11
[INFO] [stdout]    |
[INFO] [stdout] 20 | use self::core::pow::Difficulty;
[INFO] [stdout]    |           ^^^^
[INFO] [stdout]    |           |
[INFO] [stdout]    |           unresolved import
[INFO] [stdout]    |           help: a similar path exists: `stack_test_epic_core::core`
[INFO] [stdout] 
[INFO] [stdout] 
[INFO] [stdout] error[E0432]: unresolved import `self::core`
[INFO] [stdout]   --> tests/block_reconciliation.rs:19:11
[INFO] [stdout]    |
[INFO] [stdout] 19 | use self::core::libtx;
[INFO] [stdout]    |           ^^^^
[INFO] [stdout]    |           |
[INFO] [stdout]    |           unresolved import
[INFO] [stdout]    |           help: a similar path exists: `stack_test_epic_core::core`
[INFO] [stdout] 
[INFO] [stdout] 
[INFO] [stdout] error[E0433]: failed to resolve: unresolved import
[INFO] [stdout]   --> tests/block_max_weight.rs:19:11
[INFO] [stdout]    |
[INFO] [stdout] 19 | use self::core::core::hash::Hashed;
[INFO] [stdout]    |           ^^^^
[INFO] [stdout]    |           |
[INFO] [stdout]    |           unresolved import
[INFO] [stdout]    |           help: a similar path exists: `stack_test_epic_core::core`
[INFO] [stdout] 
[INFO] [stdout] 
[INFO] [stdout] error[E0433]: failed to resolve: could not find `pool` in the crate root
[INFO] [stdout]   --> tests/common.rs:23:11
[INFO] [stdout]    |
[INFO] [stdout] 23 | use self::pool::types::*;
[INFO] [stdout]    |           ^^^^ could not find `pool` in the crate root
[INFO] [stdout] 
[INFO] [stdout] 
[INFO] [stdout] error[E0433]: failed to resolve: unresolved import
[INFO] [stdout]   --> tests/block_max_weight.rs:20:11
[INFO] [stdout]    |
[INFO] [stdout] 20 | use self::core::core::{Block, BlockHeader, Transaction};
[INFO] [stdout]    |           ^^^^
[INFO] [stdout]    |           |
[INFO] [stdout]    |           unresolved import
[INFO] [stdout]    |           help: a similar path exists: `stack_test_epic_core::core`
[INFO] [stdout] 
[INFO] [stdout] 
[INFO] [stdout] error[E0433]: failed to resolve: unresolved import
[INFO] [stdout]   --> tests/transaction_pool.rs:19:11
[INFO] [stdout]    |
[INFO] [stdout] 19 | use self::core::pow::Difficulty;
[INFO] [stdout]    |           ^^^^
[INFO] [stdout]    |           |
[INFO] [stdout]    |           unresolved import
[INFO] [stdout]    |           help: a similar path exists: `stack_test_epic_core::core`
[INFO] [stdout] 
[INFO] [stdout] 
[INFO] [stdout] error[E0432]: unresolved import `self::keychain`
[INFO] [stdout]   --> tests/block_reconciliation.rs:21:11
[INFO] [stdout]    |
[INFO] [stdout] 21 | use self::keychain::{ExtKeychain, Keychain};
[INFO] [stdout]    |           ^^^^^^^^
[INFO] [stdout]    |           |
[INFO] [stdout]    |           unresolved import
[INFO] [stdout]    |           help: a similar path exists: `stack_test_epic_keychain::keychain`
[INFO] [stdout] 
[INFO] [stdout] 
[INFO] [stdout] error[E0433]: failed to resolve: could not find `chain` in the crate root
[INFO] [stdout]   --> tests/common.rs:17:11
[INFO] [stdout]    |
[INFO] [stdout] 17 | use self::chain::store::ChainStore;
[INFO] [stdout]    |           ^^^^^ could not find `chain` in the crate root
[INFO] [stdout] 
[INFO] [stdout] 
[INFO] [stdout] error[E0432]: unresolved import `self::core`
[INFO] [stdout]   --> tests/transaction_pool.rs:18:11
[INFO] [stdout]    |
[INFO] [stdout] 18 | use self::core::libtx;
[INFO] [stdout]    |           ^^^^
[INFO] [stdout]    |           |
[INFO] [stdout]    |           unresolved import
[INFO] [stdout]    |           help: a similar path exists: `stack_test_epic_core::core`
[INFO] [stdout] 
[INFO] [stdout] 
[INFO] [stdout] error[E0432]: unresolved import `self::util`
[INFO] [stdout]   --> tests/block_reconciliation.rs:22:11
[INFO] [stdout]    |
[INFO] [stdout] 22 | use self::util::RwLock;
[INFO] [stdout]    |           ^^^^ could not find `util` in the crate root
[INFO] [stdout] 
[INFO] [stdout] 
[INFO] [stdout] error[E0433]: failed to resolve: could not find `chain` in the crate root
[INFO] [stdout]   --> tests/common.rs:18:11
[INFO] [stdout]    |
[INFO] [stdout] 18 | use self::chain::types::Tip;
[INFO] [stdout]    |           ^^^^^ could not find `chain` in the crate root
[INFO] [stdout] 
[INFO] [stdout] 
[INFO] [stdout] error[E0432]: unresolved import `self::keychain`
[INFO] [stdout]   --> tests/transaction_pool.rs:20:11
[INFO] [stdout]    |
[INFO] [stdout] 20 | use self::keychain::{ExtKeychain, Keychain};
[INFO] [stdout]    |           ^^^^^^^^
[INFO] [stdout]    |           |
[INFO] [stdout]    |           unresolved import
[INFO] [stdout]    |           help: a similar path exists: `stack_test_epic_keychain::keychain`
[INFO] [stdout] 
[INFO] [stdout] 
[INFO] [stdout] error[E0432]: unresolved import `epic_core`
[INFO] [stdout]   --> tests/block_reconciliation.rs:25:5
[INFO] [stdout]    |
[INFO] [stdout] 25 | use epic_core as core;
[INFO] [stdout]    |     ^^^^^^^^^^^^^^^^^ no external crate `epic_core`
[INFO] [stdout] 
[INFO] [stdout] 
[INFO] [stdout] error[E0432]: unresolved import `self::core`
[INFO] [stdout]   --> tests/block_max_weight.rs:21:11
[INFO] [stdout]    |
[INFO] [stdout] 21 | use self::core::global;
[INFO] [stdout]    |           ^^^^
[INFO] [stdout]    |           |
[INFO] [stdout]    |           unresolved import
[INFO] [stdout]    |           help: a similar path exists: `stack_test_epic_core::core`
[INFO] [stdout] 
[INFO] [stdout] 
[INFO] [stdout] error[E0432]: unresolved import `self::pool`
[INFO] [stdout]   --> tests/transaction_pool.rs:21:11
[INFO] [stdout]    |
[INFO] [stdout] 21 | use self::pool::TxSource;
[INFO] [stdout]    |           ^^^^ could not find `pool` in the crate root
[INFO] [stdout] 
[INFO] [stdout] 
[INFO] [stdout] error[E0433]: failed to resolve: could not find `pool` in the crate root
[INFO] [stdout]   --> tests/coinbase_maturity.rs:20:11
[INFO] [stdout]    |
[INFO] [stdout] 20 | use self::pool::types::{BlockChain, PoolError};
[INFO] [stdout]    |           ^^^^ could not find `pool` in the crate root
[INFO] [stdout] 
[INFO] [stdout] 
[INFO] [stdout] error[E0432]: unresolved import `epic_keychain`
[INFO] [stdout]   --> tests/block_reconciliation.rs:26:5
[INFO] [stdout]    |
[INFO] [stdout] 26 | use epic_keychain as keychain;
[INFO] [stdout]    |     ^^^^^^^^^^^^^^^^^^^^^^^^^ no external crate `epic_keychain`
[INFO] [stdout] 
[INFO] [stdout] 
[INFO] [stdout] error[E0432]: unresolved import `self::util`
[INFO] [stdout]   --> tests/transaction_pool.rs:22:11
[INFO] [stdout]    |
[INFO] [stdout] 22 | use self::util::RwLock;
[INFO] [stdout]    |           ^^^^ could not find `util` in the crate root
[INFO] [stdout] 
[INFO] [stdout] 
[INFO] [stdout] error[E0433]: failed to resolve: unresolved import
[INFO] [stdout]   --> tests/block_max_weight.rs:23:11
[INFO] [stdout]    |
[INFO] [stdout] 23 | use self::core::pow::Difficulty;
[INFO] [stdout]    |           ^^^^
[INFO] [stdout]    |           |
[INFO] [stdout]    |           unresolved import
[INFO] [stdout]    |           help: a similar path exists: `stack_test_epic_core::core`
[INFO] [stdout] 
[INFO] [stdout] 
[INFO] [stdout] error[E0433]: failed to resolve: could not find `chain` in `self`
[INFO] [stdout]   --> tests/common.rs:17:11
[INFO] [stdout]    |
[INFO] [stdout] 17 | use self::chain::store::ChainStore;
[INFO] [stdout]    |           ^^^^^ could not find `chain` in `self`
[INFO] [stdout] 
[INFO] [stdout] 
[INFO] [stdout] error[E0433]: failed to resolve: could not find `chain` in `self`
[INFO] [stdout]   --> tests/common.rs:18:11
[INFO] [stdout]    |
[INFO] [stdout] 18 | use self::chain::types::Tip;
[INFO] [stdout]    |           ^^^^^ could not find `chain` in `self`
[INFO] [stdout] 
[INFO] [stdout] 
[INFO] [stdout] error[E0433]: failed to resolve: could not find `core` in `self`
[INFO] [stdout]   --> tests/common.rs:19:11
[INFO] [stdout]    |
[INFO] [stdout] 19 | use self::core::core::hash::{Hash, Hashed};
[INFO] [stdout]    |           ^^^^ could not find `core` in `self`
[INFO] [stdout] 
[INFO] [stdout] 
[INFO] [stdout] error[E0432]: unresolved import `epic_core`
[INFO] [stdout]   --> tests/transaction_pool.rs:24:5
[INFO] [stdout]    |
[INFO] [stdout] 24 | use epic_core as core;
[INFO] [stdout]    |     ^^^^^^^^^^^^^^^^^ no external crate `epic_core`
[INFO] [stdout] 
[INFO] [stdout] 
[INFO] [stdout] error[E0432]: unresolved import `self::core`
[INFO] [stdout]   --> tests/block_max_weight.rs:22:11
[INFO] [stdout]    |
[INFO] [stdout] 22 | use self::core::libtx;
[INFO] [stdout]    |           ^^^^
[INFO] [stdout]    |           |
[INFO] [stdout]    |           unresolved import
[INFO] [stdout]    |           help: a similar path exists: `stack_test_epic_core::core`
[INFO] [stdout] 
[INFO] [stdout] 
[INFO] [stdout] error[E0432]: unresolved import `self::keychain`
[INFO] [stdout]   --> tests/coinbase_maturity.rs:19:11
[INFO] [stdout]    |
[INFO] [stdout] 19 | use self::keychain::{ExtKeychain, Keychain};
[INFO] [stdout]    |           ^^^^^^^^
[INFO] [stdout]    |           |
[INFO] [stdout]    |           unresolved import
[INFO] [stdout]    |           help: a similar path exists: `stack_test_epic_keychain::keychain`
[INFO] [stdout] 
[INFO] [stdout] 
[INFO] [stdout] error[E0433]: failed to resolve: could not find `core` in `self`
[INFO] [stdout]   --> tests/common.rs:20:11
[INFO] [stdout]    |
[INFO] [stdout] 20 | use self::core::core::{Block, BlockHeader, BlockSums, Committed, KernelFeatures, Transaction};
[INFO] [stdout]    |           ^^^^ could not find `core` in `self`
[INFO] [stdout] 
[INFO] [stdout] 
[INFO] [stdout] error[E0432]: unresolved import `epic_util`
[INFO] [stdout]   --> tests/block_reconciliation.rs:27:5
[INFO] [stdout]    |
[INFO] [stdout] 27 | use epic_util as util;
[INFO] [stdout]    |     ^^^^^^^^^^^^^^^^^ no external crate `epic_util`
[INFO] [stdout] 
[INFO] [stdout] 
[INFO] [stdout] error[E0433]: failed to resolve: unresolved import
[INFO] [stdout]   --> tests/common.rs:19:11
[INFO] [stdout]    |
[INFO] [stdout] 19 | use self::core::core::hash::{Hash, Hashed};
[INFO] [stdout]    |           ^^^^
[INFO] [stdout]    |           |
[INFO] [stdout]    |           unresolved import
[INFO] [stdout]    |           help: a similar path exists: `stack_test_epic_core::core`
[INFO] [stdout] 
[INFO] [stdout] 
[INFO] [stdout] error[E0433]: failed to resolve: unresolved import
[INFO] [stdout]   --> tests/common.rs:20:11
[INFO] [stdout]    |
[INFO] [stdout] 20 | use self::core::core::{Block, BlockHeader, BlockSums, Committed, KernelFeatures, Transaction};
[INFO] [stdout]    |           ^^^^
[INFO] [stdout]    |           |
[INFO] [stdout]    |           unresolved import
[INFO] [stdout]    |           help: a similar path exists: `stack_test_epic_core::core`
[INFO] [stdout] 
[INFO] [stdout] 
[INFO] [stdout] error[E0432]: unresolved import `epic_keychain`
[INFO] [stdout]   --> tests/transaction_pool.rs:25:5
[INFO] [stdout]    |
[INFO] [stdout] 25 | use epic_keychain as keychain;
[INFO] [stdout]    |     ^^^^^^^^^^^^^^^^^^^^^^^^^ no external crate `epic_keychain`
[INFO] [stdout] 
[INFO] [stdout] 
[INFO] [stdout] error[E0432]: unresolved import `self::core`
[INFO] [stdout]   --> tests/common.rs:21:11
[INFO] [stdout]    |
[INFO] [stdout] 21 | use self::core::libtx;
[INFO] [stdout]    |           ^^^^ could not find `core` in `self`
[INFO] [stdout] 
[INFO] [stdout] 
[INFO] [stdout] error[E0432]: unresolved import `self::keychain`
[INFO] [stdout]   --> tests/common.rs:22:11
[INFO] [stdout]    |
[INFO] [stdout] 22 | use self::keychain::{ExtKeychain, Keychain};
[INFO] [stdout]    |           ^^^^^^^^ could not find `keychain` in `self`
[INFO] [stdout] 
[INFO] [stdout] 
[INFO] [stdout] error[E0432]: unresolved import `self::util`
[INFO] [stdout]   --> tests/coinbase_maturity.rs:21:11
[INFO] [stdout]    |
[INFO] [stdout] 21 | use self::util::RwLock;
[INFO] [stdout]    |           ^^^^ could not find `util` in the crate root
[INFO] [stdout] 
[INFO] [stdout] 
[INFO] [stdout] error[E0433]: failed to resolve: could not find `util` in `self`
[INFO] [stdout]   --> tests/common.rs:25:11
[INFO] [stdout]    |
[INFO] [stdout] 25 | use self::util::secp::pedersen::Commitment;
[INFO] [stdout]    |           ^^^^ could not find `util` in `self`
[INFO] [stdout] 
[INFO] [stdout] 
[INFO] [stdout] error[E0432]: unresolved import `self::pool`
[INFO] [stdout]   --> tests/common.rs:24:11
[INFO] [stdout]    |
[INFO] [stdout] 24 | use self::pool::TransactionPool;
[INFO] [stdout]    |           ^^^^ could not find `pool` in `self`
[INFO] [stdout] 
[INFO] [stdout] 
[INFO] [stdout] error[E0432]: unresolved import `self::keychain`
[INFO] [stdout]   --> tests/block_max_weight.rs:24:11
[INFO] [stdout]    |
[INFO] [stdout] 24 | use self::keychain::{ExtKeychain, Keychain};
[INFO] [stdout]    |           ^^^^^^^^
[INFO] [stdout]    |           |
[INFO] [stdout]    |           unresolved import
[INFO] [stdout]    |           help: a similar path exists: `stack_test_epic_keychain::keychain`
[INFO] [stdout] 
[INFO] [stdout] 
[INFO] [stdout] error[E0432]: unresolved import `epic_pool`
[INFO] [stdout]   --> tests/transaction_pool.rs:26:5
[INFO] [stdout]    |
[INFO] [stdout] 26 | use epic_pool as pool;
[INFO] [stdout]    |     ^^^^^^^^^^^^^^^^^ no external crate `epic_pool`
[INFO] [stdout] 
[INFO] [stdout] 
[INFO] [stdout] error[E0433]: failed to resolve: could not find `chain` in `self`
[INFO] [stdout]   --> tests/common.rs:17:11
[INFO] [stdout]    |
[INFO] [stdout] 17 | use self::chain::store::ChainStore;
[INFO] [stdout]    |           ^^^^^ could not find `chain` in `self`
[INFO] [stdout] 
[INFO] [stdout] 
[INFO] [stdout] error[E0433]: failed to resolve: could not find `chain` in `self`
[INFO] [stdout]   --> tests/common.rs:18:11
[INFO] [stdout]    |
[INFO] [stdout] 18 | use self::chain::types::Tip;
[INFO] [stdout]    |           ^^^^^ could not find `chain` in `self`
[INFO] [stdout] 
[INFO] [stdout] 
[INFO] [stdout] error[E0432]: unresolved import `epic_core`
[INFO] [stdout]   --> tests/coinbase_maturity.rs:23:5
[INFO] [stdout]    |
[INFO] [stdout] 23 | use epic_core as core;
[INFO] [stdout]    |     ^^^^^^^^^^^^^^^^^ no external crate `epic_core`
[INFO] [stdout] 
[INFO] [stdout] 
[INFO] [stdout] error[E0433]: failed to resolve: could not find `core` in `self`
[INFO] [stdout]   --> tests/common.rs:19:11
[INFO] [stdout]    |
[INFO] [stdout] 19 | use self::core::core::hash::{Hash, Hashed};
[INFO] [stdout]    |           ^^^^ could not find `core` in `self`
[INFO] [stdout] 
[INFO] [stdout] 
[INFO] [stdout] error[E0433]: failed to resolve: could not find `core` in `self`
[INFO] [stdout]   --> tests/common.rs:20:11
[INFO] [stdout]    |
[INFO] [stdout] 20 | use self::core::core::{Block, BlockHeader, BlockSums, Committed, KernelFeatures, Transaction};
[INFO] [stdout]    |           ^^^^ could not find `core` in `self`
[INFO] [stdout] 
[INFO] [stdout] 
[INFO] [stdout] error[E0432]: unresolved import `self::util`
[INFO] [stdout]   --> tests/block_max_weight.rs:25:11
[INFO] [stdout]    |
[INFO] [stdout] 25 | use self::util::RwLock;
[INFO] [stdout]    |           ^^^^ could not find `util` in the crate root
[INFO] [stdout] 
[INFO] [stdout] 
[INFO] [stdout] error[E0432]: unresolved import `epic_util`
[INFO] [stdout]   --> tests/transaction_pool.rs:27:5
[INFO] [stdout]    |
[INFO] [stdout] 27 | use epic_util as util;
[INFO] [stdout]    |     ^^^^^^^^^^^^^^^^^ no external crate `epic_util`
[INFO] [stdout] 
[INFO] [stdout] 
[INFO] [stdout] error[E0432]: unresolved import `self::core`
[INFO] [stdout]   --> tests/common.rs:21:11
[INFO] [stdout]    |
[INFO] [stdout] 21 | use self::core::libtx;
[INFO] [stdout]    |           ^^^^ could not find `core` in `self`
[INFO] [stdout] 
[INFO] [stdout] 
[INFO] [stdout] error[E0432]: unresolved import `self::keychain`
[INFO] [stdout]   --> tests/common.rs:22:11
[INFO] [stdout]    |
[INFO] [stdout] 22 | use self::keychain::{ExtKeychain, Keychain};
[INFO] [stdout]    |           ^^^^^^^^ could not find `keychain` in `self`
[INFO] [stdout] 
[INFO] [stdout] 
[INFO] [stdout] error[E0432]: unresolved import `epic_keychain`
[INFO] [stdout]   --> tests/coinbase_maturity.rs:24:5
[INFO] [stdout]    |
[INFO] [stdout] 24 | use epic_keychain as keychain;
[INFO] [stdout]    |     ^^^^^^^^^^^^^^^^^^^^^^^^^ no external crate `epic_keychain`
[INFO] [stdout] 
[INFO] [stdout] 
[INFO] [stdout] error[E0433]: failed to resolve: could not find `util` in `self`
[INFO] [stdout]   --> tests/common.rs:25:11
[INFO] [stdout]    |
[INFO] [stdout] 25 | use self::util::secp::pedersen::Commitment;
[INFO] [stdout]    |           ^^^^ could not find `util` in `self`
[INFO] [stdout] 
[INFO] [stdout] 
[INFO] [stdout] error[E0432]: unresolved import `self::pool`
[INFO] [stdout]   --> tests/common.rs:24:11
[INFO] [stdout]    |
[INFO] [stdout] 24 | use self::pool::TransactionPool;
[INFO] [stdout]    |           ^^^^ could not find `pool` in `self`
[INFO] [stdout] 
[INFO] [stdout] 
[INFO] [stdout] error[E0432]: unresolved import `epic_core`
[INFO] [stdout]   --> tests/block_max_weight.rs:27:5
[INFO] [stdout]    |
[INFO] [stdout] 27 | use epic_core as core;
[INFO] [stdout]    |     ^^^^^^^^^^^^^^^^^ no external crate `epic_core`
[INFO] [stdout] 
[INFO] [stdout] 
[INFO] [stdout] error[E0432]: unresolved import `self::util`
[INFO] [stdout]   --> tests/common.rs:26:11
[INFO] [stdout]    |
[INFO] [stdout] 26 | use self::util::RwLock;
[INFO] [stdout]    |           ^^^^ could not find `util` in `self`
[INFO] [stdout] 
[INFO] [stdout] 
[INFO] [stdout] error[E0432]: unresolved import `self::core`
[INFO] [stdout]   --> tests/common.rs:21:11
[INFO] [stdout]    |
[INFO] [stdout] 21 | use self::core::libtx;
[INFO] [stdout]    |           ^^^^
[INFO] [stdout]    |           |
[INFO] [stdout]    |           unresolved import
[INFO] [stdout]    |           help: a similar path exists: `stack_test_epic_core::core`
[INFO] [stdout] 
[INFO] [stdout] 
[INFO] [stdout] error[E0432]: unresolved import `self::util`
[INFO] [stdout]   --> tests/common.rs:26:11
[INFO] [stdout]    |
[INFO] [stdout] 26 | use self::util::RwLock;
[INFO] [stdout]    |           ^^^^ could not find `util` in `self`
[INFO] [stdout] 
[INFO] [stdout] 
[INFO] [stdout] error[E0432]: unresolved import `epic_keychain`
[INFO] [stdout]   --> tests/block_max_weight.rs:28:5
[INFO] [stdout]    |
[INFO] [stdout] 28 | use epic_keychain as keychain;
[INFO] [stdout]    |     ^^^^^^^^^^^^^^^^^^^^^^^^^ no external crate `epic_keychain`
[INFO] [stdout] 
[INFO] [stdout] 
[INFO] [stdout] error[E0433]: failed to resolve: could not find `chain` in `self`
[INFO] [stdout]   --> tests/common.rs:17:11
[INFO] [stdout]    |
[INFO] [stdout] 17 | use self::chain::store::ChainStore;
[INFO] [stdout]    |           ^^^^^ could not find `chain` in `self`
[INFO] [stdout] 
[INFO] [stdout] 
[INFO] [stdout] error[E0432]: unresolved import `epic_pool`
[INFO] [stdout]   --> tests/coinbase_maturity.rs:25:5
[INFO] [stdout]    |
[INFO] [stdout] 25 | use epic_pool as pool;
[INFO] [stdout]    |     ^^^^^^^^^^^^^^^^^ no external crate `epic_pool`
[INFO] [stdout] 
[INFO] [stdout] 
[INFO] [stdout] error[E0433]: failed to resolve: could not find `chain` in `self`
[INFO] [stdout]   --> tests/common.rs:18:11
[INFO] [stdout]    |
[INFO] [stdout] 18 | use self::chain::types::Tip;
[INFO] [stdout]    |           ^^^^^ could not find `chain` in `self`
[INFO] [stdout] 
[INFO] [stdout] 
[INFO] [stdout] error[E0433]: failed to resolve: could not find `chain` in `self`
[INFO] [stdout]   --> tests/common.rs:17:11
[INFO] [stdout]    |
[INFO] [stdout] 17 | use self::chain::store::ChainStore;
[INFO] [stdout]    |           ^^^^^ could not find `chain` in `self`
[INFO] [stdout] 
[INFO] [stdout] 
[INFO] [stdout] error[E0432]: unresolved import `epic_chain`
[INFO] [stdout]   --> tests/common.rs:27:5
[INFO] [stdout]    |
[INFO] [stdout] 27 | use epic_chain as chain;
[INFO] [stdout]    |     ^^^^^^^^^^^^^^^^^^^ no external crate `epic_chain`
[INFO] [stdout] 
[INFO] [stdout] 
[INFO] [stdout] error[E0433]: failed to resolve: could not find `core` in `self`
[INFO] [stdout]   --> tests/common.rs:19:11
[INFO] [stdout]    |
[INFO] [stdout] 19 | use self::core::core::hash::{Hash, Hashed};
[INFO] [stdout]    |           ^^^^ could not find `core` in `self`
[INFO] [stdout] 
[INFO] [stdout] 
[INFO] [stdout] error[E0432]: unresolved import `epic_chain`
[INFO] [stdout]   --> tests/common.rs:27:5
[INFO] [stdout]    |
[INFO] [stdout] 27 | use epic_chain as chain;
[INFO] [stdout]    |     ^^^^^^^^^^^^^^^^^^^ no external crate `epic_chain`
[INFO] [stdout] 
[INFO] [stdout] 
[INFO] [stdout] error[E0433]: failed to resolve: could not find `chain` in `self`
[INFO] [stdout]   --> tests/common.rs:18:11
[INFO] [stdout]    |
[INFO] [stdout] 18 | use self::chain::types::Tip;
[INFO] [stdout]    |           ^^^^^ could not find `chain` in `self`
[INFO] [stdout] 
[INFO] [stdout] 
[INFO] [stdout] error[E0433]: failed to resolve: could not find `core` in `self`
[INFO] [stdout]   --> tests/common.rs:20:11
[INFO] [stdout]    |
[INFO] [stdout] 20 | use self::core::core::{Block, BlockHeader, BlockSums, Committed, KernelFeatures, Transaction};
[INFO] [stdout]    |           ^^^^ could not find `core` in `self`
[INFO] [stdout] 
[INFO] [stdout] 
[INFO] [stdout] error[E0432]: unresolved import `epic_util`
[INFO] [stdout]   --> tests/block_max_weight.rs:29:5
[INFO] [stdout]    |
[INFO] [stdout] 29 | use epic_util as util;
[INFO] [stdout]    |     ^^^^^^^^^^^^^^^^^ no external crate `epic_util`
[INFO] [stdout] 
[INFO] [stdout] 
[INFO] [stdout] error[E0433]: failed to resolve: could not find `core` in `self`
[INFO] [stdout]   --> tests/common.rs:19:11
[INFO] [stdout]    |
[INFO] [stdout] 19 | use self::core::core::hash::{Hash, Hashed};
[INFO] [stdout]    |           ^^^^ could not find `core` in `self`
[INFO] [stdout] 
[INFO] [stdout] 
[INFO] [stdout] error[E0432]: unresolved import `self::core`
[INFO] [stdout]   --> tests/common.rs:21:11
[INFO] [stdout]    |
[INFO] [stdout] 21 | use self::core::libtx;
[INFO] [stdout]    |           ^^^^ could not find `core` in `self`
[INFO] [stdout] 
[INFO] [stdout] 
[INFO] [stdout] error[E0433]: failed to resolve: could not find `core` in `self`
[INFO] [stdout]   --> tests/common.rs:20:11
[INFO] [stdout]    |
[INFO] [stdout] 20 | use self::core::core::{Block, BlockHeader, BlockSums, Committed, KernelFeatures, Transaction};
[INFO] [stdout]    |           ^^^^ could not find `core` in `self`
[INFO] [stdout] 
[INFO] [stdout] 
[INFO] [stdout] error[E0432]: unresolved import `self::keychain`
[INFO] [stdout]   --> tests/common.rs:22:11
[INFO] [stdout]    |
[INFO] [stdout] 22 | use self::keychain::{ExtKeychain, Keychain};
[INFO] [stdout]    |           ^^^^^^^^ could not find `keychain` in `self`
[INFO] [stdout] 
[INFO] [stdout] 
[INFO] [stdout] error[E0432]: unresolved import `epic_util`
[INFO] [stdout]   --> tests/coinbase_maturity.rs:26:5
[INFO] [stdout]    |
[INFO] [stdout] 26 | use epic_util as util;
[INFO] [stdout]    |     ^^^^^^^^^^^^^^^^^ no external crate `epic_util`
[INFO] [stdout] 
[INFO] [stdout] 
[INFO] [stdout] error[E0432]: unresolved import `epic_core`
[INFO] [stdout]   --> tests/common.rs:28:5
[INFO] [stdout]    |
[INFO] [stdout] 28 | use epic_core as core;
[INFO] [stdout]    |     ^^^^^^^^^^^^^^^^^ no external crate `epic_core`
[INFO] [stdout] 
[INFO] [stdout] 
[INFO] [stdout] error[E0432]: unresolved import `self::keychain`
[INFO] [stdout]   --> tests/common.rs:22:11
[INFO] [stdout]    |
[INFO] [stdout] 22 | use self::keychain::{ExtKeychain, Keychain};
[INFO] [stdout]    |           ^^^^^^^^
[INFO] [stdout]    |           |
[INFO] [stdout]    |           unresolved import
[INFO] [stdout]    |           help: a similar path exists: `stack_test_epic_keychain::keychain`
[INFO] [stdout] 
[INFO] [stdout] 
[INFO] [stdout] error[E0432]: unresolved import `self::core`
[INFO] [stdout]   --> tests/common.rs:21:11
[INFO] [stdout]    |
[INFO] [stdout] 21 | use self::core::libtx;
[INFO] [stdout]    |           ^^^^ could not find `core` in `self`
[INFO] [stdout] 
[INFO] [stdout] 
[INFO] [stdout] error[E0433]: failed to resolve: could not find `util` in `self`
[INFO] [stdout]   --> tests/common.rs:25:11
[INFO] [stdout]    |
[INFO] [stdout] 25 | use self::util::secp::pedersen::Commitment;
[INFO] [stdout]    |           ^^^^ could not find `util` in `self`
[INFO] [stdout] 
[INFO] [stdout] 
[INFO] [stdout] error[E0432]: unresolved import `epic_core`
[INFO] [stdout]   --> tests/common.rs:28:5
[INFO] [stdout]    |
[INFO] [stdout] 28 | use epic_core as core;
[INFO] [stdout]    |     ^^^^^^^^^^^^^^^^^ no external crate `epic_core`
[INFO] [stdout] 
[INFO] [stdout] 
[INFO] [stdout] error[E0432]: unresolved import `self::pool`
[INFO] [stdout]   --> tests/common.rs:24:11
[INFO] [stdout]    |
[INFO] [stdout] 24 | use self::pool::TransactionPool;
[INFO] [stdout]    |           ^^^^ could not find `pool` in `self`
[INFO] [stdout] 
[INFO] [stdout] 
[INFO] [stdout] error[E0432]: unresolved import `self::keychain`
[INFO] [stdout]   --> tests/common.rs:22:11
[INFO] [stdout]    |
[INFO] [stdout] 22 | use self::keychain::{ExtKeychain, Keychain};
[INFO] [stdout]    |           ^^^^^^^^ could not find `keychain` in `self`
[INFO] [stdout] 
[INFO] [stdout] 
[INFO] [stdout] error[E0433]: failed to resolve: could not find `util` in `self`
[INFO] [stdout]   --> tests/common.rs:25:11
[INFO] [stdout]    |
[INFO] [stdout] 25 | use self::util::secp::pedersen::Commitment;
[INFO] [stdout]    |           ^^^^ could not find `util` in `self`
[INFO] [stdout] 
[INFO] [stdout] 
[INFO] [stdout] error[E0432]: unresolved import `epic_keychain`
[INFO] [stdout]   --> tests/common.rs:29:5
[INFO] [stdout]    |
[INFO] [stdout] 29 | use epic_keychain as keychain;
[INFO] [stdout]    |     ^^^^^^^^^^^^^^^^^^^^^^^^^ no external crate `epic_keychain`
[INFO] [stdout] 
[INFO] [stdout] 
[INFO] [stdout] error[E0432]: unresolved import `self::pool`
[INFO] [stdout]   --> tests/common.rs:24:11
[INFO] [stdout]    |
[INFO] [stdout] 24 | use self::pool::TransactionPool;
[INFO] [stdout]    |           ^^^^ could not find `pool` in `self`
[INFO] [stdout] 
[INFO] [stdout] 
[INFO] [stdout] error[E0433]: failed to resolve: could not find `util` in the crate root
[INFO] [stdout]   --> tests/common.rs:25:11
[INFO] [stdout]    |
[INFO] [stdout] 25 | use self::util::secp::pedersen::Commitment;
[INFO] [stdout]    |           ^^^^ could not find `util` in the crate root
[INFO] [stdout] 
[INFO] [stdout] 
[INFO] [stdout] error[E0432]: unresolved import `self::util`
[INFO] [stdout]   --> tests/common.rs:26:11
[INFO] [stdout]    |
[INFO] [stdout] 26 | use self::util::RwLock;
[INFO] [stdout]    |           ^^^^ could not find `util` in `self`
[INFO] [stdout] 
[INFO] [stdout] 
[INFO] [stdout] error[E0432]: unresolved import `epic_pool`
[INFO] [stdout]   --> tests/common.rs:30:5
[INFO] [stdout]    |
[INFO] [stdout] 30 | use epic_pool as pool;
[INFO] [stdout]    |     ^^^^^^^^^^^^^^^^^ no external crate `epic_pool`
[INFO] [stdout] 
[INFO] [stdout] 
[INFO] [stdout] error[E0432]: unresolved import `epic_keychain`
[INFO] [stdout]   --> tests/common.rs:29:5
[INFO] [stdout]    |
[INFO] [stdout] 29 | use epic_keychain as keychain;
[INFO] [stdout]    |     ^^^^^^^^^^^^^^^^^^^^^^^^^ no external crate `epic_keychain`
[INFO] [stdout] 
[INFO] [stdout] 
[INFO] [stdout] error[E0432]: unresolved import `epic_util`
[INFO] [stdout]   --> tests/common.rs:31:5
[INFO] [stdout]    |
[INFO] [stdout] 31 | use epic_util as util;
[INFO] [stdout]    |     ^^^^^^^^^^^^^^^^^ no external crate `epic_util`
[INFO] [stdout] 
[INFO] [stdout] 
[INFO] [stdout] error[E0432]: unresolved import `self::pool`
[INFO] [stdout]   --> tests/common.rs:24:11
[INFO] [stdout]    |
[INFO] [stdout] 24 | use self::pool::TransactionPool;
[INFO] [stdout]    |           ^^^^ could not find `pool` in the crate root
[INFO] [stdout] 
[INFO] [stdout] 
[INFO] [stdout] error[E0432]: unresolved import `epic_chain`
[INFO] [stdout]   --> tests/common.rs:27:5
[INFO] [stdout]    |
[INFO] [stdout] 27 | use epic_chain as chain;
[INFO] [stdout]    |     ^^^^^^^^^^^^^^^^^^^ no external crate `epic_chain`
[INFO] [stdout] 
[INFO] [stdout] 
[INFO] [stdout] error[E0432]: unresolved import `self::util`
[INFO] [stdout]   --> tests/common.rs:26:11
[INFO] [stdout]    |
[INFO] [stdout] 26 | use self::util::RwLock;
[INFO] [stdout]    |           ^^^^ could not find `util` in `self`
[INFO] [stdout] 
[INFO] [stdout] 
[INFO] [stdout] error[E0432]: unresolved import `self::util`
[INFO] [stdout]   --> tests/common.rs:26:11
[INFO] [stdout]    |
[INFO] [stdout] 26 | use self::util::RwLock;
[INFO] [stdout]    |           ^^^^ could not find `util` in the crate root
[INFO] [stdout] 
[INFO] [stdout] 
[INFO] [stdout] error[E0432]: unresolved import `epic_core`
[INFO] [stdout]   --> tests/common.rs:28:5
[INFO] [stdout]    |
[INFO] [stdout] 28 | use epic_core as core;
[INFO] [stdout]    |     ^^^^^^^^^^^^^^^^^ no external crate `epic_core`
[INFO] [stdout] 
[INFO] [stdout] 
[INFO] [stdout] error[E0432]: unresolved import `epic_chain`
[INFO] [stdout]   --> tests/common.rs:27:5
[INFO] [stdout]    |
[INFO] [stdout] 27 | use epic_chain as chain;
[INFO] [stdout]    |     ^^^^^^^^^^^^^^^^^^^ no external crate `epic_chain`
[INFO] [stdout] 
[INFO] [stdout] 
[INFO] [stdout] error[E0432]: unresolved import `epic_keychain`
[INFO] [stdout]   --> tests/common.rs:29:5
[INFO] [stdout]    |
[INFO] [stdout] 29 | use epic_keychain as keychain;
[INFO] [stdout]    |     ^^^^^^^^^^^^^^^^^^^^^^^^^ no external crate `epic_keychain`
[INFO] [stdout] 
[INFO] [stdout] 
[INFO] [stdout] error[E0432]: unresolved import `epic_chain`
[INFO] [stdout]   --> tests/common.rs:27:5
[INFO] [stdout]    |
[INFO] [stdout] 27 | use epic_chain as chain;
[INFO] [stdout]    |     ^^^^^^^^^^^^^^^^^^^ no external crate `epic_chain`
[INFO] [stdout] 
[INFO] [stdout] 
[INFO] [stdout] error[E0432]: unresolved import `epic_core`
[INFO] [stdout]   --> tests/common.rs:28:5
[INFO] [stdout]    |
[INFO] [stdout] 28 | use epic_core as core;
[INFO] [stdout]    |     ^^^^^^^^^^^^^^^^^ no external crate `epic_core`
[INFO] [stdout] 
[INFO] [stdout] 
[INFO] [stdout] error[E0432]: unresolved import `epic_pool`
[INFO] [stdout]   --> tests/common.rs:30:5
[INFO] [stdout]    |
[INFO] [stdout] 30 | use epic_pool as pool;
[INFO] [stdout]    |     ^^^^^^^^^^^^^^^^^ no external crate `epic_pool`
[INFO] [stdout] 
[INFO] [stdout] 
[INFO] [stdout] error[E0432]: unresolved import `epic_core`
[INFO] [stdout]   --> tests/common.rs:28:5
[INFO] [stdout]    |
[INFO] [stdout] 28 | use epic_core as core;
[INFO] [stdout]    |     ^^^^^^^^^^^^^^^^^ no external crate `epic_core`
[INFO] [stdout] 
[INFO] [stdout] 
[INFO] [stdout] error[E0432]: unresolved import `epic_util`
[INFO] [stdout]   --> tests/common.rs:31:5
[INFO] [stdout]    |
[INFO] [stdout] 31 | use epic_util as util;
[INFO] [stdout]    |     ^^^^^^^^^^^^^^^^^ no external crate `epic_util`
[INFO] [stdout] 
[INFO] [stdout] 
[INFO] [stdout] error[E0432]: unresolved import `epic_keychain`
[INFO] [stdout]   --> tests/common.rs:29:5
[INFO] [stdout]    |
[INFO] [stdout] 29 | use epic_keychain as keychain;
[INFO] [stdout]    |     ^^^^^^^^^^^^^^^^^^^^^^^^^ no external crate `epic_keychain`
[INFO] [stdout] 
[INFO] [stdout] 
[INFO] [stdout] error[E0432]: unresolved import `epic_keychain`
[INFO] [stdout]   --> tests/common.rs:29:5
[INFO] [stdout]    |
[INFO] [stdout] 29 | use epic_keychain as keychain;
[INFO] [stdout]    |     ^^^^^^^^^^^^^^^^^^^^^^^^^ no external crate `epic_keychain`
[INFO] [stdout] 
[INFO] [stdout] 
[INFO] [stdout] error[E0432]: unresolved import `epic_pool`
[INFO] [stdout]   --> tests/common.rs:30:5
[INFO] [stdout]    |
[INFO] [stdout] 30 | use epic_pool as pool;
[INFO] [stdout]    |     ^^^^^^^^^^^^^^^^^ no external crate `epic_pool`
[INFO] [stdout] 
[INFO] [stdout] 
[INFO] [stdout] error[E0432]: unresolved import `epic_util`
[INFO] [stdout]   --> tests/common.rs:31:5
[INFO] [stdout]    |
[INFO] [stdout] 31 | use epic_util as util;
[INFO] [stdout]    |     ^^^^^^^^^^^^^^^^^ no external crate `epic_util`
[INFO] [stdout] 
[INFO] [stdout] 
[INFO] [stdout] error[E0432]: unresolved import `epic_pool`
[INFO] [stdout]   --> tests/common.rs:30:5
[INFO] [stdout]    |
[INFO] [stdout] 30 | use epic_pool as pool;
[INFO] [stdout]    |     ^^^^^^^^^^^^^^^^^ no external crate `epic_pool`
[INFO] [stdout] 
[INFO] [stdout] 
[INFO] [stdout] error[E0432]: unresolved import `epic_pool`
[INFO] [stdout]   --> tests/common.rs:30:5
[INFO] [stdout]    |
[INFO] [stdout] 30 | use epic_pool as pool;
[INFO] [stdout]    |     ^^^^^^^^^^^^^^^^^ no external crate `epic_pool`
[INFO] [stdout] 
[INFO] [stdout] 
[INFO] [stdout] error[E0432]: unresolved import `epic_util`
[INFO] [stdout]   --> tests/common.rs:31:5
[INFO] [stdout]    |
[INFO] [stdout] 31 | use epic_util as util;
[INFO] [stdout]    |     ^^^^^^^^^^^^^^^^^ no external crate `epic_util`
[INFO] [stdout] 
[INFO] [stdout] 
[INFO] [stdout] error[E0432]: unresolved import `epic_util`
[INFO] [stdout]   --> tests/common.rs:31:5
[INFO] [stdout]    |
[INFO] [stdout] 31 | use epic_util as util;
[INFO] [stdout]    |     ^^^^^^^^^^^^^^^^^ no external crate `epic_util`
[INFO] [stdout] 
[INFO] [stdout] 
[INFO] [stdout] error[E0433]: failed to resolve: unresolved import
[INFO] [stdout]   --> tests/block_building.rs:17:11
[INFO] [stdout]    |
[INFO] [stdout] 17 | use self::core::core::hash::Hashed;
[INFO] [stdout]    |           ^^^^
[INFO] [stdout]    |           |
[INFO] [stdout]    |           unresolved import
[INFO] [stdout]    |           help: a similar path exists: `stack_test_epic_core::core`
[INFO] [stdout] 
[INFO] [stdout] 
[INFO] [stdout] error[E0433]: failed to resolve: unresolved import
[INFO] [stdout]   --> tests/block_building.rs:18:11
[INFO] [stdout]    |
[INFO] [stdout] 18 | use self::core::core::{Block, BlockHeader, Transaction};
[INFO] [stdout]    |           ^^^^
[INFO] [stdout]    |           |
[INFO] [stdout]    |           unresolved import
[INFO] [stdout]    |           help: a similar path exists: `stack_test_epic_core::core`
[INFO] [stdout] 
[INFO] [stdout] 
[INFO] [stdout] error[E0433]: failed to resolve: unresolved import
[INFO] [stdout]   --> tests/block_building.rs:20:11
[INFO] [stdout]    |
[INFO] [stdout] 20 | use self::core::pow::Difficulty;
[INFO] [stdout]    |           ^^^^
[INFO] [stdout]    |           |
[INFO] [stdout]    |           unresolved import
[INFO] [stdout]    |           help: a similar path exists: `stack_test_epic_core::core`
[INFO] [stdout] 
[INFO] [stdout] 
[INFO] [stdout] error[E0432]: unresolved import `self::core`
[INFO] [stdout]   --> tests/block_building.rs:19:11
[INFO] [stdout]    |
[INFO] [stdout] 19 | use self::core::libtx;
[INFO] [stdout]    |           ^^^^
[INFO] [stdout]    |           |
[INFO] [stdout]    |           unresolved import
[INFO] [stdout]    |           help: a similar path exists: `stack_test_epic_core::core`
[INFO] [stdout] 
[INFO] [stdout] 
[INFO] [stdout] error[E0405]: cannot find trait `BlockChain` in this scope
[INFO] [stdout]    --> tests/common.rs:101:6
[INFO] [stdout]     |
[INFO] [stdout] 101 | impl BlockChain for ChainAdapter {
[INFO] [stdout]     |      ^^^^^^^^^^ not found in this scope
[INFO] [stdout]     |
[INFO] [stdout] help: consider importing this trait
[INFO] [stdout]     |
[INFO] [stdout] 17  + use stack_test_epic_pool::BlockChain;
[INFO] [stdout]     |
[INFO] [stdout] 
[INFO] [stdout] 
[INFO] [stdout] error[E0412]: cannot find type `PoolError` in this scope
[INFO] [stdout]    --> tests/common.rs:102:46
[INFO] [stdout]     |
[INFO] [stdout] 102 |     fn chain_head(&self) -> Result<BlockHeader, PoolError> {
[INFO] [stdout]     |                                                 ^^^^^^^^^ not found in this scope
[INFO] [stdout]     |
[INFO] [stdout] help: consider importing this enum
[INFO] [stdout]     |
[INFO] [stdout] 17  + use stack_test_epic_pool::PoolError;
[INFO] [stdout]     |
[INFO] [stdout] 
[INFO] [stdout] 
[INFO] [stdout] error[E0433]: failed to resolve: use of undeclared type `PoolError`
[INFO] [stdout]    --> tests/common.rs:105:17
[INFO] [stdout]     |
[INFO] [stdout] 105 |             .map_err(|_| PoolError::Other(format!("failed to get chain head")))
[INFO] [stdout]     |                          ^^^^^^^^^ use of undeclared type `PoolError`
[INFO] [stdout]     |
[INFO] [stdout] help: consider importing this enum
[INFO] [stdout]     |
[INFO] [stdout] 17  + use stack_test_epic_pool::PoolError;
[INFO] [stdout]     |
[INFO] [stdout] 
[INFO] [stdout] 
[INFO] [stdout] error[E0412]: cannot find type `PoolError` in this scope
[INFO] [stdout]    --> tests/common.rs:108:65
[INFO] [stdout]     |
[INFO] [stdout] 108 |     fn get_block_header(&self, hash: &Hash) -> Result<BlockHeader, PoolError> {
[INFO] [stdout]     |                                                                    ^^^^^^^^^ not found in this scope
[INFO] [stdout]     |
[INFO] [stdout] help: consider importing this enum
[INFO] [stdout]     |
[INFO] [stdout] 17  + use stack_test_epic_pool::PoolError;
[INFO] [stdout]     |
[INFO] [stdout] 
[INFO] [stdout] 
[INFO] [stdout] error[E0433]: failed to resolve: use of undeclared type `PoolError`
[INFO] [stdout]    --> tests/common.rs:111:17
[INFO] [stdout]     |
[INFO] [stdout] 111 |             .map_err(|_| PoolError::Other(format!("failed to get block header")))
[INFO] [stdout]     |                          ^^^^^^^^^ use of undeclared type `PoolError`
[INFO] [stdout]     |
[INFO] [stdout] help: consider importing this enum
[INFO] [stdout]     |
[INFO] [stdout] 17  + use stack_test_epic_pool::PoolError;
[INFO] [stdout]     |
[INFO] [stdout] 
[INFO] [stdout] 
[INFO] [stdout] error[E0432]: unresolved import `self::keychain`
[INFO] [stdout]   --> tests/block_building.rs:21:11
[INFO] [stdout]    |
[INFO] [stdout] 21 | use self::keychain::{ExtKeychain, Keychain};
[INFO] [stdout]    |           ^^^^^^^^
[INFO] [stdout]    |           |
[INFO] [stdout]    |           unresolved import
[INFO] [stdout]    |           help: a similar path exists: `stack_test_epic_keychain::keychain`
[INFO] [stdout] 
[INFO] [stdout] 
[INFO] [stdout] error[E0412]: cannot find type `PoolError` in this scope
[INFO] [stdout]    --> tests/common.rs:114:61
[INFO] [stdout]     |
[INFO] [stdout] 114 |     fn get_block_sums(&self, hash: &Hash) -> Result<BlockSums, PoolError> {
[INFO] [stdout]     |                                                                ^^^^^^^^^ not found in this scope
[INFO] [stdout]     |
[INFO] [stdout] help: consider importing this enum
[INFO] [stdout]     |
[INFO] [stdout] 17  + use stack_test_epic_pool::PoolError;
[INFO] [stdout]     |
[INFO] [stdout] 
[INFO] [stdout] 
[INFO] [stdout] error[E0405]: cannot find trait `BlockChain` in this scope
[INFO] [stdout]    --> tests/common.rs:101:6
[INFO] [stdout]     |
[INFO] [stdout] 101 | impl BlockChain for ChainAdapter {
[INFO] [stdout]     |      ^^^^^^^^^^ not found in this scope
[INFO] [stdout]     |
[INFO] [stdout] help: consider importing this trait
[INFO] [stdout]     |
[INFO] [stdout] 17  + use stack_test_epic_pool::BlockChain;
[INFO] [stdout]     |
[INFO] [stdout] 
[INFO] [stdout] 
[INFO] [stdout] error[E0433]: failed to resolve: use of undeclared type `PoolError`
[INFO] [stdout]    --> tests/common.rs:117:17
[INFO] [stdout]     |
[INFO] [stdout] 117 |             .map_err(|_| PoolError::Other(format!("failed to get block sums")))
[INFO] [stdout]     |                          ^^^^^^^^^ use of undeclared type `PoolError`
[INFO] [stdout]     |
[INFO] [stdout] help: consider importing this enum
[INFO] [stdout]     |
[INFO] [stdout] 17  + use stack_test_epic_pool::PoolError;
[INFO] [stdout]     |
[INFO] [stdout] 
[INFO] [stdout] 
[INFO] [stdout] error[E0412]: cannot find type `PoolError` in this scope
[INFO] [stdout]    --> tests/common.rs:102:46
[INFO] [stdout]     |
[INFO] [stdout] 102 |     fn chain_head(&self) -> Result<BlockHeader, PoolError> {
[INFO] [stdout]     |                                                 ^^^^^^^^^ not found in this scope
[INFO] [stdout]     |
[INFO] [stdout] help: consider importing this enum
[INFO] [stdout]     |
[INFO] [stdout] 17  + use stack_test_epic_pool::PoolError;
[INFO] [stdout]     |
[INFO] [stdout] 
[INFO] [stdout] 
[INFO] [stdout] error[E0433]: failed to resolve: use of undeclared type `PoolError`
[INFO] [stdout]    --> tests/common.rs:125:16
[INFO] [stdout]     |
[INFO] [stdout] 125 |                 return Err(PoolError::Other(format!("output commitment not unique")));
[INFO] [stdout]     |                            ^^^^^^^^^ use of undeclared type `PoolError`
[INFO] [stdout]     |
[INFO] [stdout] help: consider importing this enum
[INFO] [stdout]     |
[INFO] [stdout] 17  + use stack_test_epic_pool::PoolError;
[INFO] [stdout]     |
[INFO] [stdout] 
[INFO] [stdout] 
[INFO] [stdout] error[E0433]: failed to resolve: use of undeclared type `PoolError`
[INFO] [stdout]    --> tests/common.rs:105:17
[INFO] [stdout]     |
[INFO] [stdout] 105 |             .map_err(|_| PoolError::Other(format!("failed to get chain head")))
[INFO] [stdout]     |                          ^^^^^^^^^ use of undeclared type `PoolError`
[INFO] [stdout]     |
[INFO] [stdout] help: consider importing this enum
[INFO] [stdout]     |
[INFO] [stdout] 17  + use stack_test_epic_pool::PoolError;
[INFO] [stdout]     |
[INFO] [stdout] 
[INFO] [stdout] 
[INFO] [stdout] error[E0433]: failed to resolve: use of undeclared type `PoolError`
[INFO] [stdout]    --> tests/common.rs:131:16
[INFO] [stdout]     |
[INFO] [stdout] 131 |                 return Err(PoolError::Other(format!("not in utxo set")));
[INFO] [stdout]     |                            ^^^^^^^^^ use of undeclared type `PoolError`
[INFO] [stdout]     |
[INFO] [stdout] help: consider importing this enum
[INFO] [stdout]     |
[INFO] [stdout] 17  + use stack_test_epic_pool::PoolError;
[INFO] [stdout]     |
[INFO] [stdout] 
[INFO] [stdout] 
[INFO] [stdout] error[E0412]: cannot find type `PoolError` in this scope
[INFO] [stdout]    --> tests/common.rs:108:65
[INFO] [stdout]     |
[INFO] [stdout] 108 |     fn get_block_header(&self, hash: &Hash) -> Result<BlockHeader, PoolError> {
[INFO] [stdout]     |                                                                    ^^^^^^^^^ not found in this scope
[INFO] [stdout]     |
[INFO] [stdout] help: consider importing this enum
[INFO] [stdout]     |
[INFO] [stdout] 17  + use stack_test_epic_pool::PoolError;
[INFO] [stdout]     |
[INFO] [stdout] 
[INFO] [stdout] 
[INFO] [stdout] error[E0412]: cannot find type `PoolError` in this scope
[INFO] [stdout]    --> tests/common.rs:140:70
[INFO] [stdout]     |
[INFO] [stdout] 140 |     fn verify_coinbase_maturity(&self, _tx: &Transaction) -> Result<(), PoolError> {
[INFO] [stdout]     |                                                                         ^^^^^^^^^ not found in this scope
[INFO] [stdout]     |
[INFO] [stdout] help: consider importing this enum
[INFO] [stdout]     |
[INFO] [stdout] 17  + use stack_test_epic_pool::PoolError;
[INFO] [stdout]     |
[INFO] [stdout] 
[INFO] [stdout] 
[INFO] [stdout] error[E0433]: failed to resolve: use of undeclared type `PoolError`
[INFO] [stdout]    --> tests/common.rs:111:17
[INFO] [stdout]     |
[INFO] [stdout] 111 |             .map_err(|_| PoolError::Other(format!("failed to get block header")))
[INFO] [stdout]     |                          ^^^^^^^^^ use of undeclared type `PoolError`
[INFO] [stdout]     |
[INFO] [stdout] help: consider importing this enum
[INFO] [stdout]     |
[INFO] [stdout] 17  + use stack_test_epic_pool::PoolError;
[INFO] [stdout]     |
[INFO] [stdout] 
[INFO] [stdout] 
[INFO] [stdout] error[E0405]: cannot find trait `BlockChain` in this scope
[INFO] [stdout]    --> tests/common.rs:101:6
[INFO] [stdout]     |
[INFO] [stdout] 101 | impl BlockChain for ChainAdapter {
[INFO] [stdout]     |      ^^^^^^^^^^ not found in this scope
[INFO] [stdout]     |
[INFO] [stdout] help: consider importing this trait
[INFO] [stdout]     |
[INFO] [stdout] 17  + use stack_test_epic_pool::BlockChain;
[INFO] [stdout]     |
[INFO] [stdout] 
[INFO] [stdout] 
[INFO] [stdout] error[E0412]: cannot find type `PoolError` in this scope
[INFO] [stdout]    --> tests/common.rs:145:67
[INFO] [stdout]     |
[INFO] [stdout] 145 |     fn verify_tx_lock_height(&self, _tx: &Transaction) -> Result<(), PoolError> {
[INFO] [stdout]     |                                                                      ^^^^^^^^^ not found in this scope
[INFO] [stdout]     |
[INFO] [stdout] help: consider importing this enum
[INFO] [stdout]     |
[INFO] [stdout] 17  + use stack_test_epic_pool::PoolError;
[INFO] [stdout]     |
[INFO] [stdout] 
[INFO] [stdout] 
[INFO] [stdout] error[E0412]: cannot find type `PoolError` in this scope
[INFO] [stdout]    --> tests/common.rs:114:61
[INFO] [stdout]     |
[INFO] [stdout] 114 |     fn get_block_sums(&self, hash: &Hash) -> Result<BlockSums, PoolError> {
[INFO] [stdout]     |                                                                ^^^^^^^^^ not found in this scope
[INFO] [stdout]     |
[INFO] [stdout] help: consider importing this enum
[INFO] [stdout]     |
[INFO] [stdout] 17  + use stack_test_epic_pool::PoolError;
[INFO] [stdout]     |
[INFO] [stdout] 
[INFO] [stdout] 
[INFO] [stdout] error[E0412]: cannot find type `PoolError` in this scope
[INFO] [stdout]    --> tests/common.rs:102:46
[INFO] [stdout]     |
[INFO] [stdout] 102 |     fn chain_head(&self) -> Result<BlockHeader, PoolError> {
[INFO] [stdout]     |                                                 ^^^^^^^^^ not found in this scope
[INFO] [stdout]     |
[INFO] [stdout] help: consider importing this enum
[INFO] [stdout]     |
[INFO] [stdout] 17  + use stack_test_epic_pool::PoolError;
[INFO] [stdout]     |
[INFO] [stdout] 
[INFO] [stdout] 
[INFO] [stdout] error[E0433]: failed to resolve: use of undeclared type `PoolError`
[INFO] [stdout]    --> tests/common.rs:117:17
[INFO] [stdout]     |
[INFO] [stdout] 117 |             .map_err(|_| PoolError::Other(format!("failed to get block sums")))
[INFO] [stdout]     |                          ^^^^^^^^^ use of undeclared type `PoolError`
[INFO] [stdout]     |
[INFO] [stdout] help: consider importing this enum
[INFO] [stdout]     |
[INFO] [stdout] 17  + use stack_test_epic_pool::PoolError;
[INFO] [stdout]     |
[INFO] [stdout] 
[INFO] [stdout] 
[INFO] [stdout] error[E0405]: cannot find trait `BlockChain` in this scope
[INFO] [stdout]    --> tests/common.rs:150:34
[INFO] [stdout]     |
[INFO] [stdout] 150 | pub fn test_setup(chain: Arc<dyn BlockChain>) -> TransactionPool {
[INFO] [stdout]     |                                  ^^^^^^^^^^ not found in this scope
[INFO] [stdout]     |
[INFO] [stdout] help: consider importing this trait
[INFO] [stdout]     |
[INFO] [stdout] 17  + use stack_test_epic_pool::BlockChain;
[INFO] [stdout]     |
[INFO] [stdout] 
[INFO] [stdout] 
[INFO] [stdout] error[E0405]: cannot find trait `BlockChain` in this scope
[INFO] [stdout]    --> tests/common.rs:101:6
[INFO] [stdout]     |
[INFO] [stdout] 101 | impl BlockChain for ChainAdapter {
[INFO] [stdout]     |      ^^^^^^^^^^ not found in this scope
[INFO] [stdout]     |
[INFO] [stdout] help: consider importing this trait
[INFO] [stdout]     |
[INFO] [stdout] 17  + use stack_test_epic_pool::BlockChain;
[INFO] [stdout]     |
[INFO] [stdout] 
[INFO] [stdout] 
[INFO] [stdout] error[E0433]: failed to resolve: use of undeclared type `PoolError`
[INFO] [stdout]    --> tests/common.rs:105:17
[INFO] [stdout]     |
[INFO] [stdout] 105 |             .map_err(|_| PoolError::Other(format!("failed to get chain head")))
[INFO] [stdout]     |                          ^^^^^^^^^ use of undeclared type `PoolError`
[INFO] [stdout]     |
[INFO] [stdout] help: consider importing this enum
[INFO] [stdout]     |
[INFO] [stdout] 17  + use stack_test_epic_pool::PoolError;
[INFO] [stdout]     |
[INFO] [stdout] 
[INFO] [stdout] 
[INFO] [stdout] error[E0433]: failed to resolve: use of undeclared type `PoolError`
[INFO] [stdout]    --> tests/common.rs:125:16
[INFO] [stdout]     |
[INFO] [stdout] 125 |                 return Err(PoolError::Other(format!("output commitment not unique")));
[INFO] [stdout]     |                            ^^^^^^^^^ use of undeclared type `PoolError`
[INFO] [stdout]     |
[INFO] [stdout] help: consider importing this enum
[INFO] [stdout]     |
[INFO] [stdout] 17  + use stack_test_epic_pool::PoolError;
[INFO] [stdout]     |
[INFO] [stdout] 
[INFO] [stdout] 
[INFO] [stdout] error[E0432]: unresolved import `self::util`
[INFO] [stdout]   --> tests/block_building.rs:22:11
[INFO] [stdout]    |
[INFO] [stdout] 22 | use self::util::RwLock;
[INFO] [stdout]    |           ^^^^ could not find `util` in the crate root
[INFO] [stdout] 
[INFO] [stdout] 
[INFO] [stdout] error[E0412]: cannot find type `PoolError` in this scope
[INFO] [stdout]    --> tests/common.rs:102:46
[INFO] [stdout]     |
[INFO] [stdout] 102 |     fn chain_head(&self) -> Result<BlockHeader, PoolError> {
[INFO] [stdout]     |                                                 ^^^^^^^^^ not found in this scope
[INFO] [stdout]     |
[INFO] [stdout] help: consider importing this enum
[INFO] [stdout]     |
[INFO] [stdout] 17  + use stack_test_epic_pool::PoolError;
[INFO] [stdout]     |
[INFO] [stdout] 
[INFO] [stdout] 
[INFO] [stdout] error[E0422]: cannot find struct, variant or union type `PoolConfig` in this scope
[INFO] [stdout]    --> tests/common.rs:152:3
[INFO] [stdout]     |
[INFO] [stdout] 152 |         PoolConfig {
[INFO] [stdout]     |         ^^^^^^^^^^ not found in this scope
[INFO] [stdout]     |
[INFO] [stdout] help: consider importing this struct
[INFO] [stdout]     |
[INFO] [stdout] 17  + use stack_test_epic_pool::PoolConfig;
[INFO] [stdout]     |
[INFO] [stdout] 
[INFO] [stdout] 
[INFO] [stdout] error[E0412]: cannot find type `PoolError` in this scope
[INFO] [stdout]    --> tests/common.rs:108:65
[INFO] [stdout]     |
[INFO] [stdout] 108 |     fn get_block_header(&self, hash: &Hash) -> Result<BlockHeader, PoolError> {
[INFO] [stdout]     |                                                                    ^^^^^^^^^ not found in this scope
[INFO] [stdout]     |
[INFO] [stdout] help: consider importing this enum
[INFO] [stdout]     |
[INFO] [stdout] 17  + use stack_test_epic_pool::PoolError;
[INFO] [stdout]     |
[INFO] [stdout] 
[INFO] [stdout] 
[INFO] [stdout] error[E0433]: failed to resolve: use of undeclared type `PoolError`
[INFO] [stdout]    --> tests/common.rs:131:16
[INFO] [stdout]     |
[INFO] [stdout] 131 |                 return Err(PoolError::Other(format!("not in utxo set")));
[INFO] [stdout]     |                            ^^^^^^^^^ use of undeclared type `PoolError`
[INFO] [stdout]     |
[INFO] [stdout] help: consider importing this enum
[INFO] [stdout]     |
[INFO] [stdout] 17  + use stack_test_epic_pool::PoolError;
[INFO] [stdout]     |
[INFO] [stdout] 
[INFO] [stdout] 
[INFO] [stdout] error[E0433]: failed to resolve: use of undeclared type `PoolError`
[INFO] [stdout]    --> tests/common.rs:105:17
[INFO] [stdout]     |
[INFO] [stdout] 105 |             .map_err(|_| PoolError::Other(format!("failed to get chain head")))
[INFO] [stdout]     |                          ^^^^^^^^^ use of undeclared type `PoolError`
[INFO] [stdout]     |
[INFO] [stdout] help: consider importing this enum
[INFO] [stdout]     |
[INFO] [stdout] 17  + use stack_test_epic_pool::PoolError;
[INFO] [stdout]     |
[INFO] [stdout] 
[INFO] [stdout] 
[INFO] [stdout] error[E0433]: failed to resolve: use of undeclared type `PoolError`
[INFO] [stdout]    --> tests/common.rs:111:17
[INFO] [stdout]     |
[INFO] [stdout] 111 |             .map_err(|_| PoolError::Other(format!("failed to get block header")))
[INFO] [stdout]     |                          ^^^^^^^^^ use of undeclared type `PoolError`
[INFO] [stdout]     |
[INFO] [stdout] help: consider importing this enum
[INFO] [stdout]     |
[INFO] [stdout] 17  + use stack_test_epic_pool::PoolError;
[INFO] [stdout]     |
[INFO] [stdout] 
[INFO] [stdout] 
[INFO] [stdout] error[E0412]: cannot find type `PoolError` in this scope
[INFO] [stdout]    --> tests/common.rs:140:70
[INFO] [stdout]     |
[INFO] [stdout] 140 |     fn verify_coinbase_maturity(&self, _tx: &Transaction) -> Result<(), PoolError> {
[INFO] [stdout]     |                                                                         ^^^^^^^^^ not found in this scope
[INFO] [stdout]     |
[INFO] [stdout] help: consider importing this enum
[INFO] [stdout]     |
[INFO] [stdout] 17  + use stack_test_epic_pool::PoolError;
[INFO] [stdout]     |
[INFO] [stdout] 
[INFO] [stdout] 
[INFO] [stdout] error[E0412]: cannot find type `PoolError` in this scope
[INFO] [stdout]    --> tests/common.rs:114:61
[INFO] [stdout]     |
[INFO] [stdout] 114 |     fn get_block_sums(&self, hash: &Hash) -> Result<BlockSums, PoolError> {
[INFO] [stdout]     |                                                                ^^^^^^^^^ not found in this scope
[INFO] [stdout]     |
[INFO] [stdout] help: consider importing this enum
[INFO] [stdout]     |
[INFO] [stdout] 17  + use stack_test_epic_pool::PoolError;
[INFO] [stdout]     |
[INFO] [stdout] 
[INFO] [stdout] 
[INFO] [stdout] error[E0412]: cannot find type `PoolError` in this scope
[INFO] [stdout]    --> tests/common.rs:108:65
[INFO] [stdout]     |
[INFO] [stdout] 108 |     fn get_block_header(&self, hash: &Hash) -> Result<BlockHeader, PoolError> {
[INFO] [stdout]     |                                                                    ^^^^^^^^^ not found in this scope
[INFO] [stdout]     |
[INFO] [stdout] help: consider importing this enum
[INFO] [stdout]     |
[INFO] [stdout] 17  + use stack_test_epic_pool::PoolError;
[INFO] [stdout]     |
[INFO] [stdout] 
[INFO] [stdout] 
[INFO] [stdout] error[E0433]: failed to resolve: use of undeclared type `PoolError`
[INFO] [stdout]    --> tests/common.rs:117:17
[INFO] [stdout]     |
[INFO] [stdout] 117 |             .map_err(|_| PoolError::Other(format!("failed to get block sums")))
[INFO] [stdout]     |                          ^^^^^^^^^ use of undeclared type `PoolError`
[INFO] [stdout]     |
[INFO] [stdout] help: consider importing this enum
[INFO] [stdout]     |
[INFO] [stdout] 17  + use stack_test_epic_pool::PoolError;
[INFO] [stdout]     |
[INFO] [stdout] 
[INFO] [stdout] 
[INFO] [stdout] error[E0412]: cannot find type `PoolError` in this scope
[INFO] [stdout]    --> tests/common.rs:145:67
[INFO] [stdout]     |
[INFO] [stdout] 145 |     fn verify_tx_lock_height(&self, _tx: &Transaction) -> Result<(), PoolError> {
[INFO] [stdout]     |                                                                      ^^^^^^^^^ not found in this scope
[INFO] [stdout]     |
[INFO] [stdout] help: consider importing this enum
[INFO] [stdout]     |
[INFO] [stdout] 17  + use stack_test_epic_pool::PoolError;
[INFO] [stdout]     |
[INFO] [stdout] 
[INFO] [stdout] 
[INFO] [stdout] error[E0433]: failed to resolve: use of undeclared type `PoolError`
[INFO] [stdout]    --> tests/common.rs:125:16
[INFO] [stdout]     |
[INFO] [stdout] 125 |                 return Err(PoolError::Other(format!("output commitment not unique")));
[INFO] [stdout]     |                            ^^^^^^^^^ use of undeclared type `PoolError`
[INFO] [stdout]     |
[INFO] [stdout] help: consider importing this enum
[INFO] [stdout]     |
[INFO] [stdout] 17  + use stack_test_epic_pool::PoolError;
[INFO] [stdout]     |
[INFO] [stdout] 
[INFO] [stdout] 
[INFO] [stdout] error[E0433]: failed to resolve: use of undeclared type `PoolError`
[INFO] [stdout]    --> tests/common.rs:111:17
[INFO] [stdout]     |
[INFO] [stdout] 111 |             .map_err(|_| PoolError::Other(format!("failed to get block header")))
[INFO] [stdout]     |                          ^^^^^^^^^ use of undeclared type `PoolError`
[INFO] [stdout]     |
[INFO] [stdout] help: consider importing this enum
[INFO] [stdout]     |
[INFO] [stdout] 17  + use stack_test_epic_pool::PoolError;
[INFO] [stdout]     |
[INFO] [stdout] 
[INFO] [stdout] 
[INFO] [stdout] error[E0433]: failed to resolve: use of undeclared type `PoolError`
[INFO] [stdout]    --> tests/common.rs:131:16
[INFO] [stdout]     |
[INFO] [stdout] 131 |                 return Err(PoolError::Other(format!("not in utxo set")));
[INFO] [stdout]     |                            ^^^^^^^^^ use of undeclared type `PoolError`
[INFO] [stdout]     |
[INFO] [stdout] help: consider importing this enum
[INFO] [stdout]     |
[INFO] [stdout] 17  + use stack_test_epic_pool::PoolError;
[INFO] [stdout]     |
[INFO] [stdout] 
[INFO] [stdout] 
[INFO] [stdout] error[E0405]: cannot find trait `BlockChain` in this scope
[INFO] [stdout]    --> tests/common.rs:150:34
[INFO] [stdout]     |
[INFO] [stdout] 150 | pub fn test_setup(chain: Arc<dyn BlockChain>) -> TransactionPool {
[INFO] [stdout]     |                                  ^^^^^^^^^^ not found in this scope
[INFO] [stdout]     |
[INFO] [stdout] help: consider importing this trait
[INFO] [stdout]     |
[INFO] [stdout] 17  + use stack_test_epic_pool::BlockChain;
[INFO] [stdout]     |
[INFO] [stdout] 
[INFO] [stdout] 
[INFO] [stdout] error[E0412]: cannot find type `PoolError` in this scope
[INFO] [stdout]    --> tests/common.rs:140:70
[INFO] [stdout]     |
[INFO] [stdout] 140 |     fn verify_coinbase_maturity(&self, _tx: &Transaction) -> Result<(), PoolError> {
[INFO] [stdout]     |                                                                         ^^^^^^^^^ not found in this scope
[INFO] [stdout]     |
[INFO] [stdout] help: consider importing this enum
[INFO] [stdout]     |
[INFO] [stdout] 17  + use stack_test_epic_pool::PoolError;
[INFO] [stdout]     |
[INFO] [stdout] 
[INFO] [stdout] 
[INFO] [stdout] error[E0412]: cannot find type `PoolError` in this scope
[INFO] [stdout]    --> tests/common.rs:114:61
[INFO] [stdout]     |
[INFO] [stdout] 114 |     fn get_block_sums(&self, hash: &Hash) -> Result<BlockSums, PoolError> {
[INFO] [stdout]     |                                                                ^^^^^^^^^ not found in this scope
[INFO] [stdout]     |
[INFO] [stdout] help: consider importing this enum
[INFO] [stdout]     |
[INFO] [stdout] 17  + use stack_test_epic_pool::PoolError;
[INFO] [stdout]     |
[INFO] [stdout] 
[INFO] [stdout] 
[INFO] [stdout] error[E0412]: cannot find type `PoolError` in this scope
[INFO] [stdout]    --> tests/common.rs:145:67
[INFO] [stdout]     |
[INFO] [stdout] 145 |     fn verify_tx_lock_height(&self, _tx: &Transaction) -> Result<(), PoolError> {
[INFO] [stdout]     |                                                                      ^^^^^^^^^ not found in this scope
[INFO] [stdout]     |
[INFO] [stdout] help: consider importing this enum
[INFO] [stdout]     |
[INFO] [stdout] 17  + use stack_test_epic_pool::PoolError;
[INFO] [stdout]     |
[INFO] [stdout] 
[INFO] [stdout] 
[INFO] [stdout] error[E0405]: cannot find trait `BlockChain` in this scope
[INFO] [stdout]    --> tests/common.rs:150:34
[INFO] [stdout]     |
[INFO] [stdout] 150 | pub fn test_setup(chain: Arc<dyn BlockChain>) -> TransactionPool {
[INFO] [stdout]     |                                  ^^^^^^^^^^ not found in this scope
[INFO] [stdout]     |
[INFO] [stdout] help: consider importing this trait
[INFO] [stdout]     |
[INFO] [stdout] 17  + use stack_test_epic_pool::BlockChain;
[INFO] [stdout]     |
[INFO] [stdout] 
[INFO] [stdout] 
[INFO] [stdout] error[E0422]: cannot find struct, variant or union type `PoolConfig` in this scope
[INFO] [stdout]    --> tests/common.rs:152:3
[INFO] [stdout]     |
[INFO] [stdout] 152 |         PoolConfig {
[INFO] [stdout]     |         ^^^^^^^^^^ not found in this scope
[INFO] [stdout]     |
[INFO] [stdout] help: consider importing this struct
[INFO] [stdout]     |
[INFO] [stdout] 17  + use stack_test_epic_pool::PoolConfig;
[INFO] [stdout]     |
[INFO] [stdout] 
[INFO] [stdout] 
[INFO] [stdout] error[E0422]: cannot find struct, variant or union type `PoolConfig` in this scope
[INFO] [stdout]    --> tests/common.rs:152:3
[INFO] [stdout]     |
[INFO] [stdout] 152 |         PoolConfig {
[INFO] [stdout]     |         ^^^^^^^^^^ not found in this scope
[INFO] [stdout]     |
[INFO] [stdout] help: consider importing this struct
[INFO] [stdout]     |
[INFO] [stdout] 17  + use stack_test_epic_pool::PoolConfig;
[INFO] [stdout]     |
[INFO] [stdout] 
[INFO] [stdout] 
[INFO] [stdout] error[E0433]: failed to resolve: use of undeclared type `PoolError`
[INFO] [stdout]    --> tests/common.rs:117:17
[INFO] [stdout]     |
[INFO] [stdout] 117 |             .map_err(|_| PoolError::Other(format!("failed to get block sums")))
[INFO] [stdout]     |                          ^^^^^^^^^ use of undeclared type `PoolError`
[INFO] [stdout]     |
[INFO] [stdout] help: consider importing this enum
[INFO] [stdout]     |
[INFO] [stdout] 17  + use stack_test_epic_pool::PoolError;
[INFO] [stdout]     |
[INFO] [stdout] 
[INFO] [stdout] 
[INFO] [stdout] error[E0422]: cannot find struct, variant or union type `NoopAdapter` in this scope
[INFO] [stdout]    --> tests/common.rs:159:12
[INFO] [stdout]     |
[INFO] [stdout] 159 |         Arc::new(NoopAdapter {}),
[INFO] [stdout]     |                  ^^^^^^^^^^^ not found in this scope
[INFO] [stdout]     |
[INFO] [stdout] help: consider importing one of these items
[INFO] [stdout]     |
[INFO] [stdout] 17  + use stack_test_epic_chain::types::NoopAdapter;
[INFO] [stdout]     |
[INFO] [stdout] 17  + use stack_test_epic_pool::types::NoopAdapter;
[INFO] [stdout]     |
[INFO] [stdout] 
[INFO] [stdout] 
[INFO] [stdout] error[E0422]: cannot find struct, variant or union type `NoopAdapter` in this scope
[INFO] [stdout]    --> tests/common.rs:159:12
[INFO] [stdout]     |
[INFO] [stdout] 159 |         Arc::new(NoopAdapter {}),
[INFO] [stdout]     |                  ^^^^^^^^^^^ not found in this scope
[INFO] [stdout]     |
[INFO] [stdout] help: consider importing one of these items
[INFO] [stdout]     |
[INFO] [stdout] 17  + use stack_test_epic_chain::types::NoopAdapter;
[INFO] [stdout]     |
[INFO] [stdout] 17  + use stack_test_epic_pool::types::NoopAdapter;
[INFO] [stdout]     |
[INFO] [stdout] 
[INFO] [stdout] 
[INFO] [stdout] error[E0412]: cannot find type `TxSource` in this scope
[INFO] [stdout]    --> tests/common.rs:235:25
[INFO] [stdout]     |
[INFO] [stdout] 235 | pub fn test_source() -> TxSource {
[INFO] [stdout]     |                         ^^^^^^^^ not found in this scope
[INFO] [stdout]     |
[INFO] [stdout] help: consider importing this enum
[INFO] [stdout]     |
[INFO] [stdout] 17  + use stack_test_epic_pool::TxSource;
[INFO] [stdout]     |
[INFO] [stdout] 
[INFO] [stdout] 
[INFO] [stdout] error[E0432]: unresolved import `epic_core`
[INFO] [stdout]   --> tests/block_building.rs:24:5
[INFO] [stdout]    |
[INFO] [stdout] 24 | use epic_core as core;
[INFO] [stdout]    |     ^^^^^^^^^^^^^^^^^ no external crate `epic_core`
[INFO] [stdout] 
[INFO] [stdout] 
[INFO] [stdout] error[E0433]: failed to resolve: use of undeclared type `TxSource`
[INFO] [stdout]    --> tests/common.rs:236:2
[INFO] [stdout]     |
[INFO] [stdout] 236 |     TxSource::Broadcast
[INFO] [stdout]     |     ^^^^^^^^ use of undeclared type `TxSource`
[INFO] [stdout]     |
[INFO] [stdout] help: consider importing this enum
[INFO] [stdout]     |
[INFO] [stdout] 17  + use stack_test_epic_pool::TxSource;
[INFO] [stdout]     |
[INFO] [stdout] 
[INFO] [stdout] 
[INFO] [stdout] error[E0433]: failed to resolve: use of undeclared type `PoolError`
[INFO] [stdout]    --> tests/common.rs:125:16
[INFO] [stdout]     |
[INFO] [stdout] 125 |                 return Err(PoolError::Other(format!("output commitment not unique")));
[INFO] [stdout]     |                            ^^^^^^^^^ use of undeclared type `PoolError`
[INFO] [stdout]     |
[INFO] [stdout] help: consider importing this enum
[INFO] [stdout]     |
[INFO] [stdout] 17  + use stack_test_epic_pool::PoolError;
[INFO] [stdout]     |
[INFO] [stdout] 
[INFO] [stdout] 
[INFO] [stdout] error[E0412]: cannot find type `TxSource` in this scope
[INFO] [stdout]    --> tests/common.rs:235:25
[INFO] [stdout]     |
[INFO] [stdout] 235 | pub fn test_source() -> TxSource {
[INFO] [stdout]     |                         ^^^^^^^^ not found in this scope
[INFO] [stdout]     |
[INFO] [stdout] help: consider importing this enum
[INFO] [stdout]     |
[INFO] [stdout] 17  + use stack_test_epic_pool::TxSource;
[INFO] [stdout]     |
[INFO] [stdout] 
[INFO] [stdout] 
[INFO] [stdout] error[E0433]: failed to resolve: use of undeclared type `PoolError`
[INFO] [stdout]    --> tests/common.rs:131:16
[INFO] [stdout]     |
[INFO] [stdout] 131 |                 return Err(PoolError::Other(format!("not in utxo set")));
[INFO] [stdout]     |                            ^^^^^^^^^ use of undeclared type `PoolError`
[INFO] [stdout]     |
[INFO] [stdout] help: consider importing this enum
[INFO] [stdout]     |
[INFO] [stdout] 17  + use stack_test_epic_pool::PoolError;
[INFO] [stdout]     |
[INFO] [stdout] 
[INFO] [stdout] 
[INFO] [stdout] error[E0422]: cannot find struct, variant or union type `NoopAdapter` in this scope
[INFO] [stdout]    --> tests/common.rs:159:12
[INFO] [stdout]     |
[INFO] [stdout] 159 |         Arc::new(NoopAdapter {}),
[INFO] [stdout]     |                  ^^^^^^^^^^^ not found in this scope
[INFO] [stdout]     |
[INFO] [stdout] help: consider importing one of these items
[INFO] [stdout]     |
[INFO] [stdout] 17  + use stack_test_epic_chain::types::NoopAdapter;
[INFO] [stdout]     |
[INFO] [stdout] 17  + use stack_test_epic_pool::types::NoopAdapter;
[INFO] [stdout]     |
[INFO] [stdout] 
[INFO] [stdout] 
[INFO] [stdout] error[E0412]: cannot find type `PoolError` in this scope
[INFO] [stdout]    --> tests/common.rs:140:70
[INFO] [stdout]     |
[INFO] [stdout] 140 |     fn verify_coinbase_maturity(&self, _tx: &Transaction) -> Result<(), PoolError> {
[INFO] [stdout]     |                                                                         ^^^^^^^^^ not found in this scope
[INFO] [stdout]     |
[INFO] [stdout] help: consider importing this enum
[INFO] [stdout]     |
[INFO] [stdout] 17  + use stack_test_epic_pool::PoolError;
[INFO] [stdout]     |
[INFO] [stdout] 
[INFO] [stdout] 
[INFO] [stdout] error[E0433]: failed to resolve: use of undeclared type `TxSource`
[INFO] [stdout]    --> tests/common.rs:236:2
[INFO] [stdout]     |
[INFO] [stdout] 236 |     TxSource::Broadcast
[INFO] [stdout]     |     ^^^^^^^^ use of undeclared type `TxSource`
[INFO] [stdout]     |
[INFO] [stdout] help: consider importing this enum
[INFO] [stdout]     |
[INFO] [stdout] 17  + use stack_test_epic_pool::TxSource;
[INFO] [stdout]     |
[INFO] [stdout] 
[INFO] [stdout] 
[INFO] [stdout] error[E0412]: cannot find type `PoolError` in this scope
[INFO] [stdout]    --> tests/common.rs:145:67
[INFO] [stdout]     |
[INFO] [stdout] 145 |     fn verify_tx_lock_height(&self, _tx: &Transaction) -> Result<(), PoolError> {
[INFO] [stdout]     |                                                                      ^^^^^^^^^ not found in this scope
[INFO] [stdout]     |
[INFO] [stdout] help: consider importing this enum
[INFO] [stdout]     |
[INFO] [stdout] 17  + use stack_test_epic_pool::PoolError;
[INFO] [stdout]     |
[INFO] [stdout] 
[INFO] [stdout] 
[INFO] [stdout] error[E0432]: unresolved import `epic_keychain`
[INFO] [stdout]   --> tests/block_building.rs:25:5
[INFO] [stdout]    |
[INFO] [stdout] 25 | use epic_keychain as keychain;
[INFO] [stdout]    |     ^^^^^^^^^^^^^^^^^^^^^^^^^ no external crate `epic_keychain`
[INFO] [stdout] 
[INFO] [stdout] 
[INFO] [stdout] error[E0412]: cannot find type `TxSource` in this scope
[INFO] [stdout]    --> tests/common.rs:235:25
[INFO] [stdout]     |
[INFO] [stdout] 235 | pub fn test_source() -> TxSource {
[INFO] [stdout]     |                         ^^^^^^^^ not found in this scope
[INFO] [stdout]     |
[INFO] [stdout] help: consider importing this enum
[INFO] [stdout]     |
[INFO] [stdout] 17  + use stack_test_epic_pool::TxSource;
[INFO] [stdout]     |
[INFO] [stdout] 
[INFO] [stdout] 
[INFO] [stdout] error[E0405]: cannot find trait `BlockChain` in this scope
[INFO] [stdout]    --> tests/common.rs:150:34
[INFO] [stdout]     |
[INFO] [stdout] 150 | pub fn test_setup(chain: Arc<dyn BlockChain>) -> TransactionPool {
[INFO] [stdout]     |                                  ^^^^^^^^^^ not found in this scope
[INFO] [stdout]     |
[INFO] [stdout] help: consider importing this trait
[INFO] [stdout]     |
[INFO] [stdout] 17  + use stack_test_epic_pool::BlockChain;
[INFO] [stdout]     |
[INFO] [stdout] 
[INFO] [stdout] 
[INFO] [stdout] error[E0433]: failed to resolve: could not find `chain` in `self`
[INFO] [stdout]   --> tests/common.rs:17:11
[INFO] [stdout]    |
[INFO] [stdout] 17 | use self::chain::store::ChainStore;
[INFO] [stdout]    |           ^^^^^ could not find `chain` in `self`
[INFO] [stdout] 
[INFO] [stdout] 
[INFO] [stdout] error[E0422]: cannot find struct, variant or union type `PoolConfig` in this scope
[INFO] [stdout]    --> tests/common.rs:152:3
[INFO] [stdout]     |
[INFO] [stdout] 152 |         PoolConfig {
[INFO] [stdout]     |         ^^^^^^^^^^ not found in this scope
[INFO] [stdout]     |
[INFO] [stdout] help: consider importing this struct
[INFO] [stdout]     |
[INFO] [stdout] 17  + use stack_test_epic_pool::PoolConfig;
[INFO] [stdout]     |
[INFO] [stdout] 
[INFO] [stdout] 
[INFO] [stdout] error[E0433]: failed to resolve: could not find `chain` in `self`
[INFO] [stdout]   --> tests/common.rs:18:11
[INFO] [stdout]    |
[INFO] [stdout] 18 | use self::chain::types::Tip;
[INFO] [stdout]    |           ^^^^^ could not find `chain` in `self`
[INFO] [stdout] 
[INFO] [stdout] 
[INFO] [stdout] error[E0433]: failed to resolve: use of undeclared type `TxSource`
[INFO] [stdout]    --> tests/common.rs:236:2
[INFO] [stdout]     |
[INFO] [stdout] 236 |     TxSource::Broadcast
[INFO] [stdout]     |     ^^^^^^^^ use of undeclared type `TxSource`
[INFO] [stdout]     |
[INFO] [stdout] help: consider importing this enum
[INFO] [stdout]     |
[INFO] [stdout] 17  + use stack_test_epic_pool::TxSource;
[INFO] [stdout]     |
[INFO] [stdout] 
[INFO] [stdout] 
[INFO] [stdout] error[E0433]: failed to resolve: could not find `core` in `self`
[INFO] [stdout]   --> tests/common.rs:19:11
[INFO] [stdout]    |
[INFO] [stdout] 19 | use self::core::core::hash::{Hash, Hashed};
[INFO] [stdout]    |           ^^^^ could not find `core` in `self`
[INFO] [stdout] 
[INFO] [stdout] 
[INFO] [stdout] error[E0422]: cannot find struct, variant or union type `NoopAdapter` in this scope
[INFO] [stdout]    --> tests/common.rs:159:12
[INFO] [stdout]     |
[INFO] [stdout] 159 |         Arc::new(NoopAdapter {}),
[INFO] [stdout]     |                  ^^^^^^^^^^^ not found in this scope
[INFO] [stdout]     |
[INFO] [stdout] help: consider importing one of these items
[INFO] [stdout]     |
[INFO] [stdout] 17  + use stack_test_epic_chain::types::NoopAdapter;
[INFO] [stdout]     |
[INFO] [stdout] 17  + use stack_test_epic_pool::types::NoopAdapter;
[INFO] [stdout]     |
[INFO] [stdout] 
[INFO] [stdout] 
[INFO] [stdout] error[E0412]: cannot find type `TxSource` in this scope
[INFO] [stdout]    --> tests/common.rs:235:25
[INFO] [stdout]     |
[INFO] [stdout] 235 | pub fn test_source() -> TxSource {
[INFO] [stdout]     |                         ^^^^^^^^ not found in this scope
[INFO] [stdout]     |
[INFO] [stdout] help: consider importing this enum
[INFO] [stdout]     |
[INFO] [stdout] 17  + use stack_test_epic_pool::TxSource;
[INFO] [stdout]     |
[INFO] [stdout] 
[INFO] [stdout] 
[INFO] [stdout] error[E0433]: failed to resolve: use of undeclared type `TxSource`
[INFO] [stdout]    --> tests/common.rs:236:2
[INFO] [stdout]     |
[INFO] [stdout] 236 |     TxSource::Broadcast
[INFO] [stdout]     |     ^^^^^^^^ use of undeclared type `TxSource`
[INFO] [stdout]     |
[INFO] [stdout] help: consider importing this enum
[INFO] [stdout]     |
[INFO] [stdout] 17  + use stack_test_epic_pool::TxSource;
[INFO] [stdout]     |
[INFO] [stdout] 
[INFO] [stdout] 
[INFO] [stdout] error[E0405]: cannot find trait `BlockChain` in this scope
[INFO] [stdout]    --> tests/common.rs:101:6
[INFO] [stdout]     |
[INFO] [stdout] 101 | impl BlockChain for ChainAdapter {
[INFO] [stdout]     |      ^^^^^^^^^^ not found in this scope
[INFO] [stdout]     |
[INFO] [stdout] help: consider importing this trait
[INFO] [stdout]     |
[INFO] [stdout] 17  + use stack_test_epic_pool::BlockChain;
[INFO] [stdout]     |
[INFO] [stdout] 
[INFO] [stdout] 
[INFO] [stdout] error[E0412]: cannot find type `PoolError` in this scope
[INFO] [stdout]    --> tests/common.rs:102:46
[INFO] [stdout]     |
[INFO] [stdout] 102 |     fn chain_head(&self) -> Result<BlockHeader, PoolError> {
[INFO] [stdout]     |                                                 ^^^^^^^^^ not found in this scope
[INFO] [stdout]     |
[INFO] [stdout] help: consider importing this enum
[INFO] [stdout]     |
[INFO] [stdout] 17  + use stack_test_epic_pool::PoolError;
[INFO] [stdout]     |
[INFO] [stdout] 
[INFO] [stdout] 
[INFO] [stdout] error[E0433]: failed to resolve: could not find `core` in `self`
[INFO] [stdout]   --> tests/common.rs:20:11
[INFO] [stdout]    |
[INFO] [stdout] 20 | use self::core::core::{Block, BlockHeader, BlockSums, Committed, KernelFeatures, Transaction};
[INFO] [stdout]    |           ^^^^ could not find `core` in `self`
[INFO] [stdout] 
[INFO] [stdout] 
[INFO] [stdout] error[E0433]: failed to resolve: use of undeclared type `PoolError`
[INFO] [stdout]    --> tests/common.rs:105:17
[INFO] [stdout]     |
[INFO] [stdout] 105 |             .map_err(|_| PoolError::Other(format!("failed to get chain head")))
[INFO] [stdout]     |                          ^^^^^^^^^ use of undeclared type `PoolError`
[INFO] [stdout]     |
[INFO] [stdout] help: consider importing this enum
[INFO] [stdout]     |
[INFO] [stdout] 17  + use stack_test_epic_pool::PoolError;
[INFO] [stdout]     |
[INFO] [stdout] 
[INFO] [stdout] 
[INFO] [stdout] error[E0432]: unresolved import `epic_util`
[INFO] [stdout]   --> tests/block_building.rs:26:5
[INFO] [stdout]    |
[INFO] [stdout] 26 | use epic_util as util;
[INFO] [stdout]    |     ^^^^^^^^^^^^^^^^^ no external crate `epic_util`
[INFO] [stdout] 
[INFO] [stdout] 
[INFO] [stdout] error[E0432]: unresolved import `self::core`
[INFO] [stdout]   --> tests/common.rs:21:11
[INFO] [stdout]    |
[INFO] [stdout] 21 | use self::core::libtx;
[INFO] [stdout]    |           ^^^^ could not find `core` in `self`
[INFO] [stdout] 
[INFO] [stdout] 
[INFO] [stdout] error[E0432]: unresolved import `self::keychain`
[INFO] [stdout]   --> tests/common.rs:22:11
[INFO] [stdout]    |
[INFO] [stdout] 22 | use self::keychain::{ExtKeychain, Keychain};
[INFO] [stdout]    |           ^^^^^^^^ could not find `keychain` in `self`
[INFO] [stdout] 
[INFO] [stdout] 
[INFO] [stdout] error[E0433]: failed to resolve: could not find `util` in `self`
[INFO] [stdout]   --> tests/common.rs:25:11
[INFO] [stdout]    |
[INFO] [stdout] 25 | use self::util::secp::pedersen::Commitment;
[INFO] [stdout]    |           ^^^^ could not find `util` in `self`
[INFO] [stdout] 
[INFO] [stdout] 
[INFO] [stdout] error[E0432]: unresolved import `self::pool`
[INFO] [stdout]   --> tests/common.rs:24:11
[INFO] [stdout]    |
[INFO] [stdout] 24 | use self::pool::TransactionPool;
[INFO] [stdout]    |           ^^^^ could not find `pool` in `self`
[INFO] [stdout] 
[INFO] [stdout] 
[INFO] [stdout] error[E0432]: unresolved import `self::util`
[INFO] [stdout]   --> tests/common.rs:26:11
[INFO] [stdout]    |
[INFO] [stdout] 26 | use self::util::RwLock;
[INFO] [stdout]    |           ^^^^ could not find `util` in `self`
[INFO] [stdout] 
[INFO] [stdout] 
[INFO] [stdout] error[E0432]: unresolved import `epic_chain`
[INFO] [stdout]   --> tests/common.rs:27:5
[INFO] [stdout]    |
[INFO] [stdout] 27 | use epic_chain as chain;
[INFO] [stdout]    |     ^^^^^^^^^^^^^^^^^^^ no external crate `epic_chain`
[INFO] [stdout] 
[INFO] [stdout] 
[INFO] [stdout] error[E0412]: cannot find type `PoolError` in this scope
[INFO] [stdout]    --> tests/common.rs:108:65
[INFO] [stdout]     |
[INFO] [stdout] 108 |     fn get_block_header(&self, hash: &Hash) -> Result<BlockHeader, PoolError> {
[INFO] [stdout]     |                                                                    ^^^^^^^^^ not found in this scope
[INFO] [stdout]     |
[INFO] [stdout] help: consider importing this enum
[INFO] [stdout]     |
[INFO] [stdout] 17  + use stack_test_epic_pool::PoolError;
[INFO] [stdout]     |
[INFO] [stdout] 
[INFO] [stdout] 
[INFO] [stdout] error[E0432]: unresolved import `epic_core`
[INFO] [stdout]   --> tests/common.rs:28:5
[INFO] [stdout]    |
[INFO] [stdout] 28 | use epic_core as core;
[INFO] [stdout]    |     ^^^^^^^^^^^^^^^^^ no external crate `epic_core`
[INFO] [stdout] 
[INFO] [stdout] 
[INFO] [stdout] error: aborting due to 31 previous errors
[INFO] [stdout] 
[INFO] [stdout] 
[INFO] [stdout] Some errors have detailed explanations: E0405, E0412, E0422, E0432, E0433.
[INFO] [stdout] 
[INFO] [stdout] For more information about an error, try `rustc --explain E0405`.
[INFO] [stdout] 
[INFO] [stdout] error[E0433]: failed to resolve: use of undeclared type `PoolError`
[INFO] [stdout]    --> tests/common.rs:111:17
[INFO] [stdout]     |
[INFO] [stdout] 111 |             .map_err(|_| PoolError::Other(format!("failed to get block header")))
[INFO] [stdout]     |                          ^^^^^^^^^ use of undeclared type `PoolError`
[INFO] [stdout]     |
[INFO] [stdout] help: consider importing this enum
[INFO] [stdout]     |
[INFO] [stdout] 17  + use stack_test_epic_pool::PoolError;
[INFO] [stdout]     |
[INFO] [stdout] 
[INFO] [stdout] 
[INFO] [stdout] error[E0412]: cannot find type `PoolError` in this scope
[INFO] [stdout]    --> tests/common.rs:114:61
[INFO] [stdout]     |
[INFO] [stdout] 114 |     fn get_block_sums(&self, hash: &Hash) -> Result<BlockSums, PoolError> {
[INFO] [stdout]     |                                                                ^^^^^^^^^ not found in this scope
[INFO] [stdout]     |
[INFO] [stdout] help: consider importing this enum
[INFO] [stdout]     |
[INFO] [stdout] 17  + use stack_test_epic_pool::PoolError;
[INFO] [stdout]     |
[INFO] [stdout] 
[INFO] [stdout] 
[INFO] [stdout] error[E0432]: unresolved import `epic_keychain`
[INFO] [stdout]   --> tests/common.rs:29:5
[INFO] [stdout]    |
[INFO] [stdout] 29 | use epic_keychain as keychain;
[INFO] [stdout]    |     ^^^^^^^^^^^^^^^^^^^^^^^^^ no external crate `epic_keychain`
[INFO] [stdout] 
[INFO] [stdout] 
[INFO] [stdout] error[E0433]: failed to resolve: use of undeclared type `PoolError`
[INFO] [stdout]    --> tests/common.rs:117:17
[INFO] [stdout]     |
[INFO] [stdout] 117 |             .map_err(|_| PoolError::Other(format!("failed to get block sums")))
[INFO] [stdout]     |                          ^^^^^^^^^ use of undeclared type `PoolError`
[INFO] [stdout]     |
[INFO] [stdout] help: consider importing this enum
[INFO] [stdout]     |
[INFO] [stdout] 17  + use stack_test_epic_pool::PoolError;
[INFO] [stdout]     |
[INFO] [stdout] 
[INFO] [stdout] 
[INFO] [stdout] error[E0433]: failed to resolve: use of undeclared type `PoolError`
[INFO] [stdout]    --> tests/common.rs:125:16
[INFO] [stdout]     |
[INFO] [stdout] 125 |                 return Err(PoolError::Other(format!("output commitment not unique")));
[INFO] [stdout]     |                            ^^^^^^^^^ use of undeclared type `PoolError`
[INFO] [stdout]     |
[INFO] [stdout] help: consider importing this enum
[INFO] [stdout]     |
[INFO] [stdout] 17  + use stack_test_epic_pool::PoolError;
[INFO] [stdout]     |
[INFO] [stdout] 
[INFO] [stdout] 
[INFO] [stdout] error[E0433]: failed to resolve: use of undeclared type `PoolError`
[INFO] [stdout]    --> tests/common.rs:131:16
[INFO] [stdout]     |
[INFO] [stdout] 131 |                 return Err(PoolError::Other(format!("not in utxo set")));
[INFO] [stdout]     |                            ^^^^^^^^^ use of undeclared type `PoolError`
[INFO] [stdout]     |
[INFO] [stdout] help: consider importing this enum
[INFO] [stdout]     |
[INFO] [stdout] 17  + use stack_test_epic_pool::PoolError;
[INFO] [stdout]     |
[INFO] [stdout] 
[INFO] [stdout] 
[INFO] [stdout] error[E0412]: cannot find type `PoolError` in this scope
[INFO] [stdout]    --> tests/common.rs:140:70
[INFO] [stdout]     |
[INFO] [stdout] 140 |     fn verify_coinbase_maturity(&self, _tx: &Transaction) -> Result<(), PoolError> {
[INFO] [stdout]     |                                                                         ^^^^^^^^^ not found in this scope
[INFO] [stdout]     |
[INFO] [stdout] help: consider importing this enum
[INFO] [stdout]     |
[INFO] [stdout] 17  + use stack_test_epic_pool::PoolError;
[INFO] [stdout]     |
[INFO] [stdout] 
[INFO] [stdout] 
[INFO] [stdout] error[E0412]: cannot find type `PoolError` in this scope
[INFO] [stdout]    --> tests/common.rs:145:67
[INFO] [stdout]     |
[INFO] [stdout] 145 |     fn verify_tx_lock_height(&self, _tx: &Transaction) -> Result<(), PoolError> {
[INFO] [stdout]     |                                                                      ^^^^^^^^^ not found in this scope
[INFO] [stdout]     |
[INFO] [stdout] help: consider importing this enum
[INFO] [stdout]     |
[INFO] [stdout] 17  + use stack_test_epic_pool::PoolError;
[INFO] [stdout]     |
[INFO] [stdout] 
[INFO] [stdout] 
[INFO] [stdout] error[E0432]: unresolved import `epic_pool`
[INFO] [stdout]   --> tests/common.rs:30:5
[INFO] [stdout]    |
[INFO] [stdout] 30 | use epic_pool as pool;
[INFO] [stdout]    |     ^^^^^^^^^^^^^^^^^ no external crate `epic_pool`
[INFO] [stdout] 
[INFO] [stdout] 
[INFO] [stdout] error[E0432]: unresolved import `epic_util`
[INFO] [stdout]   --> tests/common.rs:31:5
[INFO] [stdout]    |
[INFO] [stdout] 31 | use epic_util as util;
[INFO] [stdout]    |     ^^^^^^^^^^^^^^^^^ no external crate `epic_util`
[INFO] [stdout] 
[INFO] [stdout] 
[INFO] [stdout] error: aborting due to 41 previous errors
[INFO] [stdout] 
[INFO] [stdout] 
[INFO] [stdout] Some errors have detailed explanations: E0405, E0412, E0422, E0432, E0433.
[INFO] [stdout] 
[INFO] [stdout] For more information about an error, try `rustc --explain E0405`.
[INFO] [stdout] 
[INFO] [stdout] error: aborting due to 41 previous errors
[INFO] [stdout] 
[INFO] [stdout] 
[INFO] [stdout] Some errors have detailed explanations: E0405, E0412, E0422, E0432, E0433.
[INFO] [stdout] 
[INFO] [stdout] For more information about an error, try `rustc --explain E0405`.
[INFO] [stdout] 
[INFO] [stdout] error: aborting due to 40 previous errors
[INFO] [stdout] 
[INFO] [stdout] 
[INFO] [stdout] Some errors have detailed explanations: E0405, E0412, E0422, E0432, E0433.
[INFO] [stdout] 
[INFO] [stdout] For more information about an error, try `rustc --explain E0405`.
[INFO] [stdout] 
[INFO] [stderr] error: could not compile `stack_test_epic_pool` (test "common") due to 32 previous errors
[INFO] [stderr] warning: build failed, waiting for other jobs to finish...
[INFO] [stdout] error[E0405]: cannot find trait `BlockChain` in this scope
[INFO] [stdout]    --> tests/common.rs:150:34
[INFO] [stdout]     |
[INFO] [stdout] 150 | pub fn test_setup(chain: Arc<dyn BlockChain>) -> TransactionPool {
[INFO] [stdout]     |                                  ^^^^^^^^^^ not found in this scope
[INFO] [stdout]     |
[INFO] [stdout] help: consider importing this trait
[INFO] [stdout]     |
[INFO] [stdout] 17  + use stack_test_epic_pool::BlockChain;
[INFO] [stdout]     |
[INFO] [stdout] 
[INFO] [stdout] 
[INFO] [stdout] error[E0422]: cannot find struct, variant or union type `PoolConfig` in this scope
[INFO] [stdout]    --> tests/common.rs:152:3
[INFO] [stdout]     |
[INFO] [stdout] 152 |         PoolConfig {
[INFO] [stdout]     |         ^^^^^^^^^^ not found in this scope
[INFO] [stdout]     |
[INFO] [stdout] help: consider importing this struct
[INFO] [stdout]     |
[INFO] [stdout] 17  + use stack_test_epic_pool::PoolConfig;
[INFO] [stdout]     |
[INFO] [stdout] 
[INFO] [stdout] 
[INFO] [stdout] error[E0422]: cannot find struct, variant or union type `NoopAdapter` in this scope
[INFO] [stdout]    --> tests/common.rs:159:12
[INFO] [stdout]     |
[INFO] [stdout] 159 |         Arc::new(NoopAdapter {}),
[INFO] [stdout]     |                  ^^^^^^^^^^^ not found in this scope
[INFO] [stdout]     |
[INFO] [stdout] help: consider importing one of these items
[INFO] [stdout]     |
[INFO] [stdout] 17  + use stack_test_epic_chain::types::NoopAdapter;
[INFO] [stdout]     |
[INFO] [stdout] 17  + use stack_test_epic_pool::types::NoopAdapter;
[INFO] [stdout]     |
[INFO] [stdout] 
[INFO] [stdout] 
[INFO] [stdout] error[E0412]: cannot find type `TxSource` in this scope
[INFO] [stdout]    --> tests/common.rs:235:25
[INFO] [stdout]     |
[INFO] [stdout] 235 | pub fn test_source() -> TxSource {
[INFO] [stdout]     |                         ^^^^^^^^ not found in this scope
[INFO] [stdout]     |
[INFO] [stdout] help: consider importing this enum
[INFO] [stdout]     |
[INFO] [stdout] 17  + use stack_test_epic_pool::TxSource;
[INFO] [stdout]     |
[INFO] [stdout] 
[INFO] [stdout] 
[INFO] [stdout] error[E0433]: failed to resolve: use of undeclared type `TxSource`
[INFO] [stdout]    --> tests/common.rs:236:2
[INFO] [stdout]     |
[INFO] [stdout] 236 |     TxSource::Broadcast
[INFO] [stdout]     |     ^^^^^^^^ use of undeclared type `TxSource`
[INFO] [stdout]     |
[INFO] [stdout] help: consider importing this enum
[INFO] [stdout]     |
[INFO] [stdout] 17  + use stack_test_epic_pool::TxSource;
[INFO] [stdout]     |
[INFO] [stdout] 
[INFO] [stdout] 
[INFO] [stderr] error: could not compile `stack_test_epic_pool` (test "block_max_weight") due to 42 previous errors
[INFO] [stderr] error: could not compile `stack_test_epic_pool` (test "coinbase_maturity") due to 41 previous errors
[INFO] [stderr] error: could not compile `stack_test_epic_pool` (test "transaction_pool") due to 42 previous errors
[INFO] [stdout] error[E0405]: cannot find trait `BlockChain` in this scope
[INFO] [stdout]    --> tests/common.rs:101:6
[INFO] [stdout]     |
[INFO] [stdout] 101 | impl BlockChain for ChainAdapter {
[INFO] [stdout]     |      ^^^^^^^^^^ not found in this scope
[INFO] [stdout]     |
[INFO] [stdout] help: consider importing this trait
[INFO] [stdout]     |
[INFO] [stdout] 17  + use stack_test_epic_pool::BlockChain;
[INFO] [stdout]     |
[INFO] [stdout] 
[INFO] [stdout] 
[INFO] [stdout] error: aborting due to 40 previous errors
[INFO] [stdout] 
[INFO] [stdout] 
[INFO] [stdout] Some errors have detailed explanations: E0405, E0412, E0422, E0432, E0433.
[INFO] [stdout] 
[INFO] [stdout] For more information about an error, try `rustc --explain E0405`.
[INFO] [stdout] 
[INFO] [stdout] error[E0412]: cannot find type `PoolError` in this scope
[INFO] [stdout]    --> tests/common.rs:102:46
[INFO] [stdout]     |
[INFO] [stdout] 102 |     fn chain_head(&self) -> Result<BlockHeader, PoolError> {
[INFO] [stdout]     |                                                 ^^^^^^^^^ not found in this scope
[INFO] [stdout]     |
[INFO] [stdout] help: consider importing this enum
[INFO] [stdout]     |
[INFO] [stdout] 17  + use stack_test_epic_pool::PoolError;
[INFO] [stdout]     |
[INFO] [stdout] 
[INFO] [stdout] 
[INFO] [stdout] error[E0433]: failed to resolve: use of undeclared type `PoolError`
[INFO] [stdout]    --> tests/common.rs:105:17
[INFO] [stdout]     |
[INFO] [stdout] 105 |             .map_err(|_| PoolError::Other(format!("failed to get chain head")))
[INFO] [stdout]     |                          ^^^^^^^^^ use of undeclared type `PoolError`
[INFO] [stdout]     |
[INFO] [stdout] help: consider importing this enum
[INFO] [stdout]     |
[INFO] [stdout] 17  + use stack_test_epic_pool::PoolError;
[INFO] [stdout]     |
[INFO] [stdout] 
[INFO] [stdout] 
[INFO] [stdout] error[E0412]: cannot find type `PoolError` in this scope
[INFO] [stdout]    --> tests/common.rs:108:65
[INFO] [stdout]     |
[INFO] [stdout] 108 |     fn get_block_header(&self, hash: &Hash) -> Result<BlockHeader, PoolError> {
[INFO] [stdout]     |                                                                    ^^^^^^^^^ not found in this scope
[INFO] [stdout]     |
[INFO] [stdout] help: consider importing this enum
[INFO] [stdout]     |
[INFO] [stdout] 17  + use stack_test_epic_pool::PoolError;
[INFO] [stdout]     |
[INFO] [stdout] 
[INFO] [stdout] 
[INFO] [stdout] error[E0433]: failed to resolve: use of undeclared type `PoolError`
[INFO] [stdout]    --> tests/common.rs:111:17
[INFO] [stdout]     |
[INFO] [stdout] 111 |             .map_err(|_| PoolError::Other(format!("failed to get block header")))
[INFO] [stdout]     |                          ^^^^^^^^^ use of undeclared type `PoolError`
[INFO] [stdout]     |
[INFO] [stdout] help: consider importing this enum
[INFO] [stdout]     |
[INFO] [stdout] 17  + use stack_test_epic_pool::PoolError;
[INFO] [stdout]     |
[INFO] [stdout] 
[INFO] [stdout] 
[INFO] [stdout] error[E0412]: cannot find type `PoolError` in this scope
[INFO] [stdout]    --> tests/common.rs:114:61
[INFO] [stdout]     |
[INFO] [stdout] 114 |     fn get_block_sums(&self, hash: &Hash) -> Result<BlockSums, PoolError> {
[INFO] [stdout]     |                                                                ^^^^^^^^^ not found in this scope
[INFO] [stdout]     |
[INFO] [stdout] help: consider importing this enum
[INFO] [stdout]     |
[INFO] [stdout] 17  + use stack_test_epic_pool::PoolError;
[INFO] [stdout]     |
[INFO] [stdout] 
[INFO] [stdout] 
[INFO] [stdout] error[E0433]: failed to resolve: use of undeclared type `PoolError`
[INFO] [stdout]    --> tests/common.rs:117:17
[INFO] [stdout]     |
[INFO] [stdout] 117 |             .map_err(|_| PoolError::Other(format!("failed to get block sums")))
[INFO] [stdout]     |                          ^^^^^^^^^ use of undeclared type `PoolError`
[INFO] [stdout]     |
[INFO] [stdout] help: consider importing this enum
[INFO] [stdout]     |
[INFO] [stdout] 17  + use stack_test_epic_pool::PoolError;
[INFO] [stdout]     |
[INFO] [stdout] 
[INFO] [stdout] 
[INFO] [stdout] error[E0433]: failed to resolve: use of undeclared type `PoolError`
[INFO] [stdout]    --> tests/common.rs:125:16
[INFO] [stdout]     |
[INFO] [stdout] 125 |                 return Err(PoolError::Other(format!("output commitment not unique")));
[INFO] [stdout]     |                            ^^^^^^^^^ use of undeclared type `PoolError`
[INFO] [stdout]     |
[INFO] [stdout] help: consider importing this enum
[INFO] [stdout]     |
[INFO] [stdout] 17  + use stack_test_epic_pool::PoolError;
[INFO] [stdout]     |
[INFO] [stdout] 
[INFO] [stdout] 
[INFO] [stdout] error[E0433]: failed to resolve: use of undeclared type `PoolError`
[INFO] [stdout]    --> tests/common.rs:131:16
[INFO] [stdout]     |
[INFO] [stdout] 131 |                 return Err(PoolError::Other(format!("not in utxo set")));
[INFO] [stdout]     |                            ^^^^^^^^^ use of undeclared type `PoolError`
[INFO] [stdout]     |
[INFO] [stdout] help: consider importing this enum
[INFO] [stdout]     |
[INFO] [stdout] 17  + use stack_test_epic_pool::PoolError;
[INFO] [stdout]     |
[INFO] [stdout] 
[INFO] [stdout] 
[INFO] [stdout] error[E0412]: cannot find type `PoolError` in this scope
[INFO] [stdout]    --> tests/common.rs:140:70
[INFO] [stdout]     |
[INFO] [stdout] 140 |     fn verify_coinbase_maturity(&self, _tx: &Transaction) -> Result<(), PoolError> {
[INFO] [stdout]     |                                                                         ^^^^^^^^^ not found in this scope
[INFO] [stdout]     |
[INFO] [stdout] help: consider importing this enum
[INFO] [stdout]     |
[INFO] [stdout] 17  + use stack_test_epic_pool::PoolError;
[INFO] [stdout]     |
[INFO] [stdout] 
[INFO] [stdout] 
[INFO] [stdout] error[E0412]: cannot find type `PoolError` in this scope
[INFO] [stdout]    --> tests/common.rs:145:67
[INFO] [stdout]     |
[INFO] [stdout] 145 |     fn verify_tx_lock_height(&self, _tx: &Transaction) -> Result<(), PoolError> {
[INFO] [stdout]     |                                                                      ^^^^^^^^^ not found in this scope
[INFO] [stdout]     |
[INFO] [stdout] help: consider importing this enum
[INFO] [stdout]     |
[INFO] [stdout] 17  + use stack_test_epic_pool::PoolError;
[INFO] [stdout]     |
[INFO] [stdout] 
[INFO] [stdout] 
[INFO] [stdout] error[E0405]: cannot find trait `BlockChain` in this scope
[INFO] [stdout]    --> tests/common.rs:150:34
[INFO] [stdout]     |
[INFO] [stdout] 150 | pub fn test_setup(chain: Arc<dyn BlockChain>) -> TransactionPool {
[INFO] [stdout]     |                                  ^^^^^^^^^^ not found in this scope
[INFO] [stdout]     |
[INFO] [stdout] help: consider importing this trait
[INFO] [stdout]     |
[INFO] [stdout] 17  + use stack_test_epic_pool::BlockChain;
[INFO] [stdout]     |
[INFO] [stdout] 
[INFO] [stdout] 
[INFO] [stdout] error[E0422]: cannot find struct, variant or union type `PoolConfig` in this scope
[INFO] [stdout]    --> tests/common.rs:152:3
[INFO] [stdout]     |
[INFO] [stdout] 152 |         PoolConfig {
[INFO] [stdout]     |         ^^^^^^^^^^ not found in this scope
[INFO] [stdout]     |
[INFO] [stdout] help: consider importing this struct
[INFO] [stdout]     |
[INFO] [stdout] 17  + use stack_test_epic_pool::PoolConfig;
[INFO] [stdout]     |
[INFO] [stdout] 
[INFO] [stdout] 
[INFO] [stdout] error[E0422]: cannot find struct, variant or union type `NoopAdapter` in this scope
[INFO] [stdout]    --> tests/common.rs:159:12
[INFO] [stdout]     |
[INFO] [stdout] 159 |         Arc::new(NoopAdapter {}),
[INFO] [stdout]     |                  ^^^^^^^^^^^ not found in this scope
[INFO] [stdout]     |
[INFO] [stdout] help: consider importing one of these items
[INFO] [stdout]     |
[INFO] [stdout] 17  + use stack_test_epic_chain::types::NoopAdapter;
[INFO] [stdout]     |
[INFO] [stdout] 17  + use stack_test_epic_pool::types::NoopAdapter;
[INFO] [stdout]     |
[INFO] [stdout] 
[INFO] [stdout] 
[INFO] [stdout] error[E0412]: cannot find type `TxSource` in this scope
[INFO] [stdout]    --> tests/common.rs:235:25
[INFO] [stdout]     |
[INFO] [stdout] 235 | pub fn test_source() -> TxSource {
[INFO] [stdout]     |                         ^^^^^^^^ not found in this scope
[INFO] [stdout]     |
[INFO] [stdout] help: consider importing this enum
[INFO] [stdout]     |
[INFO] [stdout] 17  + use stack_test_epic_pool::TxSource;
[INFO] [stdout]     |
[INFO] [stdout] 
[INFO] [stdout] 
[INFO] [stdout] error[E0433]: failed to resolve: use of undeclared type `TxSource`
[INFO] [stdout]    --> tests/common.rs:236:2
[INFO] [stdout]     |
[INFO] [stdout] 236 |     TxSource::Broadcast
[INFO] [stdout]     |     ^^^^^^^^ use of undeclared type `TxSource`
[INFO] [stdout]     |
[INFO] [stdout] help: consider importing this enum
[INFO] [stdout]     |
[INFO] [stdout] 17  + use stack_test_epic_pool::TxSource;
[INFO] [stdout]     |
[INFO] [stdout] 
[INFO] [stdout] 
[INFO] [stderr] error: could not compile `stack_test_epic_pool` (test "block_reconciliation") due to 41 previous errors
[INFO] [stdout] error: aborting due to 40 previous errors
[INFO] [stdout] 
[INFO] [stdout] 
[INFO] [stdout] Some errors have detailed explanations: E0405, E0412, E0422, E0432, E0433.
[INFO] [stdout] 
[INFO] [stdout] For more information about an error, try `rustc --explain E0405`.
[INFO] [stdout] 
[INFO] [stderr] error: could not compile `stack_test_epic_pool` (test "block_building") due to 41 previous errors
[INFO] [stdout] warning: 1 warning emitted
[INFO] [stdout] 
[INFO] [stdout] 
[INFO] running `Command { std: "docker" "inspect" "e6ea2fd7ac913ec74e8f34e3b7c983ddcf93c2deb88e808043712be395912bd5", kill_on_drop: false }`
[INFO] running `Command { std: "docker" "rm" "-f" "e6ea2fd7ac913ec74e8f34e3b7c983ddcf93c2deb88e808043712be395912bd5", kill_on_drop: false }`
[INFO] [stdout] e6ea2fd7ac913ec74e8f34e3b7c983ddcf93c2deb88e808043712be395912bd5
[INFO] testing stack_test_epic_pool-3.0.3 against beta-2023-12-22 for beta-1.76-1
[INFO] extracting crate stack_test_epic_pool 3.0.3 into /workspace/builds/worker-1-tc2/source
[INFO] validating manifest of crates.io crate stack_test_epic_pool 3.0.3 on toolchain beta-2023-12-22
[INFO] running `Command { std: CARGO_HOME="/workspace/cargo-home" RUSTUP_HOME="/workspace/rustup-home" "/workspace/cargo-home/bin/cargo" "+beta-2023-12-22" "metadata" "--manifest-path" "Cargo.toml" "--no-deps", kill_on_drop: false }`
[INFO] started tweaking crates.io crate stack_test_epic_pool 3.0.3
[INFO] finished tweaking crates.io crate stack_test_epic_pool 3.0.3
[INFO] tweaked toml for crates.io crate stack_test_epic_pool 3.0.3 written to /workspace/builds/worker-1-tc2/source/Cargo.toml
[INFO] running `Command { std: CARGO_HOME="/workspace/cargo-home" RUSTUP_HOME="/workspace/rustup-home" "/workspace/cargo-home/bin/cargo" "+beta-2023-12-22" "generate-lockfile" "--manifest-path" "Cargo.toml", kill_on_drop: false }`
[INFO] [stderr]     Updating crates.io index
[INFO] running `Command { std: CARGO_HOME="/workspace/cargo-home" RUSTUP_HOME="/workspace/rustup-home" "/workspace/cargo-home/bin/cargo" "+beta-2023-12-22" "fetch" "--manifest-path" "Cargo.toml", kill_on_drop: false }`
[INFO] running `Command { std: "docker" "create" "-v" "/var/lib/crater-agent-workspace/builds/worker-1-tc2/target:/opt/rustwide/target:rw,Z" "-v" "/var/lib/crater-agent-workspace/builds/worker-1-tc2/source:/opt/rustwide/workdir:ro,Z" "-v" "/var/lib/crater-agent-workspace/cargo-home:/opt/rustwide/cargo-home:ro,Z" "-v" "/var/lib/crater-agent-workspace/rustup-home:/opt/rustwide/rustup-home:ro,Z" "-e" "SOURCE_DIR=/opt/rustwide/workdir" "-e" "CARGO_TARGET_DIR=/opt/rustwide/target" "-e" "CARGO_HOME=/opt/rustwide/cargo-home" "-e" "RUSTUP_HOME=/opt/rustwide/rustup-home" "-w" "/opt/rustwide/workdir" "-m" "1610612736" "--user" "0:0" "--network" "none" "ghcr.io/rust-lang/crates-build-env/linux@sha256:2788e3201cd34a07e3172128adcd8b3090168a8e3bcc40d7c032b9dda1df7d1c" "/opt/rustwide/cargo-home/bin/cargo" "+beta-2023-12-22" "metadata" "--no-deps" "--format-version=1", kill_on_drop: false }`
[INFO] [stdout] 0a4eece3bde6ef01da7055694fe86bec7e3e53cec42c7cd20250208eada3bc98
[INFO] running `Command { std: "docker" "start" "-a" "0a4eece3bde6ef01da7055694fe86bec7e3e53cec42c7cd20250208eada3bc98", kill_on_drop: false }`
[INFO] running `Command { std: "docker" "inspect" "0a4eece3bde6ef01da7055694fe86bec7e3e53cec42c7cd20250208eada3bc98", kill_on_drop: false }`
[INFO] running `Command { std: "docker" "rm" "-f" "0a4eece3bde6ef01da7055694fe86bec7e3e53cec42c7cd20250208eada3bc98", kill_on_drop: false }`
[INFO] [stdout] 0a4eece3bde6ef01da7055694fe86bec7e3e53cec42c7cd20250208eada3bc98
[INFO] running `Command { std: "docker" "create" "-v" "/var/lib/crater-agent-workspace/builds/worker-1-tc2/target:/opt/rustwide/target:rw,Z" "-v" "/var/lib/crater-agent-workspace/builds/worker-1-tc2/source:/opt/rustwide/workdir:ro,Z" "-v" "/var/lib/crater-agent-workspace/cargo-home:/opt/rustwide/cargo-home:ro,Z" "-v" "/var/lib/crater-agent-workspace/rustup-home:/opt/rustwide/rustup-home:ro,Z" "-e" "SOURCE_DIR=/opt/rustwide/workdir" "-e" "CARGO_TARGET_DIR=/opt/rustwide/target" "-e" "CARGO_INCREMENTAL=0" "-e" "RUST_BACKTRACE=full" "-e" "RUSTFLAGS=--cap-lints=warn" "-e" "RUSTDOCFLAGS=--cap-lints=warn" "-e" "CARGO_HOME=/opt/rustwide/cargo-home" "-e" "RUSTUP_HOME=/opt/rustwide/rustup-home" "-w" "/opt/rustwide/workdir" "-m" "1610612736" "--user" "0:0" "--network" "none" "ghcr.io/rust-lang/crates-build-env/linux@sha256:2788e3201cd34a07e3172128adcd8b3090168a8e3bcc40d7c032b9dda1df7d1c" "/opt/rustwide/cargo-home/bin/cargo" "+beta-2023-12-22" "build" "--frozen" "--message-format=json", kill_on_drop: false }`
[INFO] [stdout] 25c93ae1856b1f33e4aaf96a02669574a6634f1a64170ee0b542bd14ae019abb
[INFO] running `Command { std: "docker" "start" "-a" "25c93ae1856b1f33e4aaf96a02669574a6634f1a64170ee0b542bd14ae019abb", kill_on_drop: false }`
[INFO] [stderr]    Compiling libc v0.2.151
[INFO] [stderr]    Compiling rand_core v0.4.2
[INFO] [stderr]    Compiling byteorder v1.5.0
[INFO] [stderr]    Compiling nodrop v0.1.14
[INFO] [stderr]    Compiling glob v0.2.11
[INFO] [stderr]    Compiling arrayvec v0.4.12
[INFO] [stderr]    Compiling serde v1.0.194
[INFO] [stderr]    Compiling humantime v1.3.0
[INFO] [stderr]    Compiling num-traits v0.2.17
[INFO] [stderr]    Compiling generic-array v0.14.7
[INFO] [stderr]    Compiling maybe-uninit v2.0.0
[INFO] [stderr]    Compiling proc-macro2 v0.3.5
[INFO] [stderr]    Compiling num-integer v0.1.45
[INFO] [stderr]    Compiling indexmap v1.9.3
[INFO] [stderr]    Compiling linked-hash-map v0.5.6
[INFO] [stderr]    Compiling bindgen v0.37.4
[INFO] [stderr]    Compiling crunchy v0.2.2
[INFO] [stderr]    Compiling rand_core v0.3.1
[INFO] [stderr]    Compiling parking_lot_core v0.3.1
[INFO] [stderr]    Compiling gimli v0.28.1
[INFO] [stderr]    Compiling traitobject v0.1.0
[INFO] [stderr]    Compiling hashbrown v0.12.3
[INFO] [stderr]    Compiling subtle v2.4.1
[INFO] [stderr]    Compiling digest v0.9.0
[INFO] [stderr]    Compiling stable_deref_trait v1.2.0
[INFO] [stderr]    Compiling syn v1.0.109
[INFO] [stderr]    Compiling owning_ref v0.4.1
[INFO] [stderr]    Compiling block-buffer v0.9.0
[INFO] [stderr]    Compiling quote v0.5.2
[INFO] [stderr]    Compiling smallvec v0.6.14
[INFO] [stderr]    Compiling unsafe-any v0.4.2
[INFO] [stderr]    Compiling rand_pcg v0.1.2
[INFO] [stderr]    Compiling rand_chacha v0.1.1
[INFO] [stderr]    Compiling yaml-rust v0.4.5
[INFO] [stderr]    Compiling object v0.32.2
[INFO] [stderr]    Compiling clang-sys v0.23.0
[INFO] [stderr]    Compiling num-bigint v0.2.6
[INFO] [stderr]    Compiling rustc-hex v2.1.0
[INFO] [stderr]    Compiling rustc-demangle v0.1.23
[INFO] [stderr]    Compiling odds v0.2.26
[INFO] [stderr]    Compiling scopeguard v0.3.3
[INFO] [stderr]    Compiling lock_api v0.1.5
[INFO] [stderr]    Compiling arrayvec v0.3.25
[INFO] [stderr]    Compiling rand v0.6.5
[INFO] [stderr]    Compiling zeroize v1.7.0
[INFO] [stderr]    Compiling typemap v0.3.3
[INFO] [stderr]    Compiling crypto-mac v0.11.1
[INFO] [stderr]    Compiling rand_hc v0.1.0
[INFO] [stderr]    Compiling rand_isaac v0.1.1
[INFO] [stderr]    Compiling rand_xorshift v0.1.1
[INFO] [stderr]    Compiling rand_jitter v0.1.4
[INFO] [stderr]    Compiling generic-array v0.12.4
[INFO] [stderr]    Compiling num-iter v0.1.43
[INFO] [stderr]    Compiling num-complex v0.2.4
[INFO] [stderr]    Compiling num-rational v0.2.4
[INFO] [stderr]    Compiling antidote v1.0.0
[INFO] [stderr]    Compiling gcc v0.3.55
[INFO] [stderr]    Compiling rustc-serialize v0.3.25
[INFO] [stderr]    Compiling failure_derive v0.1.8
[INFO] [stderr]    Compiling safemem v0.3.3
[INFO] [stderr]    Compiling ordered-float v1.1.1
[INFO] [stderr]    Compiling arc-swap v0.3.11
[INFO] [stderr]    Compiling same-file v1.0.6
[INFO] [stderr]    Compiling log-mdc v0.1.0
[INFO] [stderr]    Compiling crunchy v0.1.6
[INFO] [stderr]    Compiling byte-tools v0.3.1
[INFO] [stderr]    Compiling unicode-xid v0.2.4
[INFO] [stderr]    Compiling base64ct v1.6.0
[INFO] [stderr]    Compiling static_assertions v0.2.5
[INFO] [stderr]    Compiling walkdir v2.4.0
[INFO] [stderr]    Compiling block-padding v0.1.5
[INFO] [stderr]    Compiling sha2 v0.9.9
[INFO] [stderr]    Compiling password-hash v0.2.3
[INFO] [stderr]    Compiling cc v1.0.83
[INFO] [stderr]    Compiling rand v0.5.6
[INFO] [stderr]    Compiling memchr v1.0.2
[INFO] [stderr]    Compiling atty v0.2.14
[INFO] [stderr]    Compiling which v1.0.5
[INFO] [stderr]    Compiling nom v3.2.1
[INFO] [stderr]    Compiling clap v2.34.0
[INFO] [stderr]    Compiling thread-id v3.3.0
[INFO] [stderr]    Compiling rand_os v0.1.3
[INFO] [stderr]    Compiling liblmdb-sys v0.2.2
[INFO] [stderr]    Compiling rand v0.4.6
[INFO] [stderr]    Compiling base64 v0.9.3
[INFO] [stderr]    Compiling addr2line v0.21.0
[INFO] [stderr]    Compiling hmac v0.11.0
[INFO] [stderr]    Compiling zip v0.5.13
[INFO] [stderr]    Compiling uint v0.7.1
[INFO] [stderr]    Compiling constant_time_eq v0.1.5
[INFO] [stderr]    Compiling pbkdf2 v0.8.0
[INFO] [stderr]    Compiling blake2-rfc v0.2.18
[INFO] [stderr]    Compiling cexpr v0.2.3
[INFO] [stderr]    Compiling log v0.4.20
[INFO] [stderr]    Compiling serde_json v1.0.111
[INFO] [stderr]    Compiling parity-codec v3.5.4
[INFO] [stderr]    Compiling chrono v0.4.31
[INFO] [stderr]    Compiling serde-value v0.5.3
[INFO] [stderr]    Compiling serde_yaml v0.8.26
[INFO] [stderr]    Compiling libloading v0.5.2
[INFO] [stderr]    Compiling env_logger v0.5.13
[INFO] [stderr]    Compiling backtrace v0.3.69
[INFO] [stderr]    Compiling grin_secp256k1zkp v0.7.12
[INFO] [stderr]    Compiling parking_lot v0.6.4
[INFO] [stderr]    Compiling synstructure v0.12.6
[INFO] [stderr]    Compiling fixed-hash v0.3.2
[INFO] [stderr]    Compiling uuid v0.6.5
[INFO] [stderr]    Compiling impl-codec v0.2.0
[INFO] [stderr]    Compiling primitive-types v0.3.0
[INFO] [stderr]    Compiling block-buffer v0.7.3
[INFO] [stderr]    Compiling num-traits v0.1.43
[INFO] [stderr]    Compiling digest v0.8.1
[INFO] [stderr]    Compiling ripemd160 v0.9.1
[INFO] [stderr]    Compiling tiny-keccak v1.5.0
[INFO] [stderr]    Compiling fake-simd v0.1.2
[INFO] [stderr]    Compiling opaque-debug v0.2.3
[INFO] [stderr]    Compiling sha2 v0.8.2
[INFO] [stderr]    Compiling num v0.2.1
[INFO] [stderr]    Compiling enum_primitive v0.1.1
[INFO] [stderr]    Compiling bigint v4.4.3
[INFO] [stderr]    Compiling lru-cache v0.1.2
[INFO] [stderr]    Compiling supercow v0.1.0
[INFO] [stderr]    Compiling log4rs v0.8.3
[INFO] [stderr]    Compiling md5 v0.6.1
[INFO] [stderr]    Compiling bitflags v0.9.1
[INFO] [stderr]    Compiling siphasher v0.2.3
[INFO] [stderr]    Compiling keccak-hash v0.2.0
[INFO] [stderr]    Compiling memmap v0.7.0
[INFO] [stderr]    Compiling failure v0.1.8
[INFO] [stderr]    Compiling stack_test_epic_util v3.0.3
[INFO] [stderr]    Compiling stack_test_epic_keychain v3.0.3
[INFO] [stderr]    Compiling lmdb-zero v0.4.4
[INFO] [stderr]    Compiling croaring-sys v0.3.9
[INFO] [stderr]    Compiling croaring v0.3.9
[INFO] [stderr]    Compiling stack_test_epic_core v3.0.3
[INFO] [stderr]    Compiling stack_test_epic_store v3.0.3
[INFO] [stderr]    Compiling stack_test_epic_pool v3.0.3 (/opt/rustwide/workdir)
[INFO] [stdout] warning: unused import: `self::util::RwLock`
[INFO] [stdout]   --> src/pool.rs:24:5
[INFO] [stdout]    |
[INFO] [stdout] 24 | use self::util::RwLock;
[INFO] [stdout]    |     ^^^^^^^^^^^^^^^^^^
[INFO] [stdout]    |
[INFO] [stdout]    = note: `#[warn(unused_imports)]` on by default
[INFO] [stdout] 
[INFO] [stdout] 
[INFO] [stdout] warning: 1 warning emitted
[INFO] [stdout] 
[INFO] [stdout] 
[INFO] [stderr]     Finished dev [unoptimized + debuginfo] target(s) in 31.88s
[INFO] [stderr] warning: the following packages contain code that will be rejected by a future version of Rust: bigint v4.4.3, grin_secp256k1zkp v0.7.12, nom v3.2.1, stack_test_epic_core v3.0.3, traitobject v0.1.0
[INFO] [stderr] note: to see what the problems were, use the option `--future-incompat-report`, or run `cargo report future-incompatibilities --id 1`
[INFO] running `Command { std: "docker" "inspect" "25c93ae1856b1f33e4aaf96a02669574a6634f1a64170ee0b542bd14ae019abb", kill_on_drop: false }`
[INFO] running `Command { std: "docker" "rm" "-f" "25c93ae1856b1f33e4aaf96a02669574a6634f1a64170ee0b542bd14ae019abb", kill_on_drop: false }`
[INFO] [stdout] 25c93ae1856b1f33e4aaf96a02669574a6634f1a64170ee0b542bd14ae019abb
[INFO] running `Command { std: "docker" "create" "-v" "/var/lib/crater-agent-workspace/builds/worker-1-tc2/target:/opt/rustwide/target:rw,Z" "-v" "/var/lib/crater-agent-workspace/builds/worker-1-tc2/source:/opt/rustwide/workdir:ro,Z" "-v" "/var/lib/crater-agent-workspace/cargo-home:/opt/rustwide/cargo-home:ro,Z" "-v" "/var/lib/crater-agent-workspace/rustup-home:/opt/rustwide/rustup-home:ro,Z" "-e" "SOURCE_DIR=/opt/rustwide/workdir" "-e" "CARGO_TARGET_DIR=/opt/rustwide/target" "-e" "CARGO_INCREMENTAL=0" "-e" "RUST_BACKTRACE=full" "-e" "RUSTFLAGS=--cap-lints=warn" "-e" "RUSTDOCFLAGS=--cap-lints=warn" "-e" "CARGO_HOME=/opt/rustwide/cargo-home" "-e" "RUSTUP_HOME=/opt/rustwide/rustup-home" "-w" "/opt/rustwide/workdir" "-m" "1610612736" "--user" "0:0" "--network" "none" "ghcr.io/rust-lang/crates-build-env/linux@sha256:2788e3201cd34a07e3172128adcd8b3090168a8e3bcc40d7c032b9dda1df7d1c" "/opt/rustwide/cargo-home/bin/cargo" "+beta-2023-12-22" "test" "--frozen" "--no-run" "--message-format=json", kill_on_drop: false }`
[INFO] [stdout] 501d7c0a7532e8eff048a5325090d5b67b44a51dba9bd31f10c099851169371c
[INFO] running `Command { std: "docker" "start" "-a" "501d7c0a7532e8eff048a5325090d5b67b44a51dba9bd31f10c099851169371c", kill_on_drop: false }`
[INFO] [stderr]    Compiling clap v2.34.0
[INFO] [stderr]    Compiling bindgen v0.37.4
[INFO] [stderr]    Compiling croaring-sys v0.3.9
[INFO] [stderr]    Compiling croaring v0.3.9
[INFO] [stderr]    Compiling stack_test_epic_core v3.0.3
[INFO] [stderr]    Compiling stack_test_epic_store v3.0.3
[INFO] [stderr]    Compiling stack_test_epic_chain v3.0.3
[INFO] [stderr]    Compiling stack_test_epic_pool v3.0.3 (/opt/rustwide/workdir)
[INFO] [stdout] warning: unused import: `self::util::RwLock`
[INFO] [stdout]   --> src/pool.rs:24:5
[INFO] [stdout]    |
[INFO] [stdout] 24 | use self::util::RwLock;
[INFO] [stdout]    |     ^^^^^^^^^^^^^^^^^^
[INFO] [stdout]    |
[INFO] [stdout]    = note: `#[warn(unused_imports)]` on by default
[INFO] [stdout] 
[INFO] [stdout] 
[INFO] [stdout] warning: 1 warning emitted
[INFO] [stdout] 
[INFO] [stdout] 
[INFO] [stdout] error[E0433]: failed to resolve: could not find `pool` in `self`
[INFO] [stdout]   --> tests/common.rs:23:11
[INFO] [stdout]    |
[INFO] [stdout] 23 | use self::pool::types::*;
[INFO] [stdout]    |           ^^^^ could not find `pool` in `self`
[INFO] [stdout] 
[INFO] [stdout] 
[INFO] [stdout] error[E0433]: failed to resolve: could not find `pool` in `self`
[INFO] [stdout]   --> tests/common.rs:23:11
[INFO] [stdout]    |
[INFO] [stdout] 23 | use self::pool::types::*;
[INFO] [stdout]    |           ^^^^ could not find `pool` in `self`
[INFO] [stdout] 
[INFO] [stdout] 
[INFO] [stdout] error[E0433]: failed to resolve: could not find `pool` in `self`
[INFO] [stdout]   --> tests/common.rs:23:11
[INFO] [stdout]    |
[INFO] [stdout] 23 | use self::pool::types::*;
[INFO] [stdout]    |           ^^^^ could not find `pool` in `self`
[INFO] [stdout] 
[INFO] [stdout] 
[INFO] [stdout] error[E0433]: failed to resolve: could not find `pool` in `self`
[INFO] [stdout]   --> tests/common.rs:23:11
[INFO] [stdout]    |
[INFO] [stdout] 23 | use self::pool::types::*;
[INFO] [stdout]    |           ^^^^ could not find `pool` in `self`
[INFO] [stdout] 
[INFO] [stdout] 
[INFO] [stdout] error[E0433]: failed to resolve: could not find `pool` in `self`
[INFO] [stdout]   --> tests/common.rs:23:11
[INFO] [stdout]    |
[INFO] [stdout] 23 | use self::pool::types::*;
[INFO] [stdout]    |           ^^^^ could not find `pool` in `self`
[INFO] [stdout] 
[INFO] [stdout] 
[INFO] [stdout] warning: unused import: `self::util::RwLock`
[INFO] [stdout]   --> src/pool.rs:24:5
[INFO] [stdout]    |
[INFO] [stdout] 24 | use self::util::RwLock;
[INFO] [stdout]    |     ^^^^^^^^^^^^^^^^^^
[INFO] [stdout]    |
[INFO] [stdout]    = note: `#[warn(unused_imports)]` on by default
[INFO] [stdout] 
[INFO] [stdout] 
[INFO] [stdout] error[E0433]: failed to resolve: could not find `pool` in the crate root
[INFO] [stdout]   --> tests/common.rs:23:11
[INFO] [stdout]    |
[INFO] [stdout] 23 | use self::pool::types::*;
[INFO] [stdout]    |           ^^^^ could not find `pool` in the crate root
[INFO] [stdout] 
[INFO] [stdout] 
[INFO] [stdout] error[E0433]: failed to resolve: could not find `chain` in the crate root
[INFO] [stdout]   --> tests/common.rs:17:11
[INFO] [stdout]    |
[INFO] [stdout] 17 | use self::chain::store::ChainStore;
[INFO] [stdout]    |           ^^^^^ could not find `chain` in the crate root
[INFO] [stdout] 
[INFO] [stdout] 
[INFO] [stdout] error[E0433]: failed to resolve: unresolved import
[INFO] [stdout]   --> tests/block_building.rs:17:11
[INFO] [stdout]    |
[INFO] [stdout] 17 | use self::core::core::hash::Hashed;
[INFO] [stdout]    |           ^^^^
[INFO] [stdout]    |           |
[INFO] [stdout]    |           unresolved import
[INFO] [stdout]    |           help: a similar path exists: `stack_test_epic_core::core`
[INFO] [stdout] 
[INFO] [stdout] 
[INFO] [stdout] error[E0433]: failed to resolve: could not find `chain` in the crate root
[INFO] [stdout]   --> tests/common.rs:18:11
[INFO] [stdout]    |
[INFO] [stdout] 18 | use self::chain::types::Tip;
[INFO] [stdout]    |           ^^^^^ could not find `chain` in the crate root
[INFO] [stdout] 
[INFO] [stdout] 
[INFO] [stdout] error[E0433]: failed to resolve: unresolved import
[INFO] [stdout]   --> tests/block_building.rs:18:11
[INFO] [stdout]    |
[INFO] [stdout] 18 | use self::core::core::{Block, BlockHeader, Transaction};
[INFO] [stdout]    |           ^^^^
[INFO] [stdout]    |           |
[INFO] [stdout]    |           unresolved import
[INFO] [stdout]    |           help: a similar path exists: `stack_test_epic_core::core`
[INFO] [stdout] 
[INFO] [stdout] 
[INFO] [stdout] error[E0433]: failed to resolve: unresolved import
[INFO] [stdout]   --> tests/common.rs:19:11
[INFO] [stdout]    |
[INFO] [stdout] 19 | use self::core::core::hash::{Hash, Hashed};
[INFO] [stdout]    |           ^^^^
[INFO] [stdout]    |           |
[INFO] [stdout]    |           unresolved import
[INFO] [stdout]    |           help: a similar path exists: `stack_test_epic_core::core`
[INFO] [stdout] 
[INFO] [stdout] 
[INFO] [stdout] error[E0433]: failed to resolve: unresolved import
[INFO] [stdout]   --> tests/common.rs:20:11
[INFO] [stdout]    |
[INFO] [stdout] 20 | use self::core::core::{Block, BlockHeader, BlockSums, Committed, KernelFeatures, Transaction};
[INFO] [stdout]    |           ^^^^
[INFO] [stdout]    |           |
[INFO] [stdout]    |           unresolved import
[INFO] [stdout]    |           help: a similar path exists: `stack_test_epic_core::core`
[INFO] [stdout] 
[INFO] [stdout] 
[INFO] [stdout] error[E0433]: failed to resolve: unresolved import
[INFO] [stdout]   --> tests/block_building.rs:20:11
[INFO] [stdout]    |
[INFO] [stdout] 20 | use self::core::pow::Difficulty;
[INFO] [stdout]    |           ^^^^
[INFO] [stdout]    |           |
[INFO] [stdout]    |           unresolved import
[INFO] [stdout]    |           help: a similar path exists: `stack_test_epic_core::core`
[INFO] [stdout] 
[INFO] [stdout] 
[INFO] [stdout] error[E0432]: unresolved import `self::core`
[INFO] [stdout]   --> tests/block_building.rs:19:11
[INFO] [stdout]    |
[INFO] [stdout] 19 | use self::core::libtx;
[INFO] [stdout]    |           ^^^^
[INFO] [stdout]    |           |
[INFO] [stdout]    |           unresolved import
[INFO] [stdout]    |           help: a similar path exists: `stack_test_epic_core::core`
[INFO] [stdout] 
[INFO] [stdout] 
[INFO] [stdout] error[E0432]: unresolved import `self::keychain`
[INFO] [stdout]   --> tests/block_building.rs:21:11
[INFO] [stdout]    |
[INFO] [stdout] 21 | use self::keychain::{ExtKeychain, Keychain};
[INFO] [stdout]    |           ^^^^^^^^
[INFO] [stdout]    |           |
[INFO] [stdout]    |           unresolved import
[INFO] [stdout]    |           help: a similar path exists: `stack_test_epic_keychain::keychain`
[INFO] [stdout] 
[INFO] [stdout] 
[INFO] [stdout] error[E0432]: unresolved import `self::util`
[INFO] [stdout]   --> tests/block_building.rs:22:11
[INFO] [stdout]    |
[INFO] [stdout] 22 | use self::util::RwLock;
[INFO] [stdout]    |           ^^^^ could not find `util` in the crate root
[INFO] [stdout] 
[INFO] [stdout] 
[INFO] [stdout] error[E0432]: unresolved import `self::core`
[INFO] [stdout]   --> tests/common.rs:21:11
[INFO] [stdout]    |
[INFO] [stdout] 21 | use self::core::libtx;
[INFO] [stdout]    |           ^^^^
[INFO] [stdout]    |           |
[INFO] [stdout]    |           unresolved import
[INFO] [stdout]    |           help: a similar path exists: `stack_test_epic_core::core`
[INFO] [stdout] 
[INFO] [stdout] 
[INFO] [stdout] error[E0432]: unresolved import `epic_core`
[INFO] [stdout]   --> tests/block_building.rs:24:5
[INFO] [stdout]    |
[INFO] [stdout] 24 | use epic_core as core;
[INFO] [stdout]    |     ^^^^^^^^^^^^^^^^^ no external crate `epic_core`
[INFO] [stdout] 
[INFO] [stdout] 
[INFO] [stdout] error[E0432]: unresolved import `epic_keychain`
[INFO] [stdout]   --> tests/block_building.rs:25:5
[INFO] [stdout]    |
[INFO] [stdout] 25 | use epic_keychain as keychain;
[INFO] [stdout]    |     ^^^^^^^^^^^^^^^^^^^^^^^^^ no external crate `epic_keychain`
[INFO] [stdout] 
[INFO] [stdout] 
[INFO] [stdout] error[E0432]: unresolved import `self::keychain`
[INFO] [stdout]   --> tests/common.rs:22:11
[INFO] [stdout]    |
[INFO] [stdout] 22 | use self::keychain::{ExtKeychain, Keychain};
[INFO] [stdout]    |           ^^^^^^^^
[INFO] [stdout]    |           |
[INFO] [stdout]    |           unresolved import
[INFO] [stdout]    |           help: a similar path exists: `stack_test_epic_keychain::keychain`
[INFO] [stdout] 
[INFO] [stdout] 
[INFO] [stdout] error[E0433]: failed to resolve: could not find `chain` in `self`
[INFO] [stdout]   --> tests/common.rs:17:11
[INFO] [stdout]    |
[INFO] [stdout] 17 | use self::chain::store::ChainStore;
[INFO] [stdout]    |           ^^^^^ could not find `chain` in `self`
[INFO] [stdout] 
[INFO] [stdout] 
[INFO] [stdout] error[E0433]: failed to resolve: could not find `chain` in `self`
[INFO] [stdout]   --> tests/common.rs:18:11
[INFO] [stdout]    |
[INFO] [stdout] 18 | use self::chain::types::Tip;
[INFO] [stdout]    |           ^^^^^ could not find `chain` in `self`
[INFO] [stdout] 
[INFO] [stdout] 
[INFO] [stdout] error[E0433]: failed to resolve: could not find `core` in `self`
[INFO] [stdout]   --> tests/common.rs:19:11
[INFO] [stdout]    |
[INFO] [stdout] 19 | use self::core::core::hash::{Hash, Hashed};
[INFO] [stdout]    |           ^^^^ could not find `core` in `self`
[INFO] [stdout] 
[INFO] [stdout] 
[INFO] [stdout] error[E0433]: failed to resolve: could not find `core` in `self`
[INFO] [stdout]   --> tests/common.rs:20:11
[INFO] [stdout]    |
[INFO] [stdout] 20 | use self::core::core::{Block, BlockHeader, BlockSums, Committed, KernelFeatures, Transaction};
[INFO] [stdout]    |           ^^^^ could not find `core` in `self`
[INFO] [stdout] 
[INFO] [stdout] 
[INFO] [stdout] error[E0433]: failed to resolve: unresolved import
[INFO] [stdout]   --> tests/block_reconciliation.rs:17:11
[INFO] [stdout]    |
[INFO] [stdout] 17 | use self::core::core::hash::Hashed;
[INFO] [stdout]    |           ^^^^
[INFO] [stdout]    |           |
[INFO] [stdout]    |           unresolved import
[INFO] [stdout]    |           help: a similar path exists: `stack_test_epic_core::core`
[INFO] [stdout] 
[INFO] [stdout] 
[INFO] [stdout] error[E0432]: unresolved import `epic_util`
[INFO] [stdout]   --> tests/block_building.rs:26:5
[INFO] [stdout]    |
[INFO] [stdout] 26 | use epic_util as util;
[INFO] [stdout]    |     ^^^^^^^^^^^^^^^^^ no external crate `epic_util`
[INFO] [stdout] 
[INFO] [stdout] 
[INFO] [stdout] error[E0433]: failed to resolve: could not find `util` in the crate root
[INFO] [stdout]   --> tests/common.rs:25:11
[INFO] [stdout]    |
[INFO] [stdout] 25 | use self::util::secp::pedersen::Commitment;
[INFO] [stdout]    |           ^^^^ could not find `util` in the crate root
[INFO] [stdout] 
[INFO] [stdout] 
[INFO] [stdout] error[E0432]: unresolved import `self::core`
[INFO] [stdout]   --> tests/common.rs:21:11
[INFO] [stdout]    |
[INFO] [stdout] 21 | use self::core::libtx;
[INFO] [stdout]    |           ^^^^ could not find `core` in `self`
[INFO] [stdout] 
[INFO] [stdout] 
[INFO] [stdout] error[E0432]: unresolved import `self::keychain`
[INFO] [stdout]   --> tests/common.rs:22:11
[INFO] [stdout]    |
[INFO] [stdout] 22 | use self::keychain::{ExtKeychain, Keychain};
[INFO] [stdout]    |           ^^^^^^^^ could not find `keychain` in `self`
[INFO] [stdout] 
[INFO] [stdout] 
[INFO] [stdout] error[E0433]: failed to resolve: could not find `util` in `self`
[INFO] [stdout]   --> tests/common.rs:25:11
[INFO] [stdout]    |
[INFO] [stdout] 25 | use self::util::secp::pedersen::Commitment;
[INFO] [stdout]    |           ^^^^ could not find `util` in `self`
[INFO] [stdout] 
[INFO] [stdout] 
[INFO] [stdout] error[E0432]: unresolved import `self::pool`
[INFO] [stdout]   --> tests/common.rs:24:11
[INFO] [stdout]    |
[INFO] [stdout] 24 | use self::pool::TransactionPool;
[INFO] [stdout]    |           ^^^^ could not find `pool` in `self`
[INFO] [stdout] 
[INFO] [stdout] 
[INFO] [stdout] error[E0433]: failed to resolve: unresolved import
[INFO] [stdout]   --> tests/block_reconciliation.rs:18:11
[INFO] [stdout]    |
[INFO] [stdout] 18 | use self::core::core::{Block, BlockHeader};
[INFO] [stdout]    |           ^^^^
[INFO] [stdout]    |           |
[INFO] [stdout]    |           unresolved import
[INFO] [stdout]    |           help: a similar path exists: `stack_test_epic_core::core`
[INFO] [stdout] 
[INFO] [stdout] 
[INFO] [stdout] error[E0432]: unresolved import `self::util`
[INFO] [stdout]   --> tests/common.rs:26:11
[INFO] [stdout]    |
[INFO] [stdout] 26 | use self::util::RwLock;
[INFO] [stdout]    |           ^^^^ could not find `util` in `self`
[INFO] [stdout] 
[INFO] [stdout] 
[INFO] [stdout] error[E0432]: unresolved import `self::pool`
[INFO] [stdout]   --> tests/common.rs:24:11
[INFO] [stdout]    |
[INFO] [stdout] 24 | use self::pool::TransactionPool;
[INFO] [stdout]    |           ^^^^ could not find `pool` in the crate root
[INFO] [stdout] 
[INFO] [stdout] 
[INFO] [stdout] error[E0432]: unresolved import `epic_chain`
[INFO] [stdout]   --> tests/common.rs:27:5
[INFO] [stdout]    |
[INFO] [stdout] 27 | use epic_chain as chain;
[INFO] [stdout]    |     ^^^^^^^^^^^^^^^^^^^ no external crate `epic_chain`
[INFO] [stdout] 
[INFO] [stdout] 
[INFO] [stdout] error[E0432]: unresolved import `self::util`
[INFO] [stdout]   --> tests/common.rs:26:11
[INFO] [stdout]    |
[INFO] [stdout] 26 | use self::util::RwLock;
[INFO] [stdout]    |           ^^^^ could not find `util` in the crate root
[INFO] [stdout] 
[INFO] [stdout] 
[INFO] [stdout] error[E0432]: unresolved import `epic_core`
[INFO] [stdout]   --> tests/common.rs:28:5
[INFO] [stdout]    |
[INFO] [stdout] 28 | use epic_core as core;
[INFO] [stdout]    |     ^^^^^^^^^^^^^^^^^ no external crate `epic_core`
[INFO] [stdout] 
[INFO] [stdout] 
[INFO] [stdout] error[E0433]: failed to resolve: unresolved import
[INFO] [stdout]   --> tests/block_reconciliation.rs:20:11
[INFO] [stdout]    |
[INFO] [stdout] 20 | use self::core::pow::Difficulty;
[INFO] [stdout]    |           ^^^^
[INFO] [stdout]    |           |
[INFO] [stdout]    |           unresolved import
[INFO] [stdout]    |           help: a similar path exists: `stack_test_epic_core::core`
[INFO] [stdout] 
[INFO] [stdout] 
[INFO] [stdout] error[E0432]: unresolved import `epic_chain`
[INFO] [stdout]   --> tests/common.rs:27:5
[INFO] [stdout]    |
[INFO] [stdout] 27 | use epic_chain as chain;
[INFO] [stdout]    |     ^^^^^^^^^^^^^^^^^^^ no external crate `epic_chain`
[INFO] [stdout] 
[INFO] [stdout] 
[INFO] [stdout] error[E0432]: unresolved import `epic_keychain`
[INFO] [stdout]   --> tests/common.rs:29:5
[INFO] [stdout]    |
[INFO] [stdout] 29 | use epic_keychain as keychain;
[INFO] [stdout]    |     ^^^^^^^^^^^^^^^^^^^^^^^^^ no external crate `epic_keychain`
[INFO] [stdout] 
[INFO] [stdout] 
[INFO] [stdout] error[E0432]: unresolved import `epic_core`
[INFO] [stdout]   --> tests/common.rs:28:5
[INFO] [stdout]    |
[INFO] [stdout] 28 | use epic_core as core;
[INFO] [stdout]    |     ^^^^^^^^^^^^^^^^^ no external crate `epic_core`
[INFO] [stdout] 
[INFO] [stdout] 
[INFO] [stdout] error[E0432]: unresolved import `self::core`
[INFO] [stdout]   --> tests/block_reconciliation.rs:19:11
[INFO] [stdout]    |
[INFO] [stdout] 19 | use self::core::libtx;
[INFO] [stdout]    |           ^^^^
[INFO] [stdout]    |           |
[INFO] [stdout]    |           unresolved import
[INFO] [stdout]    |           help: a similar path exists: `stack_test_epic_core::core`
[INFO] [stdout] 
[INFO] [stdout] 
[INFO] [stdout] error[E0432]: unresolved import `epic_pool`
[INFO] [stdout]   --> tests/common.rs:30:5
[INFO] [stdout]    |
[INFO] [stdout] 30 | use epic_pool as pool;
[INFO] [stdout]    |     ^^^^^^^^^^^^^^^^^ no external crate `epic_pool`
[INFO] [stdout] 
[INFO] [stdout] 
[INFO] [stdout] error[E0432]: unresolved import `epic_util`
[INFO] [stdout]   --> tests/common.rs:31:5
[INFO] [stdout]    |
[INFO] [stdout] 31 | use epic_util as util;
[INFO] [stdout]    |     ^^^^^^^^^^^^^^^^^ no external crate `epic_util`
[INFO] [stdout] 
[INFO] [stdout] 
[INFO] [stdout] error[E0432]: unresolved import `epic_keychain`
[INFO] [stdout]   --> tests/common.rs:29:5
[INFO] [stdout]    |
[INFO] [stdout] 29 | use epic_keychain as keychain;
[INFO] [stdout]    |     ^^^^^^^^^^^^^^^^^^^^^^^^^ no external crate `epic_keychain`
[INFO] [stdout] 
[INFO] [stdout] 
[INFO] [stdout] error[E0432]: unresolved import `self::keychain`
[INFO] [stdout]   --> tests/block_reconciliation.rs:21:11
[INFO] [stdout]    |
[INFO] [stdout] 21 | use self::keychain::{ExtKeychain, Keychain};
[INFO] [stdout]    |           ^^^^^^^^
[INFO] [stdout]    |           |
[INFO] [stdout]    |           unresolved import
[INFO] [stdout]    |           help: a similar path exists: `stack_test_epic_keychain::keychain`
[INFO] [stdout] 
[INFO] [stdout] 
[INFO] [stdout] error[E0432]: unresolved import `epic_pool`
[INFO] [stdout]   --> tests/common.rs:30:5
[INFO] [stdout]    |
[INFO] [stdout] 30 | use epic_pool as pool;
[INFO] [stdout]    |     ^^^^^^^^^^^^^^^^^ no external crate `epic_pool`
[INFO] [stdout] 
[INFO] [stdout] 
[INFO] [stdout] error[E0432]: unresolved import `epic_util`
[INFO] [stdout]   --> tests/common.rs:31:5
[INFO] [stdout]    |
[INFO] [stdout] 31 | use epic_util as util;
[INFO] [stdout]    |     ^^^^^^^^^^^^^^^^^ no external crate `epic_util`
[INFO] [stdout] 
[INFO] [stdout] 
[INFO] [stdout] error[E0432]: unresolved import `self::util`
[INFO] [stdout]   --> tests/block_reconciliation.rs:22:11
[INFO] [stdout]    |
[INFO] [stdout] 22 | use self::util::RwLock;
[INFO] [stdout]    |           ^^^^ could not find `util` in the crate root
[INFO] [stdout] 
[INFO] [stdout] 
[INFO] [stdout] error[E0432]: unresolved import `epic_core`
[INFO] [stdout]   --> tests/block_reconciliation.rs:25:5
[INFO] [stdout]    |
[INFO] [stdout] 25 | use epic_core as core;
[INFO] [stdout]    |     ^^^^^^^^^^^^^^^^^ no external crate `epic_core`
[INFO] [stdout] 
[INFO] [stdout] 
[INFO] [stdout] error[E0433]: failed to resolve: unresolved import
[INFO] [stdout]   --> tests/block_max_weight.rs:19:11
[INFO] [stdout]    |
[INFO] [stdout] 19 | use self::core::core::hash::Hashed;
[INFO] [stdout]    |           ^^^^
[INFO] [stdout]    |           |
[INFO] [stdout]    |           unresolved import
[INFO] [stdout]    |           help: a similar path exists: `stack_test_epic_core::core`
[INFO] [stdout] 
[INFO] [stdout] 
[INFO] [stdout] error[E0433]: failed to resolve: unresolved import
[INFO] [stdout]   --> tests/coinbase_maturity.rs:17:11
[INFO] [stdout]    |
[INFO] [stdout] 17 | use self::core::core::hash::Hash;
[INFO] [stdout]    |           ^^^^
[INFO] [stdout]    |           |
[INFO] [stdout]    |           unresolved import
[INFO] [stdout]    |           help: a similar path exists: `stack_test_epic_core::core`
[INFO] [stdout] 
[INFO] [stdout] 
[INFO] [stdout] error[E0432]: unresolved import `epic_keychain`
[INFO] [stdout]   --> tests/block_reconciliation.rs:26:5
[INFO] [stdout]    |
[INFO] [stdout] 26 | use epic_keychain as keychain;
[INFO] [stdout]    |     ^^^^^^^^^^^^^^^^^^^^^^^^^ no external crate `epic_keychain`
[INFO] [stdout] 
[INFO] [stdout] 
[INFO] [stdout] error[E0433]: failed to resolve: unresolved import
[INFO] [stdout]   --> tests/transaction_pool.rs:17:11
[INFO] [stdout]    |
[INFO] [stdout] 17 | use self::core::core::{transaction, Block, BlockHeader, Weighting};
[INFO] [stdout]    |           ^^^^
[INFO] [stdout]    |           |
[INFO] [stdout]    |           unresolved import
[INFO] [stdout]    |           help: a similar path exists: `stack_test_epic_core::core`
[INFO] [stdout] 
[INFO] [stdout] 
[INFO] [stdout] error[E0433]: failed to resolve: could not find `chain` in `self`
[INFO] [stdout]   --> tests/common.rs:17:11
[INFO] [stdout]    |
[INFO] [stdout] 17 | use self::chain::store::ChainStore;
[INFO] [stdout]    |           ^^^^^ could not find `chain` in `self`
[INFO] [stdout] 
[INFO] [stdout] 
[INFO] [stdout] error[E0433]: failed to resolve: could not find `chain` in `self`
[INFO] [stdout]   --> tests/common.rs:18:11
[INFO] [stdout]    |
[INFO] [stdout] 18 | use self::chain::types::Tip;
[INFO] [stdout]    |           ^^^^^ could not find `chain` in `self`
[INFO] [stdout] 
[INFO] [stdout] 
[INFO] [stdout] error[E0433]: failed to resolve: unresolved import
[INFO] [stdout]   --> tests/coinbase_maturity.rs:18:11
[INFO] [stdout]    |
[INFO] [stdout] 18 | use self::core::core::{BlockHeader, BlockSums, Transaction};
[INFO] [stdout]    |           ^^^^
[INFO] [stdout]    |           |
[INFO] [stdout]    |           unresolved import
[INFO] [stdout]    |           help: a similar path exists: `stack_test_epic_core::core`
[INFO] [stdout] 
[INFO] [stdout] 
[INFO] [stdout] error[E0433]: failed to resolve: could not find `core` in `self`
[INFO] [stdout]   --> tests/common.rs:19:11
[INFO] [stdout]    |
[INFO] [stdout] 19 | use self::core::core::hash::{Hash, Hashed};
[INFO] [stdout]    |           ^^^^ could not find `core` in `self`
[INFO] [stdout] 
[INFO] [stdout] 
[INFO] [stdout] error[E0433]: failed to resolve: could not find `core` in `self`
[INFO] [stdout]   --> tests/common.rs:20:11
[INFO] [stdout]    |
[INFO] [stdout] 20 | use self::core::core::{Block, BlockHeader, BlockSums, Committed, KernelFeatures, Transaction};
[INFO] [stdout]    |           ^^^^ could not find `core` in `self`
[INFO] [stdout] 
[INFO] [stdout] 
[INFO] [stdout] error[E0433]: failed to resolve: unresolved import
[INFO] [stdout]   --> tests/block_max_weight.rs:20:11
[INFO] [stdout]    |
[INFO] [stdout] 20 | use self::core::core::{Block, BlockHeader, Transaction};
[INFO] [stdout]    |           ^^^^
[INFO] [stdout]    |           |
[INFO] [stdout]    |           unresolved import
[INFO] [stdout]    |           help: a similar path exists: `stack_test_epic_core::core`
[INFO] [stdout] 
[INFO] [stdout] 
[INFO] [stdout] error[E0432]: unresolved import `epic_util`
[INFO] [stdout]   --> tests/block_reconciliation.rs:27:5
[INFO] [stdout]    |
[INFO] [stdout] 27 | use epic_util as util;
[INFO] [stdout]    |     ^^^^^^^^^^^^^^^^^ no external crate `epic_util`
[INFO] [stdout] 
[INFO] [stdout] 
[INFO] [stdout] error[E0432]: unresolved import `self::core`
[INFO] [stdout]   --> tests/common.rs:21:11
[INFO] [stdout]    |
[INFO] [stdout] 21 | use self::core::libtx;
[INFO] [stdout]    |           ^^^^ could not find `core` in `self`
[INFO] [stdout] 
[INFO] [stdout] 
[INFO] [stdout] error[E0432]: unresolved import `self::keychain`
[INFO] [stdout]   --> tests/common.rs:22:11
[INFO] [stdout]    |
[INFO] [stdout] 22 | use self::keychain::{ExtKeychain, Keychain};
[INFO] [stdout]    |           ^^^^^^^^ could not find `keychain` in `self`
[INFO] [stdout] 
[INFO] [stdout] 
[INFO] [stdout] error[E0433]: failed to resolve: could not find `util` in `self`
[INFO] [stdout]   --> tests/common.rs:25:11
[INFO] [stdout]    |
[INFO] [stdout] 25 | use self::util::secp::pedersen::Commitment;
[INFO] [stdout]    |           ^^^^ could not find `util` in `self`
[INFO] [stdout] 
[INFO] [stdout] 
[INFO] [stdout] error[E0432]: unresolved import `self::pool`
[INFO] [stdout]   --> tests/common.rs:24:11
[INFO] [stdout]    |
[INFO] [stdout] 24 | use self::pool::TransactionPool;
[INFO] [stdout]    |           ^^^^ could not find `pool` in `self`
[INFO] [stdout] 
[INFO] [stdout] 
[INFO] [stdout] error[E0432]: unresolved import `self::util`
[INFO] [stdout]   --> tests/common.rs:26:11
[INFO] [stdout]    |
[INFO] [stdout] 26 | use self::util::RwLock;
[INFO] [stdout]    |           ^^^^ could not find `util` in `self`
[INFO] [stdout] 
[INFO] [stdout] 
[INFO] [stdout] error[E0432]: unresolved import `epic_chain`
[INFO] [stdout]   --> tests/common.rs:27:5
[INFO] [stdout]    |
[INFO] [stdout] 27 | use epic_chain as chain;
[INFO] [stdout]    |     ^^^^^^^^^^^^^^^^^^^ no external crate `epic_chain`
[INFO] [stdout] 
[INFO] [stdout] 
[INFO] [stdout] error[E0432]: unresolved import `epic_core`
[INFO] [stdout]   --> tests/common.rs:28:5
[INFO] [stdout]    |
[INFO] [stdout] 28 | use epic_core as core;
[INFO] [stdout]    |     ^^^^^^^^^^^^^^^^^ no external crate `epic_core`
[INFO] [stdout] 
[INFO] [stdout] 
[INFO] [stdout] error[E0432]: unresolved import `epic_keychain`
[INFO] [stdout]   --> tests/common.rs:29:5
[INFO] [stdout]    |
[INFO] [stdout] 29 | use epic_keychain as keychain;
[INFO] [stdout]    |     ^^^^^^^^^^^^^^^^^^^^^^^^^ no external crate `epic_keychain`
[INFO] [stdout] 
[INFO] [stdout] 
[INFO] [stdout] error[E0432]: unresolved import `epic_pool`
[INFO] [stdout]   --> tests/common.rs:30:5
[INFO] [stdout]    |
[INFO] [stdout] 30 | use epic_pool as pool;
[INFO] [stdout]    |     ^^^^^^^^^^^^^^^^^ no external crate `epic_pool`
[INFO] [stdout] 
[INFO] [stdout] 
[INFO] [stdout] error[E0432]: unresolved import `epic_util`
[INFO] [stdout]   --> tests/common.rs:31:5
[INFO] [stdout]    |
[INFO] [stdout] 31 | use epic_util as util;
[INFO] [stdout]    |     ^^^^^^^^^^^^^^^^^ no external crate `epic_util`
[INFO] [stdout] 
[INFO] [stdout] 
[INFO] [stdout] error[E0432]: unresolved import `self::core`
[INFO] [stdout]   --> tests/block_max_weight.rs:21:11
[INFO] [stdout]    |
[INFO] [stdout] 21 | use self::core::global;
[INFO] [stdout]    |           ^^^^
[INFO] [stdout]    |           |
[INFO] [stdout]    |           unresolved import
[INFO] [stdout]    |           help: a similar path exists: `stack_test_epic_core::core`
[INFO] [stdout] 
[INFO] [stdout] 
[INFO] [stdout] error[E0433]: failed to resolve: unresolved import
[INFO] [stdout]   --> tests/transaction_pool.rs:19:11
[INFO] [stdout]    |
[INFO] [stdout] 19 | use self::core::pow::Difficulty;
[INFO] [stdout]    |           ^^^^
[INFO] [stdout]    |           |
[INFO] [stdout]    |           unresolved import
[INFO] [stdout]    |           help: a similar path exists: `stack_test_epic_core::core`
[INFO] [stdout] 
[INFO] [stdout] 
[INFO] [stdout] error[E0433]: failed to resolve: could not find `pool` in the crate root
[INFO] [stdout]   --> tests/coinbase_maturity.rs:20:11
[INFO] [stdout]    |
[INFO] [stdout] 20 | use self::pool::types::{BlockChain, PoolError};
[INFO] [stdout]    |           ^^^^ could not find `pool` in the crate root
[INFO] [stdout] 
[INFO] [stdout] 
[INFO] [stdout] error[E0433]: failed to resolve: unresolved import
[INFO] [stdout]   --> tests/block_max_weight.rs:23:11
[INFO] [stdout]    |
[INFO] [stdout] 23 | use self::core::pow::Difficulty;
[INFO] [stdout]    |           ^^^^
[INFO] [stdout]    |           |
[INFO] [stdout]    |           unresolved import
[INFO] [stdout]    |           help: a similar path exists: `stack_test_epic_core::core`
[INFO] [stdout] 
[INFO] [stdout] 
[INFO] [stdout] error[E0432]: unresolved import `self::core`
[INFO] [stdout]   --> tests/transaction_pool.rs:18:11
[INFO] [stdout]    |
[INFO] [stdout] 18 | use self::core::libtx;
[INFO] [stdout]    |           ^^^^
[INFO] [stdout]    |           |
[INFO] [stdout]    |           unresolved import
[INFO] [stdout]    |           help: a similar path exists: `stack_test_epic_core::core`
[INFO] [stdout] 
[INFO] [stdout] 
[INFO] [stdout] error[E0432]: unresolved import `self::core`
[INFO] [stdout]   --> tests/block_max_weight.rs:22:11
[INFO] [stdout]    |
[INFO] [stdout] 22 | use self::core::libtx;
[INFO] [stdout]    |           ^^^^
[INFO] [stdout]    |           |
[INFO] [stdout]    |           unresolved import
[INFO] [stdout]    |           help: a similar path exists: `stack_test_epic_core::core`
[INFO] [stdout] 
[INFO] [stdout] 
[INFO] [stdout] error[E0432]: unresolved import `self::keychain`
[INFO] [stdout]   --> tests/coinbase_maturity.rs:19:11
[INFO] [stdout]    |
[INFO] [stdout] 19 | use self::keychain::{ExtKeychain, Keychain};
[INFO] [stdout]    |           ^^^^^^^^
[INFO] [stdout]    |           |
[INFO] [stdout]    |           unresolved import
[INFO] [stdout]    |           help: a similar path exists: `stack_test_epic_keychain::keychain`
[INFO] [stdout] 
[INFO] [stdout] 
[INFO] [stdout] error[E0432]: unresolved import `self::keychain`
[INFO] [stdout]   --> tests/transaction_pool.rs:20:11
[INFO] [stdout]    |
[INFO] [stdout] 20 | use self::keychain::{ExtKeychain, Keychain};
[INFO] [stdout]    |           ^^^^^^^^
[INFO] [stdout]    |           |
[INFO] [stdout]    |           unresolved import
[INFO] [stdout]    |           help: a similar path exists: `stack_test_epic_keychain::keychain`
[INFO] [stdout] 
[INFO] [stdout] 
[INFO] [stdout] error[E0432]: unresolved import `self::util`
[INFO] [stdout]   --> tests/coinbase_maturity.rs:21:11
[INFO] [stdout]    |
[INFO] [stdout] 21 | use self::util::RwLock;
[INFO] [stdout]    |           ^^^^ could not find `util` in the crate root
[INFO] [stdout] 
[INFO] [stdout] 
[INFO] [stdout] error[E0432]: unresolved import `self::keychain`
[INFO] [stdout]   --> tests/block_max_weight.rs:24:11
[INFO] [stdout]    |
[INFO] [stdout] 24 | use self::keychain::{ExtKeychain, Keychain};
[INFO] [stdout]    |           ^^^^^^^^
[INFO] [stdout]    |           |
[INFO] [stdout]    |           unresolved import
[INFO] [stdout]    |           help: a similar path exists: `stack_test_epic_keychain::keychain`
[INFO] [stdout] 
[INFO] [stdout] 
[INFO] [stdout] error[E0432]: unresolved import `self::pool`
[INFO] [stdout]   --> tests/transaction_pool.rs:21:11
[INFO] [stdout]    |
[INFO] [stdout] 21 | use self::pool::TxSource;
[INFO] [stdout]    |           ^^^^ could not find `pool` in the crate root
[INFO] [stdout] 
[INFO] [stdout] 
[INFO] [stdout] error[E0432]: unresolved import `epic_core`
[INFO] [stdout]   --> tests/coinbase_maturity.rs:23:5
[INFO] [stdout]    |
[INFO] [stdout] 23 | use epic_core as core;
[INFO] [stdout]    |     ^^^^^^^^^^^^^^^^^ no external crate `epic_core`
[INFO] [stdout] 
[INFO] [stdout] 
[INFO] [stdout] error[E0432]: unresolved import `self::util`
[INFO] [stdout]   --> tests/block_max_weight.rs:25:11
[INFO] [stdout]    |
[INFO] [stdout] 25 | use self::util::RwLock;
[INFO] [stdout]    |           ^^^^ could not find `util` in the crate root
[INFO] [stdout] 
[INFO] [stdout] 
[INFO] [stdout] error[E0432]: unresolved import `self::util`
[INFO] [stdout]   --> tests/transaction_pool.rs:22:11
[INFO] [stdout]    |
[INFO] [stdout] 22 | use self::util::RwLock;
[INFO] [stdout]    |           ^^^^ could not find `util` in the crate root
[INFO] [stdout] 
[INFO] [stdout] 
[INFO] [stdout] error[E0432]: unresolved import `epic_keychain`
[INFO] [stdout]   --> tests/coinbase_maturity.rs:24:5
[INFO] [stdout]    |
[INFO] [stdout] 24 | use epic_keychain as keychain;
[INFO] [stdout]    |     ^^^^^^^^^^^^^^^^^^^^^^^^^ no external crate `epic_keychain`
[INFO] [stdout] 
[INFO] [stdout] 
[INFO] [stdout] error[E0432]: unresolved import `epic_core`
[INFO] [stdout]   --> tests/block_max_weight.rs:27:5
[INFO] [stdout]    |
[INFO] [stdout] 27 | use epic_core as core;
[INFO] [stdout]    |     ^^^^^^^^^^^^^^^^^ no external crate `epic_core`
[INFO] [stdout] 
[INFO] [stdout] 
[INFO] [stdout] error[E0432]: unresolved import `epic_core`
[INFO] [stdout]   --> tests/transaction_pool.rs:24:5
[INFO] [stdout]    |
[INFO] [stdout] 24 | use epic_core as core;
[INFO] [stdout]    |     ^^^^^^^^^^^^^^^^^ no external crate `epic_core`
[INFO] [stdout] 
[INFO] [stdout] 
[INFO] [stdout] error[E0432]: unresolved import `epic_pool`
[INFO] [stdout]   --> tests/coinbase_maturity.rs:25:5
[INFO] [stdout]    |
[INFO] [stdout] 25 | use epic_pool as pool;
[INFO] [stdout]    |     ^^^^^^^^^^^^^^^^^ no external crate `epic_pool`
[INFO] [stdout] 
[INFO] [stdout] 
[INFO] [stdout] error[E0432]: unresolved import `epic_keychain`
[INFO] [stdout]   --> tests/block_max_weight.rs:28:5
[INFO] [stdout]    |
[INFO] [stdout] 28 | use epic_keychain as keychain;
[INFO] [stdout]    |     ^^^^^^^^^^^^^^^^^^^^^^^^^ no external crate `epic_keychain`
[INFO] [stdout] 
[INFO] [stdout] 
[INFO] [stdout] error[E0433]: failed to resolve: could not find `chain` in `self`
[INFO] [stdout]   --> tests/common.rs:17:11
[INFO] [stdout]    |
[INFO] [stdout] 17 | use self::chain::store::ChainStore;
[INFO] [stdout]    |           ^^^^^ could not find `chain` in `self`
[INFO] [stdout] 
[INFO] [stdout] 
[INFO] [stdout] error[E0433]: failed to resolve: could not find `chain` in `self`
[INFO] [stdout]   --> tests/common.rs:17:11
[INFO] [stdout]    |
[INFO] [stdout] 17 | use self::chain::store::ChainStore;
[INFO] [stdout]    |           ^^^^^ could not find `chain` in `self`
[INFO] [stdout] 
[INFO] [stdout] 
[INFO] [stdout] error[E0433]: failed to resolve: could not find `chain` in `self`
[INFO] [stdout]   --> tests/common.rs:18:11
[INFO] [stdout]    |
[INFO] [stdout] 18 | use self::chain::types::Tip;
[INFO] [stdout]    |           ^^^^^ could not find `chain` in `self`
[INFO] [stdout] 
[INFO] [stdout] 
[INFO] [stdout] error[E0433]: failed to resolve: could not find `chain` in `self`
[INFO] [stdout]   --> tests/common.rs:18:11
[INFO] [stdout]    |
[INFO] [stdout] 18 | use self::chain::types::Tip;
[INFO] [stdout]    |           ^^^^^ could not find `chain` in `self`
[INFO] [stdout] 
[INFO] [stdout] 
[INFO] [stdout] error[E0432]: unresolved import `epic_keychain`
[INFO] [stdout]   --> tests/transaction_pool.rs:25:5
[INFO] [stdout]    |
[INFO] [stdout] 25 | use epic_keychain as keychain;
[INFO] [stdout]    |     ^^^^^^^^^^^^^^^^^^^^^^^^^ no external crate `epic_keychain`
[INFO] [stdout] 
[INFO] [stdout] 
[INFO] [stdout] error[E0433]: failed to resolve: could not find `core` in `self`
[INFO] [stdout]   --> tests/common.rs:19:11
[INFO] [stdout]    |
[INFO] [stdout] 19 | use self::core::core::hash::{Hash, Hashed};
[INFO] [stdout]    |           ^^^^ could not find `core` in `self`
[INFO] [stdout] 
[INFO] [stdout] 
[INFO] [stdout] error[E0433]: failed to resolve: could not find `core` in `self`
[INFO] [stdout]   --> tests/common.rs:19:11
[INFO] [stdout]    |
[INFO] [stdout] 19 | use self::core::core::hash::{Hash, Hashed};
[INFO] [stdout]    |           ^^^^ could not find `core` in `self`
[INFO] [stdout] 
[INFO] [stdout] 
[INFO] [stdout] error[E0433]: failed to resolve: could not find `core` in `self`
[INFO] [stdout]   --> tests/common.rs:20:11
[INFO] [stdout]    |
[INFO] [stdout] 20 | use self::core::core::{Block, BlockHeader, BlockSums, Committed, KernelFeatures, Transaction};
[INFO] [stdout]    |           ^^^^ could not find `core` in `self`
[INFO] [stdout] 
[INFO] [stdout] 
[INFO] [stdout] error[E0433]: failed to resolve: could not find `core` in `self`
[INFO] [stdout]   --> tests/common.rs:20:11
[INFO] [stdout]    |
[INFO] [stdout] 20 | use self::core::core::{Block, BlockHeader, BlockSums, Committed, KernelFeatures, Transaction};
[INFO] [stdout]    |           ^^^^ could not find `core` in `self`
[INFO] [stdout] 
[INFO] [stdout] 
[INFO] [stdout] error[E0432]: unresolved import `epic_util`
[INFO] [stdout]   --> tests/coinbase_maturity.rs:26:5
[INFO] [stdout]    |
[INFO] [stdout] 26 | use epic_util as util;
[INFO] [stdout]    |     ^^^^^^^^^^^^^^^^^ no external crate `epic_util`
[INFO] [stdout] 
[INFO] [stdout] 
[INFO] [stdout] error[E0432]: unresolved import `epic_util`
[INFO] [stdout]   --> tests/block_max_weight.rs:29:5
[INFO] [stdout]    |
[INFO] [stdout] 29 | use epic_util as util;
[INFO] [stdout]    |     ^^^^^^^^^^^^^^^^^ no external crate `epic_util`
[INFO] [stdout] 
[INFO] [stdout] 
[INFO] [stdout] error[E0432]: unresolved import `self::core`
[INFO] [stdout]   --> tests/common.rs:21:11
[INFO] [stdout]    |
[INFO] [stdout] 21 | use self::core::libtx;
[INFO] [stdout]    |           ^^^^ could not find `core` in `self`
[INFO] [stdout] 
[INFO] [stdout] 
[INFO] [stdout] error[E0432]: unresolved import `self::core`
[INFO] [stdout]   --> tests/common.rs:21:11
[INFO] [stdout]    |
[INFO] [stdout] 21 | use self::core::libtx;
[INFO] [stdout]    |           ^^^^ could not find `core` in `self`
[INFO] [stdout] 
[INFO] [stdout] 
[INFO] [stdout] error[E0432]: unresolved import `self::keychain`
[INFO] [stdout]   --> tests/common.rs:22:11
[INFO] [stdout]    |
[INFO] [stdout] 22 | use self::keychain::{ExtKeychain, Keychain};
[INFO] [stdout]    |           ^^^^^^^^ could not find `keychain` in `self`
[INFO] [stdout] 
[INFO] [stdout] 
[INFO] [stdout] error[E0432]: unresolved import `self::keychain`
[INFO] [stdout]   --> tests/common.rs:22:11
[INFO] [stdout]    |
[INFO] [stdout] 22 | use self::keychain::{ExtKeychain, Keychain};
[INFO] [stdout]    |           ^^^^^^^^ could not find `keychain` in `self`
[INFO] [stdout] 
[INFO] [stdout] 
[INFO] [stdout] error[E0433]: failed to resolve: could not find `util` in `self`
[INFO] [stdout]   --> tests/common.rs:25:11
[INFO] [stdout]    |
[INFO] [stdout] 25 | use self::util::secp::pedersen::Commitment;
[INFO] [stdout]    |           ^^^^ could not find `util` in `self`
[INFO] [stdout] 
[INFO] [stdout] 
[INFO] [stdout] error[E0433]: failed to resolve: could not find `util` in `self`
[INFO] [stdout]   --> tests/common.rs:25:11
[INFO] [stdout]    |
[INFO] [stdout] 25 | use self::util::secp::pedersen::Commitment;
[INFO] [stdout]    |           ^^^^ could not find `util` in `self`
[INFO] [stdout] 
[INFO] [stdout] 
[INFO] [stdout] error[E0432]: unresolved import `self::pool`
[INFO] [stdout]   --> tests/common.rs:24:11
[INFO] [stdout]    |
[INFO] [stdout] 24 | use self::pool::TransactionPool;
[INFO] [stdout]    |           ^^^^ could not find `pool` in `self`
[INFO] [stdout] 
[INFO] [stdout] 
[INFO] [stdout] error[E0432]: unresolved import `self::pool`
[INFO] [stdout]   --> tests/common.rs:24:11
[INFO] [stdout]    |
[INFO] [stdout] 24 | use self::pool::TransactionPool;
[INFO] [stdout]    |           ^^^^ could not find `pool` in `self`
[INFO] [stdout] 
[INFO] [stdout] 
[INFO] [stdout] error[E0432]: unresolved import `self::util`
[INFO] [stdout]   --> tests/common.rs:26:11
[INFO] [stdout]    |
[INFO] [stdout] 26 | use self::util::RwLock;
[INFO] [stdout]    |           ^^^^ could not find `util` in `self`
[INFO] [stdout] 
[INFO] [stdout] 
[INFO] [stdout] error[E0432]: unresolved import `epic_pool`
[INFO] [stdout]   --> tests/transaction_pool.rs:26:5
[INFO] [stdout]    |
[INFO] [stdout] 26 | use epic_pool as pool;
[INFO] [stdout]    |     ^^^^^^^^^^^^^^^^^ no external crate `epic_pool`
[INFO] [stdout] 
[INFO] [stdout] 
[INFO] [stdout] error[E0432]: unresolved import `self::util`
[INFO] [stdout]   --> tests/common.rs:26:11
[INFO] [stdout]    |
[INFO] [stdout] 26 | use self::util::RwLock;
[INFO] [stdout]    |           ^^^^ could not find `util` in `self`
[INFO] [stdout] 
[INFO] [stdout] 
[INFO] [stdout] error[E0433]: failed to resolve: could not find `chain` in `self`
[INFO] [stdout]   --> tests/common.rs:17:11
[INFO] [stdout]    |
[INFO] [stdout] 17 | use self::chain::store::ChainStore;
[INFO] [stdout]    |           ^^^^^ could not find `chain` in `self`
[INFO] [stdout] 
[INFO] [stdout] 
[INFO] [stdout] error[E0433]: failed to resolve: could not find `chain` in `self`
[INFO] [stdout]   --> tests/common.rs:18:11
[INFO] [stdout]    |
[INFO] [stdout] 18 | use self::chain::types::Tip;
[INFO] [stdout]    |           ^^^^^ could not find `chain` in `self`
[INFO] [stdout] 
[INFO] [stdout] 
[INFO] [stdout] error[E0433]: failed to resolve: could not find `core` in `self`
[INFO] [stdout]   --> tests/common.rs:19:11
[INFO] [stdout]    |
[INFO] [stdout] 19 | use self::core::core::hash::{Hash, Hashed};
[INFO] [stdout]    |           ^^^^ could not find `core` in `self`
[INFO] [stdout] 
[INFO] [stdout] 
[INFO] [stdout] error[E0433]: failed to resolve: could not find `core` in `self`
[INFO] [stdout]   --> tests/common.rs:20:11
[INFO] [stdout]    |
[INFO] [stdout] 20 | use self::core::core::{Block, BlockHeader, BlockSums, Committed, KernelFeatures, Transaction};
[INFO] [stdout]    |           ^^^^ could not find `core` in `self`
[INFO] [stdout] 
[INFO] [stdout] 
[INFO] [stdout] error[E0432]: unresolved import `epic_chain`
[INFO] [stdout]   --> tests/common.rs:27:5
[INFO] [stdout]    |
[INFO] [stdout] 27 | use epic_chain as chain;
[INFO] [stdout]    |     ^^^^^^^^^^^^^^^^^^^ no external crate `epic_chain`
[INFO] [stdout] 
[INFO] [stdout] 
[INFO] [stdout] error[E0432]: unresolved import `epic_util`
[INFO] [stdout]   --> tests/transaction_pool.rs:27:5
[INFO] [stdout]    |
[INFO] [stdout] 27 | use epic_util as util;
[INFO] [stdout]    |     ^^^^^^^^^^^^^^^^^ no external crate `epic_util`
[INFO] [stdout] 
[INFO] [stdout] 
[INFO] [stdout] error[E0432]: unresolved import `epic_chain`
[INFO] [stdout]   --> tests/common.rs:27:5
[INFO] [stdout]    |
[INFO] [stdout] 27 | use epic_chain as chain;
[INFO] [stdout]    |     ^^^^^^^^^^^^^^^^^^^ no external crate `epic_chain`
[INFO] [stdout] 
[INFO] [stdout] 
[INFO] [stdout] error[E0432]: unresolved import `self::core`
[INFO] [stdout]   --> tests/common.rs:21:11
[INFO] [stdout]    |
[INFO] [stdout] 21 | use self::core::libtx;
[INFO] [stdout]    |           ^^^^ could not find `core` in `self`
[INFO] [stdout] 
[INFO] [stdout] 
[INFO] [stdout] error[E0432]: unresolved import `self::keychain`
[INFO] [stdout]   --> tests/common.rs:22:11
[INFO] [stdout]    |
[INFO] [stdout] 22 | use self::keychain::{ExtKeychain, Keychain};
[INFO] [stdout]    |           ^^^^^^^^ could not find `keychain` in `self`
[INFO] [stdout] 
[INFO] [stdout] 
[INFO] [stdout] error[E0433]: failed to resolve: could not find `util` in `self`
[INFO] [stdout]   --> tests/common.rs:25:11
[INFO] [stdout]    |
[INFO] [stdout] 25 | use self::util::secp::pedersen::Commitment;
[INFO] [stdout]    |           ^^^^ could not find `util` in `self`
[INFO] [stdout] 
[INFO] [stdout] 
[INFO] [stdout] error[E0432]: unresolved import `self::pool`
[INFO] [stdout]   --> tests/common.rs:24:11
[INFO] [stdout]    |
[INFO] [stdout] 24 | use self::pool::TransactionPool;
[INFO] [stdout]    |           ^^^^ could not find `pool` in `self`
[INFO] [stdout] 
[INFO] [stdout] 
[INFO] [stdout] error[E0432]: unresolved import `self::util`
[INFO] [stdout]   --> tests/common.rs:26:11
[INFO] [stdout]    |
[INFO] [stdout] 26 | use self::util::RwLock;
[INFO] [stdout]    |           ^^^^ could not find `util` in `self`
[INFO] [stdout] 
[INFO] [stdout] 
[INFO] [stdout] error[E0432]: unresolved import `epic_core`
[INFO] [stdout]   --> tests/common.rs:28:5
[INFO] [stdout]    |
[INFO] [stdout] 28 | use epic_core as core;
[INFO] [stdout]    |     ^^^^^^^^^^^^^^^^^ no external crate `epic_core`
[INFO] [stdout] 
[INFO] [stdout] 
[INFO] [stdout] error[E0405]: cannot find trait `BlockChain` in this scope
[INFO] [stdout]    --> tests/common.rs:101:6
[INFO] [stdout]     |
[INFO] [stdout] 101 | impl BlockChain for ChainAdapter {
[INFO] [stdout]     |      ^^^^^^^^^^ not found in this scope
[INFO] [stdout]     |
[INFO] [stdout] help: consider importing this trait
[INFO] [stdout]     |
[INFO] [stdout] 17  + use stack_test_epic_pool::BlockChain;
[INFO] [stdout]     |
[INFO] [stdout] 
[INFO] [stdout] 
[INFO] [stdout] error[E0412]: cannot find type `PoolError` in this scope
[INFO] [stdout]    --> tests/common.rs:102:46
[INFO] [stdout]     |
[INFO] [stdout] 102 |     fn chain_head(&self) -> Result<BlockHeader, PoolError> {
[INFO] [stdout]     |                                                 ^^^^^^^^^ not found in this scope
[INFO] [stdout]     |
[INFO] [stdout] help: consider importing this enum
[INFO] [stdout]     |
[INFO] [stdout] 17  + use stack_test_epic_pool::PoolError;
[INFO] [stdout]     |
[INFO] [stdout] 
[INFO] [stdout] 
[INFO] [stdout] error[E0432]: unresolved import `epic_core`
[INFO] [stdout]   --> tests/common.rs:28:5
[INFO] [stdout]    |
[INFO] [stdout] 28 | use epic_core as core;
[INFO] [stdout]    |     ^^^^^^^^^^^^^^^^^ no external crate `epic_core`
[INFO] [stdout] 
[INFO] [stdout] 
[INFO] [stdout] error[E0405]: cannot find trait `BlockChain` in this scope
[INFO] [stdout]    --> tests/common.rs:101:6
[INFO] [stdout]     |
[INFO] [stdout] 101 | impl BlockChain for ChainAdapter {
[INFO] [stdout]     |      ^^^^^^^^^^ not found in this scope
[INFO] [stdout]     |
[INFO] [stdout] help: consider importing this trait
[INFO] [stdout]     |
[INFO] [stdout] 17  + use stack_test_epic_pool::BlockChain;
[INFO] [stdout]     |
[INFO] [stdout] 
[INFO] [stdout] 
[INFO] [stdout] error[E0433]: failed to resolve: use of undeclared type `PoolError`
[INFO] [stdout]    --> tests/common.rs:105:17
[INFO] [stdout]     |
[INFO] [stdout] 105 |             .map_err(|_| PoolError::Other(format!("failed to get chain head")))
[INFO] [stdout]     |                          ^^^^^^^^^ use of undeclared type `PoolError`
[INFO] [stdout]     |
[INFO] [stdout] help: consider importing this enum
[INFO] [stdout]     |
[INFO] [stdout] 17  + use stack_test_epic_pool::PoolError;
[INFO] [stdout]     |
[INFO] [stdout] 
[INFO] [stdout] 
[INFO] [stdout] error[E0432]: unresolved import `epic_chain`
[INFO] [stdout]   --> tests/common.rs:27:5
[INFO] [stdout]    |
[INFO] [stdout] 27 | use epic_chain as chain;
[INFO] [stdout]    |     ^^^^^^^^^^^^^^^^^^^ no external crate `epic_chain`
[INFO] [stdout] 
[INFO] [stdout] 
[INFO] [stdout] error[E0412]: cannot find type `PoolError` in this scope
[INFO] [stdout]    --> tests/common.rs:108:65
[INFO] [stdout]     |
[INFO] [stdout] 108 |     fn get_block_header(&self, hash: &Hash) -> Result<BlockHeader, PoolError> {
[INFO] [stdout]     |                                                                    ^^^^^^^^^ not found in this scope
[INFO] [stdout]     |
[INFO] [stdout] help: consider importing this enum
[INFO] [stdout]     |
[INFO] [stdout] 17  + use stack_test_epic_pool::PoolError;
[INFO] [stdout]     |
[INFO] [stdout] 
[INFO] [stdout] 
[INFO] [stdout] error[E0412]: cannot find type `PoolError` in this scope
[INFO] [stdout]    --> tests/common.rs:102:46
[INFO] [stdout]     |
[INFO] [stdout] 102 |     fn chain_head(&self) -> Result<BlockHeader, PoolError> {
[INFO] [stdout]     |                                                 ^^^^^^^^^ not found in this scope
[INFO] [stdout]     |
[INFO] [stdout] help: consider importing this enum
[INFO] [stdout]     |
[INFO] [stdout] 17  + use stack_test_epic_pool::PoolError;
[INFO] [stdout]     |
[INFO] [stdout] 
[INFO] [stdout] 
[INFO] [stdout] error[E0432]: unresolved import `epic_keychain`
[INFO] [stdout]   --> tests/common.rs:29:5
[INFO] [stdout]    |
[INFO] [stdout] 29 | use epic_keychain as keychain;
[INFO] [stdout]    |     ^^^^^^^^^^^^^^^^^^^^^^^^^ no external crate `epic_keychain`
[INFO] [stdout] 
[INFO] [stdout] 
[INFO] [stdout] error[E0433]: failed to resolve: use of undeclared type `PoolError`
[INFO] [stdout]    --> tests/common.rs:111:17
[INFO] [stdout]     |
[INFO] [stdout] 111 |             .map_err(|_| PoolError::Other(format!("failed to get block header")))
[INFO] [stdout]     |                          ^^^^^^^^^ use of undeclared type `PoolError`
[INFO] [stdout]     |
[INFO] [stdout] help: consider importing this enum
[INFO] [stdout]     |
[INFO] [stdout] 17  + use stack_test_epic_pool::PoolError;
[INFO] [stdout]     |
[INFO] [stdout] 
[INFO] [stdout] 
[INFO] [stdout] error[E0432]: unresolved import `epic_keychain`
[INFO] [stdout]   --> tests/common.rs:29:5
[INFO] [stdout]    |
[INFO] [stdout] 29 | use epic_keychain as keychain;
[INFO] [stdout]    |     ^^^^^^^^^^^^^^^^^^^^^^^^^ no external crate `epic_keychain`
[INFO] [stdout] 
[INFO] [stdout] 
[INFO] [stdout] error[E0433]: failed to resolve: use of undeclared type `PoolError`
[INFO] [stdout]    --> tests/common.rs:105:17
[INFO] [stdout]     |
[INFO] [stdout] 105 |             .map_err(|_| PoolError::Other(format!("failed to get chain head")))
[INFO] [stdout]     |                          ^^^^^^^^^ use of undeclared type `PoolError`
[INFO] [stdout]     |
[INFO] [stdout] help: consider importing this enum
[INFO] [stdout]     |
[INFO] [stdout] 17  + use stack_test_epic_pool::PoolError;
[INFO] [stdout]     |
[INFO] [stdout] 
[INFO] [stdout] 
[INFO] [stdout] error[E0412]: cannot find type `PoolError` in this scope
[INFO] [stdout]    --> tests/common.rs:114:61
[INFO] [stdout]     |
[INFO] [stdout] 114 |     fn get_block_sums(&self, hash: &Hash) -> Result<BlockSums, PoolError> {
[INFO] [stdout]     |                                                                ^^^^^^^^^ not found in this scope
[INFO] [stdout]     |
[INFO] [stdout] help: consider importing this enum
[INFO] [stdout]     |
[INFO] [stdout] 17  + use stack_test_epic_pool::PoolError;
[INFO] [stdout]     |
[INFO] [stdout] 
[INFO] [stdout] 
[INFO] [stdout] error[E0433]: failed to resolve: use of undeclared type `PoolError`
[INFO] [stdout]    --> tests/common.rs:117:17
[INFO] [stdout]     |
[INFO] [stdout] 117 |             .map_err(|_| PoolError::Other(format!("failed to get block sums")))
[INFO] [stdout]     |                          ^^^^^^^^^ use of undeclared type `PoolError`
[INFO] [stdout]     |
[INFO] [stdout] help: consider importing this enum
[INFO] [stdout]     |
[INFO] [stdout] 17  + use stack_test_epic_pool::PoolError;
[INFO] [stdout]     |
[INFO] [stdout] 
[INFO] [stdout] 
[INFO] [stdout] error[E0412]: cannot find type `PoolError` in this scope
[INFO] [stdout]    --> tests/common.rs:108:65
[INFO] [stdout]     |
[INFO] [stdout] 108 |     fn get_block_header(&self, hash: &Hash) -> Result<BlockHeader, PoolError> {
[INFO] [stdout]     |                                                                    ^^^^^^^^^ not found in this scope
[INFO] [stdout]     |
[INFO] [stdout] help: consider importing this enum
[INFO] [stdout]     |
[INFO] [stdout] 17  + use stack_test_epic_pool::PoolError;
[INFO] [stdout]     |
[INFO] [stdout] 
[INFO] [stdout] 
[INFO] [stdout] error[E0433]: failed to resolve: use of undeclared type `PoolError`
[INFO] [stdout]    --> tests/common.rs:125:16
[INFO] [stdout]     |
[INFO] [stdout] 125 |                 return Err(PoolError::Other(format!("output commitment not unique")));
[INFO] [stdout]     |                            ^^^^^^^^^ use of undeclared type `PoolError`
[INFO] [stdout]     |
[INFO] [stdout] help: consider importing this enum
[INFO] [stdout]     |
[INFO] [stdout] 17  + use stack_test_epic_pool::PoolError;
[INFO] [stdout]     |
[INFO] [stdout] 
[INFO] [stdout] 
[INFO] [stdout] error[E0433]: failed to resolve: use of undeclared type `PoolError`
[INFO] [stdout]    --> tests/common.rs:111:17
[INFO] [stdout]     |
[INFO] [stdout] 111 |             .map_err(|_| PoolError::Other(format!("failed to get block header")))
[INFO] [stdout]     |                          ^^^^^^^^^ use of undeclared type `PoolError`
[INFO] [stdout]     |
[INFO] [stdout] help: consider importing this enum
[INFO] [stdout]     |
[INFO] [stdout] 17  + use stack_test_epic_pool::PoolError;
[INFO] [stdout]     |
[INFO] [stdout] 
[INFO] [stdout] 
[INFO] [stdout] error[E0433]: failed to resolve: use of undeclared type `PoolError`
[INFO] [stdout]    --> tests/common.rs:131:16
[INFO] [stdout]     |
[INFO] [stdout] 131 |                 return Err(PoolError::Other(format!("not in utxo set")));
[INFO] [stdout]     |                            ^^^^^^^^^ use of undeclared type `PoolError`
[INFO] [stdout]     |
[INFO] [stdout] help: consider importing this enum
[INFO] [stdout]     |
[INFO] [stdout] 17  + use stack_test_epic_pool::PoolError;
[INFO] [stdout]     |
[INFO] [stdout] 
[INFO] [stdout] 
[INFO] [stdout] error[E0412]: cannot find type `PoolError` in this scope
[INFO] [stdout]    --> tests/common.rs:114:61
[INFO] [stdout]     |
[INFO] [stdout] 114 |     fn get_block_sums(&self, hash: &Hash) -> Result<BlockSums, PoolError> {
[INFO] [stdout]     |                                                                ^^^^^^^^^ not found in this scope
[INFO] [stdout]     |
[INFO] [stdout] help: consider importing this enum
[INFO] [stdout]     |
[INFO] [stdout] 17  + use stack_test_epic_pool::PoolError;
[INFO] [stdout]     |
[INFO] [stdout] 
[INFO] [stdout] 
[INFO] [stdout] error[E0412]: cannot find type `PoolError` in this scope
[INFO] [stdout]    --> tests/common.rs:140:70
[INFO] [stdout]     |
[INFO] [stdout] 140 |     fn verify_coinbase_maturity(&self, _tx: &Transaction) -> Result<(), PoolError> {
[INFO] [stdout]     |                                                                         ^^^^^^^^^ not found in this scope
[INFO] [stdout]     |
[INFO] [stdout] help: consider importing this enum
[INFO] [stdout]     |
[INFO] [stdout] 17  + use stack_test_epic_pool::PoolError;
[INFO] [stdout]     |
[INFO] [stdout] 
[INFO] [stdout] 
[INFO] [stdout] error[E0432]: unresolved import `epic_pool`
[INFO] [stdout]   --> tests/common.rs:30:5
[INFO] [stdout]    |
[INFO] [stdout] 30 | use epic_pool as pool;
[INFO] [stdout]    |     ^^^^^^^^^^^^^^^^^ no external crate `epic_pool`
[INFO] [stdout] 
[INFO] [stdout] 
[INFO] [stdout] error[E0432]: unresolved import `epic_core`
[INFO] [stdout]   --> tests/common.rs:28:5
[INFO] [stdout]    |
[INFO] [stdout] 28 | use epic_core as core;
[INFO] [stdout]    |     ^^^^^^^^^^^^^^^^^ no external crate `epic_core`
[INFO] [stdout] 
[INFO] [stdout] 
[INFO] [stdout] error[E0433]: failed to resolve: use of undeclared type `PoolError`
[INFO] [stdout]    --> tests/common.rs:117:17
[INFO] [stdout]     |
[INFO] [stdout] 117 |             .map_err(|_| PoolError::Other(format!("failed to get block sums")))
[INFO] [stdout]     |                          ^^^^^^^^^ use of undeclared type `PoolError`
[INFO] [stdout]     |
[INFO] [stdout] help: consider importing this enum
[INFO] [stdout]     |
[INFO] [stdout] 17  + use stack_test_epic_pool::PoolError;
[INFO] [stdout]     |
[INFO] [stdout] 
[INFO] [stdout] 
[INFO] [stdout] error[E0412]: cannot find type `PoolError` in this scope
[INFO] [stdout]    --> tests/common.rs:145:67
[INFO] [stdout]     |
[INFO] [stdout] 145 |     fn verify_tx_lock_height(&self, _tx: &Transaction) -> Result<(), PoolError> {
[INFO] [stdout]     |                                                                      ^^^^^^^^^ not found in this scope
[INFO] [stdout]     |
[INFO] [stdout] help: consider importing this enum
[INFO] [stdout]     |
[INFO] [stdout] 17  + use stack_test_epic_pool::PoolError;
[INFO] [stdout]     |
[INFO] [stdout] 
[INFO] [stdout] 
[INFO] [stdout] error[E0433]: failed to resolve: use of undeclared type `PoolError`
[INFO] [stdout]    --> tests/common.rs:125:16
[INFO] [stdout]     |
[INFO] [stdout] 125 |                 return Err(PoolError::Other(format!("output commitment not unique")));
[INFO] [stdout]     |                            ^^^^^^^^^ use of undeclared type `PoolError`
[INFO] [stdout]     |
[INFO] [stdout] help: consider importing this enum
[INFO] [stdout]     |
[INFO] [stdout] 17  + use stack_test_epic_pool::PoolError;
[INFO] [stdout]     |
[INFO] [stdout] 
[INFO] [stdout] 
[INFO] [stdout] error[E0405]: cannot find trait `BlockChain` in this scope
[INFO] [stdout]    --> tests/common.rs:150:34
[INFO] [stdout]     |
[INFO] [stdout] 150 | pub fn test_setup(chain: Arc<dyn BlockChain>) -> TransactionPool {
[INFO] [stdout]     |                                  ^^^^^^^^^^ not found in this scope
[INFO] [stdout]     |
[INFO] [stdout] help: consider importing this trait
[INFO] [stdout]     |
[INFO] [stdout] 17  + use stack_test_epic_pool::BlockChain;
[INFO] [stdout]     |
[INFO] [stdout] 
[INFO] [stdout] 
[INFO] [stdout] error[E0432]: unresolved import `epic_util`
[INFO] [stdout]   --> tests/common.rs:31:5
[INFO] [stdout]    |
[INFO] [stdout] 31 | use epic_util as util;
[INFO] [stdout]    |     ^^^^^^^^^^^^^^^^^ no external crate `epic_util`
[INFO] [stdout] 
[INFO] [stdout] 
[INFO] [stdout] error[E0433]: failed to resolve: use of undeclared type `PoolError`
[INFO] [stdout]    --> tests/common.rs:131:16
[INFO] [stdout]     |
[INFO] [stdout] 131 |                 return Err(PoolError::Other(format!("not in utxo set")));
[INFO] [stdout]     |                            ^^^^^^^^^ use of undeclared type `PoolError`
[INFO] [stdout]     |
[INFO] [stdout] help: consider importing this enum
[INFO] [stdout]     |
[INFO] [stdout] 17  + use stack_test_epic_pool::PoolError;
[INFO] [stdout]     |
[INFO] [stdout] 
[INFO] [stdout] 
[INFO] [stdout] error[E0432]: unresolved import `epic_pool`
[INFO] [stdout]   --> tests/common.rs:30:5
[INFO] [stdout]    |
[INFO] [stdout] 30 | use epic_pool as pool;
[INFO] [stdout]    |     ^^^^^^^^^^^^^^^^^ no external crate `epic_pool`
[INFO] [stdout] 
[INFO] [stdout] 
[INFO] [stdout] error[E0422]: cannot find struct, variant or union type `PoolConfig` in this scope
[INFO] [stdout]    --> tests/common.rs:152:3
[INFO] [stdout]     |
[INFO] [stdout] 152 |         PoolConfig {
[INFO] [stdout]     |         ^^^^^^^^^^ not found in this scope
[INFO] [stdout]     |
[INFO] [stdout] help: consider importing this struct
[INFO] [stdout]     |
[INFO] [stdout] 17  + use stack_test_epic_pool::PoolConfig;
[INFO] [stdout]     |
[INFO] [stdout] 
[INFO] [stdout] 
[INFO] [stdout] error[E0412]: cannot find type `PoolError` in this scope
[INFO] [stdout]    --> tests/common.rs:140:70
[INFO] [stdout]     |
[INFO] [stdout] 140 |     fn verify_coinbase_maturity(&self, _tx: &Transaction) -> Result<(), PoolError> {
[INFO] [stdout]     |                                                                         ^^^^^^^^^ not found in this scope
[INFO] [stdout]     |
[INFO] [stdout] help: consider importing this enum
[INFO] [stdout]     |
[INFO] [stdout] 17  + use stack_test_epic_pool::PoolError;
[INFO] [stdout]     |
[INFO] [stdout] 
[INFO] [stdout] 
[INFO] [stdout] error[E0422]: cannot find struct, variant or union type `NoopAdapter` in this scope
[INFO] [stdout]    --> tests/common.rs:159:12
[INFO] [stdout]     |
[INFO] [stdout] 159 |         Arc::new(NoopAdapter {}),
[INFO] [stdout]     |                  ^^^^^^^^^^^ not found in this scope
[INFO] [stdout]     |
[INFO] [stdout] help: consider importing one of these items
[INFO] [stdout]     |
[INFO] [stdout] 17  + use stack_test_epic_chain::types::NoopAdapter;
[INFO] [stdout]     |
[INFO] [stdout] 17  + use stack_test_epic_pool::types::NoopAdapter;
[INFO] [stdout]     |
[INFO] [stdout] 
[INFO] [stdout] 
[INFO] [stdout] error[E0432]: unresolved import `epic_util`
[INFO] [stdout]   --> tests/common.rs:31:5
[INFO] [stdout]    |
[INFO] [stdout] 31 | use epic_util as util;
[INFO] [stdout]    |     ^^^^^^^^^^^^^^^^^ no external crate `epic_util`
[INFO] [stdout] 
[INFO] [stdout] 
[INFO] [stdout] error[E0412]: cannot find type `PoolError` in this scope
[INFO] [stdout]    --> tests/common.rs:145:67
[INFO] [stdout]     |
[INFO] [stdout] 145 |     fn verify_tx_lock_height(&self, _tx: &Transaction) -> Result<(), PoolError> {
[INFO] [stdout]     |                                                                      ^^^^^^^^^ not found in this scope
[INFO] [stdout]     |
[INFO] [stdout] help: consider importing this enum
[INFO] [stdout]     |
[INFO] [stdout] 17  + use stack_test_epic_pool::PoolError;
[INFO] [stdout]     |
[INFO] [stdout] 
[INFO] [stdout] 
[INFO] [stdout] error[E0412]: cannot find type `TxSource` in this scope
[INFO] [stdout]    --> tests/common.rs:235:25
[INFO] [stdout]     |
[INFO] [stdout] 235 | pub fn test_source() -> TxSource {
[INFO] [stdout]     |                         ^^^^^^^^ not found in this scope
[INFO] [stdout]     |
[INFO] [stdout] help: consider importing this enum
[INFO] [stdout]     |
[INFO] [stdout] 17  + use stack_test_epic_pool::TxSource;
[INFO] [stdout]     |
[INFO] [stdout] 
[INFO] [stdout] 
[INFO] [stdout] error[E0433]: failed to resolve: use of undeclared type `TxSource`
[INFO] [stdout]    --> tests/common.rs:236:2
[INFO] [stdout]     |
[INFO] [stdout] 236 |     TxSource::Broadcast
[INFO] [stdout]     |     ^^^^^^^^ use of undeclared type `TxSource`
[INFO] [stdout]     |
[INFO] [stdout] help: consider importing this enum
[INFO] [stdout]     |
[INFO] [stdout] 17  + use stack_test_epic_pool::TxSource;
[INFO] [stdout]     |
[INFO] [stdout] 
[INFO] [stdout] 
[INFO] [stdout] error[E0405]: cannot find trait `BlockChain` in this scope
[INFO] [stdout]    --> tests/common.rs:150:34
[INFO] [stdout]     |
[INFO] [stdout] 150 | pub fn test_setup(chain: Arc<dyn BlockChain>) -> TransactionPool {
[INFO] [stdout]     |                                  ^^^^^^^^^^ not found in this scope
[INFO] [stdout]     |
[INFO] [stdout] help: consider importing this trait
[INFO] [stdout]     |
[INFO] [stdout] 17  + use stack_test_epic_pool::BlockChain;
[INFO] [stdout]     |
[INFO] [stdout] 
[INFO] [stdout] 
[INFO] [stdout] error[E0432]: unresolved import `epic_keychain`
[INFO] [stdout]   --> tests/common.rs:29:5
[INFO] [stdout]    |
[INFO] [stdout] 29 | use epic_keychain as keychain;
[INFO] [stdout]    |     ^^^^^^^^^^^^^^^^^^^^^^^^^ no external crate `epic_keychain`
[INFO] [stdout] 
[INFO] [stdout] 
[INFO] [stdout] error[E0422]: cannot find struct, variant or union type `PoolConfig` in this scope
[INFO] [stdout]    --> tests/common.rs:152:3
[INFO] [stdout]     |
[INFO] [stdout] 152 |         PoolConfig {
[INFO] [stdout]     |         ^^^^^^^^^^ not found in this scope
[INFO] [stdout]     |
[INFO] [stdout] help: consider importing this struct
[INFO] [stdout]     |
[INFO] [stdout] 17  + use stack_test_epic_pool::PoolConfig;
[INFO] [stdout]     |
[INFO] [stdout] 
[INFO] [stdout] 
[INFO] [stdout] error[E0422]: cannot find struct, variant or union type `NoopAdapter` in this scope
[INFO] [stdout]    --> tests/common.rs:159:12
[INFO] [stdout]     |
[INFO] [stdout] 159 |         Arc::new(NoopAdapter {}),
[INFO] [stdout]     |                  ^^^^^^^^^^^ not found in this scope
[INFO] [stdout]     |
[INFO] [stdout] help: consider importing one of these items
[INFO] [stdout]     |
[INFO] [stdout] 17  + use stack_test_epic_chain::types::NoopAdapter;
[INFO] [stdout]     |
[INFO] [stdout] 17  + use stack_test_epic_pool::types::NoopAdapter;
[INFO] [stdout]     |
[INFO] [stdout] 
[INFO] [stdout] 
[INFO] [stdout] error[E0412]: cannot find type `TxSource` in this scope
[INFO] [stdout]    --> tests/common.rs:235:25
[INFO] [stdout]     |
[INFO] [stdout] 235 | pub fn test_source() -> TxSource {
[INFO] [stdout]     |                         ^^^^^^^^ not found in this scope
[INFO] [stdout]     |
[INFO] [stdout] help: consider importing this enum
[INFO] [stdout]     |
[INFO] [stdout] 17  + use stack_test_epic_pool::TxSource;
[INFO] [stdout]     |
[INFO] [stdout] 
[INFO] [stdout] 
[INFO] [stdout] error[E0433]: failed to resolve: use of undeclared type `TxSource`
[INFO] [stdout]    --> tests/common.rs:236:2
[INFO] [stdout]     |
[INFO] [stdout] 236 |     TxSource::Broadcast
[INFO] [stdout]     |     ^^^^^^^^ use of undeclared type `TxSource`
[INFO] [stdout]     |
[INFO] [stdout] help: consider importing this enum
[INFO] [stdout]     |
[INFO] [stdout] 17  + use stack_test_epic_pool::TxSource;
[INFO] [stdout]     |
[INFO] [stdout] 
[INFO] [stdout] 
[INFO] [stdout] error[E0432]: unresolved import `epic_pool`
[INFO] [stdout]   --> tests/common.rs:30:5
[INFO] [stdout]    |
[INFO] [stdout] 30 | use epic_pool as pool;
[INFO] [stdout]    |     ^^^^^^^^^^^^^^^^^ no external crate `epic_pool`
[INFO] [stdout] 
[INFO] [stdout] 
[INFO] [stdout] error[E0432]: unresolved import `epic_util`
[INFO] [stdout]   --> tests/common.rs:31:5
[INFO] [stdout]    |
[INFO] [stdout] 31 | use epic_util as util;
[INFO] [stdout]    |     ^^^^^^^^^^^^^^^^^ no external crate `epic_util`
[INFO] [stdout] 
[INFO] [stdout] 
[INFO] [stdout] error[E0405]: cannot find trait `BlockChain` in this scope
[INFO] [stdout]    --> tests/common.rs:101:6
[INFO] [stdout]     |
[INFO] [stdout] 101 | impl BlockChain for ChainAdapter {
[INFO] [stdout]     |      ^^^^^^^^^^ not found in this scope
[INFO] [stdout]     |
[INFO] [stdout] help: consider importing this trait
[INFO] [stdout]     |
[INFO] [stdout] 17  + use stack_test_epic_pool::BlockChain;
[INFO] [stdout]     |
[INFO] [stdout] 
[INFO] [stdout] 
[INFO] [stdout] error[E0412]: cannot find type `PoolError` in this scope
[INFO] [stdout]    --> tests/common.rs:102:46
[INFO] [stdout]     |
[INFO] [stdout] 102 |     fn chain_head(&self) -> Result<BlockHeader, PoolError> {
[INFO] [stdout]     |                                                 ^^^^^^^^^ not found in this scope
[INFO] [stdout]     |
[INFO] [stdout] help: consider importing this enum
[INFO] [stdout]     |
[INFO] [stdout] 17  + use stack_test_epic_pool::PoolError;
[INFO] [stdout]     |
[INFO] [stdout] 
[INFO] [stdout] 
[INFO] [stdout] error[E0433]: failed to resolve: use of undeclared type `PoolError`
[INFO] [stdout]    --> tests/common.rs:105:17
[INFO] [stdout]     |
[INFO] [stdout] 105 |             .map_err(|_| PoolError::Other(format!("failed to get chain head")))
[INFO] [stdout]     |                          ^^^^^^^^^ use of undeclared type `PoolError`
[INFO] [stdout]     |
[INFO] [stdout] help: consider importing this enum
[INFO] [stdout]     |
[INFO] [stdout] 17  + use stack_test_epic_pool::PoolError;
[INFO] [stdout]     |
[INFO] [stdout] 
[INFO] [stdout] 
[INFO] [stdout] error[E0412]: cannot find type `PoolError` in this scope
[INFO] [stdout]    --> tests/common.rs:108:65
[INFO] [stdout]     |
[INFO] [stdout] 108 |     fn get_block_header(&self, hash: &Hash) -> Result<BlockHeader, PoolError> {
[INFO] [stdout]     |                                                                    ^^^^^^^^^ not found in this scope
[INFO] [stdout]     |
[INFO] [stdout] help: consider importing this enum
[INFO] [stdout]     |
[INFO] [stdout] 17  + use stack_test_epic_pool::PoolError;
[INFO] [stdout]     |
[INFO] [stdout] 
[INFO] [stdout] 
[INFO] [stdout] error[E0433]: failed to resolve: use of undeclared type `PoolError`
[INFO] [stdout]    --> tests/common.rs:111:17
[INFO] [stdout]     |
[INFO] [stdout] 111 |             .map_err(|_| PoolError::Other(format!("failed to get block header")))
[INFO] [stdout]     |                          ^^^^^^^^^ use of undeclared type `PoolError`
[INFO] [stdout]     |
[INFO] [stdout] help: consider importing this enum
[INFO] [stdout]     |
[INFO] [stdout] 17  + use stack_test_epic_pool::PoolError;
[INFO] [stdout]     |
[INFO] [stdout] 
[INFO] [stdout] 
[INFO] [stdout] error[E0412]: cannot find type `PoolError` in this scope
[INFO] [stdout]    --> tests/common.rs:114:61
[INFO] [stdout]     |
[INFO] [stdout] 114 |     fn get_block_sums(&self, hash: &Hash) -> Result<BlockSums, PoolError> {
[INFO] [stdout]     |                                                                ^^^^^^^^^ not found in this scope
[INFO] [stdout]     |
[INFO] [stdout] help: consider importing this enum
[INFO] [stdout]     |
[INFO] [stdout] 17  + use stack_test_epic_pool::PoolError;
[INFO] [stdout]     |
[INFO] [stdout] 
[INFO] [stdout] 
[INFO] [stdout] error[E0433]: failed to resolve: use of undeclared type `PoolError`
[INFO] [stdout]    --> tests/common.rs:117:17
[INFO] [stdout]     |
[INFO] [stdout] 117 |             .map_err(|_| PoolError::Other(format!("failed to get block sums")))
[INFO] [stdout]     |                          ^^^^^^^^^ use of undeclared type `PoolError`
[INFO] [stdout]     |
[INFO] [stdout] help: consider importing this enum
[INFO] [stdout]     |
[INFO] [stdout] 17  + use stack_test_epic_pool::PoolError;
[INFO] [stdout]     |
[INFO] [stdout] 
[INFO] [stdout] 
[INFO] [stdout] error[E0433]: failed to resolve: use of undeclared type `PoolError`
[INFO] [stdout]    --> tests/common.rs:125:16
[INFO] [stdout]     |
[INFO] [stdout] 125 |                 return Err(PoolError::Other(format!("output commitment not unique")));
[INFO] [stdout]     |                            ^^^^^^^^^ use of undeclared type `PoolError`
[INFO] [stdout]     |
[INFO] [stdout] help: consider importing this enum
[INFO] [stdout]     |
[INFO] [stdout] 17  + use stack_test_epic_pool::PoolError;
[INFO] [stdout]     |
[INFO] [stdout] 
[INFO] [stdout] 
[INFO] [stdout] error[E0433]: failed to resolve: use of undeclared type `PoolError`
[INFO] [stdout]    --> tests/common.rs:131:16
[INFO] [stdout]     |
[INFO] [stdout] 131 |                 return Err(PoolError::Other(format!("not in utxo set")));
[INFO] [stdout]     |                            ^^^^^^^^^ use of undeclared type `PoolError`
[INFO] [stdout]     |
[INFO] [stdout] help: consider importing this enum
[INFO] [stdout]     |
[INFO] [stdout] 17  + use stack_test_epic_pool::PoolError;
[INFO] [stdout]     |
[INFO] [stdout] 
[INFO] [stdout] 
[INFO] [stdout] error[E0412]: cannot find type `PoolError` in this scope
[INFO] [stdout]    --> tests/common.rs:140:70
[INFO] [stdout]     |
[INFO] [stdout] 140 |     fn verify_coinbase_maturity(&self, _tx: &Transaction) -> Result<(), PoolError> {
[INFO] [stdout]     |                                                                         ^^^^^^^^^ not found in this scope
[INFO] [stdout]     |
[INFO] [stdout] help: consider importing this enum
[INFO] [stdout]     |
[INFO] [stdout] 17  + use stack_test_epic_pool::PoolError;
[INFO] [stdout]     |
[INFO] [stdout] 
[INFO] [stdout] 
[INFO] [stdout] error[E0412]: cannot find type `PoolError` in this scope
[INFO] [stdout]    --> tests/common.rs:145:67
[INFO] [stdout]     |
[INFO] [stdout] 145 |     fn verify_tx_lock_height(&self, _tx: &Transaction) -> Result<(), PoolError> {
[INFO] [stdout]     |                                                                      ^^^^^^^^^ not found in this scope
[INFO] [stdout]     |
[INFO] [stdout] help: consider importing this enum
[INFO] [stdout]     |
[INFO] [stdout] 17  + use stack_test_epic_pool::PoolError;
[INFO] [stdout]     |
[INFO] [stdout] 
[INFO] [stdout] 
[INFO] [stdout] error[E0405]: cannot find trait `BlockChain` in this scope
[INFO] [stdout]    --> tests/common.rs:150:34
[INFO] [stdout]     |
[INFO] [stdout] 150 | pub fn test_setup(chain: Arc<dyn BlockChain>) -> TransactionPool {
[INFO] [stdout]     |                                  ^^^^^^^^^^ not found in this scope
[INFO] [stdout]     |
[INFO] [stdout] help: consider importing this trait
[INFO] [stdout]     |
[INFO] [stdout] 17  + use stack_test_epic_pool::BlockChain;
[INFO] [stdout]     |
[INFO] [stdout] 
[INFO] [stdout] 
[INFO] [stdout] error[E0422]: cannot find struct, variant or union type `PoolConfig` in this scope
[INFO] [stdout]    --> tests/common.rs:152:3
[INFO] [stdout]     |
[INFO] [stdout] 152 |         PoolConfig {
[INFO] [stdout]     |         ^^^^^^^^^^ not found in this scope
[INFO] [stdout]     |
[INFO] [stdout] help: consider importing this struct
[INFO] [stdout]     |
[INFO] [stdout] 17  + use stack_test_epic_pool::PoolConfig;
[INFO] [stdout]     |
[INFO] [stdout] 
[INFO] [stdout] 
[INFO] [stdout] error[E0422]: cannot find struct, variant or union type `NoopAdapter` in this scope
[INFO] [stdout]    --> tests/common.rs:159:12
[INFO] [stdout]     |
[INFO] [stdout] 159 |         Arc::new(NoopAdapter {}),
[INFO] [stdout]     |                  ^^^^^^^^^^^ not found in this scope
[INFO] [stdout]     |
[INFO] [stdout] help: consider importing one of these items
[INFO] [stdout]     |
[INFO] [stdout] 17  + use stack_test_epic_chain::types::NoopAdapter;
[INFO] [stdout]     |
[INFO] [stdout] 17  + use stack_test_epic_pool::types::NoopAdapter;
[INFO] [stdout]     |
[INFO] [stdout] 
[INFO] [stdout] 
[INFO] [stdout] error[E0412]: cannot find type `TxSource` in this scope
[INFO] [stdout]    --> tests/common.rs:235:25
[INFO] [stdout]     |
[INFO] [stdout] 235 | pub fn test_source() -> TxSource {
[INFO] [stdout]     |                         ^^^^^^^^ not found in this scope
[INFO] [stdout]     |
[INFO] [stdout] help: consider importing this enum
[INFO] [stdout]     |
[INFO] [stdout] 17  + use stack_test_epic_pool::TxSource;
[INFO] [stdout]     |
[INFO] [stdout] 
[INFO] [stdout] 
[INFO] [stdout] error[E0433]: failed to resolve: use of undeclared type `TxSource`
[INFO] [stdout]    --> tests/common.rs:236:2
[INFO] [stdout]     |
[INFO] [stdout] 236 |     TxSource::Broadcast
[INFO] [stdout]     |     ^^^^^^^^ use of undeclared type `TxSource`
[INFO] [stdout]     |
[INFO] [stdout] help: consider importing this enum
[INFO] [stdout]     |
[INFO] [stdout] 17  + use stack_test_epic_pool::TxSource;
[INFO] [stdout]     |
[INFO] [stdout] 
[INFO] [stdout] 
[INFO] [stdout] error: aborting due to 31 previous errors
[INFO] [stdout] 
[INFO] [stdout] 
[INFO] [stdout] Some errors have detailed explanations: E0405, E0412, E0422, E0432, E0433.
[INFO] [stdout] 
[INFO] [stdout] For more information about an error, try `rustc --explain E0405`.
[INFO] [stdout] 
[INFO] [stdout] error: aborting due to 40 previous errors
[INFO] [stdout] 
[INFO] [stdout] 
[INFO] [stdout] Some errors have detailed explanations: E0405, E0412, E0422, E0432, E0433.
[INFO] [stdout] 
[INFO] [stdout] For more information about an error, try `rustc --explain E0405`.
[INFO] [stdout] 
[INFO] [stdout] error[E0405]: cannot find trait `BlockChain` in this scope
[INFO] [stdout]    --> tests/common.rs:101:6
[INFO] [stdout]     |
[INFO] [stdout] 101 | impl BlockChain for ChainAdapter {
[INFO] [stdout]     |      ^^^^^^^^^^ not found in this scope
[INFO] [stdout]     |
[INFO] [stdout] help: consider importing this trait
[INFO] [stdout]     |
[INFO] [stdout] 17  + use stack_test_epic_pool::BlockChain;
[INFO] [stdout]     |
[INFO] [stdout] 
[INFO] [stdout] 
[INFO] [stdout] error[E0412]: cannot find type `PoolError` in this scope
[INFO] [stdout]    --> tests/common.rs:102:46
[INFO] [stdout]     |
[INFO] [stdout] 102 |     fn chain_head(&self) -> Result<BlockHeader, PoolError> {
[INFO] [stdout]     |                                                 ^^^^^^^^^ not found in this scope
[INFO] [stdout]     |
[INFO] [stdout] help: consider importing this enum
[INFO] [stdout]     |
[INFO] [stdout] 17  + use stack_test_epic_pool::PoolError;
[INFO] [stdout]     |
[INFO] [stdout] 
[INFO] [stdout] 
[INFO] [stdout] error[E0433]: failed to resolve: use of undeclared type `PoolError`
[INFO] [stdout]    --> tests/common.rs:105:17
[INFO] [stdout]     |
[INFO] [stdout] 105 |             .map_err(|_| PoolError::Other(format!("failed to get chain head")))
[INFO] [stdout]     |                          ^^^^^^^^^ use of undeclared type `PoolError`
[INFO] [stdout]     |
[INFO] [stdout] help: consider importing this enum
[INFO] [stdout]     |
[INFO] [stdout] 17  + use stack_test_epic_pool::PoolError;
[INFO] [stdout]     |
[INFO] [stdout] 
[INFO] [stdout] 
[INFO] [stdout] error[E0412]: cannot find type `PoolError` in this scope
[INFO] [stdout]    --> tests/common.rs:108:65
[INFO] [stdout]     |
[INFO] [stdout] 108 |     fn get_block_header(&self, hash: &Hash) -> Result<BlockHeader, PoolError> {
[INFO] [stdout]     |                                                                    ^^^^^^^^^ not found in this scope
[INFO] [stdout]     |
[INFO] [stdout] help: consider importing this enum
[INFO] [stdout]     |
[INFO] [stdout] 17  + use stack_test_epic_pool::PoolError;
[INFO] [stdout]     |
[INFO] [stdout] 
[INFO] [stdout] 
[INFO] [stdout] error: aborting due to 40 previous errors
[INFO] [stdout] 
[INFO] [stdout] 
[INFO] [stdout] Some errors have detailed explanations: E0405, E0412, E0422, E0432, E0433.
[INFO] [stdout] 
[INFO] [stdout] For more information about an error, try `rustc --explain E0405`.
[INFO] [stdout] 
[INFO] [stdout] error[E0433]: failed to resolve: use of undeclared type `PoolError`
[INFO] [stdout]    --> tests/common.rs:111:17
[INFO] [stdout]     |
[INFO] [stdout] 111 |             .map_err(|_| PoolError::Other(format!("failed to get block header")))
[INFO] [stdout]     |                          ^^^^^^^^^ use of undeclared type `PoolError`
[INFO] [stdout]     |
[INFO] [stdout] help: consider importing this enum
[INFO] [stdout]     |
[INFO] [stdout] 17  + use stack_test_epic_pool::PoolError;
[INFO] [stdout]     |
[INFO] [stdout] 
[INFO] [stdout] 
[INFO] [stdout] error[E0412]: cannot find type `PoolError` in this scope
[INFO] [stdout]    --> tests/common.rs:114:61
[INFO] [stdout]     |
[INFO] [stdout] 114 |     fn get_block_sums(&self, hash: &Hash) -> Result<BlockSums, PoolError> {
[INFO] [stdout]     |                                                                ^^^^^^^^^ not found in this scope
[INFO] [stdout]     |
[INFO] [stdout] help: consider importing this enum
[INFO] [stdout]     |
[INFO] [stdout] 17  + use stack_test_epic_pool::PoolError;
[INFO] [stdout]     |
[INFO] [stdout] 
[INFO] [stdout] 
[INFO] [stdout] error[E0433]: failed to resolve: use of undeclared type `PoolError`
[INFO] [stdout]    --> tests/common.rs:117:17
[INFO] [stdout]     |
[INFO] [stdout] 117 |             .map_err(|_| PoolError::Other(format!("failed to get block sums")))
[INFO] [stdout]     |                          ^^^^^^^^^ use of undeclared type `PoolError`
[INFO] [stdout]     |
[INFO] [stdout] help: consider importing this enum
[INFO] [stdout]     |
[INFO] [stdout] 17  + use stack_test_epic_pool::PoolError;
[INFO] [stdout]     |
[INFO] [stdout] 
[INFO] [stdout] 
[INFO] [stdout] error[E0433]: failed to resolve: use of undeclared type `PoolError`
[INFO] [stdout]    --> tests/common.rs:125:16
[INFO] [stdout]     |
[INFO] [stdout] 125 |                 return Err(PoolError::Other(format!("output commitment not unique")));
[INFO] [stdout]     |                            ^^^^^^^^^ use of undeclared type `PoolError`
[INFO] [stdout]     |
[INFO] [stdout] help: consider importing this enum
[INFO] [stdout]     |
[INFO] [stdout] 17  + use stack_test_epic_pool::PoolError;
[INFO] [stdout]     |
[INFO] [stdout] 
[INFO] [stdout] 
[INFO] [stdout] error[E0433]: failed to resolve: use of undeclared type `PoolError`
[INFO] [stdout]    --> tests/common.rs:131:16
[INFO] [stdout]     |
[INFO] [stdout] 131 |                 return Err(PoolError::Other(format!("not in utxo set")));
[INFO] [stdout]     |                            ^^^^^^^^^ use of undeclared type `PoolError`
[INFO] [stdout]     |
[INFO] [stdout] help: consider importing this enum
[INFO] [stdout]     |
[INFO] [stdout] 17  + use stack_test_epic_pool::PoolError;
[INFO] [stdout]     |
[INFO] [stdout] 
[INFO] [stdout] 
[INFO] [stdout] error[E0412]: cannot find type `PoolError` in this scope
[INFO] [stdout]    --> tests/common.rs:140:70
[INFO] [stdout]     |
[INFO] [stdout] 140 |     fn verify_coinbase_maturity(&self, _tx: &Transaction) -> Result<(), PoolError> {
[INFO] [stdout]     |                                                                         ^^^^^^^^^ not found in this scope
[INFO] [stdout]     |
[INFO] [stdout] help: consider importing this enum
[INFO] [stdout]     |
[INFO] [stdout] 17  + use stack_test_epic_pool::PoolError;
[INFO] [stdout]     |
[INFO] [stdout] 
[INFO] [stdout] 
[INFO] [stdout] error[E0412]: cannot find type `PoolError` in this scope
[INFO] [stdout]    --> tests/common.rs:145:67
[INFO] [stdout]     |
[INFO] [stdout] 145 |     fn verify_tx_lock_height(&self, _tx: &Transaction) -> Result<(), PoolError> {
[INFO] [stdout]     |                                                                      ^^^^^^^^^ not found in this scope
[INFO] [stdout]     |
[INFO] [stdout] help: consider importing this enum
[INFO] [stdout]     |
[INFO] [stdout] 17  + use stack_test_epic_pool::PoolError;
[INFO] [stdout]     |
[INFO] [stdout] 
[INFO] [stdout] 
[INFO] [stdout] error[E0405]: cannot find trait `BlockChain` in this scope
[INFO] [stdout]    --> tests/common.rs:150:34
[INFO] [stdout]     |
[INFO] [stdout] 150 | pub fn test_setup(chain: Arc<dyn BlockChain>) -> TransactionPool {
[INFO] [stdout]     |                                  ^^^^^^^^^^ not found in this scope
[INFO] [stdout]     |
[INFO] [stdout] help: consider importing this trait
[INFO] [stdout]     |
[INFO] [stdout] 17  + use stack_test_epic_pool::BlockChain;
[INFO] [stdout]     |
[INFO] [stdout] 
[INFO] [stdout] 
[INFO] [stdout] error[E0422]: cannot find struct, variant or union type `PoolConfig` in this scope
[INFO] [stdout]    --> tests/common.rs:152:3
[INFO] [stdout]     |
[INFO] [stdout] 152 |         PoolConfig {
[INFO] [stdout]     |         ^^^^^^^^^^ not found in this scope
[INFO] [stdout]     |
[INFO] [stdout] help: consider importing this struct
[INFO] [stdout]     |
[INFO] [stdout] 17  + use stack_test_epic_pool::PoolConfig;
[INFO] [stdout]     |
[INFO] [stdout] 
[INFO] [stdout] 
[INFO] [stdout] error[E0422]: cannot find struct, variant or union type `NoopAdapter` in this scope
[INFO] [stdout]    --> tests/common.rs:159:12
[INFO] [stdout]     |
[INFO] [stdout] 159 |         Arc::new(NoopAdapter {}),
[INFO] [stdout]     |                  ^^^^^^^^^^^ not found in this scope
[INFO] [stdout]     |
[INFO] [stdout] help: consider importing one of these items
[INFO] [stdout]     |
[INFO] [stdout] 17  + use stack_test_epic_chain::types::NoopAdapter;
[INFO] [stdout]     |
[INFO] [stdout] 17  + use stack_test_epic_pool::types::NoopAdapter;
[INFO] [stdout]     |
[INFO] [stdout] 
[INFO] [stdout] 
[INFO] [stdout] error[E0412]: cannot find type `TxSource` in this scope
[INFO] [stdout]    --> tests/common.rs:235:25
[INFO] [stdout]     |
[INFO] [stdout] 235 | pub fn test_source() -> TxSource {
[INFO] [stdout]     |                         ^^^^^^^^ not found in this scope
[INFO] [stdout]     |
[INFO] [stdout] help: consider importing this enum
[INFO] [stdout]     |
[INFO] [stdout] 17  + use stack_test_epic_pool::TxSource;
[INFO] [stdout]     |
[INFO] [stdout] 
[INFO] [stdout] 
[INFO] [stdout] error[E0433]: failed to resolve: use of undeclared type `TxSource`
[INFO] [stdout]    --> tests/common.rs:236:2
[INFO] [stdout]     |
[INFO] [stdout] 236 |     TxSource::Broadcast
[INFO] [stdout]     |     ^^^^^^^^ use of undeclared type `TxSource`
[INFO] [stdout]     |
[INFO] [stdout] help: consider importing this enum
[INFO] [stdout]     |
[INFO] [stdout] 17  + use stack_test_epic_pool::TxSource;
[INFO] [stdout]     |
[INFO] [stdout] 
[INFO] [stdout] 
[INFO] [stdout] error[E0405]: cannot find trait `BlockChain` in this scope
[INFO] [stdout]    --> tests/common.rs:101:6
[INFO] [stdout]     |
[INFO] [stdout] 101 | impl BlockChain for ChainAdapter {
[INFO] [stdout]     |      ^^^^^^^^^^ not found in this scope
[INFO] [stdout]     |
[INFO] [stdout] help: consider importing this trait
[INFO] [stdout]     |
[INFO] [stdout] 17  + use stack_test_epic_pool::BlockChain;
[INFO] [stdout]     |
[INFO] [stdout] 
[INFO] [stdout] 
[INFO] [stdout] error[E0412]: cannot find type `PoolError` in this scope
[INFO] [stdout]    --> tests/common.rs:102:46
[INFO] [stdout]     |
[INFO] [stdout] 102 |     fn chain_head(&self) -> Result<BlockHeader, PoolError> {
[INFO] [stdout]     |                                                 ^^^^^^^^^ not found in this scope
[INFO] [stdout]     |
[INFO] [stdout] help: consider importing this enum
[INFO] [stdout]     |
[INFO] [stdout] 17  + use stack_test_epic_pool::PoolError;
[INFO] [stdout]     |
[INFO] [stdout] 
[INFO] [stdout] 
[INFO] [stdout] error[E0433]: failed to resolve: use of undeclared type `PoolError`
[INFO] [stdout]    --> tests/common.rs:105:17
[INFO] [stdout]     |
[INFO] [stdout] 105 |             .map_err(|_| PoolError::Other(format!("failed to get chain head")))
[INFO] [stdout]     |                          ^^^^^^^^^ use of undeclared type `PoolError`
[INFO] [stdout]     |
[INFO] [stdout] help: consider importing this enum
[INFO] [stdout]     |
[INFO] [stdout] 17  + use stack_test_epic_pool::PoolError;
[INFO] [stdout]     |
[INFO] [stdout] 
[INFO] [stdout] 
[INFO] [stdout] error[E0412]: cannot find type `PoolError` in this scope
[INFO] [stdout]    --> tests/common.rs:108:65
[INFO] [stdout]     |
[INFO] [stdout] 108 |     fn get_block_header(&self, hash: &Hash) -> Result<BlockHeader, PoolError> {
[INFO] [stdout]     |                                                                    ^^^^^^^^^ not found in this scope
[INFO] [stdout]     |
[INFO] [stdout] help: consider importing this enum
[INFO] [stdout]     |
[INFO] [stdout] 17  + use stack_test_epic_pool::PoolError;
[INFO] [stdout]     |
[INFO] [stdout] 
[INFO] [stdout] 
[INFO] [stdout] error[E0433]: failed to resolve: use of undeclared type `PoolError`
[INFO] [stdout]    --> tests/common.rs:111:17
[INFO] [stdout]     |
[INFO] [stdout] 111 |             .map_err(|_| PoolError::Other(format!("failed to get block header")))
[INFO] [stdout]     |                          ^^^^^^^^^ use of undeclared type `PoolError`
[INFO] [stdout]     |
[INFO] [stdout] help: consider importing this enum
[INFO] [stdout]     |
[INFO] [stdout] 17  + use stack_test_epic_pool::PoolError;
[INFO] [stdout]     |
[INFO] [stdout] 
[INFO] [stdout] 
[INFO] [stdout] error[E0412]: cannot find type `PoolError` in this scope
[INFO] [stdout]    --> tests/common.rs:114:61
[INFO] [stdout]     |
[INFO] [stdout] 114 |     fn get_block_sums(&self, hash: &Hash) -> Result<BlockSums, PoolError> {
[INFO] [stdout]     |                                                                ^^^^^^^^^ not found in this scope
[INFO] [stdout]     |
[INFO] [stdout] help: consider importing this enum
[INFO] [stdout]     |
[INFO] [stdout] 17  + use stack_test_epic_pool::PoolError;
[INFO] [stdout]     |
[INFO] [stdout] 
[INFO] [stdout] 
[INFO] [stdout] error[E0433]: failed to resolve: use of undeclared type `PoolError`
[INFO] [stdout]    --> tests/common.rs:117:17
[INFO] [stdout]     |
[INFO] [stdout] 117 |             .map_err(|_| PoolError::Other(format!("failed to get block sums")))
[INFO] [stdout]     |                          ^^^^^^^^^ use of undeclared type `PoolError`
[INFO] [stdout]     |
[INFO] [stdout] help: consider importing this enum
[INFO] [stdout]     |
[INFO] [stdout] 17  + use stack_test_epic_pool::PoolError;
[INFO] [stdout]     |
[INFO] [stdout] 
[INFO] [stdout] 
[INFO] [stdout] error[E0433]: failed to resolve: use of undeclared type `PoolError`
[INFO] [stdout]    --> tests/common.rs:125:16
[INFO] [stdout]     |
[INFO] [stdout] 125 |                 return Err(PoolError::Other(format!("output commitment not unique")));
[INFO] [stdout]     |                            ^^^^^^^^^ use of undeclared type `PoolError`
[INFO] [stdout]     |
[INFO] [stdout] help: consider importing this enum
[INFO] [stdout]     |
[INFO] [stdout] 17  + use stack_test_epic_pool::PoolError;
[INFO] [stdout]     |
[INFO] [stdout] 
[INFO] [stdout] 
[INFO] [stdout] error[E0433]: failed to resolve: use of undeclared type `PoolError`
[INFO] [stdout]    --> tests/common.rs:131:16
[INFO] [stdout]     |
[INFO] [stdout] 131 |                 return Err(PoolError::Other(format!("not in utxo set")));
[INFO] [stdout]     |                            ^^^^^^^^^ use of undeclared type `PoolError`
[INFO] [stdout]     |
[INFO] [stdout] help: consider importing this enum
[INFO] [stdout]     |
[INFO] [stdout] 17  + use stack_test_epic_pool::PoolError;
[INFO] [stdout]     |
[INFO] [stdout] 
[INFO] [stdout] 
[INFO] [stdout] error[E0412]: cannot find type `PoolError` in this scope
[INFO] [stdout]    --> tests/common.rs:140:70
[INFO] [stdout]     |
[INFO] [stdout] 140 |     fn verify_coinbase_maturity(&self, _tx: &Transaction) -> Result<(), PoolError> {
[INFO] [stdout]     |                                                                         ^^^^^^^^^ not found in this scope
[INFO] [stdout]     |
[INFO] [stdout] help: consider importing this enum
[INFO] [stdout]     |
[INFO] [stdout] 17  + use stack_test_epic_pool::PoolError;
[INFO] [stdout]     |
[INFO] [stdout] 
[INFO] [stdout] 
[INFO] [stdout] error[E0405]: cannot find trait `BlockChain` in this scope
[INFO] [stdout]    --> tests/common.rs:101:6
[INFO] [stdout]     |
[INFO] [stdout] 101 | impl BlockChain for ChainAdapter {
[INFO] [stdout]     |      ^^^^^^^^^^ not found in this scope
[INFO] [stdout]     |
[INFO] [stdout] help: consider importing this trait
[INFO] [stdout]     |
[INFO] [stdout] 17  + use stack_test_epic_pool::BlockChain;
[INFO] [stdout]     |
[INFO] [stdout] 
[INFO] [stdout] 
[INFO] [stderr] error: could not compile `stack_test_epic_pool` (test "common") due to 32 previous errors
[INFO] [stdout] error[E0412]: cannot find type `PoolError` in this scope
[INFO] [stdout]    --> tests/common.rs:145:67
[INFO] [stdout]     |
[INFO] [stdout] 145 |     fn verify_tx_lock_height(&self, _tx: &Transaction) -> Result<(), PoolError> {
[INFO] [stdout]     |                                                                      ^^^^^^^^^ not found in this scope
[INFO] [stdout]     |
[INFO] [stdout] help: consider importing this enum
[INFO] [stdout]     |
[INFO] [stdout] 17  + use stack_test_epic_pool::PoolError;
[INFO] [stdout]     |
[INFO] [stdout] 
[INFO] [stdout] 
[INFO] [stderr] warning: build failed, waiting for other jobs to finish...
[INFO] [stdout] error[E0412]: cannot find type `PoolError` in this scope
[INFO] [stdout]    --> tests/common.rs:102:46
[INFO] [stdout]     |
[INFO] [stdout] 102 |     fn chain_head(&self) -> Result<BlockHeader, PoolError> {
[INFO] [stdout]     |                                                 ^^^^^^^^^ not found in this scope
[INFO] [stdout]     |
[INFO] [stdout] help: consider importing this enum
[INFO] [stdout]     |
[INFO] [stdout] 17  + use stack_test_epic_pool::PoolError;
[INFO] [stdout]     |
[INFO] [stdout] 
[INFO] [stdout] 
[INFO] [stderr] error: could not compile `stack_test_epic_pool` (test "block_building") due to 41 previous errors
[INFO] [stdout] error[E0405]: cannot find trait `BlockChain` in this scope
[INFO] [stdout]    --> tests/common.rs:150:34
[INFO] [stdout]     |
[INFO] [stdout] 150 | pub fn test_setup(chain: Arc<dyn BlockChain>) -> TransactionPool {
[INFO] [stdout]     |                                  ^^^^^^^^^^ not found in this scope
[INFO] [stdout]     |
[INFO] [stdout] help: consider importing this trait
[INFO] [stdout]     |
[INFO] [stdout] 17  + use stack_test_epic_pool::BlockChain;
[INFO] [stdout]     |
[INFO] [stdout] 
[INFO] [stdout] 
[INFO] [stdout] error[E0433]: failed to resolve: use of undeclared type `PoolError`
[INFO] [stdout]    --> tests/common.rs:105:17
[INFO] [stdout]     |
[INFO] [stdout] 105 |             .map_err(|_| PoolError::Other(format!("failed to get chain head")))
[INFO] [stdout]     |                          ^^^^^^^^^ use of undeclared type `PoolError`
[INFO] [stdout]     |
[INFO] [stdout] help: consider importing this enum
[INFO] [stdout]     |
[INFO] [stdout] 17  + use stack_test_epic_pool::PoolError;
[INFO] [stdout]     |
[INFO] [stdout] 
[INFO] [stdout] 
[INFO] [stdout] error[E0422]: cannot find struct, variant or union type `PoolConfig` in this scope
[INFO] [stdout]    --> tests/common.rs:152:3
[INFO] [stdout]     |
[INFO] [stdout] 152 |         PoolConfig {
[INFO] [stdout]     |         ^^^^^^^^^^ not found in this scope
[INFO] [stdout]     |
[INFO] [stdout] help: consider importing this struct
[INFO] [stdout]     |
[INFO] [stdout] 17  + use stack_test_epic_pool::PoolConfig;
[INFO] [stdout]     |
[INFO] [stdout] 
[INFO] [stdout] 
[INFO] [stdout] error[E0412]: cannot find type `PoolError` in this scope
[INFO] [stdout]    --> tests/common.rs:108:65
[INFO] [stdout]     |
[INFO] [stdout] 108 |     fn get_block_header(&self, hash: &Hash) -> Result<BlockHeader, PoolError> {
[INFO] [stdout]     |                                                                    ^^^^^^^^^ not found in this scope
[INFO] [stdout]     |
[INFO] [stdout] help: consider importing this enum
[INFO] [stdout]     |
[INFO] [stdout] 17  + use stack_test_epic_pool::PoolError;
[INFO] [stdout]     |
[INFO] [stdout] 
[INFO] [stdout] 
[INFO] [stdout] error[E0433]: failed to resolve: use of undeclared type `PoolError`
[INFO] [stdout]    --> tests/common.rs:111:17
[INFO] [stdout]     |
[INFO] [stdout] 111 |             .map_err(|_| PoolError::Other(format!("failed to get block header")))
[INFO] [stdout]     |                          ^^^^^^^^^ use of undeclared type `PoolError`
[INFO] [stdout]     |
[INFO] [stdout] help: consider importing this enum
[INFO] [stdout]     |
[INFO] [stdout] 17  + use stack_test_epic_pool::PoolError;
[INFO] [stdout]     |
[INFO] [stdout] 
[INFO] [stdout] 
[INFO] [stdout] error[E0412]: cannot find type `PoolError` in this scope
[INFO] [stdout]    --> tests/common.rs:114:61
[INFO] [stdout]     |
[INFO] [stdout] 114 |     fn get_block_sums(&self, hash: &Hash) -> Result<BlockSums, PoolError> {
[INFO] [stdout]     |                                                                ^^^^^^^^^ not found in this scope
[INFO] [stdout]     |
[INFO] [stdout] help: consider importing this enum
[INFO] [stdout]     |
[INFO] [stdout] 17  + use stack_test_epic_pool::PoolError;
[INFO] [stdout]     |
[INFO] [stdout] 
[INFO] [stdout] 
[INFO] [stdout] error[E0422]: cannot find struct, variant or union type `NoopAdapter` in this scope
[INFO] [stdout]    --> tests/common.rs:159:12
[INFO] [stdout]     |
[INFO] [stdout] 159 |         Arc::new(NoopAdapter {}),
[INFO] [stdout]     |                  ^^^^^^^^^^^ not found in this scope
[INFO] [stdout]     |
[INFO] [stdout] help: consider importing one of these items
[INFO] [stdout]     |
[INFO] [stdout] 17  + use stack_test_epic_chain::types::NoopAdapter;
[INFO] [stdout]     |
[INFO] [stdout] 17  + use stack_test_epic_pool::types::NoopAdapter;
[INFO] [stdout]     |
[INFO] [stdout] 
[INFO] [stdout] 
[INFO] [stdout] error[E0433]: failed to resolve: use of undeclared type `PoolError`
[INFO] [stdout]    --> tests/common.rs:117:17
[INFO] [stdout]     |
[INFO] [stdout] 117 |             .map_err(|_| PoolError::Other(format!("failed to get block sums")))
[INFO] [stdout]     |                          ^^^^^^^^^ use of undeclared type `PoolError`
[INFO] [stdout]     |
[INFO] [stdout] help: consider importing this enum
[INFO] [stdout]     |
[INFO] [stdout] 17  + use stack_test_epic_pool::PoolError;
[INFO] [stdout]     |
[INFO] [stdout] 
[INFO] [stdout] 
[INFO] [stdout] error[E0412]: cannot find type `TxSource` in this scope
[INFO] [stdout]    --> tests/common.rs:235:25
[INFO] [stdout]     |
[INFO] [stdout] 235 | pub fn test_source() -> TxSource {
[INFO] [stdout]     |                         ^^^^^^^^ not found in this scope
[INFO] [stdout]     |
[INFO] [stdout] help: consider importing this enum
[INFO] [stdout]     |
[INFO] [stdout] 17  + use stack_test_epic_pool::TxSource;
[INFO] [stdout]     |
[INFO] [stdout] 
[INFO] [stdout] 
[INFO] [stdout] error[E0433]: failed to resolve: use of undeclared type `PoolError`
[INFO] [stdout]    --> tests/common.rs:125:16
[INFO] [stdout]     |
[INFO] [stdout] 125 |                 return Err(PoolError::Other(format!("output commitment not unique")));
[INFO] [stdout]     |                            ^^^^^^^^^ use of undeclared type `PoolError`
[INFO] [stdout]     |
[INFO] [stdout] help: consider importing this enum
[INFO] [stdout]     |
[INFO] [stdout] 17  + use stack_test_epic_pool::PoolError;
[INFO] [stdout]     |
[INFO] [stdout] 
[INFO] [stdout] 
[INFO] [stdout] error[E0433]: failed to resolve: use of undeclared type `TxSource`
[INFO] [stdout]    --> tests/common.rs:236:2
[INFO] [stdout]     |
[INFO] [stdout] 236 |     TxSource::Broadcast
[INFO] [stdout]     |     ^^^^^^^^ use of undeclared type `TxSource`
[INFO] [stdout]     |
[INFO] [stdout] help: consider importing this enum
[INFO] [stdout]     |
[INFO] [stdout] 17  + use stack_test_epic_pool::TxSource;
[INFO] [stdout]     |
[INFO] [stdout] 
[INFO] [stdout] 
[INFO] [stdout] error[E0433]: failed to resolve: use of undeclared type `PoolError`
[INFO] [stdout]    --> tests/common.rs:131:16
[INFO] [stdout]     |
[INFO] [stdout] 131 |                 return Err(PoolError::Other(format!("not in utxo set")));
[INFO] [stdout]     |                            ^^^^^^^^^ use of undeclared type `PoolError`
[INFO] [stdout]     |
[INFO] [stdout] help: consider importing this enum
[INFO] [stdout]     |
[INFO] [stdout] 17  + use stack_test_epic_pool::PoolError;
[INFO] [stdout]     |
[INFO] [stdout] 
[INFO] [stdout] 
[INFO] [stdout] error[E0412]: cannot find type `PoolError` in this scope
[INFO] [stdout]    --> tests/common.rs:140:70
[INFO] [stdout]     |
[INFO] [stdout] 140 |     fn verify_coinbase_maturity(&self, _tx: &Transaction) -> Result<(), PoolError> {
[INFO] [stdout]     |                                                                         ^^^^^^^^^ not found in this scope
[INFO] [stdout]     |
[INFO] [stdout] help: consider importing this enum
[INFO] [stdout]     |
[INFO] [stdout] 17  + use stack_test_epic_pool::PoolError;
[INFO] [stdout]     |
[INFO] [stdout] 
[INFO] [stdout] 
[INFO] [stdout] error[E0412]: cannot find type `PoolError` in this scope
[INFO] [stdout]    --> tests/common.rs:145:67
[INFO] [stdout]     |
[INFO] [stdout] 145 |     fn verify_tx_lock_height(&self, _tx: &Transaction) -> Result<(), PoolError> {
[INFO] [stdout]     |                                                                      ^^^^^^^^^ not found in this scope
[INFO] [stdout]     |
[INFO] [stdout] help: consider importing this enum
[INFO] [stdout]     |
[INFO] [stdout] 17  + use stack_test_epic_pool::PoolError;
[INFO] [stdout]     |
[INFO] [stdout] 
[INFO] [stdout] 
[INFO] [stdout] error[E0405]: cannot find trait `BlockChain` in this scope
[INFO] [stdout]    --> tests/common.rs:150:34
[INFO] [stdout]     |
[INFO] [stdout] 150 | pub fn test_setup(chain: Arc<dyn BlockChain>) -> TransactionPool {
[INFO] [stdout]     |                                  ^^^^^^^^^^ not found in this scope
[INFO] [stdout]     |
[INFO] [stdout] help: consider importing this trait
[INFO] [stdout]     |
[INFO] [stdout] 17  + use stack_test_epic_pool::BlockChain;
[INFO] [stdout]     |
[INFO] [stdout] 
[INFO] [stdout] 
[INFO] [stdout] error[E0422]: cannot find struct, variant or union type `PoolConfig` in this scope
[INFO] [stdout]    --> tests/common.rs:152:3
[INFO] [stdout]     |
[INFO] [stdout] 152 |         PoolConfig {
[INFO] [stdout]     |         ^^^^^^^^^^ not found in this scope
[INFO] [stdout]     |
[INFO] [stdout] help: consider importing this struct
[INFO] [stdout]     |
[INFO] [stdout] 17  + use stack_test_epic_pool::PoolConfig;
[INFO] [stdout]     |
[INFO] [stdout] 
[INFO] [stdout] 
[INFO] [stdout] error[E0422]: cannot find struct, variant or union type `NoopAdapter` in this scope
[INFO] [stdout]    --> tests/common.rs:159:12
[INFO] [stdout]     |
[INFO] [stdout] 159 |         Arc::new(NoopAdapter {}),
[INFO] [stdout]     |                  ^^^^^^^^^^^ not found in this scope
[INFO] [stdout]     |
[INFO] [stdout] help: consider importing one of these items
[INFO] [stdout]     |
[INFO] [stdout] 17  + use stack_test_epic_chain::types::NoopAdapter;
[INFO] [stdout]     |
[INFO] [stdout] 17  + use stack_test_epic_pool::types::NoopAdapter;
[INFO] [stdout]     |
[INFO] [stdout] 
[INFO] [stdout] 
[INFO] [stdout] error[E0412]: cannot find type `TxSource` in this scope
[INFO] [stdout]    --> tests/common.rs:235:25
[INFO] [stdout]     |
[INFO] [stdout] 235 | pub fn test_source() -> TxSource {
[INFO] [stdout]     |                         ^^^^^^^^ not found in this scope
[INFO] [stdout]     |
[INFO] [stdout] help: consider importing this enum
[INFO] [stdout]     |
[INFO] [stdout] 17  + use stack_test_epic_pool::TxSource;
[INFO] [stdout]     |
[INFO] [stdout] 
[INFO] [stdout] 
[INFO] [stdout] error[E0433]: failed to resolve: use of undeclared type `TxSource`
[INFO] [stdout]    --> tests/common.rs:236:2
[INFO] [stdout]     |
[INFO] [stdout] 236 |     TxSource::Broadcast
[INFO] [stdout]     |     ^^^^^^^^ use of undeclared type `TxSource`
[INFO] [stdout]     |
[INFO] [stdout] help: consider importing this enum
[INFO] [stdout]     |
[INFO] [stdout] 17  + use stack_test_epic_pool::TxSource;
[INFO] [stdout]     |
[INFO] [stdout] 
[INFO] [stdout] 
[INFO] [stderr] error: could not compile `stack_test_epic_pool` (test "block_reconciliation") due to 41 previous errors
[INFO] [stdout] error: aborting due to 40 previous errors
[INFO] [stdout] 
[INFO] [stdout] 
[INFO] [stdout] Some errors have detailed explanations: E0405, E0412, E0422, E0432, E0433.
[INFO] [stdout] 
[INFO] [stdout] For more information about an error, try `rustc --explain E0405`.
[INFO] [stdout] 
[INFO] [stdout] error: aborting due to 41 previous errors
[INFO] [stdout] 
[INFO] [stdout] 
[INFO] [stdout] Some errors have detailed explanations: E0405, E0412, E0422, E0432, E0433.
[INFO] [stdout] 
[INFO] [stdout] For more information about an error, try `rustc --explain E0405`.
[INFO] [stdout] 
[INFO] [stdout] error: aborting due to 41 previous errors
[INFO] [stdout] 
[INFO] [stdout] 
[INFO] [stdout] Some errors have detailed explanations: E0405, E0412, E0422, E0432, E0433.
[INFO] [stdout] 
[INFO] [stdout] For more information about an error, try `rustc --explain E0405`.
[INFO] [stdout] 
[INFO] [stderr] error: could not compile `stack_test_epic_pool` (test "coinbase_maturity") due to 41 previous errors
[INFO] [stderr] error: could not compile `stack_test_epic_pool` (test "block_max_weight") due to 42 previous errors
[INFO] [stderr] error: could not compile `stack_test_epic_pool` (test "transaction_pool") due to 42 previous errors
[INFO] [stdout] warning: 1 warning emitted
[INFO] [stdout] 
[INFO] [stdout] 
[INFO] running `Command { std: "docker" "inspect" "501d7c0a7532e8eff048a5325090d5b67b44a51dba9bd31f10c099851169371c", kill_on_drop: false }`
[INFO] running `Command { std: "docker" "rm" "-f" "501d7c0a7532e8eff048a5325090d5b67b44a51dba9bd31f10c099851169371c", kill_on_drop: false }`
[INFO] [stdout] 501d7c0a7532e8eff048a5325090d5b67b44a51dba9bd31f10c099851169371c
