[INFO] fetching crate stack_test_epic_p2p 3.0.3...
[INFO] testing stack_test_epic_p2p-3.0.3 against 1.75.0 for beta-1.76-1
[INFO] extracting crate stack_test_epic_p2p 3.0.3 into /workspace/builds/worker-6-tc1/source
[INFO] validating manifest of crates.io crate stack_test_epic_p2p 3.0.3 on toolchain 1.75.0
[INFO] running `Command { std: CARGO_HOME="/workspace/cargo-home" RUSTUP_HOME="/workspace/rustup-home" "/workspace/cargo-home/bin/cargo" "+1.75.0" "metadata" "--manifest-path" "Cargo.toml" "--no-deps", kill_on_drop: false }`
[INFO] started tweaking crates.io crate stack_test_epic_p2p 3.0.3
[INFO] finished tweaking crates.io crate stack_test_epic_p2p 3.0.3
[INFO] tweaked toml for crates.io crate stack_test_epic_p2p 3.0.3 written to /workspace/builds/worker-6-tc1/source/Cargo.toml
[INFO] running `Command { std: CARGO_HOME="/workspace/cargo-home" RUSTUP_HOME="/workspace/rustup-home" "/workspace/cargo-home/bin/cargo" "+1.75.0" "generate-lockfile" "--manifest-path" "Cargo.toml", kill_on_drop: false }`
[INFO] [stderr]     Updating crates.io index
[INFO] running `Command { std: CARGO_HOME="/workspace/cargo-home" RUSTUP_HOME="/workspace/rustup-home" "/workspace/cargo-home/bin/cargo" "+1.75.0" "fetch" "--manifest-path" "Cargo.toml", kill_on_drop: false }`
[INFO] [stderr]  Downloading crates ...
[INFO] [stderr]   Downloaded keccak-hash v0.2.0
[INFO] [stderr]   Downloaded fixed-hash v0.3.2
[INFO] [stderr]   Downloaded impl-codec v0.2.0
[INFO] [stderr]   Downloaded parity-codec v3.5.4
[INFO] [stderr]   Downloaded crunchy v0.1.6
[INFO] [stderr]   Downloaded primitive-types v0.3.0
[INFO] [stderr]   Downloaded croaring-sys v0.3.9
[INFO] [stderr]   Downloaded uint v0.7.1
[INFO] [stderr]   Downloaded stack_test_epic_pool v3.0.3
[INFO] [stderr]   Downloaded stack_test_epic_util v3.0.3
[INFO] [stderr]   Downloaded bigint v4.4.3
[INFO] [stderr]   Downloaded log4rs v0.8.3
[INFO] [stderr]   Downloaded stack_test_epic_core v3.0.3
[INFO] [stderr]   Downloaded grin_secp256k1zkp v0.7.12
[INFO] [stderr]   Downloaded stack_test_epic_chain v3.0.3
[INFO] [stderr]   Downloaded stack_test_epic_keychain v3.0.3
[INFO] [stderr]   Downloaded stack_test_epic_store v3.0.3
[INFO] [stderr]   Downloaded croaring v0.3.9
[INFO] running `Command { std: "docker" "create" "-v" "/var/lib/crater-agent-workspace/builds/worker-6-tc1/target:/opt/rustwide/target:rw,Z" "-v" "/var/lib/crater-agent-workspace/builds/worker-6-tc1/source:/opt/rustwide/workdir:ro,Z" "-v" "/var/lib/crater-agent-workspace/cargo-home:/opt/rustwide/cargo-home:ro,Z" "-v" "/var/lib/crater-agent-workspace/rustup-home:/opt/rustwide/rustup-home:ro,Z" "-e" "SOURCE_DIR=/opt/rustwide/workdir" "-e" "CARGO_TARGET_DIR=/opt/rustwide/target" "-e" "CARGO_HOME=/opt/rustwide/cargo-home" "-e" "RUSTUP_HOME=/opt/rustwide/rustup-home" "-w" "/opt/rustwide/workdir" "-m" "1610612736" "--user" "0:0" "--network" "none" "ghcr.io/rust-lang/crates-build-env/linux@sha256:2788e3201cd34a07e3172128adcd8b3090168a8e3bcc40d7c032b9dda1df7d1c" "/opt/rustwide/cargo-home/bin/cargo" "+1.75.0" "metadata" "--no-deps" "--format-version=1", kill_on_drop: false }`
[INFO] [stdout] e42c58f11a0af9a15e8db323daf0f98d6c9a098254a71cdf1b59edea7d179b1f
[INFO] running `Command { std: "docker" "start" "-a" "e42c58f11a0af9a15e8db323daf0f98d6c9a098254a71cdf1b59edea7d179b1f", kill_on_drop: false }`
[INFO] running `Command { std: "docker" "inspect" "e42c58f11a0af9a15e8db323daf0f98d6c9a098254a71cdf1b59edea7d179b1f", kill_on_drop: false }`
[INFO] running `Command { std: "docker" "rm" "-f" "e42c58f11a0af9a15e8db323daf0f98d6c9a098254a71cdf1b59edea7d179b1f", kill_on_drop: false }`
[INFO] [stdout] e42c58f11a0af9a15e8db323daf0f98d6c9a098254a71cdf1b59edea7d179b1f
[INFO] running `Command { std: "docker" "create" "-v" "/var/lib/crater-agent-workspace/builds/worker-6-tc1/target:/opt/rustwide/target:rw,Z" "-v" "/var/lib/crater-agent-workspace/builds/worker-6-tc1/source:/opt/rustwide/workdir:ro,Z" "-v" "/var/lib/crater-agent-workspace/cargo-home:/opt/rustwide/cargo-home:ro,Z" "-v" "/var/lib/crater-agent-workspace/rustup-home:/opt/rustwide/rustup-home:ro,Z" "-e" "SOURCE_DIR=/opt/rustwide/workdir" "-e" "CARGO_TARGET_DIR=/opt/rustwide/target" "-e" "CARGO_INCREMENTAL=0" "-e" "RUST_BACKTRACE=full" "-e" "RUSTFLAGS=--cap-lints=warn" "-e" "RUSTDOCFLAGS=--cap-lints=warn" "-e" "CARGO_HOME=/opt/rustwide/cargo-home" "-e" "RUSTUP_HOME=/opt/rustwide/rustup-home" "-w" "/opt/rustwide/workdir" "-m" "1610612736" "--user" "0:0" "--network" "none" "ghcr.io/rust-lang/crates-build-env/linux@sha256:2788e3201cd34a07e3172128adcd8b3090168a8e3bcc40d7c032b9dda1df7d1c" "/opt/rustwide/cargo-home/bin/cargo" "+1.75.0" "build" "--frozen" "--message-format=json", kill_on_drop: false }`
[INFO] [stdout] f12d36ee199198226c4cdd219d36428cf35ff894f75d1b3803ec76f73ab3c144
[INFO] running `Command { std: "docker" "start" "-a" "f12d36ee199198226c4cdd219d36428cf35ff894f75d1b3803ec76f73ab3c144", kill_on_drop: false }`
[INFO] [stderr]    Compiling libc v0.2.151
[INFO] [stderr]    Compiling autocfg v1.1.0
[INFO] [stderr]    Compiling serde v1.0.194
[INFO] [stderr]    Compiling rand_core v0.4.2
[INFO] [stderr]    Compiling typenum v1.17.0
[INFO] [stderr]    Compiling memchr v2.7.1
[INFO] [stderr]    Compiling byteorder v1.5.0
[INFO] [stderr]    Compiling version_check v0.9.4
[INFO] [stderr]    Compiling cfg-if v1.0.0
[INFO] [stderr]    Compiling nodrop v0.1.14
[INFO] [stderr]    Compiling quick-error v1.2.3
[INFO] [stderr]    Compiling glob v0.2.11
[INFO] [stderr]    Compiling semver-parser v0.7.0
[INFO] [stderr]    Compiling regex-syntax v0.8.2
[INFO] [stderr]    Compiling cfg-if v0.1.10
[INFO] [stderr]    Compiling syn v2.0.48
[INFO] [stderr]    Compiling humantime v1.3.0
[INFO] [stderr]    Compiling arrayvec v0.4.12
[INFO] [stderr]    Compiling unicode-xid v0.1.0
[INFO] [stderr]    Compiling rustc-serialize v0.3.25
[INFO] [stderr]    Compiling rand_core v0.3.1
[INFO] [stderr]    Compiling autocfg v0.1.8
[INFO] [stderr]    Compiling semver v0.9.0
[INFO] [stderr]    Compiling lazy_static v1.4.0
[INFO] [stderr]    Compiling maybe-uninit v2.0.0
[INFO] [stderr]    Compiling crc32fast v1.3.2
[INFO] [stderr]    Compiling unicode-width v0.1.11
[INFO] [stderr]    Compiling generic-array v0.14.7
[INFO] [stderr]    Compiling adler v1.0.2
[INFO] [stderr]    Compiling proc-macro2 v0.3.5
[INFO] [stderr]    Compiling textwrap v0.11.0
[INFO] [stderr]    Compiling num-traits v0.2.17
[INFO] [stderr]    Compiling num-integer v0.1.45
[INFO] [stderr]    Compiling clang-sys v0.23.0
[INFO] [stderr]    Compiling miniz_oxide v0.7.1
[INFO] [stderr]    Compiling aho-corasick v1.1.2
[INFO] [stderr]    Compiling indexmap v1.9.3
[INFO] [stderr]    Compiling rustc_version v0.2.3
[INFO] [stderr]    Compiling strsim v0.8.0
[INFO] [stderr]    Compiling bitflags v1.3.2
[INFO] [stderr]    Compiling vec_map v0.8.2
[INFO] [stderr]    Compiling ansi_term v0.12.1
[INFO] [stderr]    Compiling serde_json v1.0.111
[INFO] [stderr]    Compiling ryu v1.0.16
[INFO] [stderr]    Compiling bindgen v0.37.4
[INFO] [stderr]    Compiling crunchy v0.2.2
[INFO] [stderr]    Compiling termcolor v1.4.0
[INFO] [stderr]    Compiling linked-hash-map v0.5.6
[INFO] [stderr]    Compiling parking_lot_core v0.3.1
[INFO] [stderr]    Compiling quote v0.5.2
[INFO] [stderr]    Compiling rand_pcg v0.1.2
[INFO] [stderr]    Compiling rand_chacha v0.1.1
[INFO] [stderr]    Compiling traitobject v0.1.0
[INFO] [stderr]    Compiling itoa v1.0.10
[INFO] [stderr]    Compiling hashbrown v0.12.3
[INFO] [stderr]    Compiling stable_deref_trait v1.2.0
[INFO] [stderr]    Compiling gimli v0.28.1
[INFO] [stderr]    Compiling syn v1.0.109
[INFO] [stderr]    Compiling peeking_take_while v0.1.2
[INFO] [stderr]    Compiling subtle v2.4.1
[INFO] [stderr]    Compiling thiserror v1.0.56
[INFO] [stderr]    Compiling owning_ref v0.4.1
[INFO] [stderr]    Compiling unsafe-any v0.4.2
[INFO] [stderr]    Compiling yaml-rust v0.4.5
[INFO] [stderr]    Compiling smallvec v0.6.14
[INFO] [stderr]    Compiling object v0.32.2
[INFO] [stderr]    Compiling num-iter v0.1.43
[INFO] [stderr]    Compiling num-bigint v0.2.6
[INFO] [stderr]    Compiling rand v0.6.5
[INFO] [stderr]    Compiling digest v0.9.0
[INFO] [stderr]    Compiling block-buffer v0.9.0
[INFO] [stderr]    Compiling scopeguard v0.3.3
[INFO] [stderr]    Compiling opaque-debug v0.3.0
[INFO] [stderr]    Compiling ordered-float v1.1.1
[INFO] [stderr]    Compiling iana-time-zone v0.1.59
[INFO] [stderr]    Compiling rustc-hex v2.1.0
[INFO] [stderr]    Compiling odds v0.2.26
[INFO] [stderr]    Compiling cc v1.0.83
[INFO] [stderr]    Compiling rand v0.5.6
[INFO] [stderr]    Compiling atty v0.2.14
[INFO] [stderr]    Compiling regex-automata v0.4.3
[INFO] [stderr]    Compiling memchr v1.0.2
[INFO] [stderr]    Compiling nom v3.2.1
[INFO] [stderr]    Compiling clap v2.34.0
[INFO] [stderr]    Compiling which v1.0.5
[INFO] [stderr]    Compiling rand v0.4.6
[INFO] [stderr]    Compiling rustc-demangle v0.1.23
[INFO] [stderr]    Compiling arrayvec v0.3.25
[INFO] [stderr]    Compiling rand_os v0.1.3
[INFO] [stderr]    Compiling thread-id v3.3.0
[INFO] [stderr]    Compiling lock_api v0.1.5
[INFO] [stderr]    Compiling crypto-mac v0.11.1
[INFO] [stderr]    Compiling typemap v0.3.3
[INFO] [stderr]    Compiling generic-array v0.12.4
[INFO] [stderr]    Compiling cexpr v0.2.3
[INFO] [stderr]    Compiling flate2 v1.0.28
[INFO] [stderr]    Compiling num-complex v0.2.4
[INFO] [stderr]    Compiling num-rational v0.2.4
[INFO] [stderr]    Compiling rand_hc v0.1.0
[INFO] [stderr]    Compiling rand_xorshift v0.1.1
[INFO] [stderr]    Compiling rand_isaac v0.1.1
[INFO] [stderr]    Compiling rand_jitter v0.1.4
[INFO] [stderr]    Compiling libloading v0.5.2
[INFO] [stderr]    Compiling backtrace v0.3.69
[INFO] [stderr]    Compiling grin_secp256k1zkp v0.7.12
[INFO] [stderr]    Compiling static_assertions v0.2.5
[INFO] [stderr]    Compiling log-mdc v0.1.0
[INFO] [stderr]    Compiling safemem v0.3.3
[INFO] [stderr]    Compiling same-file v1.0.6
[INFO] [stderr]    Compiling fnv v1.0.7
[INFO] [stderr]    Compiling addr2line v0.21.0
[INFO] [stderr]    Compiling arc-swap v0.3.11
[INFO] [stderr]    Compiling base64ct v1.6.0
[INFO] [stderr]    Compiling antidote v1.0.0
[INFO] [stderr]    Compiling unicode-xid v0.2.4
[INFO] [stderr]    Compiling crunchy v0.1.6
[INFO] [stderr]    Compiling cpufeatures v0.2.12
[INFO] [stderr]    Compiling byte-tools v0.3.1
[INFO] [stderr]    Compiling gcc v0.3.55
[INFO] [stderr]    Compiling rand_core v0.6.4
[INFO] [stderr]    Compiling failure_derive v0.1.8
[INFO] [stderr]    Compiling sha2 v0.9.9
[INFO] [stderr]    Compiling block-padding v0.1.5
[INFO] [stderr]    Compiling walkdir v2.4.0
[INFO] [stderr]    Compiling password-hash v0.2.3
[INFO] [stderr]    Compiling base64 v0.9.3
[INFO] [stderr]    Compiling fixed-hash v0.3.2
[INFO] [stderr]    Compiling regex v1.10.2
[INFO] [stderr]    Compiling parking_lot v0.6.4
[INFO] [stderr]    Compiling hmac v0.11.0
[INFO] [stderr]    Compiling uint v0.7.1
[INFO] [stderr]    Compiling constant_time_eq v0.1.5
[INFO] [stderr]    Compiling rustix v0.38.28
[INFO] [stderr]    Compiling blake2-rfc v0.2.18
[INFO] [stderr]    Compiling pbkdf2 v0.8.0
[INFO] [stderr]    Compiling liblmdb-sys v0.2.2
[INFO] [stderr]    Compiling synstructure v0.12.6
[INFO] [stderr]    Compiling block-buffer v0.7.3
[INFO] [stderr]    Compiling digest v0.8.1
[INFO] [stderr]    Compiling ripemd160 v0.9.1
[INFO] [stderr]    Compiling num-traits v0.1.43
[INFO] [stderr]    Compiling tiny-keccak v1.5.0
[INFO] [stderr]    Compiling fake-simd v0.1.2
[INFO] [stderr]    Compiling bitflags v2.4.1
[INFO] [stderr]    Compiling opaque-debug v0.2.3
[INFO] [stderr]    Compiling linux-raw-sys v0.4.12
[INFO] [stderr]    Compiling enum_primitive v0.1.1
[INFO] [stderr]    Compiling sha2 v0.8.2
[INFO] [stderr]    Compiling bigint v4.4.3
[INFO] [stderr]    Compiling lru-cache v0.1.2
[INFO] [stderr]    Compiling fastrand v2.0.1
[INFO] [stderr]    Compiling md5 v0.6.1
[INFO] [stderr]    Compiling siphasher v0.2.3
[INFO] [stderr]    Compiling num v0.2.1
[INFO] [stderr]    Compiling supercow v0.1.0
[INFO] [stderr]    Compiling bitflags v0.9.1
[INFO] [stderr]    Compiling num-bigint v0.1.44
[INFO] [stderr]    Compiling memmap v0.7.0
[INFO] [stderr]    Compiling iovec v0.1.4
[INFO] [stderr]    Compiling num-complex v0.1.43
[INFO] [stderr]    Compiling bit-vec v0.6.3
[INFO] [stderr]    Compiling bytes v0.4.12
[INFO] [stderr]    Compiling net2 v0.2.39
[INFO] [stderr]    Compiling serde_derive v1.0.194
[INFO] [stderr]    Compiling thiserror-impl v1.0.56
[INFO] [stderr]    Compiling zeroize_derive v1.4.2
[INFO] [stderr]    Compiling num-rational v0.1.42
[INFO] [stderr]    Compiling num v0.1.42
[INFO] [stderr]    Compiling failure v0.1.8
[INFO] [stderr]    Compiling zeroize v1.7.0
[INFO] [stderr]    Compiling tempfile v3.9.0
[INFO] [stderr]    Compiling zip v0.5.13
[INFO] [stderr]    Compiling lmdb-zero v0.4.4
[INFO] [stderr]    Compiling log v0.4.20
[INFO] [stderr]    Compiling parity-codec v3.5.4
[INFO] [stderr]    Compiling serde_yaml v0.8.26
[INFO] [stderr]    Compiling chrono v0.4.31
[INFO] [stderr]    Compiling serde-value v0.5.3
[INFO] [stderr]    Compiling uuid v0.6.5
[INFO] [stderr]    Compiling env_logger v0.5.13
[INFO] [stderr]    Compiling impl-codec v0.2.0
[INFO] [stderr]    Compiling primitive-types v0.3.0
[INFO] [stderr]    Compiling log4rs v0.8.3
[INFO] [stderr]    Compiling keccak-hash v0.2.0
[INFO] [stderr]    Compiling stack_test_epic_util v3.0.3
[INFO] [stderr]    Compiling stack_test_epic_keychain v3.0.3
[INFO] [stderr]    Compiling croaring-sys v0.3.9
[INFO] [stderr]    Compiling croaring v0.3.9
[INFO] [stderr]    Compiling stack_test_epic_core v3.0.3
[INFO] [stderr]    Compiling stack_test_epic_store v3.0.3
[INFO] [stderr]    Compiling stack_test_epic_chain v3.0.3
[INFO] [stderr]    Compiling stack_test_epic_p2p v3.0.3 (/opt/rustwide/workdir)
[INFO] [stdout] warning: use of deprecated macro `r#try`: use the `?` operator instead
[INFO] [stdout]    --> src/msg.rs:282:3
[INFO] [stdout]     |
[INFO] [stdout] 282 | /         ser_multiwrite!(
[INFO] [stdout] 283 | |             writer,
[INFO] [stdout] 284 | |             [write_u8, self.magic[0]],
[INFO] [stdout] 285 | |             [write_u8, self.magic[1]],
[INFO] [stdout] 286 | |             [write_u8, self.msg_type as u8],
[INFO] [stdout] 287 | |             [write_u64, self.msg_len]
[INFO] [stdout] 288 | |         );
[INFO] [stdout]     | |_________^
[INFO] [stdout]     |
[INFO] [stdout]     = note: `#[warn(deprecated)]` on by default
[INFO] [stdout]     = note: this warning originates in the macro `ser_multiwrite` (in Nightly builds, run with -Z macro-backtrace for more info)
[INFO] [stdout] 
[INFO] [stdout] 
[INFO] [stdout] warning: use of deprecated macro `r#try`: use the `?` operator instead
[INFO] [stdout]    --> src/msg.rs:301:22
[INFO] [stdout]     |
[INFO] [stdout] 301 |         let (t, msg_len) = ser_multiread!(reader, read_u8, read_u64);
[INFO] [stdout]     |                            ^^^^^^^^^^^^^^^^^^^^^^^^^^^^^^^^^^^^^^^^^
[INFO] [stdout]     |
[INFO] [stdout]     = note: this warning originates in the macro `ser_multiread` (in Nightly builds, run with -Z macro-backtrace for more info)
[INFO] [stdout] 
[INFO] [stdout] 
[INFO] [stdout] warning: use of deprecated macro `r#try`: use the `?` operator instead
[INFO] [stdout]    --> src/msg.rs:365:3
[INFO] [stdout]     |
[INFO] [stdout] 365 | /         ser_multiwrite!(
[INFO] [stdout] 366 | |             writer,
[INFO] [stdout] 367 | |             [write_u32, self.capabilities.bits()],
[INFO] [stdout] 368 | |             [write_u64, self.nonce]
[INFO] [stdout] 369 | |         );
[INFO] [stdout]     | |_________^
[INFO] [stdout]     |
[INFO] [stdout]     = note: this warning originates in the macro `ser_multiwrite` (in Nightly builds, run with -Z macro-backtrace for more info)
[INFO] [stdout] 
[INFO] [stdout] 
[INFO] [stdout] warning: use of deprecated macro `r#try`: use the `?` operator instead
[INFO] [stdout]    --> src/msg.rs:382:24
[INFO] [stdout]     |
[INFO] [stdout] 382 |         let (capab, nonce) = ser_multiread!(reader, read_u32, read_u64);
[INFO] [stdout]     |                              ^^^^^^^^^^^^^^^^^^^^^^^^^^^^^^^^^^^^^^^^^^
[INFO] [stdout]     |
[INFO] [stdout]     = note: this warning originates in the macro `ser_multiread` (in Nightly builds, run with -Z macro-backtrace for more info)
[INFO] [stdout] 
[INFO] [stdout] 
[INFO] [stdout] warning: use of deprecated macro `r#try`: use the `?` operator instead
[INFO] [stdout]    --> src/msg.rs:513:3
[INFO] [stdout]     |
[INFO] [stdout] 513 |         ser_multiwrite!(writer, [write_u32, self.code], [write_bytes, &self.message]);
[INFO] [stdout]     |         ^^^^^^^^^^^^^^^^^^^^^^^^^^^^^^^^^^^^^^^^^^^^^^^^^^^^^^^^^^^^^^^^^^^^^^^^^^^^^
[INFO] [stdout]     |
[INFO] [stdout]     = note: this warning originates in the macro `ser_multiwrite` (in Nightly builds, run with -Z macro-backtrace for more info)
[INFO] [stdout] 
[INFO] [stdout] 
[INFO] [stdout] warning: use of deprecated macro `r#try`: use the `?` operator instead
[INFO] [stdout]    --> src/msg.rs:706:3
[INFO] [stdout]     |
[INFO] [stdout] 706 |         ser_multiwrite!(writer, [write_u64, self.height], [write_u64, self.bytes]);
[INFO] [stdout]     |         ^^^^^^^^^^^^^^^^^^^^^^^^^^^^^^^^^^^^^^^^^^^^^^^^^^^^^^^^^^^^^^^^^^^^^^^^^^
[INFO] [stdout]     |
[INFO] [stdout]     = note: this warning originates in the macro `ser_multiwrite` (in Nightly builds, run with -Z macro-backtrace for more info)
[INFO] [stdout] 
[INFO] [stdout] 
[INFO] [stdout] warning: use of deprecated macro `r#try`: use the `?` operator instead
[INFO] [stdout]    --> src/msg.rs:714:25
[INFO] [stdout]     |
[INFO] [stdout] 714 |         let (height, bytes) = ser_multiread!(reader, read_u64, read_u64);
[INFO] [stdout]     |                               ^^^^^^^^^^^^^^^^^^^^^^^^^^^^^^^^^^^^^^^^^^
[INFO] [stdout]     |
[INFO] [stdout]     = note: this warning originates in the macro `ser_multiread` (in Nightly builds, run with -Z macro-backtrace for more info)
[INFO] [stdout] 
[INFO] [stdout] 
[INFO] [stdout] warning: use of deprecated macro `r#try`: use the `?` operator instead
[INFO] [stdout]   --> src/store.rs:66:3
[INFO] [stdout]    |
[INFO] [stdout] 66 | /         ser_multiwrite!(
[INFO] [stdout] 67 | |             writer,
[INFO] [stdout] 68 | |             [write_u32, self.capabilities.bits()],
[INFO] [stdout] 69 | |             [write_bytes, &self.user_agent],
[INFO] [stdout] ...  |
[INFO] [stdout] 74 | |             [write_i64, self.local_timestamp]
[INFO] [stdout] 75 | |         );
[INFO] [stdout]    | |_________^
[INFO] [stdout]    |
[INFO] [stdout]    = note: this warning originates in the macro `ser_multiwrite` (in Nightly builds, run with -Z macro-backtrace for more info)
[INFO] [stdout] 
[INFO] [stdout] 
[INFO] [stdout] warning: use of deprecated macro `r#try`: use the `?` operator instead
[INFO] [stdout]   --> src/store.rs:85:22
[INFO] [stdout]    |
[INFO] [stdout] 85 |         let (fl, lb, br) = ser_multiread!(reader, read_u8, read_i64, read_i32);
[INFO] [stdout]    |                            ^^^^^^^^^^^^^^^^^^^^^^^^^^^^^^^^^^^^^^^^^^^^^^^^^^^
[INFO] [stdout]    |
[INFO] [stdout]    = note: this warning originates in the macro `ser_multiread` (in Nightly builds, run with -Z macro-backtrace for more info)
[INFO] [stdout] 
[INFO] [stdout] 
[INFO] [stdout] warning: use of deprecated macro `r#try`: use the `?` operator instead
[INFO] [stdout]    --> src/types.rs:115:5
[INFO] [stdout]     |
[INFO] [stdout] 115 | /                 ser_multiwrite!(
[INFO] [stdout] 116 | |                     writer,
[INFO] [stdout] 117 | |                     [write_u8, 0],
[INFO] [stdout] 118 | |                     [write_fixed_bytes, &sav4.ip().octets().to_vec()],
[INFO] [stdout] 119 | |                     [write_u16, sav4.port()]
[INFO] [stdout] 120 | |                 );
[INFO] [stdout]     | |_________________^
[INFO] [stdout]     |
[INFO] [stdout]     = note: this warning originates in the macro `ser_multiwrite` (in Nightly builds, run with -Z macro-backtrace for more info)
[INFO] [stdout] 
[INFO] [stdout] 
[INFO] [stdout] warning: use of deprecated method `chrono::TimeZone::timestamp`: use `timestamp_opt()` instead
[INFO] [stdout]    --> src/peers.rs:547:25
[INFO] [stdout]     |
[INFO] [stdout] 547 |             let diff = now - Utc.timestamp(peer.last_connected, 0);
[INFO] [stdout]     |                                  ^^^^^^^^^
[INFO] [stdout] 
[INFO] [stdout] 
[INFO] [stdout] warning: 11 warnings emitted
[INFO] [stdout] 
[INFO] [stdout] 
[INFO] [stderr]     Finished dev [unoptimized + debuginfo] target(s) in 40.35s
[INFO] [stderr] warning: the following packages contain code that will be rejected by a future version of Rust: bigint v4.4.3, grin_secp256k1zkp v0.7.12, nom v3.2.1, stack_test_epic_core v3.0.3, traitobject v0.1.0
[INFO] [stderr] note: to see what the problems were, use the option `--future-incompat-report`, or run `cargo report future-incompatibilities --id 1`
[INFO] running `Command { std: "docker" "inspect" "f12d36ee199198226c4cdd219d36428cf35ff894f75d1b3803ec76f73ab3c144", kill_on_drop: false }`
[INFO] running `Command { std: "docker" "rm" "-f" "f12d36ee199198226c4cdd219d36428cf35ff894f75d1b3803ec76f73ab3c144", kill_on_drop: false }`
[INFO] [stdout] f12d36ee199198226c4cdd219d36428cf35ff894f75d1b3803ec76f73ab3c144
[INFO] running `Command { std: "docker" "create" "-v" "/var/lib/crater-agent-workspace/builds/worker-6-tc1/target:/opt/rustwide/target:rw,Z" "-v" "/var/lib/crater-agent-workspace/builds/worker-6-tc1/source:/opt/rustwide/workdir:ro,Z" "-v" "/var/lib/crater-agent-workspace/cargo-home:/opt/rustwide/cargo-home:ro,Z" "-v" "/var/lib/crater-agent-workspace/rustup-home:/opt/rustwide/rustup-home:ro,Z" "-e" "SOURCE_DIR=/opt/rustwide/workdir" "-e" "CARGO_TARGET_DIR=/opt/rustwide/target" "-e" "CARGO_INCREMENTAL=0" "-e" "RUST_BACKTRACE=full" "-e" "RUSTFLAGS=--cap-lints=warn" "-e" "RUSTDOCFLAGS=--cap-lints=warn" "-e" "CARGO_HOME=/opt/rustwide/cargo-home" "-e" "RUSTUP_HOME=/opt/rustwide/rustup-home" "-w" "/opt/rustwide/workdir" "-m" "1610612736" "--user" "0:0" "--network" "none" "ghcr.io/rust-lang/crates-build-env/linux@sha256:2788e3201cd34a07e3172128adcd8b3090168a8e3bcc40d7c032b9dda1df7d1c" "/opt/rustwide/cargo-home/bin/cargo" "+1.75.0" "test" "--frozen" "--no-run" "--message-format=json", kill_on_drop: false }`
[INFO] [stdout] 91b3162d25bc8141e64b7adb166146ced36ad411e241c0b7ece277b81570d32c
[INFO] running `Command { std: "docker" "start" "-a" "91b3162d25bc8141e64b7adb166146ced36ad411e241c0b7ece277b81570d32c", kill_on_drop: false }`
[INFO] [stderr]    Compiling stack_test_epic_pool v3.0.3
[INFO] [stdout] warning: use of deprecated macro `r#try`: use the `?` operator instead
[INFO] [stdout]    --> src/msg.rs:282:3
[INFO] [stdout]     |
[INFO] [stdout] 282 | /         ser_multiwrite!(
[INFO] [stdout] 283 | |             writer,
[INFO] [stdout] 284 | |             [write_u8, self.magic[0]],
[INFO] [stdout] 285 | |             [write_u8, self.magic[1]],
[INFO] [stdout] 286 | |             [write_u8, self.msg_type as u8],
[INFO] [stdout] 287 | |             [write_u64, self.msg_len]
[INFO] [stdout] 288 | |         );
[INFO] [stdout]     | |_________^
[INFO] [stdout]     |
[INFO] [stdout]     = note: `#[warn(deprecated)]` on by default
[INFO] [stdout]     = note: this warning originates in the macro `ser_multiwrite` (in Nightly builds, run with -Z macro-backtrace for more info)
[INFO] [stdout] 
[INFO] [stdout] 
[INFO] [stdout] warning: use of deprecated macro `r#try`: use the `?` operator instead
[INFO] [stdout]    --> src/msg.rs:301:22
[INFO] [stdout]     |
[INFO] [stdout] 301 |         let (t, msg_len) = ser_multiread!(reader, read_u8, read_u64);
[INFO] [stdout]     |                            ^^^^^^^^^^^^^^^^^^^^^^^^^^^^^^^^^^^^^^^^^
[INFO] [stdout]     |
[INFO] [stdout]     = note: this warning originates in the macro `ser_multiread` (in Nightly builds, run with -Z macro-backtrace for more info)
[INFO] [stdout] 
[INFO] [stdout] 
[INFO] [stdout] warning: use of deprecated macro `r#try`: use the `?` operator instead
[INFO] [stdout]    --> src/msg.rs:365:3
[INFO] [stdout]     |
[INFO] [stdout] 365 | /         ser_multiwrite!(
[INFO] [stdout] 366 | |             writer,
[INFO] [stdout] 367 | |             [write_u32, self.capabilities.bits()],
[INFO] [stdout] 368 | |             [write_u64, self.nonce]
[INFO] [stdout] 369 | |         );
[INFO] [stdout]     | |_________^
[INFO] [stdout]     |
[INFO] [stdout]     = note: this warning originates in the macro `ser_multiwrite` (in Nightly builds, run with -Z macro-backtrace for more info)
[INFO] [stdout] 
[INFO] [stdout] 
[INFO] [stdout] warning: use of deprecated macro `r#try`: use the `?` operator instead
[INFO] [stdout]    --> src/msg.rs:382:24
[INFO] [stdout]     |
[INFO] [stdout] 382 |         let (capab, nonce) = ser_multiread!(reader, read_u32, read_u64);
[INFO] [stdout]     |                              ^^^^^^^^^^^^^^^^^^^^^^^^^^^^^^^^^^^^^^^^^^
[INFO] [stdout]     |
[INFO] [stdout]     = note: this warning originates in the macro `ser_multiread` (in Nightly builds, run with -Z macro-backtrace for more info)
[INFO] [stdout] 
[INFO] [stdout] 
[INFO] [stdout] warning: use of deprecated macro `r#try`: use the `?` operator instead
[INFO] [stdout]    --> src/msg.rs:513:3
[INFO] [stdout]     |
[INFO] [stdout] 513 |         ser_multiwrite!(writer, [write_u32, self.code], [write_bytes, &self.message]);
[INFO] [stdout]     |         ^^^^^^^^^^^^^^^^^^^^^^^^^^^^^^^^^^^^^^^^^^^^^^^^^^^^^^^^^^^^^^^^^^^^^^^^^^^^^
[INFO] [stdout]     |
[INFO] [stdout]     = note: this warning originates in the macro `ser_multiwrite` (in Nightly builds, run with -Z macro-backtrace for more info)
[INFO] [stdout] 
[INFO] [stdout] 
[INFO] [stdout] warning: use of deprecated macro `r#try`: use the `?` operator instead
[INFO] [stdout]    --> src/msg.rs:706:3
[INFO] [stdout]     |
[INFO] [stdout] 706 |         ser_multiwrite!(writer, [write_u64, self.height], [write_u64, self.bytes]);
[INFO] [stdout]     |         ^^^^^^^^^^^^^^^^^^^^^^^^^^^^^^^^^^^^^^^^^^^^^^^^^^^^^^^^^^^^^^^^^^^^^^^^^^
[INFO] [stdout]     |
[INFO] [stdout]     = note: this warning originates in the macro `ser_multiwrite` (in Nightly builds, run with -Z macro-backtrace for more info)
[INFO] [stdout] 
[INFO] [stdout] 
[INFO] [stdout] warning: use of deprecated macro `r#try`: use the `?` operator instead
[INFO] [stdout]    --> src/msg.rs:714:25
[INFO] [stdout]     |
[INFO] [stdout] 714 |         let (height, bytes) = ser_multiread!(reader, read_u64, read_u64);
[INFO] [stdout]     |                               ^^^^^^^^^^^^^^^^^^^^^^^^^^^^^^^^^^^^^^^^^^
[INFO] [stdout]     |
[INFO] [stdout]     = note: this warning originates in the macro `ser_multiread` (in Nightly builds, run with -Z macro-backtrace for more info)
[INFO] [stdout] 
[INFO] [stdout] 
[INFO] [stdout] warning: use of deprecated macro `r#try`: use the `?` operator instead
[INFO] [stdout]   --> src/store.rs:66:3
[INFO] [stdout]    |
[INFO] [stdout] 66 | /         ser_multiwrite!(
[INFO] [stdout] 67 | |             writer,
[INFO] [stdout] 68 | |             [write_u32, self.capabilities.bits()],
[INFO] [stdout] 69 | |             [write_bytes, &self.user_agent],
[INFO] [stdout] ...  |
[INFO] [stdout] 74 | |             [write_i64, self.local_timestamp]
[INFO] [stdout] 75 | |         );
[INFO] [stdout]    | |_________^
[INFO] [stdout]    |
[INFO] [stdout]    = note: this warning originates in the macro `ser_multiwrite` (in Nightly builds, run with -Z macro-backtrace for more info)
[INFO] [stdout] 
[INFO] [stdout] 
[INFO] [stdout] warning: use of deprecated macro `r#try`: use the `?` operator instead
[INFO] [stdout]   --> src/store.rs:85:22
[INFO] [stdout]    |
[INFO] [stdout] 85 |         let (fl, lb, br) = ser_multiread!(reader, read_u8, read_i64, read_i32);
[INFO] [stdout]    |                            ^^^^^^^^^^^^^^^^^^^^^^^^^^^^^^^^^^^^^^^^^^^^^^^^^^^
[INFO] [stdout]    |
[INFO] [stdout]    = note: this warning originates in the macro `ser_multiread` (in Nightly builds, run with -Z macro-backtrace for more info)
[INFO] [stdout] 
[INFO] [stdout] 
[INFO] [stdout] warning: use of deprecated macro `r#try`: use the `?` operator instead
[INFO] [stdout]    --> src/types.rs:115:5
[INFO] [stdout]     |
[INFO] [stdout] 115 | /                 ser_multiwrite!(
[INFO] [stdout] 116 | |                     writer,
[INFO] [stdout] 117 | |                     [write_u8, 0],
[INFO] [stdout] 118 | |                     [write_fixed_bytes, &sav4.ip().octets().to_vec()],
[INFO] [stdout] 119 | |                     [write_u16, sav4.port()]
[INFO] [stdout] 120 | |                 );
[INFO] [stdout]     | |_________________^
[INFO] [stdout]     |
[INFO] [stdout]     = note: this warning originates in the macro `ser_multiwrite` (in Nightly builds, run with -Z macro-backtrace for more info)
[INFO] [stdout] 
[INFO] [stdout] 
[INFO] [stdout] warning: use of deprecated method `chrono::TimeZone::timestamp`: use `timestamp_opt()` instead
[INFO] [stdout]    --> src/peers.rs:547:25
[INFO] [stdout]     |
[INFO] [stdout] 547 |             let diff = now - Utc.timestamp(peer.last_connected, 0);
[INFO] [stdout]     |                                  ^^^^^^^^^
[INFO] [stdout] 
[INFO] [stdout] 
[INFO] [stdout] warning: 11 warnings emitted
[INFO] [stdout] 
[INFO] [stdout] 
[INFO] [stderr]    Compiling stack_test_epic_p2p v3.0.3 (/opt/rustwide/workdir)
[INFO] [stdout] error[E0432]: unresolved import `epic_core`
[INFO] [stdout]   --> tests/peer_handshake.rs:15:5
[INFO] [stdout]    |
[INFO] [stdout] 15 | use epic_core as core;
[INFO] [stdout]    |     ^^^^^^^^^^^^^^^^^ no external crate `epic_core`
[INFO] [stdout] 
[INFO] [stdout] 
[INFO] [stdout] error[E0432]: unresolved import `epic_p2p`
[INFO] [stdout]   --> tests/peer_handshake.rs:16:5
[INFO] [stdout]    |
[INFO] [stdout] 16 | use epic_p2p as p2p;
[INFO] [stdout]    |     ^^^^^^^^^^^^^^^ no external crate `epic_p2p`
[INFO] [stdout] 
[INFO] [stdout] 
[INFO] [stdout] error[E0432]: unresolved import `epic_util`
[INFO] [stdout]   --> tests/peer_handshake.rs:18:5
[INFO] [stdout]    |
[INFO] [stdout] 18 | use epic_util as util;
[INFO] [stdout]    |     ^^^^^^^^^^^^^^^^^ no external crate `epic_util`
[INFO] [stdout] 
[INFO] [stdout] 
[INFO] [stdout] error[E0432]: unresolved import `epic_util`
[INFO] [stdout]   --> tests/peer_handshake.rs:19:5
[INFO] [stdout]    |
[INFO] [stdout] 19 | use epic_util::StopState;
[INFO] [stdout]    |     ^^^^^^^^^ use of undeclared crate or module `epic_util`
[INFO] [stdout] 
[INFO] [stdout] 
[INFO] [stdout] error[E0432]: unresolved import `epic_p2p`
[INFO] [stdout]   --> tests/ser_deser.rs:15:5
[INFO] [stdout]    |
[INFO] [stdout] 15 | use epic_p2p as p2p;
[INFO] [stdout]    |     ^^^^^^^^^^^^^^^ no external crate `epic_p2p`
[INFO] [stdout] 
[INFO] [stdout] 
[INFO] [stdout] warning: unused import: `num::FromPrimitive`
[INFO] [stdout]   --> tests/ser_deser.rs:17:5
[INFO] [stdout]    |
[INFO] [stdout] 17 | use num::FromPrimitive;
[INFO] [stdout]    |     ^^^^^^^^^^^^^^^^^^
[INFO] [stdout]    |
[INFO] [stdout]    = note: `#[warn(unused_imports)]` on by default
[INFO] [stdout] 
[INFO] [stdout] 
[INFO] [stdout] error: aborting due to 4 previous errors
[INFO] [stdout] 
[INFO] [stdout] 
[INFO] [stdout] For more information about this error, try `rustc --explain E0432`.
[INFO] [stdout] 
[INFO] [stderr] error: could not compile `stack_test_epic_p2p` (test "peer_handshake") due to 5 previous errors
[INFO] [stderr] warning: build failed, waiting for other jobs to finish...
[INFO] [stdout] error: aborting due to previous error; 1 warning emitted
[INFO] [stdout] 
[INFO] [stdout] 
[INFO] [stdout] For more information about this error, try `rustc --explain E0432`.
[INFO] [stdout] 
[INFO] [stderr] error: could not compile `stack_test_epic_p2p` (test "ser_deser") due to 2 previous errors; 1 warning emitted
[INFO] [stdout] warning: use of deprecated macro `r#try`: use the `?` operator instead
[INFO] [stdout]    --> src/msg.rs:282:3
[INFO] [stdout]     |
[INFO] [stdout] 282 | /         ser_multiwrite!(
[INFO] [stdout] 283 | |             writer,
[INFO] [stdout] 284 | |             [write_u8, self.magic[0]],
[INFO] [stdout] 285 | |             [write_u8, self.magic[1]],
[INFO] [stdout] 286 | |             [write_u8, self.msg_type as u8],
[INFO] [stdout] 287 | |             [write_u64, self.msg_len]
[INFO] [stdout] 288 | |         );
[INFO] [stdout]     | |_________^
[INFO] [stdout]     |
[INFO] [stdout]     = note: `#[warn(deprecated)]` on by default
[INFO] [stdout]     = note: this warning originates in the macro `ser_multiwrite` (in Nightly builds, run with -Z macro-backtrace for more info)
[INFO] [stdout] 
[INFO] [stdout] 
[INFO] [stdout] warning: use of deprecated macro `r#try`: use the `?` operator instead
[INFO] [stdout]    --> src/msg.rs:301:22
[INFO] [stdout]     |
[INFO] [stdout] 301 |         let (t, msg_len) = ser_multiread!(reader, read_u8, read_u64);
[INFO] [stdout]     |                            ^^^^^^^^^^^^^^^^^^^^^^^^^^^^^^^^^^^^^^^^^
[INFO] [stdout]     |
[INFO] [stdout]     = note: this warning originates in the macro `ser_multiread` (in Nightly builds, run with -Z macro-backtrace for more info)
[INFO] [stdout] 
[INFO] [stdout] 
[INFO] [stdout] warning: use of deprecated macro `r#try`: use the `?` operator instead
[INFO] [stdout]    --> src/msg.rs:365:3
[INFO] [stdout]     |
[INFO] [stdout] 365 | /         ser_multiwrite!(
[INFO] [stdout] 366 | |             writer,
[INFO] [stdout] 367 | |             [write_u32, self.capabilities.bits()],
[INFO] [stdout] 368 | |             [write_u64, self.nonce]
[INFO] [stdout] 369 | |         );
[INFO] [stdout]     | |_________^
[INFO] [stdout]     |
[INFO] [stdout]     = note: this warning originates in the macro `ser_multiwrite` (in Nightly builds, run with -Z macro-backtrace for more info)
[INFO] [stdout] 
[INFO] [stdout] 
[INFO] [stdout] warning: use of deprecated macro `r#try`: use the `?` operator instead
[INFO] [stdout]    --> src/msg.rs:382:24
[INFO] [stdout]     |
[INFO] [stdout] 382 |         let (capab, nonce) = ser_multiread!(reader, read_u32, read_u64);
[INFO] [stdout]     |                              ^^^^^^^^^^^^^^^^^^^^^^^^^^^^^^^^^^^^^^^^^^
[INFO] [stdout]     |
[INFO] [stdout]     = note: this warning originates in the macro `ser_multiread` (in Nightly builds, run with -Z macro-backtrace for more info)
[INFO] [stdout] 
[INFO] [stdout] 
[INFO] [stdout] warning: use of deprecated macro `r#try`: use the `?` operator instead
[INFO] [stdout]    --> src/msg.rs:513:3
[INFO] [stdout]     |
[INFO] [stdout] 513 |         ser_multiwrite!(writer, [write_u32, self.code], [write_bytes, &self.message]);
[INFO] [stdout]     |         ^^^^^^^^^^^^^^^^^^^^^^^^^^^^^^^^^^^^^^^^^^^^^^^^^^^^^^^^^^^^^^^^^^^^^^^^^^^^^
[INFO] [stdout]     |
[INFO] [stdout]     = note: this warning originates in the macro `ser_multiwrite` (in Nightly builds, run with -Z macro-backtrace for more info)
[INFO] [stdout] 
[INFO] [stdout] 
[INFO] [stdout] warning: use of deprecated macro `r#try`: use the `?` operator instead
[INFO] [stdout]    --> src/msg.rs:706:3
[INFO] [stdout]     |
[INFO] [stdout] 706 |         ser_multiwrite!(writer, [write_u64, self.height], [write_u64, self.bytes]);
[INFO] [stdout]     |         ^^^^^^^^^^^^^^^^^^^^^^^^^^^^^^^^^^^^^^^^^^^^^^^^^^^^^^^^^^^^^^^^^^^^^^^^^^
[INFO] [stdout]     |
[INFO] [stdout]     = note: this warning originates in the macro `ser_multiwrite` (in Nightly builds, run with -Z macro-backtrace for more info)
[INFO] [stdout] 
[INFO] [stdout] 
[INFO] [stdout] warning: use of deprecated macro `r#try`: use the `?` operator instead
[INFO] [stdout]    --> src/msg.rs:714:25
[INFO] [stdout]     |
[INFO] [stdout] 714 |         let (height, bytes) = ser_multiread!(reader, read_u64, read_u64);
[INFO] [stdout]     |                               ^^^^^^^^^^^^^^^^^^^^^^^^^^^^^^^^^^^^^^^^^^
[INFO] [stdout]     |
[INFO] [stdout]     = note: this warning originates in the macro `ser_multiread` (in Nightly builds, run with -Z macro-backtrace for more info)
[INFO] [stdout] 
[INFO] [stdout] 
[INFO] [stdout] warning: use of deprecated macro `r#try`: use the `?` operator instead
[INFO] [stdout]   --> src/store.rs:66:3
[INFO] [stdout]    |
[INFO] [stdout] 66 | /         ser_multiwrite!(
[INFO] [stdout] 67 | |             writer,
[INFO] [stdout] 68 | |             [write_u32, self.capabilities.bits()],
[INFO] [stdout] 69 | |             [write_bytes, &self.user_agent],
[INFO] [stdout] ...  |
[INFO] [stdout] 74 | |             [write_i64, self.local_timestamp]
[INFO] [stdout] 75 | |         );
[INFO] [stdout]    | |_________^
[INFO] [stdout]    |
[INFO] [stdout]    = note: this warning originates in the macro `ser_multiwrite` (in Nightly builds, run with -Z macro-backtrace for more info)
[INFO] [stdout] 
[INFO] [stdout] 
[INFO] [stdout] warning: use of deprecated macro `r#try`: use the `?` operator instead
[INFO] [stdout]   --> src/store.rs:85:22
[INFO] [stdout]    |
[INFO] [stdout] 85 |         let (fl, lb, br) = ser_multiread!(reader, read_u8, read_i64, read_i32);
[INFO] [stdout]    |                            ^^^^^^^^^^^^^^^^^^^^^^^^^^^^^^^^^^^^^^^^^^^^^^^^^^^
[INFO] [stdout]    |
[INFO] [stdout]    = note: this warning originates in the macro `ser_multiread` (in Nightly builds, run with -Z macro-backtrace for more info)
[INFO] [stdout] 
[INFO] [stdout] 
[INFO] [stdout] warning: use of deprecated macro `r#try`: use the `?` operator instead
[INFO] [stdout]    --> src/types.rs:115:5
[INFO] [stdout]     |
[INFO] [stdout] 115 | /                 ser_multiwrite!(
[INFO] [stdout] 116 | |                     writer,
[INFO] [stdout] 117 | |                     [write_u8, 0],
[INFO] [stdout] 118 | |                     [write_fixed_bytes, &sav4.ip().octets().to_vec()],
[INFO] [stdout] 119 | |                     [write_u16, sav4.port()]
[INFO] [stdout] 120 | |                 );
[INFO] [stdout]     | |_________________^
[INFO] [stdout]     |
[INFO] [stdout]     = note: this warning originates in the macro `ser_multiwrite` (in Nightly builds, run with -Z macro-backtrace for more info)
[INFO] [stdout] 
[INFO] [stdout] 
[INFO] [stdout] warning: use of deprecated method `chrono::TimeZone::timestamp`: use `timestamp_opt()` instead
[INFO] [stdout]    --> src/peers.rs:547:25
[INFO] [stdout]     |
[INFO] [stdout] 547 |             let diff = now - Utc.timestamp(peer.last_connected, 0);
[INFO] [stdout]     |                                  ^^^^^^^^^
[INFO] [stdout] 
[INFO] [stdout] 
[INFO] [stdout] warning: 11 warnings emitted
[INFO] [stdout] 
[INFO] [stdout] 
[INFO] running `Command { std: "docker" "inspect" "91b3162d25bc8141e64b7adb166146ced36ad411e241c0b7ece277b81570d32c", kill_on_drop: false }`
[INFO] running `Command { std: "docker" "rm" "-f" "91b3162d25bc8141e64b7adb166146ced36ad411e241c0b7ece277b81570d32c", kill_on_drop: false }`
[INFO] [stdout] 91b3162d25bc8141e64b7adb166146ced36ad411e241c0b7ece277b81570d32c
[INFO] testing stack_test_epic_p2p-3.0.3 against beta-2023-12-22 for beta-1.76-1
[INFO] extracting crate stack_test_epic_p2p 3.0.3 into /workspace/builds/worker-6-tc2/source
[INFO] validating manifest of crates.io crate stack_test_epic_p2p 3.0.3 on toolchain beta-2023-12-22
[INFO] running `Command { std: CARGO_HOME="/workspace/cargo-home" RUSTUP_HOME="/workspace/rustup-home" "/workspace/cargo-home/bin/cargo" "+beta-2023-12-22" "metadata" "--manifest-path" "Cargo.toml" "--no-deps", kill_on_drop: false }`
[INFO] started tweaking crates.io crate stack_test_epic_p2p 3.0.3
[INFO] finished tweaking crates.io crate stack_test_epic_p2p 3.0.3
[INFO] tweaked toml for crates.io crate stack_test_epic_p2p 3.0.3 written to /workspace/builds/worker-6-tc2/source/Cargo.toml
[INFO] running `Command { std: CARGO_HOME="/workspace/cargo-home" RUSTUP_HOME="/workspace/rustup-home" "/workspace/cargo-home/bin/cargo" "+beta-2023-12-22" "generate-lockfile" "--manifest-path" "Cargo.toml", kill_on_drop: false }`
[INFO] [stderr]     Updating crates.io index
[INFO] running `Command { std: CARGO_HOME="/workspace/cargo-home" RUSTUP_HOME="/workspace/rustup-home" "/workspace/cargo-home/bin/cargo" "+beta-2023-12-22" "fetch" "--manifest-path" "Cargo.toml", kill_on_drop: false }`
[INFO] running `Command { std: "docker" "create" "-v" "/var/lib/crater-agent-workspace/builds/worker-6-tc2/target:/opt/rustwide/target:rw,Z" "-v" "/var/lib/crater-agent-workspace/builds/worker-6-tc2/source:/opt/rustwide/workdir:ro,Z" "-v" "/var/lib/crater-agent-workspace/cargo-home:/opt/rustwide/cargo-home:ro,Z" "-v" "/var/lib/crater-agent-workspace/rustup-home:/opt/rustwide/rustup-home:ro,Z" "-e" "SOURCE_DIR=/opt/rustwide/workdir" "-e" "CARGO_TARGET_DIR=/opt/rustwide/target" "-e" "CARGO_HOME=/opt/rustwide/cargo-home" "-e" "RUSTUP_HOME=/opt/rustwide/rustup-home" "-w" "/opt/rustwide/workdir" "-m" "1610612736" "--user" "0:0" "--network" "none" "ghcr.io/rust-lang/crates-build-env/linux@sha256:2788e3201cd34a07e3172128adcd8b3090168a8e3bcc40d7c032b9dda1df7d1c" "/opt/rustwide/cargo-home/bin/cargo" "+beta-2023-12-22" "metadata" "--no-deps" "--format-version=1", kill_on_drop: false }`
[INFO] [stdout] ef632a3a52f2442ef6e56066ec16359d77738b29b3551e57eaac5c54e4de6b2f
[INFO] running `Command { std: "docker" "start" "-a" "ef632a3a52f2442ef6e56066ec16359d77738b29b3551e57eaac5c54e4de6b2f", kill_on_drop: false }`
[INFO] running `Command { std: "docker" "inspect" "ef632a3a52f2442ef6e56066ec16359d77738b29b3551e57eaac5c54e4de6b2f", kill_on_drop: false }`
[INFO] running `Command { std: "docker" "rm" "-f" "ef632a3a52f2442ef6e56066ec16359d77738b29b3551e57eaac5c54e4de6b2f", kill_on_drop: false }`
[INFO] [stdout] ef632a3a52f2442ef6e56066ec16359d77738b29b3551e57eaac5c54e4de6b2f
[INFO] running `Command { std: "docker" "create" "-v" "/var/lib/crater-agent-workspace/builds/worker-6-tc2/target:/opt/rustwide/target:rw,Z" "-v" "/var/lib/crater-agent-workspace/builds/worker-6-tc2/source:/opt/rustwide/workdir:ro,Z" "-v" "/var/lib/crater-agent-workspace/cargo-home:/opt/rustwide/cargo-home:ro,Z" "-v" "/var/lib/crater-agent-workspace/rustup-home:/opt/rustwide/rustup-home:ro,Z" "-e" "SOURCE_DIR=/opt/rustwide/workdir" "-e" "CARGO_TARGET_DIR=/opt/rustwide/target" "-e" "CARGO_INCREMENTAL=0" "-e" "RUST_BACKTRACE=full" "-e" "RUSTFLAGS=--cap-lints=warn" "-e" "RUSTDOCFLAGS=--cap-lints=warn" "-e" "CARGO_HOME=/opt/rustwide/cargo-home" "-e" "RUSTUP_HOME=/opt/rustwide/rustup-home" "-w" "/opt/rustwide/workdir" "-m" "1610612736" "--user" "0:0" "--network" "none" "ghcr.io/rust-lang/crates-build-env/linux@sha256:2788e3201cd34a07e3172128adcd8b3090168a8e3bcc40d7c032b9dda1df7d1c" "/opt/rustwide/cargo-home/bin/cargo" "+beta-2023-12-22" "build" "--frozen" "--message-format=json", kill_on_drop: false }`
[INFO] [stdout] fd44a474764718cbcc03074d6756261d2864b5019b6962d427219d4cb84ee596
[INFO] running `Command { std: "docker" "start" "-a" "fd44a474764718cbcc03074d6756261d2864b5019b6962d427219d4cb84ee596", kill_on_drop: false }`
[INFO] [stderr]    Compiling libc v0.2.151
[INFO] [stderr]    Compiling autocfg v1.1.0
[INFO] [stderr]    Compiling serde v1.0.194
[INFO] [stderr]    Compiling rand_core v0.4.2
[INFO] [stderr]    Compiling typenum v1.17.0
[INFO] [stderr]    Compiling memchr v2.7.1
[INFO] [stderr]    Compiling byteorder v1.5.0
[INFO] [stderr]    Compiling cfg-if v1.0.0
[INFO] [stderr]    Compiling version_check v0.9.4
[INFO] [stderr]    Compiling nodrop v0.1.14
[INFO] [stderr]    Compiling quick-error v1.2.3
[INFO] [stderr]    Compiling glob v0.2.11
[INFO] [stderr]    Compiling arrayvec v0.4.12
[INFO] [stderr]    Compiling regex-syntax v0.8.2
[INFO] [stderr]    Compiling cfg-if v0.1.10
[INFO] [stderr]    Compiling syn v2.0.48
[INFO] [stderr]    Compiling semver-parser v0.7.0
[INFO] [stderr]    Compiling humantime v1.3.0
[INFO] [stderr]    Compiling rustc-serialize v0.3.25
[INFO] [stderr]    Compiling lazy_static v1.4.0
[INFO] [stderr]    Compiling rand_core v0.3.1
[INFO] [stderr]    Compiling autocfg v0.1.8
[INFO] [stderr]    Compiling semver v0.9.0
[INFO] [stderr]    Compiling unicode-width v0.1.11
[INFO] [stderr]    Compiling adler v1.0.2
[INFO] [stderr]    Compiling crc32fast v1.3.2
[INFO] [stderr]    Compiling generic-array v0.14.7
[INFO] [stderr]    Compiling unicode-xid v0.1.0
[INFO] [stderr]    Compiling maybe-uninit v2.0.0
[INFO] [stderr]    Compiling miniz_oxide v0.7.1
[INFO] [stderr]    Compiling textwrap v0.11.0
[INFO] [stderr]    Compiling num-traits v0.2.17
[INFO] [stderr]    Compiling num-integer v0.1.45
[INFO] [stderr]    Compiling proc-macro2 v0.3.5
[INFO] [stderr]    Compiling clang-sys v0.23.0
[INFO] [stderr]    Compiling aho-corasick v1.1.2
[INFO] [stderr]    Compiling indexmap v1.9.3
[INFO] [stderr]    Compiling rustc_version v0.2.3
[INFO] [stderr]    Compiling strsim v0.8.0
[INFO] [stderr]    Compiling linked-hash-map v0.5.6
[INFO] [stderr]    Compiling termcolor v1.4.0
[INFO] [stderr]    Compiling bindgen v0.37.4
[INFO] [stderr]    Compiling ansi_term v0.12.1
[INFO] [stderr]    Compiling bitflags v1.3.2
[INFO] [stderr]    Compiling ryu v1.0.16
[INFO] [stderr]    Compiling vec_map v0.8.2
[INFO] [stderr]    Compiling crunchy v0.2.2
[INFO] [stderr]    Compiling serde_json v1.0.111
[INFO] [stderr]    Compiling parking_lot_core v0.3.1
[INFO] [stderr]    Compiling quote v0.5.2
[INFO] [stderr]    Compiling rand_chacha v0.1.1
[INFO] [stderr]    Compiling rand_pcg v0.1.2
[INFO] [stderr]    Compiling stable_deref_trait v1.2.0
[INFO] [stderr]    Compiling subtle v2.4.1
[INFO] [stderr]    Compiling itoa v1.0.10
[INFO] [stderr]    Compiling gimli v0.28.1
[INFO] [stderr]    Compiling thiserror v1.0.56
[INFO] [stderr]    Compiling peeking_take_while v0.1.2
[INFO] [stderr]    Compiling traitobject v0.1.0
[INFO] [stderr]    Compiling hashbrown v0.12.3
[INFO] [stderr]    Compiling syn v1.0.109
[INFO] [stderr]    Compiling unsafe-any v0.4.2
[INFO] [stderr]    Compiling owning_ref v0.4.1
[INFO] [stderr]    Compiling smallvec v0.6.14
[INFO] [stderr]    Compiling yaml-rust v0.4.5
[INFO] [stderr]    Compiling object v0.32.2
[INFO] [stderr]    Compiling num-iter v0.1.43
[INFO] [stderr]    Compiling num-bigint v0.2.6
[INFO] [stderr]    Compiling rand v0.6.5
[INFO] [stderr]    Compiling scopeguard v0.3.3
[INFO] [stderr]    Compiling digest v0.9.0
[INFO] [stderr]    Compiling block-buffer v0.9.0
[INFO] [stderr]    Compiling iana-time-zone v0.1.59
[INFO] [stderr]    Compiling opaque-debug v0.3.0
[INFO] [stderr]    Compiling odds v0.2.26
[INFO] [stderr]    Compiling rustc-hex v2.1.0
[INFO] [stderr]    Compiling rustc-demangle v0.1.23
[INFO] [stderr]    Compiling crypto-mac v0.11.1
[INFO] [stderr]    Compiling cc v1.0.83
[INFO] [stderr]    Compiling rand v0.5.6
[INFO] [stderr]    Compiling regex-automata v0.4.3
[INFO] [stderr]    Compiling atty v0.2.14
[INFO] [stderr]    Compiling memchr v1.0.2
[INFO] [stderr]    Compiling nom v3.2.1
[INFO] [stderr]    Compiling clap v2.34.0
[INFO] [stderr]    Compiling which v1.0.5
[INFO] [stderr]    Compiling rand v0.4.6
[INFO] [stderr]    Compiling ordered-float v1.1.1
[INFO] [stderr]    Compiling arrayvec v0.3.25
[INFO] [stderr]    Compiling thread-id v3.3.0
[INFO] [stderr]    Compiling rand_os v0.1.3
[INFO] [stderr]    Compiling lock_api v0.1.5
[INFO] [stderr]    Compiling typemap v0.3.3
[INFO] [stderr]    Compiling generic-array v0.12.4
[INFO] [stderr]    Compiling flate2 v1.0.28
[INFO] [stderr]    Compiling num-rational v0.2.4
[INFO] [stderr]    Compiling cexpr v0.2.3
[INFO] [stderr]    Compiling num-complex v0.2.4
[INFO] [stderr]    Compiling rand_xorshift v0.1.1
[INFO] [stderr]    Compiling rand_hc v0.1.0
[INFO] [stderr]    Compiling rand_isaac v0.1.1
[INFO] [stderr]    Compiling rand_jitter v0.1.4
[INFO] [stderr]    Compiling base64ct v1.6.0
[INFO] [stderr]    Compiling log-mdc v0.1.0
[INFO] [stderr]    Compiling libloading v0.5.2
[INFO] [stderr]    Compiling backtrace v0.3.69
[INFO] [stderr]    Compiling grin_secp256k1zkp v0.7.12
[INFO] [stderr]    Compiling safemem v0.3.3
[INFO] [stderr]    Compiling byte-tools v0.3.1
[INFO] [stderr]    Compiling crunchy v0.1.6
[INFO] [stderr]    Compiling static_assertions v0.2.5
[INFO] [stderr]    Compiling unicode-xid v0.2.4
[INFO] [stderr]    Compiling cpufeatures v0.2.12
[INFO] [stderr]    Compiling same-file v1.0.6
[INFO] [stderr]    Compiling addr2line v0.21.0
[INFO] [stderr]    Compiling fnv v1.0.7
[INFO] [stderr]    Compiling failure_derive v0.1.8
[INFO] [stderr]    Compiling gcc v0.3.55
[INFO] [stderr]    Compiling antidote v1.0.0
[INFO] [stderr]    Compiling rand_core v0.6.4
[INFO] [stderr]    Compiling arc-swap v0.3.11
[INFO] [stderr]    Compiling password-hash v0.2.3
[INFO] [stderr]    Compiling synstructure v0.12.6
[INFO] [stderr]    Compiling walkdir v2.4.0
[INFO] [stderr]    Compiling sha2 v0.9.9
[INFO] [stderr]    Compiling fixed-hash v0.3.2
[INFO] [stderr]    Compiling block-padding v0.1.5
[INFO] [stderr]    Compiling base64 v0.9.3
[INFO] [stderr]    Compiling regex v1.10.2
[INFO] [stderr]    Compiling liblmdb-sys v0.2.2
[INFO] [stderr]    Compiling parking_lot v0.6.4
[INFO] [stderr]    Compiling hmac v0.11.0
[INFO] [stderr]    Compiling uint v0.7.1
[INFO] [stderr]    Compiling rustix v0.38.28
[INFO] [stderr]    Compiling constant_time_eq v0.1.5
[INFO] [stderr]    Compiling pbkdf2 v0.8.0
[INFO] [stderr]    Compiling blake2-rfc v0.2.18
[INFO] [stderr]    Compiling block-buffer v0.7.3
[INFO] [stderr]    Compiling digest v0.8.1
[INFO] [stderr]    Compiling num-traits v0.1.43
[INFO] [stderr]    Compiling ripemd160 v0.9.1
[INFO] [stderr]    Compiling tiny-keccak v1.5.0
[INFO] [stderr]    Compiling opaque-debug v0.2.3
[INFO] [stderr]    Compiling fake-simd v0.1.2
[INFO] [stderr]    Compiling linux-raw-sys v0.4.12
[INFO] [stderr]    Compiling bitflags v2.4.1
[INFO] [stderr]    Compiling sha2 v0.8.2
[INFO] [stderr]    Compiling enum_primitive v0.1.1
[INFO] [stderr]    Compiling bigint v4.4.3
[INFO] [stderr]    Compiling lru-cache v0.1.2
[INFO] [stderr]    Compiling siphasher v0.2.3
[INFO] [stderr]    Compiling bitflags v0.9.1
[INFO] [stderr]    Compiling fastrand v2.0.1
[INFO] [stderr]    Compiling supercow v0.1.0
[INFO] [stderr]    Compiling md5 v0.6.1
[INFO] [stderr]    Compiling num-bigint v0.1.44
[INFO] [stderr]    Compiling memmap v0.7.0
[INFO] [stderr]    Compiling iovec v0.1.4
[INFO] [stderr]    Compiling num-complex v0.1.43
[INFO] [stderr]    Compiling bit-vec v0.6.3
[INFO] [stderr]    Compiling bytes v0.4.12
[INFO] [stderr]    Compiling net2 v0.2.39
[INFO] [stderr]    Compiling num v0.2.1
[INFO] [stderr]    Compiling serde_derive v1.0.194
[INFO] [stderr]    Compiling zeroize_derive v1.4.2
[INFO] [stderr]    Compiling thiserror-impl v1.0.56
[INFO] [stderr]    Compiling failure v0.1.8
[INFO] [stderr]    Compiling num-rational v0.1.42
[INFO] [stderr]    Compiling num v0.1.42
[INFO] [stderr]    Compiling zeroize v1.7.0
[INFO] [stderr]    Compiling tempfile v3.9.0
[INFO] [stderr]    Compiling lmdb-zero v0.4.4
[INFO] [stderr]    Compiling zip v0.5.13
[INFO] [stderr]    Compiling log v0.4.20
[INFO] [stderr]    Compiling serde-value v0.5.3
[INFO] [stderr]    Compiling serde_yaml v0.8.26
[INFO] [stderr]    Compiling parity-codec v3.5.4
[INFO] [stderr]    Compiling chrono v0.4.31
[INFO] [stderr]    Compiling uuid v0.6.5
[INFO] [stderr]    Compiling env_logger v0.5.13
[INFO] [stderr]    Compiling impl-codec v0.2.0
[INFO] [stderr]    Compiling primitive-types v0.3.0
[INFO] [stderr]    Compiling log4rs v0.8.3
[INFO] [stderr]    Compiling keccak-hash v0.2.0
[INFO] [stderr]    Compiling stack_test_epic_util v3.0.3
[INFO] [stderr]    Compiling stack_test_epic_keychain v3.0.3
[INFO] [stderr]    Compiling croaring-sys v0.3.9
[INFO] [stderr]    Compiling croaring v0.3.9
[INFO] [stderr]    Compiling stack_test_epic_core v3.0.3
[INFO] [stderr]    Compiling stack_test_epic_store v3.0.3
[INFO] [stderr]    Compiling stack_test_epic_chain v3.0.3
[INFO] [stderr]    Compiling stack_test_epic_p2p v3.0.3 (/opt/rustwide/workdir)
[INFO] [stdout] warning: use of deprecated macro `r#try`: use the `?` operator instead
[INFO] [stdout]    --> src/msg.rs:282:3
[INFO] [stdout]     |
[INFO] [stdout] 282 | /         ser_multiwrite!(
[INFO] [stdout] 283 | |             writer,
[INFO] [stdout] 284 | |             [write_u8, self.magic[0]],
[INFO] [stdout] 285 | |             [write_u8, self.magic[1]],
[INFO] [stdout] 286 | |             [write_u8, self.msg_type as u8],
[INFO] [stdout] 287 | |             [write_u64, self.msg_len]
[INFO] [stdout] 288 | |         );
[INFO] [stdout]     | |_________^
[INFO] [stdout]     |
[INFO] [stdout]     = note: `#[warn(deprecated)]` on by default
[INFO] [stdout]     = note: this warning originates in the macro `ser_multiwrite` (in Nightly builds, run with -Z macro-backtrace for more info)
[INFO] [stdout] 
[INFO] [stdout] 
[INFO] [stdout] warning: use of deprecated macro `r#try`: use the `?` operator instead
[INFO] [stdout]    --> src/msg.rs:301:22
[INFO] [stdout]     |
[INFO] [stdout] 301 |         let (t, msg_len) = ser_multiread!(reader, read_u8, read_u64);
[INFO] [stdout]     |                            ^^^^^^^^^^^^^^^^^^^^^^^^^^^^^^^^^^^^^^^^^
[INFO] [stdout]     |
[INFO] [stdout]     = note: this warning originates in the macro `ser_multiread` (in Nightly builds, run with -Z macro-backtrace for more info)
[INFO] [stdout] 
[INFO] [stdout] 
[INFO] [stdout] warning: use of deprecated macro `r#try`: use the `?` operator instead
[INFO] [stdout]    --> src/msg.rs:365:3
[INFO] [stdout]     |
[INFO] [stdout] 365 | /         ser_multiwrite!(
[INFO] [stdout] 366 | |             writer,
[INFO] [stdout] 367 | |             [write_u32, self.capabilities.bits()],
[INFO] [stdout] 368 | |             [write_u64, self.nonce]
[INFO] [stdout] 369 | |         );
[INFO] [stdout]     | |_________^
[INFO] [stdout]     |
[INFO] [stdout]     = note: this warning originates in the macro `ser_multiwrite` (in Nightly builds, run with -Z macro-backtrace for more info)
[INFO] [stdout] 
[INFO] [stdout] 
[INFO] [stdout] warning: use of deprecated macro `r#try`: use the `?` operator instead
[INFO] [stdout]    --> src/msg.rs:382:24
[INFO] [stdout]     |
[INFO] [stdout] 382 |         let (capab, nonce) = ser_multiread!(reader, read_u32, read_u64);
[INFO] [stdout]     |                              ^^^^^^^^^^^^^^^^^^^^^^^^^^^^^^^^^^^^^^^^^^
[INFO] [stdout]     |
[INFO] [stdout]     = note: this warning originates in the macro `ser_multiread` (in Nightly builds, run with -Z macro-backtrace for more info)
[INFO] [stdout] 
[INFO] [stdout] 
[INFO] [stdout] warning: use of deprecated macro `r#try`: use the `?` operator instead
[INFO] [stdout]    --> src/msg.rs:513:3
[INFO] [stdout]     |
[INFO] [stdout] 513 |         ser_multiwrite!(writer, [write_u32, self.code], [write_bytes, &self.message]);
[INFO] [stdout]     |         ^^^^^^^^^^^^^^^^^^^^^^^^^^^^^^^^^^^^^^^^^^^^^^^^^^^^^^^^^^^^^^^^^^^^^^^^^^^^^
[INFO] [stdout]     |
[INFO] [stdout]     = note: this warning originates in the macro `ser_multiwrite` (in Nightly builds, run with -Z macro-backtrace for more info)
[INFO] [stdout] 
[INFO] [stdout] 
[INFO] [stdout] warning: use of deprecated macro `r#try`: use the `?` operator instead
[INFO] [stdout]    --> src/msg.rs:706:3
[INFO] [stdout]     |
[INFO] [stdout] 706 |         ser_multiwrite!(writer, [write_u64, self.height], [write_u64, self.bytes]);
[INFO] [stdout]     |         ^^^^^^^^^^^^^^^^^^^^^^^^^^^^^^^^^^^^^^^^^^^^^^^^^^^^^^^^^^^^^^^^^^^^^^^^^^
[INFO] [stdout]     |
[INFO] [stdout]     = note: this warning originates in the macro `ser_multiwrite` (in Nightly builds, run with -Z macro-backtrace for more info)
[INFO] [stdout] 
[INFO] [stdout] 
[INFO] [stdout] warning: use of deprecated macro `r#try`: use the `?` operator instead
[INFO] [stdout]    --> src/msg.rs:714:25
[INFO] [stdout]     |
[INFO] [stdout] 714 |         let (height, bytes) = ser_multiread!(reader, read_u64, read_u64);
[INFO] [stdout]     |                               ^^^^^^^^^^^^^^^^^^^^^^^^^^^^^^^^^^^^^^^^^^
[INFO] [stdout]     |
[INFO] [stdout]     = note: this warning originates in the macro `ser_multiread` (in Nightly builds, run with -Z macro-backtrace for more info)
[INFO] [stdout] 
[INFO] [stdout] 
[INFO] [stdout] warning: use of deprecated macro `r#try`: use the `?` operator instead
[INFO] [stdout]   --> src/store.rs:66:3
[INFO] [stdout]    |
[INFO] [stdout] 66 | /         ser_multiwrite!(
[INFO] [stdout] 67 | |             writer,
[INFO] [stdout] 68 | |             [write_u32, self.capabilities.bits()],
[INFO] [stdout] 69 | |             [write_bytes, &self.user_agent],
[INFO] [stdout] ...  |
[INFO] [stdout] 74 | |             [write_i64, self.local_timestamp]
[INFO] [stdout] 75 | |         );
[INFO] [stdout]    | |_________^
[INFO] [stdout]    |
[INFO] [stdout]    = note: this warning originates in the macro `ser_multiwrite` (in Nightly builds, run with -Z macro-backtrace for more info)
[INFO] [stdout] 
[INFO] [stdout] 
[INFO] [stdout] warning: use of deprecated macro `r#try`: use the `?` operator instead
[INFO] [stdout]   --> src/store.rs:85:22
[INFO] [stdout]    |
[INFO] [stdout] 85 |         let (fl, lb, br) = ser_multiread!(reader, read_u8, read_i64, read_i32);
[INFO] [stdout]    |                            ^^^^^^^^^^^^^^^^^^^^^^^^^^^^^^^^^^^^^^^^^^^^^^^^^^^
[INFO] [stdout]    |
[INFO] [stdout]    = note: this warning originates in the macro `ser_multiread` (in Nightly builds, run with -Z macro-backtrace for more info)
[INFO] [stdout] 
[INFO] [stdout] 
[INFO] [stdout] warning: use of deprecated macro `r#try`: use the `?` operator instead
[INFO] [stdout]    --> src/types.rs:115:5
[INFO] [stdout]     |
[INFO] [stdout] 115 | /                 ser_multiwrite!(
[INFO] [stdout] 116 | |                     writer,
[INFO] [stdout] 117 | |                     [write_u8, 0],
[INFO] [stdout] 118 | |                     [write_fixed_bytes, &sav4.ip().octets().to_vec()],
[INFO] [stdout] 119 | |                     [write_u16, sav4.port()]
[INFO] [stdout] 120 | |                 );
[INFO] [stdout]     | |_________________^
[INFO] [stdout]     |
[INFO] [stdout]     = note: this warning originates in the macro `ser_multiwrite` (in Nightly builds, run with -Z macro-backtrace for more info)
[INFO] [stdout] 
[INFO] [stdout] 
[INFO] [stdout] warning: use of deprecated method `chrono::TimeZone::timestamp`: use `timestamp_opt()` instead
[INFO] [stdout]    --> src/peers.rs:547:25
[INFO] [stdout]     |
[INFO] [stdout] 547 |             let diff = now - Utc.timestamp(peer.last_connected, 0);
[INFO] [stdout]     |                                  ^^^^^^^^^
[INFO] [stdout] 
[INFO] [stdout] 
[INFO] [stdout] warning: 11 warnings emitted
[INFO] [stdout] 
[INFO] [stdout] 
[INFO] [stderr]     Finished dev [unoptimized + debuginfo] target(s) in 38.68s
[INFO] [stderr] warning: the following packages contain code that will be rejected by a future version of Rust: bigint v4.4.3, grin_secp256k1zkp v0.7.12, nom v3.2.1, stack_test_epic_core v3.0.3, traitobject v0.1.0
[INFO] [stderr] note: to see what the problems were, use the option `--future-incompat-report`, or run `cargo report future-incompatibilities --id 1`
[INFO] running `Command { std: "docker" "inspect" "fd44a474764718cbcc03074d6756261d2864b5019b6962d427219d4cb84ee596", kill_on_drop: false }`
[INFO] running `Command { std: "docker" "rm" "-f" "fd44a474764718cbcc03074d6756261d2864b5019b6962d427219d4cb84ee596", kill_on_drop: false }`
[INFO] [stdout] fd44a474764718cbcc03074d6756261d2864b5019b6962d427219d4cb84ee596
[INFO] running `Command { std: "docker" "create" "-v" "/var/lib/crater-agent-workspace/builds/worker-6-tc2/target:/opt/rustwide/target:rw,Z" "-v" "/var/lib/crater-agent-workspace/builds/worker-6-tc2/source:/opt/rustwide/workdir:ro,Z" "-v" "/var/lib/crater-agent-workspace/cargo-home:/opt/rustwide/cargo-home:ro,Z" "-v" "/var/lib/crater-agent-workspace/rustup-home:/opt/rustwide/rustup-home:ro,Z" "-e" "SOURCE_DIR=/opt/rustwide/workdir" "-e" "CARGO_TARGET_DIR=/opt/rustwide/target" "-e" "CARGO_INCREMENTAL=0" "-e" "RUST_BACKTRACE=full" "-e" "RUSTFLAGS=--cap-lints=warn" "-e" "RUSTDOCFLAGS=--cap-lints=warn" "-e" "CARGO_HOME=/opt/rustwide/cargo-home" "-e" "RUSTUP_HOME=/opt/rustwide/rustup-home" "-w" "/opt/rustwide/workdir" "-m" "1610612736" "--user" "0:0" "--network" "none" "ghcr.io/rust-lang/crates-build-env/linux@sha256:2788e3201cd34a07e3172128adcd8b3090168a8e3bcc40d7c032b9dda1df7d1c" "/opt/rustwide/cargo-home/bin/cargo" "+beta-2023-12-22" "test" "--frozen" "--no-run" "--message-format=json", kill_on_drop: false }`
[INFO] [stdout] 89c4315148ca0994c04dccba95b4f62af79fb1ae8361b8205a424191e54593be
[INFO] running `Command { std: "docker" "start" "-a" "89c4315148ca0994c04dccba95b4f62af79fb1ae8361b8205a424191e54593be", kill_on_drop: false }`
[INFO] [stderr]    Compiling stack_test_epic_pool v3.0.3
[INFO] [stdout] warning: use of deprecated macro `r#try`: use the `?` operator instead
[INFO] [stdout]    --> src/msg.rs:282:3
[INFO] [stdout]     |
[INFO] [stdout] 282 | /         ser_multiwrite!(
[INFO] [stdout] 283 | |             writer,
[INFO] [stdout] 284 | |             [write_u8, self.magic[0]],
[INFO] [stdout] 285 | |             [write_u8, self.magic[1]],
[INFO] [stdout] 286 | |             [write_u8, self.msg_type as u8],
[INFO] [stdout] 287 | |             [write_u64, self.msg_len]
[INFO] [stdout] 288 | |         );
[INFO] [stdout]     | |_________^
[INFO] [stdout]     |
[INFO] [stdout]     = note: `#[warn(deprecated)]` on by default
[INFO] [stdout]     = note: this warning originates in the macro `ser_multiwrite` (in Nightly builds, run with -Z macro-backtrace for more info)
[INFO] [stdout] 
[INFO] [stdout] 
[INFO] [stdout] warning: use of deprecated macro `r#try`: use the `?` operator instead
[INFO] [stdout]    --> src/msg.rs:301:22
[INFO] [stdout]     |
[INFO] [stdout] 301 |         let (t, msg_len) = ser_multiread!(reader, read_u8, read_u64);
[INFO] [stdout]     |                            ^^^^^^^^^^^^^^^^^^^^^^^^^^^^^^^^^^^^^^^^^
[INFO] [stdout]     |
[INFO] [stdout]     = note: this warning originates in the macro `ser_multiread` (in Nightly builds, run with -Z macro-backtrace for more info)
[INFO] [stdout] 
[INFO] [stdout] 
[INFO] [stdout] warning: use of deprecated macro `r#try`: use the `?` operator instead
[INFO] [stdout]    --> src/msg.rs:365:3
[INFO] [stdout]     |
[INFO] [stdout] 365 | /         ser_multiwrite!(
[INFO] [stdout] 366 | |             writer,
[INFO] [stdout] 367 | |             [write_u32, self.capabilities.bits()],
[INFO] [stdout] 368 | |             [write_u64, self.nonce]
[INFO] [stdout] 369 | |         );
[INFO] [stdout]     | |_________^
[INFO] [stdout]     |
[INFO] [stdout]     = note: this warning originates in the macro `ser_multiwrite` (in Nightly builds, run with -Z macro-backtrace for more info)
[INFO] [stdout] 
[INFO] [stdout] 
[INFO] [stdout] warning: use of deprecated macro `r#try`: use the `?` operator instead
[INFO] [stdout]    --> src/msg.rs:382:24
[INFO] [stdout]     |
[INFO] [stdout] 382 |         let (capab, nonce) = ser_multiread!(reader, read_u32, read_u64);
[INFO] [stdout]     |                              ^^^^^^^^^^^^^^^^^^^^^^^^^^^^^^^^^^^^^^^^^^
[INFO] [stdout]     |
[INFO] [stdout]     = note: this warning originates in the macro `ser_multiread` (in Nightly builds, run with -Z macro-backtrace for more info)
[INFO] [stdout] 
[INFO] [stdout] 
[INFO] [stdout] warning: use of deprecated macro `r#try`: use the `?` operator instead
[INFO] [stdout]    --> src/msg.rs:513:3
[INFO] [stdout]     |
[INFO] [stdout] 513 |         ser_multiwrite!(writer, [write_u32, self.code], [write_bytes, &self.message]);
[INFO] [stdout]     |         ^^^^^^^^^^^^^^^^^^^^^^^^^^^^^^^^^^^^^^^^^^^^^^^^^^^^^^^^^^^^^^^^^^^^^^^^^^^^^
[INFO] [stdout]     |
[INFO] [stdout]     = note: this warning originates in the macro `ser_multiwrite` (in Nightly builds, run with -Z macro-backtrace for more info)
[INFO] [stdout] 
[INFO] [stdout] 
[INFO] [stdout] warning: use of deprecated macro `r#try`: use the `?` operator instead
[INFO] [stdout]    --> src/msg.rs:706:3
[INFO] [stdout]     |
[INFO] [stdout] 706 |         ser_multiwrite!(writer, [write_u64, self.height], [write_u64, self.bytes]);
[INFO] [stdout]     |         ^^^^^^^^^^^^^^^^^^^^^^^^^^^^^^^^^^^^^^^^^^^^^^^^^^^^^^^^^^^^^^^^^^^^^^^^^^
[INFO] [stdout]     |
[INFO] [stdout]     = note: this warning originates in the macro `ser_multiwrite` (in Nightly builds, run with -Z macro-backtrace for more info)
[INFO] [stdout] 
[INFO] [stdout] 
[INFO] [stdout] warning: use of deprecated macro `r#try`: use the `?` operator instead
[INFO] [stdout]    --> src/msg.rs:714:25
[INFO] [stdout]     |
[INFO] [stdout] 714 |         let (height, bytes) = ser_multiread!(reader, read_u64, read_u64);
[INFO] [stdout]     |                               ^^^^^^^^^^^^^^^^^^^^^^^^^^^^^^^^^^^^^^^^^^
[INFO] [stdout]     |
[INFO] [stdout]     = note: this warning originates in the macro `ser_multiread` (in Nightly builds, run with -Z macro-backtrace for more info)
[INFO] [stdout] 
[INFO] [stdout] 
[INFO] [stdout] warning: use of deprecated macro `r#try`: use the `?` operator instead
[INFO] [stdout]   --> src/store.rs:66:3
[INFO] [stdout]    |
[INFO] [stdout] 66 | /         ser_multiwrite!(
[INFO] [stdout] 67 | |             writer,
[INFO] [stdout] 68 | |             [write_u32, self.capabilities.bits()],
[INFO] [stdout] 69 | |             [write_bytes, &self.user_agent],
[INFO] [stdout] ...  |
[INFO] [stdout] 74 | |             [write_i64, self.local_timestamp]
[INFO] [stdout] 75 | |         );
[INFO] [stdout]    | |_________^
[INFO] [stdout]    |
[INFO] [stdout]    = note: this warning originates in the macro `ser_multiwrite` (in Nightly builds, run with -Z macro-backtrace for more info)
[INFO] [stdout] 
[INFO] [stdout] 
[INFO] [stdout] warning: use of deprecated macro `r#try`: use the `?` operator instead
[INFO] [stdout]   --> src/store.rs:85:22
[INFO] [stdout]    |
[INFO] [stdout] 85 |         let (fl, lb, br) = ser_multiread!(reader, read_u8, read_i64, read_i32);
[INFO] [stdout]    |                            ^^^^^^^^^^^^^^^^^^^^^^^^^^^^^^^^^^^^^^^^^^^^^^^^^^^
[INFO] [stdout]    |
[INFO] [stdout]    = note: this warning originates in the macro `ser_multiread` (in Nightly builds, run with -Z macro-backtrace for more info)
[INFO] [stdout] 
[INFO] [stdout] 
[INFO] [stdout] warning: use of deprecated macro `r#try`: use the `?` operator instead
[INFO] [stdout]    --> src/types.rs:115:5
[INFO] [stdout]     |
[INFO] [stdout] 115 | /                 ser_multiwrite!(
[INFO] [stdout] 116 | |                     writer,
[INFO] [stdout] 117 | |                     [write_u8, 0],
[INFO] [stdout] 118 | |                     [write_fixed_bytes, &sav4.ip().octets().to_vec()],
[INFO] [stdout] 119 | |                     [write_u16, sav4.port()]
[INFO] [stdout] 120 | |                 );
[INFO] [stdout]     | |_________________^
[INFO] [stdout]     |
[INFO] [stdout]     = note: this warning originates in the macro `ser_multiwrite` (in Nightly builds, run with -Z macro-backtrace for more info)
[INFO] [stdout] 
[INFO] [stdout] 
[INFO] [stdout] warning: use of deprecated method `chrono::TimeZone::timestamp`: use `timestamp_opt()` instead
[INFO] [stdout]    --> src/peers.rs:547:25
[INFO] [stdout]     |
[INFO] [stdout] 547 |             let diff = now - Utc.timestamp(peer.last_connected, 0);
[INFO] [stdout]     |                                  ^^^^^^^^^
[INFO] [stdout] 
[INFO] [stdout] 
[INFO] [stdout] warning: 11 warnings emitted
[INFO] [stdout] 
[INFO] [stdout] 
[INFO] [stderr]    Compiling stack_test_epic_p2p v3.0.3 (/opt/rustwide/workdir)
[INFO] [stdout] error[E0432]: unresolved import `epic_p2p`
[INFO] [stdout]   --> tests/ser_deser.rs:15:5
[INFO] [stdout]    |
[INFO] [stdout] 15 | use epic_p2p as p2p;
[INFO] [stdout]    |     ^^^^^^^^^^^^^^^ no external crate `epic_p2p`
[INFO] [stdout] 
[INFO] [stdout] 
[INFO] [stdout] warning: unused import: `num::FromPrimitive`
[INFO] [stdout]   --> tests/ser_deser.rs:17:5
[INFO] [stdout]    |
[INFO] [stdout] 17 | use num::FromPrimitive;
[INFO] [stdout]    |     ^^^^^^^^^^^^^^^^^^
[INFO] [stdout]    |
[INFO] [stdout]    = note: `#[warn(unused_imports)]` on by default
[INFO] [stdout] 
[INFO] [stdout] 
[INFO] [stdout] error[E0432]: unresolved import `epic_core`
[INFO] [stdout]   --> tests/peer_handshake.rs:15:5
[INFO] [stdout]    |
[INFO] [stdout] 15 | use epic_core as core;
[INFO] [stdout]    |     ^^^^^^^^^^^^^^^^^ no external crate `epic_core`
[INFO] [stdout] 
[INFO] [stdout] 
[INFO] [stdout] error[E0432]: unresolved import `epic_p2p`
[INFO] [stdout]   --> tests/peer_handshake.rs:16:5
[INFO] [stdout]    |
[INFO] [stdout] 16 | use epic_p2p as p2p;
[INFO] [stdout]    |     ^^^^^^^^^^^^^^^ no external crate `epic_p2p`
[INFO] [stdout] 
[INFO] [stdout] 
[INFO] [stdout] error[E0432]: unresolved import `epic_util`
[INFO] [stdout]   --> tests/peer_handshake.rs:18:5
[INFO] [stdout]    |
[INFO] [stdout] 18 | use epic_util as util;
[INFO] [stdout]    |     ^^^^^^^^^^^^^^^^^ no external crate `epic_util`
[INFO] [stdout] 
[INFO] [stdout] 
[INFO] [stdout] error[E0432]: unresolved import `epic_util`
[INFO] [stdout]   --> tests/peer_handshake.rs:19:5
[INFO] [stdout]    |
[INFO] [stdout] 19 | use epic_util::StopState;
[INFO] [stdout]    |     ^^^^^^^^^ use of undeclared crate or module `epic_util`
[INFO] [stdout] 
[INFO] [stdout] 
[INFO] [stdout] error: aborting due to 1 previous error; 1 warning emitted
[INFO] [stdout] 
[INFO] [stdout] 
[INFO] [stdout] For more information about this error, try `rustc --explain E0432`.
[INFO] [stdout] 
[INFO] [stderr] error: could not compile `stack_test_epic_p2p` (test "ser_deser") due to 2 previous errors; 1 warning emitted
[INFO] [stderr] warning: build failed, waiting for other jobs to finish...
[INFO] [stdout] error: aborting due to 4 previous errors
[INFO] [stdout] 
[INFO] [stdout] 
[INFO] [stdout] For more information about this error, try `rustc --explain E0432`.
[INFO] [stdout] 
[INFO] [stderr] error: could not compile `stack_test_epic_p2p` (test "peer_handshake") due to 5 previous errors
[INFO] [stdout] warning: use of deprecated macro `r#try`: use the `?` operator instead
[INFO] [stdout]    --> src/msg.rs:282:3
[INFO] [stdout]     |
[INFO] [stdout] 282 | /         ser_multiwrite!(
[INFO] [stdout] 283 | |             writer,
[INFO] [stdout] 284 | |             [write_u8, self.magic[0]],
[INFO] [stdout] 285 | |             [write_u8, self.magic[1]],
[INFO] [stdout] 286 | |             [write_u8, self.msg_type as u8],
[INFO] [stdout] 287 | |             [write_u64, self.msg_len]
[INFO] [stdout] 288 | |         );
[INFO] [stdout]     | |_________^
[INFO] [stdout]     |
[INFO] [stdout]     = note: `#[warn(deprecated)]` on by default
[INFO] [stdout]     = note: this warning originates in the macro `ser_multiwrite` (in Nightly builds, run with -Z macro-backtrace for more info)
[INFO] [stdout] 
[INFO] [stdout] 
[INFO] [stdout] warning: use of deprecated macro `r#try`: use the `?` operator instead
[INFO] [stdout]    --> src/msg.rs:301:22
[INFO] [stdout]     |
[INFO] [stdout] 301 |         let (t, msg_len) = ser_multiread!(reader, read_u8, read_u64);
[INFO] [stdout]     |                            ^^^^^^^^^^^^^^^^^^^^^^^^^^^^^^^^^^^^^^^^^
[INFO] [stdout]     |
[INFO] [stdout]     = note: this warning originates in the macro `ser_multiread` (in Nightly builds, run with -Z macro-backtrace for more info)
[INFO] [stdout] 
[INFO] [stdout] 
[INFO] [stdout] warning: use of deprecated macro `r#try`: use the `?` operator instead
[INFO] [stdout]    --> src/msg.rs:365:3
[INFO] [stdout]     |
[INFO] [stdout] 365 | /         ser_multiwrite!(
[INFO] [stdout] 366 | |             writer,
[INFO] [stdout] 367 | |             [write_u32, self.capabilities.bits()],
[INFO] [stdout] 368 | |             [write_u64, self.nonce]
[INFO] [stdout] 369 | |         );
[INFO] [stdout]     | |_________^
[INFO] [stdout]     |
[INFO] [stdout]     = note: this warning originates in the macro `ser_multiwrite` (in Nightly builds, run with -Z macro-backtrace for more info)
[INFO] [stdout] 
[INFO] [stdout] 
[INFO] [stdout] warning: use of deprecated macro `r#try`: use the `?` operator instead
[INFO] [stdout]    --> src/msg.rs:382:24
[INFO] [stdout]     |
[INFO] [stdout] 382 |         let (capab, nonce) = ser_multiread!(reader, read_u32, read_u64);
[INFO] [stdout]     |                              ^^^^^^^^^^^^^^^^^^^^^^^^^^^^^^^^^^^^^^^^^^
[INFO] [stdout]     |
[INFO] [stdout]     = note: this warning originates in the macro `ser_multiread` (in Nightly builds, run with -Z macro-backtrace for more info)
[INFO] [stdout] 
[INFO] [stdout] 
[INFO] [stdout] warning: use of deprecated macro `r#try`: use the `?` operator instead
[INFO] [stdout]    --> src/msg.rs:513:3
[INFO] [stdout]     |
[INFO] [stdout] 513 |         ser_multiwrite!(writer, [write_u32, self.code], [write_bytes, &self.message]);
[INFO] [stdout]     |         ^^^^^^^^^^^^^^^^^^^^^^^^^^^^^^^^^^^^^^^^^^^^^^^^^^^^^^^^^^^^^^^^^^^^^^^^^^^^^
[INFO] [stdout]     |
[INFO] [stdout]     = note: this warning originates in the macro `ser_multiwrite` (in Nightly builds, run with -Z macro-backtrace for more info)
[INFO] [stdout] 
[INFO] [stdout] 
[INFO] [stdout] warning: use of deprecated macro `r#try`: use the `?` operator instead
[INFO] [stdout]    --> src/msg.rs:706:3
[INFO] [stdout]     |
[INFO] [stdout] 706 |         ser_multiwrite!(writer, [write_u64, self.height], [write_u64, self.bytes]);
[INFO] [stdout]     |         ^^^^^^^^^^^^^^^^^^^^^^^^^^^^^^^^^^^^^^^^^^^^^^^^^^^^^^^^^^^^^^^^^^^^^^^^^^
[INFO] [stdout]     |
[INFO] [stdout]     = note: this warning originates in the macro `ser_multiwrite` (in Nightly builds, run with -Z macro-backtrace for more info)
[INFO] [stdout] 
[INFO] [stdout] 
[INFO] [stdout] warning: use of deprecated macro `r#try`: use the `?` operator instead
[INFO] [stdout]    --> src/msg.rs:714:25
[INFO] [stdout]     |
[INFO] [stdout] 714 |         let (height, bytes) = ser_multiread!(reader, read_u64, read_u64);
[INFO] [stdout]     |                               ^^^^^^^^^^^^^^^^^^^^^^^^^^^^^^^^^^^^^^^^^^
[INFO] [stdout]     |
[INFO] [stdout]     = note: this warning originates in the macro `ser_multiread` (in Nightly builds, run with -Z macro-backtrace for more info)
[INFO] [stdout] 
[INFO] [stdout] 
[INFO] [stdout] warning: use of deprecated macro `r#try`: use the `?` operator instead
[INFO] [stdout]   --> src/store.rs:66:3
[INFO] [stdout]    |
[INFO] [stdout] 66 | /         ser_multiwrite!(
[INFO] [stdout] 67 | |             writer,
[INFO] [stdout] 68 | |             [write_u32, self.capabilities.bits()],
[INFO] [stdout] 69 | |             [write_bytes, &self.user_agent],
[INFO] [stdout] ...  |
[INFO] [stdout] 74 | |             [write_i64, self.local_timestamp]
[INFO] [stdout] 75 | |         );
[INFO] [stdout]    | |_________^
[INFO] [stdout]    |
[INFO] [stdout]    = note: this warning originates in the macro `ser_multiwrite` (in Nightly builds, run with -Z macro-backtrace for more info)
[INFO] [stdout] 
[INFO] [stdout] 
[INFO] [stdout] warning: use of deprecated macro `r#try`: use the `?` operator instead
[INFO] [stdout]   --> src/store.rs:85:22
[INFO] [stdout]    |
[INFO] [stdout] 85 |         let (fl, lb, br) = ser_multiread!(reader, read_u8, read_i64, read_i32);
[INFO] [stdout]    |                            ^^^^^^^^^^^^^^^^^^^^^^^^^^^^^^^^^^^^^^^^^^^^^^^^^^^
[INFO] [stdout]    |
[INFO] [stdout]    = note: this warning originates in the macro `ser_multiread` (in Nightly builds, run with -Z macro-backtrace for more info)
[INFO] [stdout] 
[INFO] [stdout] 
[INFO] [stdout] warning: use of deprecated macro `r#try`: use the `?` operator instead
[INFO] [stdout]    --> src/types.rs:115:5
[INFO] [stdout]     |
[INFO] [stdout] 115 | /                 ser_multiwrite!(
[INFO] [stdout] 116 | |                     writer,
[INFO] [stdout] 117 | |                     [write_u8, 0],
[INFO] [stdout] 118 | |                     [write_fixed_bytes, &sav4.ip().octets().to_vec()],
[INFO] [stdout] 119 | |                     [write_u16, sav4.port()]
[INFO] [stdout] 120 | |                 );
[INFO] [stdout]     | |_________________^
[INFO] [stdout]     |
[INFO] [stdout]     = note: this warning originates in the macro `ser_multiwrite` (in Nightly builds, run with -Z macro-backtrace for more info)
[INFO] [stdout] 
[INFO] [stdout] 
[INFO] [stdout] warning: use of deprecated method `chrono::TimeZone::timestamp`: use `timestamp_opt()` instead
[INFO] [stdout]    --> src/peers.rs:547:25
[INFO] [stdout]     |
[INFO] [stdout] 547 |             let diff = now - Utc.timestamp(peer.last_connected, 0);
[INFO] [stdout]     |                                  ^^^^^^^^^
[INFO] [stdout] 
[INFO] [stdout] 
[INFO] [stdout] warning: 11 warnings emitted
[INFO] [stdout] 
[INFO] [stdout] 
[INFO] running `Command { std: "docker" "inspect" "89c4315148ca0994c04dccba95b4f62af79fb1ae8361b8205a424191e54593be", kill_on_drop: false }`
[INFO] running `Command { std: "docker" "rm" "-f" "89c4315148ca0994c04dccba95b4f62af79fb1ae8361b8205a424191e54593be", kill_on_drop: false }`
[INFO] [stdout] 89c4315148ca0994c04dccba95b4f62af79fb1ae8361b8205a424191e54593be
